130.49.76.77 - - [17/Jun/2026:22:41:55 +0700] "POST /wp-admin/update.php?action=upload-plugin HTTP/2" 200 100017 "https://inquangcaothuonghieu.com/wp-admin/update.php?action=upload-plugin" "Mozilla/5.0 (Macintosh; Intel Mac OS X 10_15_7) AppleWebKit/605.1.15 (KHTML, like Gecko) Version/18.0 Safari/605.1.15"
157.22.100.188 - - [17/Jun/2026:22:41:59 +0700] "GET /wp-admin/themes.php HTTP/2" 200 96327 "-" "Mozilla/5.0 (Windows NT 10.0; Win64; x64) AppleWebKit/537.36 (KHTML, like Gecko) Chrome/124.0.0.0 Safari/537.36"
130.49.76.77 - - [17/Jun/2026:22:42:00 +0700] "GET /wp-admin/themes.php HTTP/2" 200 96236 "-" "Mozilla/5.0 (Macintosh; Intel Mac OS X 10_15_7) AppleWebKit/605.1.15 (KHTML, like Gecko) Version/18.0 Safari/605.1.15"
157.22.100.188 - - [17/Jun/2026:22:42:01 +0700] "GET /wp-admin/theme-install.php?browse=popular HTTP/2" 200 94198 "-" "Mozilla/5.0 (Windows NT 10.0; Win64; x64) AppleWebKit/537.36 (KHTML, like Gecko) Chrome/124.0.0.0 Safari/537.36"
130.49.76.77 - - [17/Jun/2026:22:42:03 +0700] "GET /wp-admin/theme-install.php?browse=popular HTTP/2" 200 94161 "-" "Mozilla/5.0 (Macintosh; Intel Mac OS X 10_15_7) AppleWebKit/605.1.15 (KHTML, like Gecko) Version/18.0 Safari/605.1.15"
85.208.96.204 - - [17/Jun/2026:22:42:05 +0700] "GET /san-pham/in-khan-bandana-gia-re/ HTTP/1.1" 200 53540 "-" "Mozilla/5.0 (compatible; SemrushBot/7~bl; +http://www.semrush.com/bot.html)"
57.141.14.37 - - [17/Jun/2026:22:42:07 +0700] "GET /tu-khoa-san-pham/in-banner-hiflex/ HTTP/2" 200 206781 "-" "meta-externalagent/1.1 (+https://developers.facebook.com/docs/sharing/webmasters/crawler)"
130.49.76.77 - - [17/Jun/2026:22:42:09 +0700] "POST /wp-admin/update.php?action=upload-theme HTTP/2" 200 99732 "https://inquangcaothuonghieu.com/wp-admin/update.php?action=upload-theme" "Mozilla/5.0 (Macintosh; Intel Mac OS X 10_15_7) AppleWebKit/605.1.15 (KHTML, like Gecko) Version/18.0 Safari/605.1.15"
57.141.14.92 - - [17/Jun/2026:22:42:14 +0700] "GET /tu-khoa-san-pham/in-uv-dong-nai/ HTTP/2" 200 206701 "-" "meta-externalagent/1.1 (+https://developers.facebook.com/docs/sharing/webmasters/crawler)"
157.22.100.188 - - [17/Jun/2026:22:42:09 +0700] "POST /wp-admin/update.php?action=upload-theme HTTP/2" 200 99654 "https://inquangcaothuonghieu.com/wp-admin/update.php?action=upload-theme" "Mozilla/5.0 (Windows NT 10.0; Win64; x64) AppleWebKit/537.36 (KHTML, like Gecko) Chrome/124.0.0.0 Safari/537.36"
130.49.76.77 - - [17/Jun/2026:22:42:17 +0700] "POST /wp-admin/update.php?action=upload-theme HTTP/2" 403 1165 "https://inquangcaothuonghieu.com/wp-admin/update.php?action=upload-theme" "Mozilla/5.0 (Macintosh; Intel Mac OS X 10_15_7) AppleWebKit/605.1.15 (KHTML, like Gecko) Version/18.0 Safari/605.1.15"
157.22.100.188 - - [17/Jun/2026:22:42:19 +0700] "POST /wp-admin/update.php?action=upload-theme HTTP/2" 403 1165 "https://inquangcaothuonghieu.com/wp-admin/update.php?action=upload-theme" "Mozilla/5.0 (Windows NT 10.0; Win64; x64) AppleWebKit/537.36 (KHTML, like Gecko) Chrome/124.0.0.0 Safari/537.36"
130.49.76.77 - - [17/Jun/2026:22:42:20 +0700] "GET /wp-admin/admin.php?page=wp_file_manager HTTP/2" 200 89925 "-" "Mozilla/5.0 (Macintosh; Intel Mac OS X 10_15_7) AppleWebKit/605.1.15 (KHTML, like Gecko) Version/18.0 Safari/605.1.15"
157.22.100.188 - - [17/Jun/2026:22:42:21 +0700] "GET /wp-admin/admin.php?page=wp_file_manager HTTP/2" 200 89919 "-" "Mozilla/5.0 (Windows NT 10.0; Win64; x64) AppleWebKit/537.36 (KHTML, like Gecko) Chrome/124.0.0.0 Safari/537.36"
130.49.76.77 - - [17/Jun/2026:22:42:22 +0700] "GET /wp-admin/admin-ajax.php?action=mk_file_folder_manager&_wpnonce=c02d33da7a&networkhref=&cmd=tree&target=l1_Lw&reqid=fde5b469e824197a24d7fc302743 HTTP/2" 200 758 "-" "Mozilla/5.0 (Macintosh; Intel Mac OS X 10_15_7) AppleWebKit/605.1.15 (KHTML, like Gecko) Version/18.0 Safari/605.1.15"
157.22.100.188 - - [17/Jun/2026:22:42:23 +0700] "GET /wp-admin/admin-ajax.php?action=mk_file_folder_manager&_wpnonce=631891852d&networkhref=&cmd=tree&target=l1_Lw&reqid=21fc0fcb3d0194c636e29fe5f4f7 HTTP/2" 200 758 "-" "Mozilla/5.0 (Windows NT 10.0; Win64; x64) AppleWebKit/537.36 (KHTML, like Gecko) Chrome/124.0.0.0 Safari/537.36"
130.49.76.77 - - [17/Jun/2026:22:42:23 +0700] "GET /wp-admin/admin-ajax.php?action=mk_file_folder_manager&_wpnonce=c02d33da7a&networkhref=&cmd=tree&target=l1_d3AtYWRtaW4&reqid=caba0bc163cf89d4354a95a4aba6 HTTP/2" 200 311 "-" "Mozilla/5.0 (Macintosh; Intel Mac OS X 10_15_7) AppleWebKit/605.1.15 (KHTML, like Gecko) Version/18.0 Safari/605.1.15"
157.22.100.188 - - [17/Jun/2026:22:42:24 +0700] "GET /wp-admin/admin-ajax.php?action=mk_file_folder_manager&_wpnonce=631891852d&networkhref=&cmd=tree&target=l1_d3AtYWRtaW4&reqid=225b6c08e09c9ddf58ea2130f4cb HTTP/2" 200 311 "-" "Mozilla/5.0 (Windows NT 10.0; Win64; x64) AppleWebKit/537.36 (KHTML, like Gecko) Chrome/124.0.0.0 Safari/537.36"
130.49.76.77 - - [17/Jun/2026:22:42:25 +0700] "GET /wp-admin/admin-ajax.php?action=mk_file_folder_manager&_wpnonce=c02d33da7a&networkhref=&cmd=tree&target=l1_d3AtaW5jbHVkZXM&reqid=92f8562d655fc2d3d2a0141545ae HTTP/2" 200 938 "-" "Mozilla/5.0 (Macintosh; Intel Mac OS X 10_15_7) AppleWebKit/605.1.15 (KHTML, like Gecko) Version/18.0 Safari/605.1.15"
157.22.100.188 - - [17/Jun/2026:22:42:26 +0700] "GET /wp-admin/admin-ajax.php?action=mk_file_folder_manager&_wpnonce=631891852d&networkhref=&cmd=tree&target=l1_d3AtaW5jbHVkZXM&reqid=dd7649e87656fef2760391511036 HTTP/2" 200 938 "-" "Mozilla/5.0 (Windows NT 10.0; Win64; x64) AppleWebKit/537.36 (KHTML, like Gecko) Chrome/124.0.0.0 Safari/537.36"
130.49.76.77 - - [17/Jun/2026:22:42:27 +0700] "GET /wp-admin/admin-ajax.php?action=mk_file_folder_manager&_wpnonce=c02d33da7a&networkhref=&cmd=tree&target=l1_Y2dpLWJpbg&reqid=2f6a221e9a8624bcd1eabc8020c4 HTTP/2" 200 164 "-" "Mozilla/5.0 (Macintosh; Intel Mac OS X 10_15_7) AppleWebKit/605.1.15 (KHTML, like Gecko) Version/18.0 Safari/605.1.15"
157.22.100.188 - - [17/Jun/2026:22:42:28 +0700] "GET /wp-admin/admin-ajax.php?action=mk_file_folder_manager&_wpnonce=631891852d&networkhref=&cmd=tree&target=l1_Y2dpLWJpbg&reqid=8a2730ca03ed5f9f135ac23975ca HTTP/2" 200 164 "-" "Mozilla/5.0 (Windows NT 10.0; Win64; x64) AppleWebKit/537.36 (KHTML, like Gecko) Chrome/124.0.0.0 Safari/537.36"
130.49.76.77 - - [17/Jun/2026:22:42:28 +0700] "GET /wp-admin/admin-ajax.php?action=mk_file_folder_manager&_wpnonce=c02d33da7a&networkhref=&cmd=tree&target=l1_d3AtY29udGVudA&reqid=8573e3d09bdf8a725366e2b7d3dc HTTP/2" 200 458 "-" "Mozilla/5.0 (Macintosh; Intel Mac OS X 10_15_7) AppleWebKit/605.1.15 (KHTML, like Gecko) Version/18.0 Safari/605.1.15"
157.22.100.188 - - [17/Jun/2026:22:42:30 +0700] "GET /wp-admin/admin-ajax.php?action=mk_file_folder_manager&_wpnonce=631891852d&networkhref=&cmd=tree&target=l1_d3AtY29udGVudA&reqid=39097c6de959559f42a226f1379a HTTP/2" 200 458 "-" "Mozilla/5.0 (Windows NT 10.0; Win64; x64) AppleWebKit/537.36 (KHTML, like Gecko) Chrome/124.0.0.0 Safari/537.36"
130.49.76.77 - - [17/Jun/2026:22:42:30 +0700] "GET /wp-admin/admin-ajax.php?action=mk_file_folder_manager&_wpnonce=c02d33da7a&networkhref=&cmd=tree&target=l1_LndlbGwta25vd24&reqid=04fd344e4f090f176c78d95ddcae HTTP/2" 200 197 "-" "Mozilla/5.0 (Macintosh; Intel Mac OS X 10_15_7) AppleWebKit/605.1.15 (KHTML, like Gecko) Version/18.0 Safari/605.1.15"
130.49.76.77 - - [17/Jun/2026:22:42:31 +0700] "GET /wp-admin/admin-ajax.php?action=mk_file_folder_manager&_wpnonce=c02d33da7a&networkhref=&cmd=mkfile&name=widget_area_1781710951.php&target=l1_d3AtY29udGVudC9lYXN5cG9zdA&reqid=139e025f1548fbb8142c90f6a56d HTTP/2" 200 226 "-" "Mozilla/5.0 (Macintosh; Intel Mac OS X 10_15_7) AppleWebKit/605.1.15 (KHTML, like Gecko) Version/18.0 Safari/605.1.15"
157.22.100.188 - - [17/Jun/2026:22:42:31 +0700] "GET /wp-admin/admin-ajax.php?action=mk_file_folder_manager&_wpnonce=631891852d&networkhref=&cmd=tree&target=l1_LndlbGwta25vd24&reqid=b3ef748586f0b602185ba8617517 HTTP/2" 200 197 "-" "Mozilla/5.0 (Windows NT 10.0; Win64; x64) AppleWebKit/537.36 (KHTML, like Gecko) Chrome/124.0.0.0 Safari/537.36"
130.49.76.77 - - [17/Jun/2026:22:42:33 +0700] "POST /wp-admin/admin-ajax.php HTTP/2" 200 186 "https://inquangcaothuonghieu.com/wp-admin/admin-ajax.php" "Mozilla/5.0 (Macintosh; Intel Mac OS X 10_15_7) AppleWebKit/605.1.15 (KHTML, like Gecko) Version/18.0 Safari/605.1.15"
157.22.100.188 - - [17/Jun/2026:22:42:33 +0700] "GET /wp-admin/admin-ajax.php?action=mk_file_folder_manager&_wpnonce=631891852d&networkhref=&cmd=mkfile&name=widget-area-1781710953.php&target=l1_d3AtY29udGVudC9ld3d3&reqid=d411e7c85137c32bd5e42e15b2dd HTTP/2" 200 219 "-" "Mozilla/5.0 (Windows NT 10.0; Win64; x64) AppleWebKit/537.36 (KHTML, like Gecko) Chrome/124.0.0.0 Safari/537.36"
57.141.14.11 - - [17/Jun/2026:22:42:33 +0700] "GET /san-pham/in-tem-uv-so-luong-it/ HTTP/2" 200 239621 "-" "meta-externalagent/1.1 (+https://developers.facebook.com/docs/sharing/webmasters/crawler)"
130.49.76.77 - - [17/Jun/2026:22:42:34 +0700] "POST /wp-admin/admin-ajax.php?action=mk_file_folder_manager&_wpnonce=c02d33da7a&networkhref=&cmd=open&target=l1_d3AtY29udGVudC9lYXN5cG9zdA&reqid=c953a788b6274f2568615ba5d8a0 HTTP/2" 200 711 "https://inquangcaothuonghieu.com/wp-admin/admin-ajax.php?action=mk_file_folder_manager&_wpnonce=c02d33da7a&networkhref=&cmd=open&target=l1_d3AtY29udGVudC9lYXN5cG9zdA&reqid=c953a788b6274f2568615ba5d8a0" "Mozilla/5.0 (Macintosh; Intel Mac OS X 10_15_7) AppleWebKit/605.1.15 (KHTML, like Gecko) Version/18.0 Safari/605.1.15"
57.141.14.64 - - [17/Jun/2026:22:42:34 +0700] "GET /tu-khoa-san-pham/in-decal-kho-lon/ HTTP/2" 200 211937 "-" "meta-externalagent/1.1 (+https://developers.facebook.com/docs/sharing/webmasters/crawler)"
130.49.76.77 - - [17/Jun/2026:22:42:37 +0700] "GET /wp-content/easypost/widget_area_1781710951.php HTTP/2" 403 1242 "-" "Mozilla/5.0 (Windows NT 10.0; Win64; x64; rv:133.0) Gecko/20100101 Firefox/133.0"
193.202.81.110 - - [17/Jun/2026:22:42:38 +0700] "GET /wp-content/easypost/widget_area_1781710951.php HTTP/2" 403 1242 "-" "Mozilla/5.0 (Windows NT 10.0; Win64; x64) AppleWebKit/537.36 (KHTML, like Gecko) Chrome/124.0.0.0 Safari/537.36"
57.141.14.11 - - [17/Jun/2026:22:42:37 +0700] "GET /san-pham/in-chuyen-nhiet-theo-yeu-cau-2/ HTTP/2" 200 240574 "-" "meta-externalagent/1.1 (+https://developers.facebook.com/docs/sharing/webmasters/crawler)"
157.22.72.224 - - [17/Jun/2026:22:42:39 +0700] "GET /wp-content/easypost/widget_area_1781710951.php HTTP/2" 403 1242 "-" "Mozilla/5.0 (Windows NT 10.0; Win64; x64) AppleWebKit/537.36 (KHTML, like Gecko) Chrome/124.0.0.0 Safari/537.36"
157.22.100.188 - - [17/Jun/2026:22:42:34 +0700] "POST /wp-admin/admin-ajax.php HTTP/2" 200 179 "https://inquangcaothuonghieu.com/wp-admin/admin-ajax.php" "Mozilla/5.0 (Windows NT 10.0; Win64; x64) AppleWebKit/537.36 (KHTML, like Gecko) Chrome/124.0.0.0 Safari/537.36"
88.218.44.222 - - [17/Jun/2026:22:42:42 +0700] "GET /wp-content/easypost/widget_area_1781710951.php HTTP/2" 403 1242 "-" "Mozilla/5.0 (Macintosh; Intel Mac OS X 10_15_7) AppleWebKit/605.1.15 (KHTML, like Gecko) Version/18.0 Safari/605.1.15"
157.22.100.188 - - [17/Jun/2026:22:42:41 +0700] "POST /wp-admin/admin-ajax.php?action=mk_file_folder_manager&_wpnonce=631891852d&networkhref=&cmd=open&target=l1_d3AtY29udGVudC9ld3d3&reqid=d7c01cccd4bbda3398072259716c HTTP/2" 200 710 "https://inquangcaothuonghieu.com/wp-admin/admin-ajax.php?action=mk_file_folder_manager&_wpnonce=631891852d&networkhref=&cmd=open&target=l1_d3AtY29udGVudC9ld3d3&reqid=d7c01cccd4bbda3398072259716c" "Mozilla/5.0 (Windows NT 10.0; Win64; x64) AppleWebKit/537.36 (KHTML, like Gecko) Chrome/124.0.0.0 Safari/537.36"
157.22.100.188 - - [17/Jun/2026:22:42:43 +0700] "GET /wp-content/ewww/widget-area-1781710953.php HTTP/2" 403 1242 "-" "Mozilla/5.0 (Windows NT 10.0; Win64; x64; rv:133.0) Gecko/20100101 Firefox/133.0"
45.148.234.248 - - [17/Jun/2026:22:42:43 +0700] "GET /wp-content/easypost/widget_area_1781710951.php HTTP/2" 403 1242 "-" "Mozilla/5.0 (Macintosh; Intel Mac OS X 10_15_7) AppleWebKit/605.1.15 (KHTML, like Gecko) Version/18.0 Safari/605.1.15"
157.22.100.201 - - [17/Jun/2026:22:42:45 +0700] "GET /wp-content/easypost/widget_area_1781710951.php HTTP/2" 403 1242 "-" "Mozilla/5.0 (Windows NT 10.0; Win64; x64; rv:133.0) Gecko/20100101 Firefox/133.0"
170.168.241.138 - - [17/Jun/2026:22:42:56 +0700] "GET /wp-content/easypost/widget_area_1781710951.php HTTP/2" 403 1242 "-" "Mozilla/5.0 (Windows NT 10.0; Win64; x64) AppleWebKit/537.36 (KHTML, like Gecko) Chrome/124.0.0.0 Safari/537.36"
45.148.235.32 - - [17/Jun/2026:22:42:57 +0700] "GET /wp-content/ewww/widget-area-1781710953.php HTTP/2" 403 1242 "-" "Mozilla/5.0 (Windows NT 10.0; Win64; x64; rv:133.0) Gecko/20100101 Firefox/133.0"
130.49.11.186 - - [17/Jun/2026:22:42:57 +0700] "GET /wp-content/easypost/widget_area_1781710951.php HTTP/2" 403 1242 "-" "Mozilla/5.0 (Macintosh; Intel Mac OS X 10_15_7) AppleWebKit/605.1.15 (KHTML, like Gecko) Version/18.0 Safari/605.1.15"
146.19.39.213 - - [17/Jun/2026:22:42:59 +0700] "GET /wp-content/easypost/widget_area_1781710951.php HTTP/2" 403 1242 "-" "Mozilla/5.0 (Windows NT 10.0; Win64; x64; rv:133.0) Gecko/20100101 Firefox/133.0"
157.22.72.220 - - [17/Jun/2026:22:43:00 +0700] "GET /wp-login.php HTTP/2" 200 3072 "-" "Mozilla/5.0 (Windows NT 10.0; Win64; x64) AppleWebKit/537.36 (KHTML, like Gecko) Chrome/124.0.0.0 Safari/537.36"
157.22.72.220 - - [17/Jun/2026:22:43:02 +0700] "GET /wp-login.php?wp_lang=en_US HTTP/2" 200 2123 "-" "Mozilla/5.0 (Windows NT 10.0; Win64; x64) AppleWebKit/537.36 (KHTML, like Gecko) Chrome/124.0.0.0 Safari/537.36"
66.249.71.128 - - [17/Jun/2026:22:43:02 +0700] "GET /san-pham/in-mac-vai-quan-ao-tphcm/ HTTP/1.1" 200 46039 "-" "Mozilla/5.0 (Linux; Android 6.0.1; Nexus 5X Build/MMB29P) AppleWebKit/537.36 (KHTML, like Gecko) Chrome/148.0.7778.96 Mobile Safari/537.36 (compatible; Googlebot/2.1; +http://www.google.com/bot.html)"
157.22.72.220 - - [17/Jun/2026:22:43:03 +0700] "POST /wp-login.php?wp_lang=en_US HTTP/2" 302 0 "https://inquangcaothuonghieu.com/wp-login.php?wp_lang=en_US" "Mozilla/5.0 (Windows NT 10.0; Win64; x64) AppleWebKit/537.36 (KHTML, like Gecko) Chrome/124.0.0.0 Safari/537.36"
157.22.72.220 - - [17/Jun/2026:22:43:05 +0700] "GET /wp-admin/ HTTP/2" 200 113539 "https://inquangcaothuonghieu.com/wp-login.php?wp_lang=en_US" "Mozilla/5.0 (Windows NT 10.0; Win64; x64) AppleWebKit/537.36 (KHTML, like Gecko) Chrome/124.0.0.0 Safari/537.36"
216.73.216.78 - - [17/Jun/2026:22:43:06 +0700] "GET /san-pham/in-bat-hiflex-khong-gan-3m/feed/ HTTP/2" 200 510 "-" "Mozilla/5.0 AppleWebKit/537.36 (KHTML, like Gecko; compatible; ClaudeBot/1.0; +claudebot@anthropic.com)"
216.73.216.78 - - [17/Jun/2026:22:43:06 +0700] "GET /san-pham/in-bat-hiflex-kho-lon-2/sms:0906348765 HTTP/2" 404 36887 "-" "Mozilla/5.0 AppleWebKit/537.36 (KHTML, like Gecko; compatible; ClaudeBot/1.0; +claudebot@anthropic.com)"
66.249.74.73 - - [17/Jun/2026:22:43:06 +0700] "GET /san-pham/in-chuyen-nhiet-lay-lien/ HTTP/1.1" 200 46656 "-" "Mozilla/5.0 (Linux; Android 6.0.1; Nexus 5X Build/MMB29P) AppleWebKit/537.36 (KHTML, like Gecko) Chrome/148.0.7778.96 Mobile Safari/537.36 (compatible; Googlebot/2.1; +http://www.google.com/bot.html)"
130.49.77.197 - - [17/Jun/2026:22:43:08 +0700] "GET /wp-content/ewww/widget-area-1781710953.php HTTP/2" 403 1242 "-" "Mozilla/5.0 (Macintosh; Intel Mac OS X 10_15_7) AppleWebKit/605.1.15 (KHTML, like Gecko) Version/18.0 Safari/605.1.15"
130.49.113.142 - - [17/Jun/2026:22:43:09 +0700] "GET /wp-content/ewww/widget-area-1781710953.php HTTP/2" 403 1242 "-" "Mozilla/5.0 (Windows NT 10.0; Win64; x64) AppleWebKit/537.36 (KHTML, like Gecko) Chrome/124.0.0.0 Safari/537.36"
157.22.72.220 - - [17/Jun/2026:22:43:07 +0700] "GET /wp-admin/plugins.php HTTP/2" 200 165788 "-" "Mozilla/5.0 (Windows NT 10.0; Win64; x64) AppleWebKit/537.36 (KHTML, like Gecko) Chrome/124.0.0.0 Safari/537.36"
146.19.90.213 - - [17/Jun/2026:22:43:11 +0700] "GET /wp-content/ewww/widget-area-1781710953.php HTTP/2" 403 1242 "-" "Mozilla/5.0 (Windows NT 10.0; Win64; x64; rv:133.0) Gecko/20100101 Firefox/133.0"
57.141.14.2 - - [17/Jun/2026:22:43:09 +0700] "GET /tu-khoa-san-pham/in-uv-bat-quang-cao-gia-bao-nhieu/ HTTP/2" 200 207337 "-" "meta-externalagent/1.1 (+https://developers.facebook.com/docs/sharing/webmasters/crawler)"
178.20.29.163 - - [17/Jun/2026:22:43:12 +0700] "GET /wp-content/ewww/widget-area-1781710953.php HTTP/2" 403 1242 "-" "Mozilla/5.0 (Windows NT 10.0; Win64; x64; rv:133.0) Gecko/20100101 Firefox/133.0"
157.22.72.220 - - [17/Jun/2026:22:43:11 +0700] "GET /wp-admin/plugins.php HTTP/2" 200 165802 "-" "Mozilla/5.0 (Windows NT 10.0; Win64; x64) AppleWebKit/537.36 (KHTML, like Gecko) Chrome/124.0.0.0 Safari/537.36"
216.73.216.78 - - [17/Jun/2026:22:43:12 +0700] "GET /san-pham/in-bat-hiflex-xam-han-quoc/feed/ HTTP/2" 200 510 "-" "Mozilla/5.0 AppleWebKit/537.36 (KHTML, like Gecko; compatible; ClaudeBot/1.0; +claudebot@anthropic.com)"
216.73.216.78 - - [17/Jun/2026:22:43:12 +0700] "GET /san-pham/in-bat-hiflex-khong-gan-3m/feed/ HTTP/2" 200 510 "-" "Mozilla/5.0 AppleWebKit/537.36 (KHTML, like Gecko; compatible; ClaudeBot/1.0; +claudebot@anthropic.com)"
157.22.72.220 - - [17/Jun/2026:22:43:13 +0700] "GET /wp-admin/plugin-install.php HTTP/2" 200 97513 "-" "Mozilla/5.0 (Windows NT 10.0; Win64; x64) AppleWebKit/537.36 (KHTML, like Gecko) Chrome/124.0.0.0 Safari/537.36"
216.73.216.78 - - [17/Jun/2026:22:43:17 +0700] "GET /san-pham/in-bat-hop-den-sieu-sang/feed/ HTTP/2" 200 511 "-" "Mozilla/5.0 AppleWebKit/537.36 (KHTML, like Gecko; compatible; ClaudeBot/1.0; +claudebot@anthropic.com)"
157.22.72.220 - - [17/Jun/2026:22:43:16 +0700] "POST /wp-admin/update.php?action=upload-plugin HTTP/2" 200 99558 "https://inquangcaothuonghieu.com/wp-admin/update.php?action=upload-plugin" "Mozilla/5.0 (Windows NT 10.0; Win64; x64) AppleWebKit/537.36 (KHTML, like Gecko) Chrome/124.0.0.0 Safari/537.36"
216.73.216.78 - - [17/Jun/2026:22:43:20 +0700] "GET /san-pham/in-bat-hiflex-sieu-kho/sms:0906348765 HTTP/2" 404 36899 "-" "Mozilla/5.0 AppleWebKit/537.36 (KHTML, like Gecko; compatible; ClaudeBot/1.0; +claudebot@anthropic.com)"
85.89.201.126 - admin [17/Jun/2026:22:43:23 +0700] "POST /wp-json/wp/v2/posts HTTP/1.1" 201 7272 "-" "Mozilla/5.0 (Macintosh; Intel Mac OS X 10_15_7) AppleWebKit/537.36 (KHTML, like Gecko) Chrome/142.0.0.0 Safari/537.36"
157.22.72.220 - - [17/Jun/2026:22:43:21 +0700] "POST /wp-admin/update.php?action=upload-plugin HTTP/2" 200 100087 "https://inquangcaothuonghieu.com/wp-admin/update.php?action=upload-plugin" "Mozilla/5.0 (Windows NT 10.0; Win64; x64) AppleWebKit/537.36 (KHTML, like Gecko) Chrome/124.0.0.0 Safari/537.36"
209.20.183.68 - admin [17/Jun/2026:22:43:26 +0700] "GET /wp-json/wp/v2/posts/14383?context=edit HTTP/1.1" 200 7272 "-" "Mozilla/5.0 (Macintosh; Intel Mac OS X 10_15_7) AppleWebKit/537.36 (KHTML, like Gecko) Chrome/142.0.0.0 Safari/537.36"
157.22.72.220 - - [17/Jun/2026:22:43:27 +0700] "POST /wp-admin/update.php?action=upload-plugin HTTP/2" 200 100030 "https://inquangcaothuonghieu.com/wp-admin/update.php?action=upload-plugin" "Mozilla/5.0 (Windows NT 10.0; Win64; x64) AppleWebKit/537.36 (KHTML, like Gecko) Chrome/124.0.0.0 Safari/537.36"
157.22.72.220 - - [17/Jun/2026:22:43:31 +0700] "POST /wp-admin/update.php?action=upload-plugin HTTP/2" 200 100029 "https://inquangcaothuonghieu.com/wp-admin/update.php?action=upload-plugin" "Mozilla/5.0 (Windows NT 10.0; Win64; x64) AppleWebKit/537.36 (KHTML, like Gecko) Chrome/124.0.0.0 Safari/537.36"
157.22.72.220 - - [17/Jun/2026:22:43:37 +0700] "POST /wp-admin/update.php?action=upload-plugin HTTP/2" 200 100102 "https://inquangcaothuonghieu.com/wp-admin/update.php?action=upload-plugin" "Mozilla/5.0 (Windows NT 10.0; Win64; x64) AppleWebKit/537.36 (KHTML, like Gecko) Chrome/124.0.0.0 Safari/537.36"
216.73.216.78 - - [17/Jun/2026:22:43:39 +0700] "GET /san-pham/in-bat-hiflex-gia-re-2/sms:0906348765 HTTP/2" 404 36903 "-" "Mozilla/5.0 AppleWebKit/537.36 (KHTML, like Gecko; compatible; ClaudeBot/1.0; +claudebot@anthropic.com)"
216.73.216.78 - - [17/Jun/2026:22:43:39 +0700] "GET /san-pham/in-bat-hiflex-khung-sat/sms:0906348765 HTTP/2" 404 36899 "-" "Mozilla/5.0 AppleWebKit/537.36 (KHTML, like Gecko; compatible; ClaudeBot/1.0; +claudebot@anthropic.com)"
216.73.216.78 - - [17/Jun/2026:22:43:41 +0700] "GET /san-pham/in-bat-hay-in-decal-tot-hon/feed/ HTTP/2" 200 510 "-" "Mozilla/5.0 AppleWebKit/537.36 (KHTML, like Gecko; compatible; ClaudeBot/1.0; +claudebot@anthropic.com)"
157.22.72.220 - - [17/Jun/2026:22:43:41 +0700] "GET /wp-admin/themes.php HTTP/2" 200 96951 "-" "Mozilla/5.0 (Windows NT 10.0; Win64; x64) AppleWebKit/537.36 (KHTML, like Gecko) Chrome/124.0.0.0 Safari/537.36"
66.249.74.73 - - [17/Jun/2026:22:43:41 +0700] "GET /san-pham/gia-in-bang-deo-cheo-tphcm/ HTTP/1.1" 200 46540 "-" "Mozilla/5.0 (Linux; Android 6.0.1; Nexus 5X Build/MMB29P) AppleWebKit/537.36 (KHTML, like Gecko) Chrome/148.0.7778.96 Mobile Safari/537.36 (compatible; Googlebot/2.1; +http://www.google.com/bot.html)"
216.73.216.78 - - [17/Jun/2026:22:43:42 +0700] "GET /san-pham/in-bat-hiflex-chong-nang/sms:0906348765 HTTP/2" 404 36883 "-" "Mozilla/5.0 AppleWebKit/537.36 (KHTML, like Gecko; compatible; ClaudeBot/1.0; +claudebot@anthropic.com)"
216.73.216.78 - - [17/Jun/2026:22:43:43 +0700] "GET /san-pham/in-bat-hiflex-gia-re-tphcm-2/feed/ HTTP/2" 200 512 "-" "Mozilla/5.0 AppleWebKit/537.36 (KHTML, like Gecko; compatible; ClaudeBot/1.0; +claudebot@anthropic.com)"
157.22.72.220 - - [17/Jun/2026:22:43:43 +0700] "GET /wp-admin/theme-install.php?browse=popular HTTP/2" 200 94195 "-" "Mozilla/5.0 (Windows NT 10.0; Win64; x64) AppleWebKit/537.36 (KHTML, like Gecko) Chrome/124.0.0.0 Safari/537.36"
83.99.206.81 - - [17/Jun/2026:22:43:45 +0700] "GET /san-pham/in-banner-bat-khong-gan/ HTTP/1.1" 200 45936 "-" "Mozilla/5.0 (X11; Linux x86_64) AppleWebKit/537.36 (KHTML, like Gecko; GeedoShopProductFinder) Chrome/142.0.0.0 Safari/537.36"
66.249.74.73 - - [17/Jun/2026:22:43:47 +0700] "GET /san-pham/in-bat-nhanh-tphcm/ HTTP/1.1" 200 45836 "-" "Mozilla/5.0 (Linux; Android 6.0.1; Nexus 5X Build/MMB29P) AppleWebKit/537.36 (KHTML, like Gecko) Chrome/148.0.7778.96 Mobile Safari/537.36 (compatible; Googlebot/2.1; +http://www.google.com/bot.html)"
157.22.124.162 - - [17/Jun/2026:22:43:49 +0700] "GET /wp-login.php?wp_lang=en_US HTTP/2" 200 2123 "-" "Mozilla/5.0 (Windows NT 10.0; Win64; x64) AppleWebKit/537.36 (KHTML, like Gecko) Chrome/124.0.0.0 Safari/537.36"
157.22.124.162 - - [17/Jun/2026:22:43:50 +0700] "POST /wp-login.php?wp_lang=en_US HTTP/2" 302 0 "https://inquangcaothuonghieu.com/wp-login.php?wp_lang=en_US" "Mozilla/5.0 (Windows NT 10.0; Win64; x64) AppleWebKit/537.36 (KHTML, like Gecko) Chrome/124.0.0.0 Safari/537.36"
157.22.72.220 - - [17/Jun/2026:22:43:46 +0700] "POST /wp-admin/update.php?action=upload-theme HTTP/2" 200 99673 "https://inquangcaothuonghieu.com/wp-admin/update.php?action=upload-theme" "Mozilla/5.0 (Windows NT 10.0; Win64; x64) AppleWebKit/537.36 (KHTML, like Gecko) Chrome/124.0.0.0 Safari/537.36"
157.22.72.220 - - [17/Jun/2026:22:43:52 +0700] "POST /wp-admin/update.php?action=upload-theme HTTP/2" 403 1165 "https://inquangcaothuonghieu.com/wp-admin/update.php?action=upload-theme" "Mozilla/5.0 (Windows NT 10.0; Win64; x64) AppleWebKit/537.36 (KHTML, like Gecko) Chrome/124.0.0.0 Safari/537.36"
157.22.124.162 - - [17/Jun/2026:22:43:51 +0700] "GET /wp-admin/ HTTP/2" 200 113407 "https://inquangcaothuonghieu.com/wp-login.php?wp_lang=en_US" "Mozilla/5.0 (Windows NT 10.0; Win64; x64) AppleWebKit/537.36 (KHTML, like Gecko) Chrome/124.0.0.0 Safari/537.36"
157.22.72.220 - - [17/Jun/2026:22:43:54 +0700] "GET /wp-admin/admin.php?page=wp_file_manager HTTP/2" 200 89876 "-" "Mozilla/5.0 (Windows NT 10.0; Win64; x64) AppleWebKit/537.36 (KHTML, like Gecko) Chrome/124.0.0.0 Safari/537.36"
157.22.124.162 - - [17/Jun/2026:22:43:55 +0700] "GET /wp-admin/plugins.php HTTP/2" 200 166086 "-" "Mozilla/5.0 (Windows NT 10.0; Win64; x64) AppleWebKit/537.36 (KHTML, like Gecko) Chrome/124.0.0.0 Safari/537.36"
157.22.72.220 - - [17/Jun/2026:22:43:56 +0700] "GET /wp-admin/admin-ajax.php?action=mk_file_folder_manager&_wpnonce=019e7a40a0&networkhref=&cmd=tree&target=l1_Lw&reqid=3dc72c36cf20e50f4d0fd00ef069 HTTP/2" 200 759 "-" "Mozilla/5.0 (Windows NT 10.0; Win64; x64) AppleWebKit/537.36 (KHTML, like Gecko) Chrome/124.0.0.0 Safari/537.36"
157.22.72.220 - - [17/Jun/2026:22:43:58 +0700] "GET /wp-admin/admin-ajax.php?action=mk_file_folder_manager&_wpnonce=019e7a40a0&networkhref=&cmd=tree&target=l1_d3AtYWRtaW4&reqid=90f6db6a19bb78b17febd93c2bcc HTTP/2" 200 311 "-" "Mozilla/5.0 (Windows NT 10.0; Win64; x64) AppleWebKit/537.36 (KHTML, like Gecko) Chrome/124.0.0.0 Safari/537.36"
157.22.124.162 - - [17/Jun/2026:22:43:58 +0700] "GET /wp-admin/plugins.php HTTP/2" 200 166085 "-" "Mozilla/5.0 (Windows NT 10.0; Win64; x64) AppleWebKit/537.36 (KHTML, like Gecko) Chrome/124.0.0.0 Safari/537.36"
57.141.14.54 - - [17/Jun/2026:22:43:59 +0700] "GET /tu-khoa-san-pham/in-decal-logo-dan/ HTTP/2" 200 206772 "-" "meta-externalagent/1.1 (+https://developers.facebook.com/docs/sharing/webmasters/crawler)"
157.22.72.220 - - [17/Jun/2026:22:43:59 +0700] "GET /wp-admin/admin-ajax.php?action=mk_file_folder_manager&_wpnonce=019e7a40a0&networkhref=&cmd=tree&target=l1_d3AtaW5jbHVkZXM&reqid=49fd9c880d5250b28468be53b481 HTTP/2" 200 938 "-" "Mozilla/5.0 (Windows NT 10.0; Win64; x64) AppleWebKit/537.36 (KHTML, like Gecko) Chrome/124.0.0.0 Safari/537.36"
57.141.14.94 - - [17/Jun/2026:22:43:59 +0700] "GET /tu-khoa-san-pham/in-backdrop-khai-truong/ HTTP/2" 200 207012 "-" "meta-externalagent/1.1 (+https://developers.facebook.com/docs/sharing/webmasters/crawler)"
216.73.216.78 - - [17/Jun/2026:22:44:00 +0700] "GET /san-pham/in-bat-gia-bao-nhieu/sms:0906348765 HTTP/2" 404 36841 "-" "Mozilla/5.0 AppleWebKit/537.36 (KHTML, like Gecko; compatible; ClaudeBot/1.0; +claudebot@anthropic.com)"
216.73.216.78 - - [17/Jun/2026:22:44:00 +0700] "GET /san-pham/in-bat-hiflex-5m-o-tphcm/sms:0906348765 HTTP/2" 404 36902 "-" "Mozilla/5.0 AppleWebKit/537.36 (KHTML, like Gecko; compatible; ClaudeBot/1.0; +claudebot@anthropic.com)"
57.141.14.45 - - [17/Jun/2026:22:44:00 +0700] "GET /tu-khoa-san-pham/in-decal-de-den-cho-bao-bi-san-pham/ HTTP/2" 200 207348 "-" "meta-externalagent/1.1 (+https://developers.facebook.com/docs/sharing/webmasters/crawler)"
157.22.72.220 - - [17/Jun/2026:22:44:01 +0700] "GET /wp-admin/admin-ajax.php?action=mk_file_folder_manager&_wpnonce=019e7a40a0&networkhref=&cmd=tree&target=l1_Y2dpLWJpbg&reqid=32da5a5cb374c9c03da461de802a HTTP/2" 200 164 "-" "Mozilla/5.0 (Windows NT 10.0; Win64; x64) AppleWebKit/537.36 (KHTML, like Gecko) Chrome/124.0.0.0 Safari/537.36"
157.22.124.162 - - [17/Jun/2026:22:44:00 +0700] "GET /wp-admin/plugin-install.php HTTP/2" 200 97507 "-" "Mozilla/5.0 (Windows NT 10.0; Win64; x64) AppleWebKit/537.36 (KHTML, like Gecko) Chrome/124.0.0.0 Safari/537.36"
216.73.216.78 - - [17/Jun/2026:22:44:02 +0700] "GET /san-pham/in-bat-hiflex-gia-re-tphcm-3/feed/ HTTP/2" 200 512 "-" "Mozilla/5.0 AppleWebKit/537.36 (KHTML, like Gecko; compatible; ClaudeBot/1.0; +claudebot@anthropic.com)"
157.22.72.220 - - [17/Jun/2026:22:44:03 +0700] "GET /wp-admin/admin-ajax.php?action=mk_file_folder_manager&_wpnonce=019e7a40a0&networkhref=&cmd=tree&target=l1_d3AtY29udGVudA&reqid=e3e79e6087231644a6b3c4d4b056 HTTP/2" 200 453 "-" "Mozilla/5.0 (Windows NT 10.0; Win64; x64) AppleWebKit/537.36 (KHTML, like Gecko) Chrome/124.0.0.0 Safari/537.36"
216.73.216.78 - - [17/Jun/2026:22:44:03 +0700] "GET /san-pham/in-bat-hiflex-gan-day-2/sms:0906348765 HTTP/2" 404 36911 "-" "Mozilla/5.0 AppleWebKit/537.36 (KHTML, like Gecko; compatible; ClaudeBot/1.0; +claudebot@anthropic.com)"
216.73.216.78 - - [17/Jun/2026:22:44:04 +0700] "GET /san-pham/in-bat-luoi-ngoai-troi/sms:0906348765 HTTP/2" 404 36844 "-" "Mozilla/5.0 AppleWebKit/537.36 (KHTML, like Gecko; compatible; ClaudeBot/1.0; +claudebot@anthropic.com)"
157.22.72.220 - - [17/Jun/2026:22:44:04 +0700] "GET /wp-admin/admin-ajax.php?action=mk_file_folder_manager&_wpnonce=019e7a40a0&networkhref=&cmd=tree&target=l1_LndlbGwta25vd24&reqid=196eb20aaae65014e29d859e6884 HTTP/2" 200 197 "-" "Mozilla/5.0 (Windows NT 10.0; Win64; x64) AppleWebKit/537.36 (KHTML, like Gecko) Chrome/124.0.0.0 Safari/537.36"
40.77.167.32 - - [17/Jun/2026:22:44:05 +0700] "GET /tu-khoa-san-pham/in-bat-hop-den-sieu-sang/ HTTP/2" 200 39802 "-" "Mozilla/5.0 AppleWebKit/537.36 (KHTML, like Gecko; compatible; bingbot/2.0; +http://www.bing.com/bingbot.htm) Chrome/116.0.1938.76 Safari/537.36"
83.99.206.81 - - [17/Jun/2026:22:44:04 +0700] "GET /san-pham/gia-in-hashtag/ HTTP/1.1" 200 45918 "-" "Mozilla/5.0 (X11; Linux x86_64) AppleWebKit/537.36 (KHTML, like Gecko; GeedoShopProductFinder) Chrome/142.0.0.0 Safari/537.36"
157.22.72.220 - - [17/Jun/2026:22:44:05 +0700] "GET /wp-admin/admin-ajax.php?action=mk_file_folder_manager&_wpnonce=019e7a40a0&networkhref=&cmd=mkfile&name=custom.file.2.1781711045.php&target=l1_d3AtY29udGVudA&reqid=d83541616a34bace7b9993df8dbc HTTP/2" 200 223 "-" "Mozilla/5.0 (Windows NT 10.0; Win64; x64) AppleWebKit/537.36 (KHTML, like Gecko) Chrome/124.0.0.0 Safari/537.36"
157.22.72.220 - - [17/Jun/2026:22:44:07 +0700] "POST /wp-admin/admin-ajax.php HTTP/2" 200 180 "https://inquangcaothuonghieu.com/wp-admin/admin-ajax.php" "Mozilla/5.0 (Windows NT 10.0; Win64; x64) AppleWebKit/537.36 (KHTML, like Gecko) Chrome/124.0.0.0 Safari/537.36"
216.73.216.78 - - [17/Jun/2026:22:44:08 +0700] "GET /san-pham/in-bat-hiflex-khong-gan/sms:0906348765 HTTP/2" 404 36917 "-" "Mozilla/5.0 AppleWebKit/537.36 (KHTML, like Gecko; compatible; ClaudeBot/1.0; +claudebot@anthropic.com)"
157.22.124.162 - - [17/Jun/2026:22:44:04 +0700] "POST /wp-admin/update.php?action=upload-plugin HTTP/2" 200 99581 "https://inquangcaothuonghieu.com/wp-admin/update.php?action=upload-plugin" "Mozilla/5.0 (Windows NT 10.0; Win64; x64) AppleWebKit/537.36 (KHTML, like Gecko) Chrome/124.0.0.0 Safari/537.36"
216.73.216.78 - - [17/Jun/2026:22:44:08 +0700] "GET /san-pham/in-bat-hiflex-khong-noi/sms:0906348765 HTTP/2" 404 36890 "-" "Mozilla/5.0 AppleWebKit/537.36 (KHTML, like Gecko; compatible; ClaudeBot/1.0; +claudebot@anthropic.com)"
157.22.72.220 - - [17/Jun/2026:22:44:09 +0700] "POST /wp-admin/admin-ajax.php?action=mk_file_folder_manager&_wpnonce=019e7a40a0&networkhref=&cmd=open&target=l1_d3AtY29udGVudA&reqid=f4525729c0fd0d83869780797fc8 HTTP/2" 200 1205 "https://inquangcaothuonghieu.com/wp-admin/admin-ajax.php?action=mk_file_folder_manager&_wpnonce=019e7a40a0&networkhref=&cmd=open&target=l1_d3AtY29udGVudA&reqid=f4525729c0fd0d83869780797fc8" "Mozilla/5.0 (Windows NT 10.0; Win64; x64) AppleWebKit/537.36 (KHTML, like Gecko) Chrome/124.0.0.0 Safari/537.36"
157.22.72.220 - - [17/Jun/2026:22:44:11 +0700] "GET /wp-content/custom.file.2.1781711045.php HTTP/2" 403 1242 "-" "Mozilla/5.0 (Windows NT 10.0; Win64; x64; rv:133.0) Gecko/20100101 Firefox/133.0"
57.141.14.94 - - [17/Jun/2026:22:44:10 +0700] "GET /san-pham/in-standee-hoi-thao/ HTTP/2" 200 239498 "-" "meta-externalagent/1.1 (+https://developers.facebook.com/docs/sharing/webmasters/crawler)"
216.73.216.78 - - [17/Jun/2026:22:44:10 +0700] "GET /san-pham/in-bat-gia-re-gan-day/sms:0906348765 HTTP/2" 404 36854 "-" "Mozilla/5.0 AppleWebKit/537.36 (KHTML, like Gecko; compatible; ClaudeBot/1.0; +claudebot@anthropic.com)"
216.73.216.78 - - [17/Jun/2026:22:44:11 +0700] "GET /san-pham/in-bat-hiflex-trong-nha/sms:0906348765 HTTP/2" 404 36903 "-" "Mozilla/5.0 AppleWebKit/537.36 (KHTML, like Gecko; compatible; ClaudeBot/1.0; +claudebot@anthropic.com)"
216.73.216.78 - - [17/Jun/2026:22:44:13 +0700] "GET /san-pham/in-bat-hiflex-gia-re-hcm-3/feed/ HTTP/2" 200 507 "-" "Mozilla/5.0 AppleWebKit/537.36 (KHTML, like Gecko; compatible; ClaudeBot/1.0; +claudebot@anthropic.com)"
157.22.124.162 - - [17/Jun/2026:22:44:10 +0700] "POST /wp-admin/update.php?action=upload-plugin HTTP/2" 200 100022 "https://inquangcaothuonghieu.com/wp-admin/update.php?action=upload-plugin" "Mozilla/5.0 (Windows NT 10.0; Win64; x64) AppleWebKit/537.36 (KHTML, like Gecko) Chrome/124.0.0.0 Safari/537.36"
40.77.167.6 - - [17/Jun/2026:22:44:17 +0700] "GET /tu-khoa-san-pham/in-uv-cuon-inan2h/ HTTP/2" 200 37571 "-" "Mozilla/5.0 AppleWebKit/537.36 (KHTML, like Gecko; compatible; bingbot/2.0; +http://www.bing.com/bingbot.htm) Chrome/116.0.1938.76 Safari/537.36"
157.22.124.162 - - [17/Jun/2026:22:44:16 +0700] "POST /wp-admin/update.php?action=upload-plugin HTTP/2" 200 100042 "https://inquangcaothuonghieu.com/wp-admin/update.php?action=upload-plugin" "Mozilla/5.0 (Windows NT 10.0; Win64; x64) AppleWebKit/537.36 (KHTML, like Gecko) Chrome/124.0.0.0 Safari/537.36"
157.22.124.162 - - [17/Jun/2026:22:44:20 +0700] "POST /wp-admin/update.php?action=upload-plugin HTTP/2" 200 100040 "https://inquangcaothuonghieu.com/wp-admin/update.php?action=upload-plugin" "Mozilla/5.0 (Windows NT 10.0; Win64; x64) AppleWebKit/537.36 (KHTML, like Gecko) Chrome/124.0.0.0 Safari/537.36"
83.99.206.81 - - [17/Jun/2026:22:44:25 +0700] "GET /tu-khoa-san-pham/in-standee-lay-lien-cao-cap/ HTTP/1.1" 200 39841 "-" "Mozilla/5.0 (X11; Linux x86_64) AppleWebKit/537.36 (KHTML, like Gecko; GeedoShopProductFinder) Chrome/142.0.0.0 Safari/537.36"
216.73.216.78 - - [17/Jun/2026:22:44:26 +0700] "GET /san-pham/in-bat-hiflex-xuyen-sang/sms:0906348765 HTTP/2" 404 36876 "-" "Mozilla/5.0 AppleWebKit/537.36 (KHTML, like Gecko; compatible; ClaudeBot/1.0; +claudebot@anthropic.com)"
216.73.216.78 - - [17/Jun/2026:22:44:26 +0700] "GET /san-pham/in-bat-hiflex-xuyen-den/sms:0906348765 HTTP/2" 404 36888 "-" "Mozilla/5.0 AppleWebKit/537.36 (KHTML, like Gecko; compatible; ClaudeBot/1.0; +claudebot@anthropic.com)"
157.22.124.162 - - [17/Jun/2026:22:44:25 +0700] "POST /wp-admin/update.php?action=upload-plugin HTTP/2" 200 100042 "https://inquangcaothuonghieu.com/wp-admin/update.php?action=upload-plugin" "Mozilla/5.0 (Windows NT 10.0; Win64; x64) AppleWebKit/537.36 (KHTML, like Gecko) Chrome/124.0.0.0 Safari/537.36"
43.157.149.188 - - [17/Jun/2026:22:44:30 +0700] "GET /wp-json/wp/v2/product_cat/75 HTTP/1.1" 200 2367 "-" "Mozilla/5.0 (iPhone; CPU iPhone OS 13_2_3 like Mac OS X) AppleWebKit/605.1.15 (KHTML, like Gecko) Version/13.0.3 Mobile/15E148 Safari/604.1"
157.22.124.162 - - [17/Jun/2026:22:44:30 +0700] "GET /wp-admin/themes.php HTTP/2" 200 96999 "-" "Mozilla/5.0 (Windows NT 10.0; Win64; x64) AppleWebKit/537.36 (KHTML, like Gecko) Chrome/124.0.0.0 Safari/537.36"
216.73.216.78 - - [17/Jun/2026:22:44:32 +0700] "GET /san-pham/in-bat-hiflex-khong-dan-noi/sms:0906348765 HTTP/2" 404 36899 "-" "Mozilla/5.0 AppleWebKit/537.36 (KHTML, like Gecko; compatible; ClaudeBot/1.0; +claudebot@anthropic.com)"
216.73.216.78 - - [17/Jun/2026:22:44:32 +0700] "GET /san-pham/in-bat-khong-gan-han-quoc/sms:0906348765 HTTP/2" 404 36845 "-" "Mozilla/5.0 AppleWebKit/537.36 (KHTML, like Gecko; compatible; ClaudeBot/1.0; +claudebot@anthropic.com)"
157.22.124.162 - - [17/Jun/2026:22:44:33 +0700] "GET /wp-admin/theme-install.php?browse=popular HTTP/2" 200 94251 "-" "Mozilla/5.0 (Windows NT 10.0; Win64; x64) AppleWebKit/537.36 (KHTML, like Gecko) Chrome/124.0.0.0 Safari/537.36"
216.73.216.78 - - [17/Jun/2026:22:44:33 +0700] "GET /san-pham/in-bat-khai-truong-cua-hang/feed/ HTTP/2" 200 514 "-" "Mozilla/5.0 AppleWebKit/537.36 (KHTML, like Gecko; compatible; ClaudeBot/1.0; +claudebot@anthropic.com)"
57.141.14.73 - - [17/Jun/2026:22:44:38 +0700] "GET /san-pham/in-uv-quan-7/ HTTP/2" 200 238263 "-" "meta-externalagent/1.1 (+https://developers.facebook.com/docs/sharing/webmasters/crawler)"
157.22.124.162 - - [17/Jun/2026:22:44:36 +0700] "POST /wp-admin/update.php?action=upload-theme HTTP/2" 200 99688 "https://inquangcaothuonghieu.com/wp-admin/update.php?action=upload-theme" "Mozilla/5.0 (Windows NT 10.0; Win64; x64) AppleWebKit/537.36 (KHTML, like Gecko) Chrome/124.0.0.0 Safari/537.36"
57.141.14.40 - - [17/Jun/2026:22:44:42 +0700] "GET /san-pham/cho-in-hashtag-cam-tay-2/ HTTP/2" 200 239691 "-" "meta-externalagent/1.1 (+https://developers.facebook.com/docs/sharing/webmasters/crawler)"
157.22.124.162 - - [17/Jun/2026:22:44:42 +0700] "POST /wp-admin/update.php?action=upload-theme HTTP/2" 403 1165 "https://inquangcaothuonghieu.com/wp-admin/update.php?action=upload-theme" "Mozilla/5.0 (Windows NT 10.0; Win64; x64) AppleWebKit/537.36 (KHTML, like Gecko) Chrome/124.0.0.0 Safari/537.36"
83.99.206.81 - - [17/Jun/2026:22:44:44 +0700] "GET /san-pham/in-decal-nhua-trong-3/ HTTP/1.1" 200 46010 "-" "Mozilla/5.0 (X11; Linux x86_64) AppleWebKit/537.36 (KHTML, like Gecko; GeedoShopProductFinder) Chrome/142.0.0.0 Safari/537.36"
157.22.124.162 - - [17/Jun/2026:22:44:45 +0700] "GET /wp-admin/admin.php?page=wp_file_manager HTTP/2" 200 89867 "-" "Mozilla/5.0 (Windows NT 10.0; Win64; x64) AppleWebKit/537.36 (KHTML, like Gecko) Chrome/124.0.0.0 Safari/537.36"
57.141.14.77 - - [17/Jun/2026:22:44:46 +0700] "GET /san-pham/in-bang-hieu-shop/ HTTP/2" 200 239378 "-" "meta-externalagent/1.1 (+https://developers.facebook.com/docs/sharing/webmasters/crawler)"
157.22.124.162 - - [17/Jun/2026:22:44:47 +0700] "GET /wp-admin/admin-ajax.php?action=mk_file_folder_manager&_wpnonce=fbee179d74&networkhref=&cmd=tree&target=l1_Lw&reqid=fd67947010ffbbca05f2d255e626 HTTP/2" 200 757 "-" "Mozilla/5.0 (Windows NT 10.0; Win64; x64) AppleWebKit/537.36 (KHTML, like Gecko) Chrome/124.0.0.0 Safari/537.36"
157.22.124.162 - - [17/Jun/2026:22:44:49 +0700] "GET /wp-admin/admin-ajax.php?action=mk_file_folder_manager&_wpnonce=fbee179d74&networkhref=&cmd=tree&target=l1_d3AtYWRtaW4&reqid=b362fc40a78aa6564a48bd39e5b5 HTTP/2" 200 311 "-" "Mozilla/5.0 (Windows NT 10.0; Win64; x64) AppleWebKit/537.36 (KHTML, like Gecko) Chrome/124.0.0.0 Safari/537.36"
157.22.124.162 - - [17/Jun/2026:22:44:50 +0700] "GET /wp-admin/admin-ajax.php?action=mk_file_folder_manager&_wpnonce=fbee179d74&networkhref=&cmd=tree&target=l1_d3AtaW5jbHVkZXM&reqid=07fe36ae4e60ec0db5e628ee73d9 HTTP/2" 200 938 "-" "Mozilla/5.0 (Windows NT 10.0; Win64; x64) AppleWebKit/537.36 (KHTML, like Gecko) Chrome/124.0.0.0 Safari/537.36"
193.202.12.210 - - [17/Jun/2026:22:44:53 +0700] "GET /wp-content/custom.file.2.1781711045.php HTTP/2" 403 1242 "-" "Mozilla/5.0 (Windows NT 10.0; Win64; x64; rv:133.0) Gecko/20100101 Firefox/133.0"
157.22.124.162 - - [17/Jun/2026:22:44:52 +0700] "GET /wp-admin/admin-ajax.php?action=mk_file_folder_manager&_wpnonce=fbee179d74&networkhref=&cmd=tree&target=l1_Y2dpLWJpbg&reqid=1153ddf85d792922c25dae75d854 HTTP/2" 200 164 "-" "Mozilla/5.0 (Windows NT 10.0; Win64; x64) AppleWebKit/537.36 (KHTML, like Gecko) Chrome/124.0.0.0 Safari/537.36"
178.20.215.205 - - [17/Jun/2026:22:44:54 +0700] "GET /wp-content/custom.file.2.1781711045.php HTTP/2" 403 1242 "-" "Mozilla/5.0 (Windows NT 10.0; Win64; x64; rv:133.0) Gecko/20100101 Firefox/133.0"
157.22.124.162 - - [17/Jun/2026:22:44:53 +0700] "GET /wp-admin/admin-ajax.php?action=mk_file_folder_manager&_wpnonce=fbee179d74&networkhref=&cmd=tree&target=l1_d3AtY29udGVudA&reqid=af9b182d2a1f613dde168303c2e8 HTTP/2" 200 453 "-" "Mozilla/5.0 (Windows NT 10.0; Win64; x64) AppleWebKit/537.36 (KHTML, like Gecko) Chrome/124.0.0.0 Safari/537.36"
170.168.30.70 - - [17/Jun/2026:22:44:55 +0700] "GET /wp-content/custom.file.2.1781711045.php HTTP/2" 403 1242 "-" "Mozilla/5.0 (Macintosh; Intel Mac OS X 10_15_7) AppleWebKit/605.1.15 (KHTML, like Gecko) Version/18.0 Safari/605.1.15"
157.22.124.162 - - [17/Jun/2026:22:44:55 +0700] "GET /wp-admin/admin-ajax.php?action=mk_file_folder_manager&_wpnonce=fbee179d74&networkhref=&cmd=tree&target=l1_LndlbGwta25vd24&reqid=ff52ac2f379601e788cb9034644d HTTP/2" 200 197 "-" "Mozilla/5.0 (Windows NT 10.0; Win64; x64) AppleWebKit/537.36 (KHTML, like Gecko) Chrome/124.0.0.0 Safari/537.36"
157.22.124.162 - - [17/Jun/2026:22:44:57 +0700] "GET /wp-admin/admin-ajax.php?action=mk_file_folder_manager&_wpnonce=fbee179d74&networkhref=&cmd=mkfile&name=home_1781711097.php&target=l1_d3AtY29udGVudC9sYW5ndWFnZXM&reqid=a3bab8aec6bf4e13c55791d28805 HTTP/2" 200 229 "-" "Mozilla/5.0 (Windows NT 10.0; Win64; x64) AppleWebKit/537.36 (KHTML, like Gecko) Chrome/124.0.0.0 Safari/537.36"
66.249.74.74 - - [17/Jun/2026:22:44:58 +0700] "GET /san-pham/in-uv-formex-can-formex/ HTTP/1.1" 200 46066 "-" "Mozilla/5.0 (compatible; Googlebot/2.1; +http://www.google.com/bot.html)"
66.249.71.137 - - [17/Jun/2026:22:44:59 +0700] "GET /san-pham/in-backdrop-lay-lien-tphcm/ HTTP/1.1" 200 45995 "-" "Mozilla/5.0 (compatible; Googlebot/2.1; +http://www.google.com/bot.html)"
157.22.124.162 - - [17/Jun/2026:22:44:59 +0700] "POST /wp-admin/admin-ajax.php HTTP/2" 200 174 "https://inquangcaothuonghieu.com/wp-admin/admin-ajax.php" "Mozilla/5.0 (Windows NT 10.0; Win64; x64) AppleWebKit/537.36 (KHTML, like Gecko) Chrome/124.0.0.0 Safari/537.36"
157.22.124.162 - - [17/Jun/2026:22:45:04 +0700] "POST /wp-admin/admin-ajax.php?action=mk_file_folder_manager&_wpnonce=fbee179d74&networkhref=&cmd=open&target=l1_d3AtY29udGVudC9sYW5ndWFnZXM&reqid=c530d6ca84481f20ed37f40bd761 HTTP/2" 200 5234 "https://inquangcaothuonghieu.com/wp-admin/admin-ajax.php?action=mk_file_folder_manager&_wpnonce=fbee179d74&networkhref=&cmd=open&target=l1_d3AtY29udGVudC9sYW5ndWFnZXM&reqid=c530d6ca84481f20ed37f40bd761" "Mozilla/5.0 (Windows NT 10.0; Win64; x64) AppleWebKit/537.36 (KHTML, like Gecko) Chrome/124.0.0.0 Safari/537.36"
83.99.206.34 - - [17/Jun/2026:22:45:05 +0700] "GET /tu-khoa-san-pham/in-bat-5m-khong-noi/ HTTP/1.1" 200 39768 "-" "Mozilla/5.0 (X11; Linux x86_64) AppleWebKit/537.36 (KHTML, like Gecko; GeedoShopProductFinder) Chrome/142.0.0.0 Safari/537.36"
157.22.124.162 - - [17/Jun/2026:22:45:06 +0700] "GET /wp-content/languages/home_1781711097.php HTTP/2" 403 1242 "-" "Mozilla/5.0 (Windows NT 10.0; Win64; x64; rv:133.0) Gecko/20100101 Firefox/133.0"
66.249.74.74 - - [17/Jun/2026:22:45:06 +0700] "GET /san-pham/in-an-bia-ho-so-2/ HTTP/1.1" 200 45792 "-" "Mozilla/5.0 (Linux; Android 6.0.1; Nexus 5X Build/MMB29P) AppleWebKit/537.36 (KHTML, like Gecko) Chrome/148.0.7778.96 Mobile Safari/537.36 (compatible; Googlebot/2.1; +http://www.google.com/bot.html)"
170.168.97.41 - - [17/Jun/2026:22:45:08 +0700] "GET /wp-content/custom.file.2.1781711045.php HTTP/2" 403 1242 "-" "Mozilla/5.0 (Windows NT 10.0; Win64; x64) AppleWebKit/537.36 (KHTML, like Gecko) Chrome/124.0.0.0 Safari/537.36"
193.151.188.121 - - [17/Jun/2026:22:45:21 +0700] "GET /wp-content/languages/home_1781711097.php HTTP/2" 403 1242 "-" "Mozilla/5.0 (Windows NT 10.0; Win64; x64; rv:133.0) Gecko/20100101 Firefox/133.0"
57.141.14.77 - - [17/Jun/2026:22:45:23 +0700] "GET /san-pham/in-name-card-quan-7-2/ HTTP/2" 200 238394 "-" "meta-externalagent/1.1 (+https://developers.facebook.com/docs/sharing/webmasters/crawler)"
83.99.206.35 - - [17/Jun/2026:22:45:24 +0700] "GET /san-pham/in-decal-can-mo-2/ HTTP/1.1" 200 45880 "-" "Mozilla/5.0 (X11; Linux x86_64) AppleWebKit/537.36 (KHTML, like Gecko; GeedoShopProductFinder) Chrome/142.0.0.0 Safari/537.36"
57.141.14.89 - - [17/Jun/2026:22:45:26 +0700] "GET /san-pham/gia-in-pano-quang-cao/ HTTP/2" 200 239096 "-" "meta-externalagent/1.1 (+https://developers.facebook.com/docs/sharing/webmasters/crawler)"
66.249.74.73 - - [17/Jun/2026:22:45:51 +0700] "GET /san-pham/in-folder-gia-re-hcm-2/ HTTP/1.1" 200 45887 "-" "Mozilla/5.0 (compatible; Googlebot/2.1; +http://www.google.com/bot.html)"
57.141.14.102 - - [17/Jun/2026:22:45:54 +0700] "GET /san-pham/in-chuyen-nhiet-ao-thun/ HTTP/2" 200 239986 "-" "meta-externalagent/1.1 (+https://developers.facebook.com/docs/sharing/webmasters/crawler)"
193.202.81.110 - - [17/Jun/2026:22:46:05 +0700] "GET /wp-content/languages/home_1781711097.php HTTP/2" 403 1242 "-" "Mozilla/5.0 (Windows NT 10.0; Win64; x64) AppleWebKit/537.36 (KHTML, like Gecko) Chrome/124.0.0.0 Safari/537.36"
194.99.24.98 - - [17/Jun/2026:22:46:06 +0700] "GET /wp-content/languages/home_1781711097.php HTTP/2" 403 1242 "-" "Mozilla/5.0 (Macintosh; Intel Mac OS X 10_15_7) AppleWebKit/605.1.15 (KHTML, like Gecko) Version/18.0 Safari/605.1.15"
57.141.14.103 - - [17/Jun/2026:22:46:05 +0700] "GET /san-pham/in-standee-formex-10mm/ HTTP/2" 200 238938 "-" "meta-externalagent/1.1 (+https://developers.facebook.com/docs/sharing/webmasters/crawler)"
57.141.14.72 - - [17/Jun/2026:22:46:22 +0700] "GET /san-pham/in-uv-decal-dan-tuong/ HTTP/2" 200 239601 "-" "meta-externalagent/1.1 (+https://developers.facebook.com/docs/sharing/webmasters/crawler)"
216.73.216.78 - - [17/Jun/2026:22:46:38 +0700] "GET /san-pham/in-bat-hiflex-khong-gan-3m/sms:0906348765 HTTP/2" 404 36869 "-" "Mozilla/5.0 AppleWebKit/537.36 (KHTML, like Gecko; compatible; ClaudeBot/1.0; +claudebot@anthropic.com)"
216.73.216.78 - - [17/Jun/2026:22:46:38 +0700] "GET /san-pham/in-bat-hiflex-xam-han-quoc/sms:0906348765 HTTP/2" 404 36853 "-" "Mozilla/5.0 AppleWebKit/537.36 (KHTML, like Gecko; compatible; ClaudeBot/1.0; +claudebot@anthropic.com)"
57.141.14.76 - - [17/Jun/2026:22:46:38 +0700] "GET /tu-khoa-san-pham/in-decal-trong-lay-lien/ HTTP/2" 200 208736 "-" "meta-externalagent/1.1 (+https://developers.facebook.com/docs/sharing/webmasters/crawler)"
216.73.216.78 - - [17/Jun/2026:22:46:41 +0700] "GET /san-pham/in-bat-hop-den-sieu-sang/sms:0906348765 HTTP/2" 404 36883 "-" "Mozilla/5.0 AppleWebKit/537.36 (KHTML, like Gecko; compatible; ClaudeBot/1.0; +claudebot@anthropic.com)"
216.73.216.78 - - [17/Jun/2026:22:46:41 +0700] "GET /san-pham/in-bat-hiflex-ngoai-troi/sms:0906348765 HTTP/2" 404 36853 "-" "Mozilla/5.0 AppleWebKit/537.36 (KHTML, like Gecko; compatible; ClaudeBot/1.0; +claudebot@anthropic.com)"
216.73.216.78 - - [17/Jun/2026:22:46:43 +0700] "GET /san-pham/in-bat-khong-gan-xuyen-sang/feed/ HTTP/2" 200 515 "-" "Mozilla/5.0 AppleWebKit/537.36 (KHTML, like Gecko; compatible; ClaudeBot/1.0; +claudebot@anthropic.com)"
57.141.14.51 - - [17/Jun/2026:22:46:46 +0700] "GET /san-pham/in-tem-be-2/ HTTP/2" 404 197025 "-" "meta-externalagent/1.1 (+https://developers.facebook.com/docs/sharing/webmasters/crawler)"
216.73.216.78 - - [17/Jun/2026:22:46:50 +0700] "GET /san-pham/in-bat-hiflex-gia-re-tphcm-3/sms:0906348765 HTTP/2" 404 36848 "-" "Mozilla/5.0 AppleWebKit/537.36 (KHTML, like Gecko; compatible; ClaudeBot/1.0; +claudebot@anthropic.com)"
216.73.216.78 - - [17/Jun/2026:22:46:50 +0700] "GET /san-pham/in-bat-hiflex-gia-re-hcm-3/sms:0906348765 HTTP/2" 404 36906 "-" "Mozilla/5.0 AppleWebKit/537.36 (KHTML, like Gecko; compatible; ClaudeBot/1.0; +claudebot@anthropic.com)"
57.141.14.86 - - [17/Jun/2026:22:46:50 +0700] "GET /san-pham/in-uv-tem/ HTTP/2" 200 237621 "-" "meta-externalagent/1.1 (+https://developers.facebook.com/docs/sharing/webmasters/crawler)"
216.73.216.78 - - [17/Jun/2026:22:46:52 +0700] "GET /san-pham/in-bat-hiflex-gia-bao-nhieu-2/feed/ HTTP/2" 200 513 "-" "Mozilla/5.0 AppleWebKit/537.36 (KHTML, like Gecko; compatible; ClaudeBot/1.0; +claudebot@anthropic.com)"
216.73.216.78 - - [17/Jun/2026:22:46:52 +0700] "GET /san-pham/in-bat-hiflex-gia-re-tphcm-2/sms:0906348765 HTTP/2" 404 36890 "-" "Mozilla/5.0 AppleWebKit/537.36 (KHTML, like Gecko; compatible; ClaudeBot/1.0; +claudebot@anthropic.com)"
216.73.216.78 - - [17/Jun/2026:22:46:53 +0700] "GET /san-pham/in-bat-hay-in-decal-tot-hon/sms:0906348765 HTTP/2" 404 36884 "-" "Mozilla/5.0 AppleWebKit/537.36 (KHTML, like Gecko; compatible; ClaudeBot/1.0; +claudebot@anthropic.com)"
57.141.14.104 - - [17/Jun/2026:22:46:57 +0700] "GET /san-pham/in-uv-truc-tiep-len-nhua/ HTTP/2" 200 239013 "-" "meta-externalagent/1.1 (+https://developers.facebook.com/docs/sharing/webmasters/crawler)"
216.73.216.78 - - [17/Jun/2026:22:47:10 +0700] "GET /san-pham/in-bat-hiflex-5m-hcm/whatsapp:/send?text=in+b%E1%BA%A1t+hiflex+5m+hcm+-+https%3A%2Finquangcaothuonghieu.com%2Fsan-pham%2Fin-bat-hiflex-5m-hcm%2F HTTP/2" 404 38590 "-" "Mozilla/5.0 AppleWebKit/537.36 (KHTML, like Gecko; compatible; ClaudeBot/1.0; +claudebot@anthropic.com)"
216.73.216.78 - - [17/Jun/2026:22:47:10 +0700] "GET /san-pham/in-bat-hiflex-5m-tphcm/whatsapp:/send?text=in+b%E1%BA%A1t+hiflex+5m+tphcm+-+https%3A%2Finquangcaothuonghieu.com%2Fsan-pham%2Fin-bat-hiflex-5m-tphcm%2F HTTP/2" 404 38503 "-" "Mozilla/5.0 AppleWebKit/537.36 (KHTML, like Gecko; compatible; ClaudeBot/1.0; +claudebot@anthropic.com)"
216.73.216.78 - - [17/Jun/2026:22:47:12 +0700] "GET /san-pham/in-bat-hiflex-gia-bao-nhieu-2/sms:0906348765 HTTP/2" 404 36877 "-" "Mozilla/5.0 AppleWebKit/537.36 (KHTML, like Gecko; compatible; ClaudeBot/1.0; +claudebot@anthropic.com)"
216.73.216.78 - - [17/Jun/2026:22:47:12 +0700] "GET /san-pham/in-bat-khong-gan-xuyen-sang/sms:0906348765 HTTP/2" 404 36849 "-" "Mozilla/5.0 AppleWebKit/537.36 (KHTML, like Gecko; compatible; ClaudeBot/1.0; +claudebot@anthropic.com)"
47.128.36.94 - - [17/Jun/2026:22:47:13 +0700] "GET / HTTP/2" 200 67466 "-" "Mozilla/5.0 (Linux; Android 5.0) AppleWebKit/537.36 (KHTML, like Gecko) Mobile Safari/537.36 (compatible; Bytespider; spider-feedback@bytedance.com)"
216.73.216.78 - - [17/Jun/2026:22:47:13 +0700] "GET /san-pham/in-bat-khai-truong-cua-hang/sms:0906348765 HTTP/2" 404 36889 "-" "Mozilla/5.0 AppleWebKit/537.36 (KHTML, like Gecko; compatible; ClaudeBot/1.0; +claudebot@anthropic.com)"
47.128.36.94 - - [17/Jun/2026:22:47:14 +0700] "GET /wp-content/cache/autoptimize/autoptimize_single_ed118ba32d919597ca2f2e4525bb9461.php?ver=3.15.6 HTTP/2" 200 32094 "https://inquangcaothuonghieu.com/" "Mozilla/5.0 (Linux; Android 5.0) AppleWebKit/537.36 (KHTML, like Gecko) Mobile Safari/537.36 (compatible; Bytespider; spider-feedback@bytedance.com)"
47.128.36.94 - - [17/Jun/2026:22:47:15 +0700] "GET /wp-content/cache/autoptimize/autoptimize_single_349504a3690b887532f812a8feac3ee6.php?ver=3.0 HTTP/2" 200 91 "https://inquangcaothuonghieu.com/" "Mozilla/5.0 (Linux; Android 5.0) AppleWebKit/537.36 (KHTML, like Gecko) Mobile Safari/537.36 (compatible; Bytespider; spider-feedback@bytedance.com)"
57.141.14.78 - - [17/Jun/2026:22:47:14 +0700] "GET /tu-khoa-san-pham/in-uv-pvc-2-mat/ HTTP/2" 200 206759 "-" "meta-externalagent/1.1 (+https://developers.facebook.com/docs/sharing/webmasters/crawler)"
