216.73.216.78 - - [17/Jun/2026:22:32:53 +0700] "GET /?p=9396 HTTP/2" 301 0 "-" "Mozilla/5.0 AppleWebKit/537.36 (KHTML, like Gecko; compatible; ClaudeBot/1.0; +claudebot@anthropic.com)"
216.73.216.78 - - [17/Jun/2026:22:32:54 +0700] "GET /san-pham/in-bat-hiflex-kho-5m/ HTTP/2" 200 45816 "https://inquangcaothuonghieu.com/?p=9396" "Mozilla/5.0 AppleWebKit/537.36 (KHTML, like Gecko; compatible; ClaudeBot/1.0; +claudebot@anthropic.com)"
83.99.206.17 - - [17/Jun/2026:22:33:02 +0700] "GET /san-pham/in-bang-hieu-decal-3/ HTTP/1.1" 200 45943 "-" "Mozilla/5.0 (X11; Linux x86_64) AppleWebKit/537.36 (KHTML, like Gecko; GeedoShopProductFinder) Chrome/142.0.0.0 Safari/537.36"
83.99.206.228 - - [17/Jun/2026:22:33:22 +0700] "GET /san-pham/dan-decal-quang-cao/ HTTP/1.1" 200 46152 "-" "Mozilla/5.0 (X11; Linux x86_64) AppleWebKit/537.36 (KHTML, like Gecko; GeedoShopProductFinder) Chrome/142.0.0.0 Safari/537.36"
57.141.14.77 - - [17/Jun/2026:22:33:24 +0700] "GET /san-pham/in-nhua-pvc-theo-yeu-cau/ HTTP/2" 200 238990 "-" "meta-externalagent/1.1 (+https://developers.facebook.com/docs/sharing/webmasters/crawler)"
52.167.144.193 - - [17/Jun/2026:22:33:39 +0700] "GET /jouez-aux-meilleures-machines-a-sous-sur-twin-casino/ HTTP/2" 200 44489 "-" "Mozilla/5.0 AppleWebKit/537.36 (KHTML, like Gecko; compatible; bingbot/2.0; +http://www.bing.com/bingbot.htm) Chrome/116.0.1938.76 Safari/537.36"
83.99.206.228 - - [17/Jun/2026:22:33:41 +0700] "GET /tu-khoa-san-pham/in-uv-nha-be/ HTTP/1.1" 200 39702 "-" "Mozilla/5.0 (X11; Linux x86_64) AppleWebKit/537.36 (KHTML, like Gecko; GeedoShopProductFinder) Chrome/142.0.0.0 Safari/537.36"
57.141.14.106 - - [17/Jun/2026:22:33:43 +0700] "GET /tu-khoa-san-pham/in-uv-decal-3m-tai-tphcm/ HTTP/2" 200 206992 "-" "meta-externalagent/1.1 (+https://developers.facebook.com/docs/sharing/webmasters/crawler)"
66.249.74.73 - - [17/Jun/2026:22:33:47 +0700] "GET /san-pham/gia-in-banner-quan-1/ HTTP/1.1" 200 46017 "-" "Mozilla/5.0 (compatible; Googlebot/2.1; +http://www.google.com/bot.html)"
216.73.216.78 - - [17/Jun/2026:22:33:52 +0700] "GET /?p=9465 HTTP/2" 301 0 "-" "Mozilla/5.0 AppleWebKit/537.36 (KHTML, like Gecko; compatible; ClaudeBot/1.0; +claudebot@anthropic.com)"
216.73.216.78 - - [17/Jun/2026:22:33:52 +0700] "GET /?p=9527 HTTP/2" 301 0 "-" "Mozilla/5.0 AppleWebKit/537.36 (KHTML, like Gecko; compatible; ClaudeBot/1.0; +claudebot@anthropic.com)"
216.73.216.78 - - [17/Jun/2026:22:33:54 +0700] "GET /san-pham/in-bat-hiflex-trong-nha/ HTTP/2" 200 45860 "https://inquangcaothuonghieu.com/?p=9527" "Mozilla/5.0 AppleWebKit/537.36 (KHTML, like Gecko; compatible; ClaudeBot/1.0; +claudebot@anthropic.com)"
216.73.216.78 - - [17/Jun/2026:22:33:54 +0700] "GET /san-pham/in-bat-hiflex-xuyen-sang/ HTTP/2" 200 45827 "https://inquangcaothuonghieu.com/?p=9465" "Mozilla/5.0 AppleWebKit/537.36 (KHTML, like Gecko; compatible; ClaudeBot/1.0; +claudebot@anthropic.com)"
216.73.216.78 - - [17/Jun/2026:22:33:56 +0700] "GET /?p=9405 HTTP/2" 301 0 "-" "Mozilla/5.0 AppleWebKit/537.36 (KHTML, like Gecko; compatible; ClaudeBot/1.0; +claudebot@anthropic.com)"
216.73.216.78 - - [17/Jun/2026:22:33:57 +0700] "GET /?p=9566 HTTP/2" 301 0 "-" "Mozilla/5.0 AppleWebKit/537.36 (KHTML, like Gecko; compatible; ClaudeBot/1.0; +claudebot@anthropic.com)"
66.249.74.73 - - [17/Jun/2026:22:33:57 +0700] "GET /san-pham/in-logo-uv-theo-yeu-cau/ HTTP/1.1" 200 45973 "-" "Mozilla/5.0 (Linux; Android 6.0.1; Nexus 5X Build/MMB29P) AppleWebKit/537.36 (KHTML, like Gecko) Chrome/148.0.7778.96 Mobile Safari/537.36 (compatible; Googlebot/2.1; +http://www.google.com/bot.html)"
216.73.216.78 - - [17/Jun/2026:22:33:58 +0700] "GET /san-pham/in-bat-hiflex-gia-re-hcm-3/ HTTP/2" 200 46028 "https://inquangcaothuonghieu.com/?p=9405" "Mozilla/5.0 AppleWebKit/537.36 (KHTML, like Gecko; compatible; ClaudeBot/1.0; +claudebot@anthropic.com)"
216.73.216.78 - - [17/Jun/2026:22:33:58 +0700] "GET /san-pham/in-bat-hiflex-5m-tphcm/ HTTP/2" 200 45833 "https://inquangcaothuonghieu.com/?p=9566" "Mozilla/5.0 AppleWebKit/537.36 (KHTML, like Gecko; compatible; ClaudeBot/1.0; +claudebot@anthropic.com)"
216.73.216.78 - - [17/Jun/2026:22:34:01 +0700] "GET /?p=9567 HTTP/2" 301 0 "-" "Mozilla/5.0 AppleWebKit/537.36 (KHTML, like Gecko; compatible; ClaudeBot/1.0; +claudebot@anthropic.com)"
216.73.216.78 - - [17/Jun/2026:22:34:01 +0700] "GET /?p=9464 HTTP/2" 301 0 "-" "Mozilla/5.0 AppleWebKit/537.36 (KHTML, like Gecko; compatible; ClaudeBot/1.0; +claudebot@anthropic.com)"
198.244.183.16 - - [17/Jun/2026:22:34:01 +0700] "GET /san-pham/in-decal-dan-cua-kinh/feed/ HTTP/2" 200 499 "-" "Mozilla/5.0 (compatible; AhrefsBot/7.0; +http://ahrefs.com/robot/)"
83.99.206.228 - - [17/Jun/2026:22:34:01 +0700] "GET /san-pham/in-standee-su-kien-tphcm/ HTTP/1.1" 200 46011 "-" "Mozilla/5.0 (X11; Linux x86_64) AppleWebKit/537.36 (KHTML, like Gecko; GeedoShopProductFinder) Chrome/142.0.0.0 Safari/537.36"
216.73.216.78 - - [17/Jun/2026:22:34:02 +0700] "GET /san-pham/in-bat-hiflex-kho-lon-2/ HTTP/2" 200 46076 "https://inquangcaothuonghieu.com/?p=9464" "Mozilla/5.0 AppleWebKit/537.36 (KHTML, like Gecko; compatible; ClaudeBot/1.0; +claudebot@anthropic.com)"
216.73.216.78 - - [17/Jun/2026:22:34:02 +0700] "GET /san-pham/in-bat-hiflex-5m-o-tphcm/ HTTP/2" 200 46035 "https://inquangcaothuonghieu.com/?p=9567" "Mozilla/5.0 AppleWebKit/537.36 (KHTML, like Gecko; compatible; ClaudeBot/1.0; +claudebot@anthropic.com)"
216.73.216.78 - - [17/Jun/2026:22:34:05 +0700] "GET /?p=5158 HTTP/2" 301 0 "-" "Mozilla/5.0 AppleWebKit/537.36 (KHTML, like Gecko; compatible; ClaudeBot/1.0; +claudebot@anthropic.com)"
216.73.216.78 - - [17/Jun/2026:22:34:05 +0700] "GET /?p=9455 HTTP/2" 301 0 "-" "Mozilla/5.0 AppleWebKit/537.36 (KHTML, like Gecko; compatible; ClaudeBot/1.0; +claudebot@anthropic.com)"
216.73.216.78 - - [17/Jun/2026:22:34:06 +0700] "GET /san-pham/in-bat-hiflex-gia-re-tphcm-2/ HTTP/2" 200 46033 "https://inquangcaothuonghieu.com/?p=5158" "Mozilla/5.0 AppleWebKit/537.36 (KHTML, like Gecko; compatible; ClaudeBot/1.0; +claudebot@anthropic.com)"
216.73.216.78 - - [17/Jun/2026:22:34:07 +0700] "GET /san-pham/in-bat-hiflex-gia-re-tphcm-3/ HTTP/2" 200 45884 "https://inquangcaothuonghieu.com/?p=9455" "Mozilla/5.0 AppleWebKit/537.36 (KHTML, like Gecko; compatible; ClaudeBot/1.0; +claudebot@anthropic.com)"
216.73.216.78 - - [17/Jun/2026:22:34:08 +0700] "GET /?p=9531 HTTP/2" 301 0 "-" "Mozilla/5.0 AppleWebKit/537.36 (KHTML, like Gecko; compatible; ClaudeBot/1.0; +claudebot@anthropic.com)"
185.191.171.12 - - [17/Jun/2026:22:34:09 +0700] "GET /san-pham/in-an-quang-cao-o-hcm/ HTTP/1.1" 200 53424 "-" "Mozilla/5.0 (compatible; SemrushBot/7~bl; +http://www.semrush.com/bot.html)"
216.73.216.78 - - [17/Jun/2026:22:34:10 +0700] "GET /san-pham/in-bat-hiflex-khong-noi/ HTTP/2" 200 45940 "https://inquangcaothuonghieu.com/?p=9531" "Mozilla/5.0 AppleWebKit/537.36 (KHTML, like Gecko; compatible; ClaudeBot/1.0; +claudebot@anthropic.com)"
52.167.144.193 - - [17/Jun/2026:22:34:10 +0700] "GET /les-regles-de-jeu-clefs-a-connaitre-avant-le-nevadawin/ HTTP/2" 200 44543 "-" "Mozilla/5.0 AppleWebKit/537.36 (KHTML, like Gecko; compatible; bingbot/2.0; +http://www.bing.com/bingbot.htm) Chrome/116.0.1938.76 Safari/537.36"
216.73.216.78 - - [17/Jun/2026:22:34:11 +0700] "GET /?p=4820 HTTP/2" 301 0 "-" "Mozilla/5.0 AppleWebKit/537.36 (KHTML, like Gecko; compatible; ClaudeBot/1.0; +claudebot@anthropic.com)"
216.73.216.78 - - [17/Jun/2026:22:34:12 +0700] "GET /san-pham/in-bat-khai-truong/ HTTP/2" 200 45927 "https://inquangcaothuonghieu.com/?p=4820" "Mozilla/5.0 AppleWebKit/537.36 (KHTML, like Gecko; compatible; ClaudeBot/1.0; +claudebot@anthropic.com)"
43.161.217.205 - - [17/Jun/2026:22:34:20 +0700] "GET /san-pham/in-pp/ HTTP/1.1" 200 51736 "-" "Mozilla/5.0 (iPhone; CPU iPhone OS 13_2_3 like Mac OS X) AppleWebKit/605.1.15 (KHTML, like Gecko) Version/13.0.3 Mobile/15E148 Safari/604.1"
83.99.206.228 - - [17/Jun/2026:22:34:22 +0700] "GET /tu-khoa-san-pham/in-tem-uv-dtf-theo-yeu-cau/ HTTP/1.1" 200 39777 "-" "Mozilla/5.0 (X11; Linux x86_64) AppleWebKit/537.36 (KHTML, like Gecko; GeedoShopProductFinder) Chrome/142.0.0.0 Safari/537.36"
66.249.74.74 - - [17/Jun/2026:22:34:23 +0700] "GET /san-pham/in-uv-gia-re/ HTTP/1.1" 200 46002 "-" "Mozilla/5.0 (Linux; Android 6.0.1; Nexus 5X Build/MMB29P) AppleWebKit/537.36 (KHTML, like Gecko) Chrome/148.0.7778.96 Mobile Safari/537.36 (compatible; Googlebot/2.1; +http://www.google.com/bot.html)"
57.141.14.42 - - [17/Jun/2026:22:34:29 +0700] "GET /tu-khoa-san-pham/in-dtf/ HTTP/2" 200 206515 "-" "meta-externalagent/1.1 (+https://developers.facebook.com/docs/sharing/webmasters/crawler)"
216.73.216.78 - - [17/Jun/2026:22:34:36 +0700] "GET /?p=9456 HTTP/2" 301 0 "-" "Mozilla/5.0 AppleWebKit/537.36 (KHTML, like Gecko; compatible; ClaudeBot/1.0; +claudebot@anthropic.com)"
216.73.216.78 - - [17/Jun/2026:22:34:36 +0700] "GET /?p=9424 HTTP/2" 301 0 "-" "Mozilla/5.0 AppleWebKit/537.36 (KHTML, like Gecko; compatible; ClaudeBot/1.0; +claudebot@anthropic.com)"
216.73.216.78 - - [17/Jun/2026:22:34:37 +0700] "GET /san-pham/in-bat-hiflex-binh-thanh/ HTTP/2" 200 46031 "https://inquangcaothuonghieu.com/?p=9456" "Mozilla/5.0 AppleWebKit/537.36 (KHTML, like Gecko; compatible; ClaudeBot/1.0; +claudebot@anthropic.com)"
216.73.216.78 - - [17/Jun/2026:22:34:37 +0700] "GET /san-pham/in-bat-hiflex-de-ghi/ HTTP/2" 200 45858 "https://inquangcaothuonghieu.com/?p=9424" "Mozilla/5.0 AppleWebKit/537.36 (KHTML, like Gecko; compatible; ClaudeBot/1.0; +claudebot@anthropic.com)"
216.73.216.78 - - [17/Jun/2026:22:34:40 +0700] "GET /?p=9457 HTTP/2" 301 0 "-" "Mozilla/5.0 AppleWebKit/537.36 (KHTML, like Gecko; compatible; ClaudeBot/1.0; +claudebot@anthropic.com)"
216.73.216.78 - - [17/Jun/2026:22:34:41 +0700] "GET /?p=5292 HTTP/2" 301 0 "-" "Mozilla/5.0 AppleWebKit/537.36 (KHTML, like Gecko; compatible; ClaudeBot/1.0; +claudebot@anthropic.com)"
83.99.206.228 - - [17/Jun/2026:22:34:41 +0700] "GET /san-pham/in-banner-khai-truong/ HTTP/1.1" 200 45953 "-" "Mozilla/5.0 (X11; Linux x86_64) AppleWebKit/537.36 (KHTML, like Gecko; GeedoShopProductFinder) Chrome/142.0.0.0 Safari/537.36"
216.73.216.78 - - [17/Jun/2026:22:34:42 +0700] "GET /san-pham/in-bat-hiflex-gan-day-2/ HTTP/2" 200 45959 "https://inquangcaothuonghieu.com/?p=9457" "Mozilla/5.0 AppleWebKit/537.36 (KHTML, like Gecko; compatible; ClaudeBot/1.0; +claudebot@anthropic.com)"
216.73.216.78 - - [17/Jun/2026:22:34:42 +0700] "GET /san-pham/in-bat-hiflex-khung-sat/ HTTP/2" 200 45990 "https://inquangcaothuonghieu.com/?p=5292" "Mozilla/5.0 AppleWebKit/537.36 (KHTML, like Gecko; compatible; ClaudeBot/1.0; +claudebot@anthropic.com)"
216.73.216.78 - - [17/Jun/2026:22:34:45 +0700] "GET /?p=9466 HTTP/2" 301 0 "-" "Mozilla/5.0 AppleWebKit/537.36 (KHTML, like Gecko; compatible; ClaudeBot/1.0; +claudebot@anthropic.com)"
216.73.216.78 - - [17/Jun/2026:22:34:46 +0700] "GET /san-pham/in-bat-hiflex-xuyen-den/ HTTP/2" 200 45814 "https://inquangcaothuonghieu.com/?p=9466" "Mozilla/5.0 AppleWebKit/537.36 (KHTML, like Gecko; compatible; ClaudeBot/1.0; +claudebot@anthropic.com)"
57.141.14.36 - - [17/Jun/2026:22:34:48 +0700] "GET /san-pham/in-decal-chu-trang-nen-trong-tphcm/ HTTP/2" 200 240769 "-" "meta-externalagent/1.1 (+https://developers.facebook.com/docs/sharing/webmasters/crawler)"
57.141.14.99 - - [17/Jun/2026:22:34:52 +0700] "GET /san-pham/in-uv-alu/ HTTP/2" 200 238157 "-" "meta-externalagent/1.1 (+https://developers.facebook.com/docs/sharing/webmasters/crawler)"
57.141.14.19 - - [17/Jun/2026:22:34:53 +0700] "GET /san-pham/in-o-quang-cao/ HTTP/2" 200 239599 "-" "meta-externalagent/1.1 (+https://developers.facebook.com/docs/sharing/webmasters/crawler)"
216.73.216.78 - - [17/Jun/2026:22:35:06 +0700] "GET /?p=9452 HTTP/2" 301 0 "-" "Mozilla/5.0 AppleWebKit/537.36 (KHTML, like Gecko; compatible; ClaudeBot/1.0; +claudebot@anthropic.com)"
216.73.216.78 - - [17/Jun/2026:22:35:07 +0700] "GET /?p=4679 HTTP/2" 301 0 "-" "Mozilla/5.0 AppleWebKit/537.36 (KHTML, like Gecko; compatible; ClaudeBot/1.0; +claudebot@anthropic.com)"
216.73.216.78 - - [17/Jun/2026:22:35:08 +0700] "GET /san-pham/in-bat-hiflex-xam-han-quoc/ HTTP/2" 200 46061 "https://inquangcaothuonghieu.com/?p=9452" "Mozilla/5.0 AppleWebKit/537.36 (KHTML, like Gecko; compatible; ClaudeBot/1.0; +claudebot@anthropic.com)"
216.73.216.78 - - [17/Jun/2026:22:35:08 +0700] "GET /san-pham/in-bat-hiflex-gia-re-2/ HTTP/2" 200 45882 "https://inquangcaothuonghieu.com/?p=4679" "Mozilla/5.0 AppleWebKit/537.36 (KHTML, like Gecko; compatible; ClaudeBot/1.0; +claudebot@anthropic.com)"
57.141.14.104 - - [17/Jun/2026:22:35:12 +0700] "GET /san-pham/in-banner-showroom/ HTTP/2" 200 238606 "-" "meta-externalagent/1.1 (+https://developers.facebook.com/docs/sharing/webmasters/crawler)"
216.73.216.78 - - [17/Jun/2026:22:35:16 +0700] "GET /?p=9437 HTTP/2" 301 0 "-" "Mozilla/5.0 AppleWebKit/537.36 (KHTML, like Gecko; compatible; ClaudeBot/1.0; +claudebot@anthropic.com)"
57.141.14.76 - - [17/Jun/2026:22:35:15 +0700] "GET /tu-khoa-san-pham/in-backdrop-gia/ HTTP/2" 200 206765 "-" "meta-externalagent/1.1 (+https://developers.facebook.com/docs/sharing/webmasters/crawler)"
216.73.216.78 - - [17/Jun/2026:22:35:17 +0700] "GET /san-pham/in-bat-hiflex-gia-bao-nhieu-2/ HTTP/2" 200 45806 "https://inquangcaothuonghieu.com/?p=9437" "Mozilla/5.0 AppleWebKit/537.36 (KHTML, like Gecko; compatible; ClaudeBot/1.0; +claudebot@anthropic.com)"
216.73.216.78 - - [17/Jun/2026:22:35:20 +0700] "GET /?p=9462 HTTP/2" 301 0 "-" "Mozilla/5.0 AppleWebKit/537.36 (KHTML, like Gecko; compatible; ClaudeBot/1.0; +claudebot@anthropic.com)"
216.73.216.78 - - [17/Jun/2026:22:35:21 +0700] "GET /?p=9442 HTTP/2" 301 0 "-" "Mozilla/5.0 AppleWebKit/537.36 (KHTML, like Gecko; compatible; ClaudeBot/1.0; +claudebot@anthropic.com)"
216.73.216.78 - - [17/Jun/2026:22:35:22 +0700] "GET /san-pham/in-bat-hiflex-khong-dan-noi/ HTTP/2" 200 45850 "https://inquangcaothuonghieu.com/?p=9462" "Mozilla/5.0 AppleWebKit/537.36 (KHTML, like Gecko; compatible; ClaudeBot/1.0; +claudebot@anthropic.com)"
216.73.216.78 - - [17/Jun/2026:22:35:22 +0700] "GET /san-pham/in-bat-hiflex-de-xam/ HTTP/2" 200 45984 "https://inquangcaothuonghieu.com/?p=9442" "Mozilla/5.0 AppleWebKit/537.36 (KHTML, like Gecko; compatible; ClaudeBot/1.0; +claudebot@anthropic.com)"
51.195.244.236 - - [17/Jun/2026:22:35:25 +0700] "GET /san-pham/in-tem-inox-chiu-nhiet/feed/ HTTP/2" 200 504 "-" "Mozilla/5.0 (compatible; AhrefsBot/7.0; +http://ahrefs.com/robot/)"
57.141.14.42 - - [17/Jun/2026:22:35:25 +0700] "GET /san-pham/in-backdrop-su-kien-2/ HTTP/2" 404 197024 "-" "meta-externalagent/1.1 (+https://developers.facebook.com/docs/sharing/webmasters/crawler)"
57.141.14.72 - - [17/Jun/2026:22:35:25 +0700] "GET /tu-khoa-san-pham/in-pano-gia-bao-nhieu/ HTTP/2" 200 206960 "-" "meta-externalagent/1.1 (+https://developers.facebook.com/docs/sharing/webmasters/crawler)"
57.141.14.91 - - [17/Jun/2026:22:35:29 +0700] "GET /san-pham/in-qua-tang-so-luong-it/ HTTP/2" 200 239678 "-" "meta-externalagent/1.1 (+https://developers.facebook.com/docs/sharing/webmasters/crawler)"
57.141.14.78 - - [17/Jun/2026:22:35:55 +0700] "GET /tu-khoa-san-pham/in-decal-duc-lo/ HTTP/2" 200 206788 "-" "meta-externalagent/1.1 (+https://developers.facebook.com/docs/sharing/webmasters/crawler)"
57.141.14.13 - - [17/Jun/2026:22:36:05 +0700] "GET /san-pham/in-tem-decal-nhan-dan/ HTTP/2" 200 238865 "-" "meta-externalagent/1.1 (+https://developers.facebook.com/docs/sharing/webmasters/crawler)"
57.141.14.69 - - [17/Jun/2026:22:36:29 +0700] "GET /tu-khoa-san-pham/in-op-ipad-lay-lien/ HTTP/2" 200 206903 "-" "meta-externalagent/1.1 (+https://developers.facebook.com/docs/sharing/webmasters/crawler)"
83.99.206.142 - - [17/Jun/2026:22:36:36 +0700] "GET /san-pham/in-tem-bao-hanh/ HTTP/1.1" 200 46031 "-" "Mozilla/5.0 (X11; Linux x86_64) AppleWebKit/537.36 (KHTML, like Gecko; GeedoShopProductFinder) Chrome/142.0.0.0 Safari/537.36"
216.73.216.78 - - [17/Jun/2026:22:36:40 +0700] "GET /?p=9390 HTTP/2" 301 0 "-" "Mozilla/5.0 AppleWebKit/537.36 (KHTML, like Gecko; compatible; ClaudeBot/1.0; +claudebot@anthropic.com)"
216.73.216.78 - - [17/Jun/2026:22:36:40 +0700] "GET /san-pham/in-bat-hiflex-la-gi-2/ HTTP/2" 200 45864 "-" "Mozilla/5.0 AppleWebKit/537.36 (KHTML, like Gecko; compatible; ClaudeBot/1.0; +claudebot@anthropic.com)"
216.73.216.78 - - [17/Jun/2026:22:36:41 +0700] "GET /san-pham/in-bat-hiflex-khong-gan/ HTTP/2" 200 46048 "https://inquangcaothuonghieu.com/?p=9390" "Mozilla/5.0 AppleWebKit/537.36 (KHTML, like Gecko; compatible; ClaudeBot/1.0; +claudebot@anthropic.com)"
216.73.216.78 - - [17/Jun/2026:22:36:43 +0700] "GET /?p=5551 HTTP/2" 301 0 "-" "Mozilla/5.0 AppleWebKit/537.36 (KHTML, like Gecko; compatible; ClaudeBot/1.0; +claudebot@anthropic.com)"
216.73.216.78 - - [17/Jun/2026:22:36:44 +0700] "GET /?p=9454 HTTP/2" 301 0 "-" "Mozilla/5.0 AppleWebKit/537.36 (KHTML, like Gecko; compatible; ClaudeBot/1.0; +claudebot@anthropic.com)"
216.73.216.78 - - [17/Jun/2026:22:36:44 +0700] "GET /san-pham/in-bat-gia-bao-nhieu/ HTTP/2" 200 46054 "https://inquangcaothuonghieu.com/?p=5551" "Mozilla/5.0 AppleWebKit/537.36 (KHTML, like Gecko; compatible; ClaudeBot/1.0; +claudebot@anthropic.com)"
216.73.216.78 - - [17/Jun/2026:22:36:45 +0700] "GET /san-pham/in-bat-hiflex-khong-gan-3m/ HTTP/2" 200 45928 "https://inquangcaothuonghieu.com/?p=9454" "Mozilla/5.0 AppleWebKit/537.36 (KHTML, like Gecko; compatible; ClaudeBot/1.0; +claudebot@anthropic.com)"
216.73.216.78 - - [17/Jun/2026:22:36:46 +0700] "GET /?p=9389 HTTP/2" 301 0 "-" "Mozilla/5.0 AppleWebKit/537.36 (KHTML, like Gecko; compatible; ClaudeBot/1.0; +claudebot@anthropic.com)"
216.73.216.78 - - [17/Jun/2026:22:36:48 +0700] "GET /san-pham/in-bat-khong-gan-han-quoc/ HTTP/2" 200 46102 "https://inquangcaothuonghieu.com/?p=9389" "Mozilla/5.0 AppleWebKit/537.36 (KHTML, like Gecko; compatible; ClaudeBot/1.0; +claudebot@anthropic.com)"
57.141.14.36 - - [17/Jun/2026:22:36:48 +0700] "GET /san-pham/in-uv-len-go/ HTTP/2" 200 237833 "-" "meta-externalagent/1.1 (+https://developers.facebook.com/docs/sharing/webmasters/crawler)"
57.141.14.62 - - [17/Jun/2026:22:36:52 +0700] "GET /san-pham/in-canvas-so-luong-it/ HTTP/2" 200 240635 "-" "meta-externalagent/1.1 (+https://developers.facebook.com/docs/sharing/webmasters/crawler)"
83.99.206.142 - - [17/Jun/2026:22:36:55 +0700] "GET /tu-khoa-san-pham/cong-nghe-in-op-lung/ HTTP/1.1" 200 39814 "-" "Mozilla/5.0 (X11; Linux x86_64) AppleWebKit/537.36 (KHTML, like Gecko; GeedoShopProductFinder) Chrome/142.0.0.0 Safari/537.36"
216.73.216.78 - - [17/Jun/2026:22:36:56 +0700] "GET /san-pham/in-bat-hiflex-de-xam/feed/ HTTP/2" 200 504 "-" "Mozilla/5.0 AppleWebKit/537.36 (KHTML, like Gecko; compatible; ClaudeBot/1.0; +claudebot@anthropic.com)"
216.73.216.78 - - [17/Jun/2026:22:36:56 +0700] "GET /san-pham/in-bat-hiflex-gan-day/ HTTP/2" 200 45941 "-" "Mozilla/5.0 AppleWebKit/537.36 (KHTML, like Gecko; compatible; ClaudeBot/1.0; +claudebot@anthropic.com)"
57.141.14.63 - - [17/Jun/2026:22:36:59 +0700] "GET /san-pham/in-decal-nhu-kim-theo-yeu-cau/ HTTP/2" 200 240185 "-" "meta-externalagent/1.1 (+https://developers.facebook.com/docs/sharing/webmasters/crawler)"
216.73.216.78 - - [17/Jun/2026:22:37:00 +0700] "GET /san-pham/in-bat-khong-dan-noi-2/feed/ HTTP/2" 200 508 "-" "Mozilla/5.0 AppleWebKit/537.36 (KHTML, like Gecko; compatible; ClaudeBot/1.0; +claudebot@anthropic.com)"
103.82.203.169 - - [17/Jun/2026:22:37:00 +0700] "GET /san-pham/in-bat-hiflex-2-da/ HTTP/1.1" 200 53004 "-" "Mozilla/5.0 (Macintosh; Intel Mac OS X 10_15_7) AppleWebKit/537.36 (KHTML, like Gecko) Chrome/95.0.4638.54 Safari/537.36"
216.73.216.78 - - [17/Jun/2026:22:37:00 +0700] "GET /san-pham/in-bat-hiflex-kho-lon/ HTTP/2" 200 46002 "-" "Mozilla/5.0 AppleWebKit/537.36 (KHTML, like Gecko; compatible; ClaudeBot/1.0; +claudebot@anthropic.com)"
216.73.216.78 - - [17/Jun/2026:22:37:02 +0700] "GET /san-pham/in-bat-hiflex-2-da-ojet/ HTTP/2" 200 45854 "-" "Mozilla/5.0 AppleWebKit/537.36 (KHTML, like Gecko; compatible; ClaudeBot/1.0; +claudebot@anthropic.com)"
83.99.206.142 - - [17/Jun/2026:22:37:16 +0700] "GET /san-pham/in-menu-lay-lien-tphcm/ HTTP/1.1" 200 46566 "-" "Mozilla/5.0 (X11; Linux x86_64) AppleWebKit/537.36 (KHTML, like Gecko; GeedoShopProductFinder) Chrome/142.0.0.0 Safari/537.36"
216.73.216.78 - - [17/Jun/2026:22:37:19 +0700] "GET /san-pham/in-bat-hiflex-5m-tphcm/feed/ HTTP/2" 200 500 "-" "Mozilla/5.0 AppleWebKit/537.36 (KHTML, like Gecko; compatible; ClaudeBot/1.0; +claudebot@anthropic.com)"
216.73.216.78 - - [17/Jun/2026:22:37:19 +0700] "GET /san-pham/in-bat-hiflex-de-ghi/feed/ HTTP/2" 200 500 "-" "Mozilla/5.0 AppleWebKit/537.36 (KHTML, like Gecko; compatible; ClaudeBot/1.0; +claudebot@anthropic.com)"
52.167.144.193 - - [17/Jun/2026:22:37:22 +0700] "GET /gioi-thieu HTTP/2" 301 0 "-" "Mozilla/5.0 AppleWebKit/537.36 (KHTML, like Gecko; compatible; bingbot/2.0; +http://www.bing.com/bingbot.htm) Chrome/116.0.1938.76 Safari/537.36"
216.73.216.78 - - [17/Jun/2026:22:37:22 +0700] "GET /san-pham/in-bat-khong-gan-la-gi/ HTTP/2" 200 45969 "-" "Mozilla/5.0 AppleWebKit/537.36 (KHTML, like Gecko; compatible; ClaudeBot/1.0; +claudebot@anthropic.com)"
216.73.216.78 - - [17/Jun/2026:22:37:24 +0700] "GET /san-pham/in-bat-hiflex-binh-thanh/feed/ HTTP/2" 200 499 "-" "Mozilla/5.0 AppleWebKit/537.36 (KHTML, like Gecko; compatible; ClaudeBot/1.0; +claudebot@anthropic.com)"
52.167.144.193 - - [17/Jun/2026:22:37:24 +0700] "GET /gioi-thieu/ HTTP/2" 200 41528 "-" "Mozilla/5.0 AppleWebKit/537.36 (KHTML, like Gecko; compatible; bingbot/2.0; +http://www.bing.com/bingbot.htm) Chrome/116.0.1938.76 Safari/537.36"
216.73.216.78 - - [17/Jun/2026:22:37:25 +0700] "GET /san-pham/in-bat-khai-truong/feed/ HTTP/2" 200 496 "-" "Mozilla/5.0 AppleWebKit/537.36 (KHTML, like Gecko; compatible; ClaudeBot/1.0; +claudebot@anthropic.com)"
69.171.242.4 - - [17/Jun/2026:22:37:26 +0700] "GET /images/san%20pham%20moi/dung%20cu%20co%20vu/1.jpg HTTP/2" 301 0 "-" "facebookexternalhit/1.1 (+http://www.facebook.com/externalhit_uatext.php)"
173.252.69.20 - - [17/Jun/2026:22:37:26 +0700] "GET /images/hinh%20trang%20menu/27.jpg HTTP/2" 404 201893 "-" "facebookexternalhit/1.1 (+http://www.facebook.com/externalhit_uatext.php)"
69.171.242.4 - - [17/Jun/2026:22:37:28 +0700] "GET /images/san%20pham%20moi/dung%20cu%20co%20vu/1.jpg HTTP/2" 404 201921 "-" "facebookexternalhit/1.1 (+http://www.facebook.com/externalhit_uatext.php)"
69.171.249.113 - - [17/Jun/2026:22:37:30 +0700] "GET /images/san%20pham%20moi/thanh%20cuon/4.jpg HTTP/2" 404 201927 "-" "facebookexternalhit/1.1 (+http://www.facebook.com/externalhit_uatext.php)"
57.141.14.62 - - [17/Jun/2026:22:37:33 +0700] "GET /san-pham/in-bang-quang-cao/ HTTP/2" 200 239519 "-" "meta-externalagent/1.1 (+https://developers.facebook.com/docs/sharing/webmasters/crawler)"
83.99.206.142 - - [17/Jun/2026:22:37:35 +0700] "GET /san-pham/in-standee-pvc/ HTTP/1.1" 200 45939 "-" "Mozilla/5.0 (X11; Linux x86_64) AppleWebKit/537.36 (KHTML, like Gecko; GeedoShopProductFinder) Chrome/142.0.0.0 Safari/537.36"
216.73.216.78 - - [17/Jun/2026:22:37:47 +0700] "GET /san-pham/in-bat-hiflex-kho-5m/feed/ HTTP/2" 200 501 "-" "Mozilla/5.0 AppleWebKit/537.36 (KHTML, like Gecko; compatible; ClaudeBot/1.0; +claudebot@anthropic.com)"
216.73.216.78 - - [17/Jun/2026:22:37:47 +0700] "GET /san-pham/in-bat-hiflex-5m-hcm/feed/ HTTP/2" 200 497 "-" "Mozilla/5.0 AppleWebKit/537.36 (KHTML, like Gecko; compatible; ClaudeBot/1.0; +claudebot@anthropic.com)"
216.73.216.78 - - [17/Jun/2026:22:37:49 +0700] "GET /san-pham/in-bat-hiflex-kho-5m-2/ HTTP/2" 200 45903 "-" "Mozilla/5.0 AppleWebKit/537.36 (KHTML, like Gecko; compatible; ClaudeBot/1.0; +claudebot@anthropic.com)"
216.73.216.78 - - [17/Jun/2026:22:37:49 +0700] "GET /san-pham/in-bat-giao-nhanh/feed/ HTTP/2" 200 492 "-" "Mozilla/5.0 AppleWebKit/537.36 (KHTML, like Gecko; compatible; ClaudeBot/1.0; +claudebot@anthropic.com)"
216.73.216.78 - - [17/Jun/2026:22:37:51 +0700] "GET /san-pham/in-bat-hiflex-kho-3m/feed/ HTTP/2" 200 501 "-" "Mozilla/5.0 AppleWebKit/537.36 (KHTML, like Gecko; compatible; ClaudeBot/1.0; +claudebot@anthropic.com)"
83.99.206.71 - - [17/Jun/2026:22:37:55 +0700] "GET /tu-khoa-san-pham/in-an-quang-cao-kho-lon/ HTTP/1.1" 200 39809 "-" "Mozilla/5.0 (X11; Linux x86_64) AppleWebKit/537.36 (KHTML, like Gecko; GeedoShopProductFinder) Chrome/142.0.0.0 Safari/537.36"
57.141.14.98 - - [17/Jun/2026:22:38:01 +0700] "GET /san-pham/in-uv-decal-sua/ HTTP/2" 200 239256 "-" "meta-externalagent/1.1 (+https://developers.facebook.com/docs/sharing/webmasters/crawler)"
57.141.14.77 - - [17/Jun/2026:22:38:04 +0700] "GET /tu-khoa-san-pham/in-standee-lay-lien/ HTTP/2" 200 206865 "-" "meta-externalagent/1.1 (+https://developers.facebook.com/docs/sharing/webmasters/crawler)"
173.252.109.113 - - [17/Jun/2026:22:38:07 +0700] "GET /images/san%20pham%20moi/dung%20cu%20co%20vu/1.jpg HTTP/2" 301 0 "-" "facebookexternalhit/1.1 (+http://www.facebook.com/externalhit_uatext.php)"
173.252.109.113 - - [17/Jun/2026:22:38:09 +0700] "GET /images/san%20pham%20moi/dung%20cu%20co%20vu/1.jpg HTTP/2" 404 98304 "-" "facebookexternalhit/1.1 (+http://www.facebook.com/externalhit_uatext.php)"
66.249.74.73 - - [17/Jun/2026:22:38:10 +0700] "GET /san-pham/in-uv-phang-gan-day/ HTTP/1.1" 200 46153 "-" "Mozilla/5.0 (compatible; Googlebot/2.1; +http://www.google.com/bot.html)"
83.99.206.142 - - [17/Jun/2026:22:38:16 +0700] "GET /tu-khoa-san-pham/in-standee-tuyen-dung-binh-thanh/ HTTP/1.1" 200 39818 "-" "Mozilla/5.0 (X11; Linux x86_64) AppleWebKit/537.36 (KHTML, like Gecko; GeedoShopProductFinder) Chrome/142.0.0.0 Safari/537.36"
66.249.74.74 - - [17/Jun/2026:22:38:26 +0700] "GET /san-pham/in-decal-boi-formex-3/ HTTP/1.1" 200 46004 "-" "Mozilla/5.0 (compatible; Googlebot/2.1; +http://www.google.com/bot.html)"
66.249.74.74 - - [17/Jun/2026:22:38:26 +0700] "GET /san-pham/in-tem-be-3/ HTTP/1.1" 404 36872 "-" "Mozilla/5.0 (Linux; Android 6.0.1; Nexus 5X Build/MMB29P) AppleWebKit/537.36 (KHTML, like Gecko) Chrome/148.0.7778.96 Mobile Safari/537.36 (compatible; Googlebot/2.1; +http://www.google.com/bot.html)"
216.73.216.78 - - [17/Jun/2026:22:38:29 +0700] "GET /san-pham/in-bat-luoi-ngoai-troi/feed/ HTTP/2" 200 506 "-" "Mozilla/5.0 AppleWebKit/537.36 (KHTML, like Gecko; compatible; ClaudeBot/1.0; +claudebot@anthropic.com)"
216.73.216.78 - - [17/Jun/2026:22:38:29 +0700] "GET /san-pham/in-bat-hiflex-gia-re-2/feed/ HTTP/2" 200 501 "-" "Mozilla/5.0 AppleWebKit/537.36 (KHTML, like Gecko; compatible; ClaudeBot/1.0; +claudebot@anthropic.com)"
216.73.216.78 - - [17/Jun/2026:22:38:32 +0700] "GET /san-pham/in-bat-hiflex-chong-nang/feed/ HTTP/2" 200 507 "-" "Mozilla/5.0 AppleWebKit/537.36 (KHTML, like Gecko; compatible; ClaudeBot/1.0; +claudebot@anthropic.com)"
216.73.216.78 - - [17/Jun/2026:22:38:32 +0700] "GET /san-pham/in-bat-hiflex-kho-lon-2/feed/ HTTP/2" 200 507 "-" "Mozilla/5.0 AppleWebKit/537.36 (KHTML, like Gecko; compatible; ClaudeBot/1.0; +claudebot@anthropic.com)"
216.73.216.78 - - [17/Jun/2026:22:38:33 +0700] "GET /san-pham/in-bat-hiflex-sieu-kho/feed/ HTTP/2" 200 504 "-" "Mozilla/5.0 AppleWebKit/537.36 (KHTML, like Gecko; compatible; ClaudeBot/1.0; +claudebot@anthropic.com)"
57.141.14.99 - - [17/Jun/2026:22:38:38 +0700] "GET /tu-khoa-san-pham/in-uv-hiflex-gan-day/ HTTP/2" 200 206969 "-" "meta-externalagent/1.1 (+https://developers.facebook.com/docs/sharing/webmasters/crawler)"
57.141.14.100 - - [17/Jun/2026:22:38:40 +0700] "GET /tu-khoa-san-pham/in-standee-hoi-thao-thu-duc/ HTTP/2" 200 207130 "-" "meta-externalagent/1.1 (+https://developers.facebook.com/docs/sharing/webmasters/crawler)"
57.141.14.29 - - [17/Jun/2026:22:38:42 +0700] "GET /san-pham/in-uv-backdrop-khong-noi/ HTTP/2" 200 239066 "-" "meta-externalagent/1.1 (+https://developers.facebook.com/docs/sharing/webmasters/crawler)"
66.249.74.73 - - [17/Jun/2026:22:39:00 +0700] "GET /san-pham/in-standee-hoi-thao-quan-1/ HTTP/1.1" 200 46002 "-" "Mozilla/5.0 (Linux; Android 6.0.1; Nexus 5X Build/MMB29P) AppleWebKit/537.36 (KHTML, like Gecko) Chrome/148.0.7778.96 Mobile Safari/537.36 (compatible; Googlebot/2.1; +http://www.google.com/bot.html)"
216.73.216.78 - - [17/Jun/2026:22:39:17 +0700] "GET /san-pham/in-bat-hiflex-5m-o-tphcm/feed/ HTTP/2" 200 501 "-" "Mozilla/5.0 AppleWebKit/537.36 (KHTML, like Gecko; compatible; ClaudeBot/1.0; +claudebot@anthropic.com)"
216.73.216.78 - - [17/Jun/2026:22:39:17 +0700] "GET /san-pham/in-bat-gia-re-gan-day/feed/ HTTP/2" 200 508 "-" "Mozilla/5.0 AppleWebKit/537.36 (KHTML, like Gecko; compatible; ClaudeBot/1.0; +claudebot@anthropic.com)"
216.73.216.78 - - [17/Jun/2026:22:39:19 +0700] "GET /san-pham/in-bat-hiflex-trong-nha/feed/ HTTP/2" 200 501 "-" "Mozilla/5.0 AppleWebKit/537.36 (KHTML, like Gecko; compatible; ClaudeBot/1.0; +claudebot@anthropic.com)"
216.73.216.78 - - [17/Jun/2026:22:39:19 +0700] "GET /san-pham/in-bat-hiflex-gan-day-2/feed/ HTTP/2" 200 508 "-" "Mozilla/5.0 AppleWebKit/537.36 (KHTML, like Gecko; compatible; ClaudeBot/1.0; +claudebot@anthropic.com)"
216.73.216.78 - - [17/Jun/2026:22:39:22 +0700] "GET /san-pham/in-bat-hiflex-khung-sat/feed/ HTTP/2" 200 501 "-" "Mozilla/5.0 AppleWebKit/537.36 (KHTML, like Gecko; compatible; ClaudeBot/1.0; +claudebot@anthropic.com)"
57.141.14.83 - - [17/Jun/2026:22:39:24 +0700] "GET /tu-khoa-san-pham/bang-gia-in-decal-uv/ HTTP/2" 200 206894 "-" "meta-externalagent/1.1 (+https://developers.facebook.com/docs/sharing/webmasters/crawler)"
66.249.74.73 - - [17/Jun/2026:22:39:47 +0700] "GET /san-pham/in-bat-5m-hcm/ HTTP/1.1" 200 45876 "-" "Mozilla/5.0 (Linux; Android 6.0.1; Nexus 5X Build/MMB29P) AppleWebKit/537.36 (KHTML, like Gecko) Chrome/148.0.7778.96 Mobile Safari/537.36 (compatible; Googlebot/2.1; +http://www.google.com/bot.html)"
47.128.36.68 - - [17/Jun/2026:22:39:52 +0700] "GET /san-pham/in-an-thanh-pho-ho-chi-minh-ho-chi-minh/ HTTP/2" 200 46341 "-" "Mozilla/5.0 (Linux; Android 5.0) AppleWebKit/537.36 (KHTML, like Gecko) Mobile Safari/537.36 (compatible; Bytespider; spider-feedback@bytedance.com)"
47.128.36.68 - - [17/Jun/2026:22:39:54 +0700] "GET /wp-content/cache/autoptimize/autoptimize_single_349504a3690b887532f812a8feac3ee6.php?ver=3.0 HTTP/2" 200 91 "https://inquangcaothuonghieu.com/san-pham/in-an-thanh-pho-ho-chi-minh-ho-chi-minh/" "Mozilla/5.0 (Linux; Android 5.0) AppleWebKit/537.36 (KHTML, like Gecko) Mobile Safari/537.36 (compatible; Bytespider; spider-feedback@bytedance.com)"
47.128.36.68 - - [17/Jun/2026:22:39:55 +0700] "GET /wp-content/uploads/2025/11/in-banner-du-lich.jpg?v=1762541653 HTTP/2" 206 500 "https://inquangcaothuonghieu.com/san-pham/in-an-thanh-pho-ho-chi-minh-ho-chi-minh/" "Mozilla/5.0 (Linux; Android 5.0) AppleWebKit/537.36 (KHTML, like Gecko) Mobile Safari/537.36 (compatible; Bytespider; spider-feedback@bytedance.com)"
47.128.36.68 - - [17/Jun/2026:22:39:55 +0700] "GET /wp-content/uploads/2025/11/4.jpg?v=1762541675 HTTP/2" 206 500 "https://inquangcaothuonghieu.com/san-pham/in-an-thanh-pho-ho-chi-minh-ho-chi-minh/" "Mozilla/5.0 (Linux; Android 5.0) AppleWebKit/537.36 (KHTML, like Gecko) Mobile Safari/537.36 (compatible; Bytespider; spider-feedback@bytedance.com)"
47.128.36.68 - - [17/Jun/2026:22:39:55 +0700] "GET /wp-content/uploads/2025/11/in-banner-du-lich.jpg?v=1762541653 HTTP/2" 304 0 "https://inquangcaothuonghieu.com/san-pham/in-an-thanh-pho-ho-chi-minh-ho-chi-minh/" "Mozilla/5.0 (Linux; Android 5.0) AppleWebKit/537.36 (KHTML, like Gecko) Mobile Safari/537.36 (compatible; Bytespider; spider-feedback@bytedance.com)"
47.128.36.68 - - [17/Jun/2026:22:39:55 +0700] "GET /wp-content/uploads/2022/03/The_gioi_in_an_20190809172416475dm_toroi_v2.png HTTP/2" 206 500 "https://inquangcaothuonghieu.com/san-pham/in-an-thanh-pho-ho-chi-minh-ho-chi-minh/" "Mozilla/5.0 (Linux; Android 5.0) AppleWebKit/537.36 (KHTML, like Gecko) Mobile Safari/537.36 (compatible; Bytespider; spider-feedback@bytedance.com)"
47.128.36.68 - - [17/Jun/2026:22:39:56 +0700] "GET /wp-content/uploads/2022/03/The_gioi_in_an_20190809172741477dm_thenhua_v2.png HTTP/2" 206 500 "https://inquangcaothuonghieu.com/san-pham/in-an-thanh-pho-ho-chi-minh-ho-chi-minh/" "Mozilla/5.0 (Linux; Android 5.0) AppleWebKit/537.36 (KHTML, like Gecko) Mobile Safari/537.36 (compatible; Bytespider; spider-feedback@bytedance.com)"
47.128.36.68 - - [17/Jun/2026:22:39:56 +0700] "GET /wp-content/uploads/2025/11/in-banner-du-lich.jpg?v=1762541653 HTTP/2" 206 56225 "https://inquangcaothuonghieu.com/san-pham/in-an-thanh-pho-ho-chi-minh-ho-chi-minh/" "Mozilla/5.0 (Linux; Android 5.0) AppleWebKit/537.36 (KHTML, like Gecko) Mobile Safari/537.36 (compatible; Bytespider; spider-feedback@bytedance.com)"
47.128.36.68 - - [17/Jun/2026:22:39:56 +0700] "GET /wp-content/uploads/2025/11/quytrinh.png HTTP/2" 206 500 "https://inquangcaothuonghieu.com/san-pham/in-an-thanh-pho-ho-chi-minh-ho-chi-minh/" "Mozilla/5.0 (Linux; Android 5.0) AppleWebKit/537.36 (KHTML, like Gecko) Mobile Safari/537.36 (compatible; Bytespider; spider-feedback@bytedance.com)"
47.128.36.68 - - [17/Jun/2026:22:39:56 +0700] "GET /wp-content/uploads/2022/03/logo-1-100x100.png HTTP/2" 206 500 "https://inquangcaothuonghieu.com/san-pham/in-an-thanh-pho-ho-chi-minh-ho-chi-minh/" "Mozilla/5.0 (Linux; Android 5.0) AppleWebKit/537.36 (KHTML, like Gecko) Mobile Safari/537.36 (compatible; Bytespider; spider-feedback@bytedance.com)"
47.128.36.68 - - [17/Jun/2026:22:39:56 +0700] "GET /wp-content/uploads/2022/03/logo-3-100x100.png HTTP/2" 206 500 "https://inquangcaothuonghieu.com/san-pham/in-an-thanh-pho-ho-chi-minh-ho-chi-minh/" "Mozilla/5.0 (Linux; Android 5.0) AppleWebKit/537.36 (KHTML, like Gecko) Mobile Safari/537.36 (compatible; Bytespider; spider-feedback@bytedance.com)"
47.128.36.68 - - [17/Jun/2026:22:39:57 +0700] "GET /wp-content/uploads/2022/03/left-quote.svg HTTP/2" 206 500 "https://inquangcaothuonghieu.com/san-pham/in-an-thanh-pho-ho-chi-minh-ho-chi-minh/" "Mozilla/5.0 (Linux; Android 5.0) AppleWebKit/537.36 (KHTML, like Gecko) Mobile Safari/537.36 (compatible; Bytespider; spider-feedback@bytedance.com)"
47.128.36.68 - - [17/Jun/2026:22:39:57 +0700] "GET /wp-content/uploads/2025/11/pixefy-01-768x431-1.jpg HTTP/2" 206 500 "https://inquangcaothuonghieu.com/san-pham/in-an-thanh-pho-ho-chi-minh-ho-chi-minh/" "Mozilla/5.0 (Linux; Android 5.0) AppleWebKit/537.36 (KHTML, like Gecko) Mobile Safari/537.36 (compatible; Bytespider; spider-feedback@bytedance.com)"
47.128.36.68 - - [17/Jun/2026:22:39:57 +0700] "GET /wp-content/uploads/2022/03/left-quote.svg HTTP/2" 304 0 "https://inquangcaothuonghieu.com/san-pham/in-an-thanh-pho-ho-chi-minh-ho-chi-minh/" "Mozilla/5.0 (Linux; Android 5.0) AppleWebKit/537.36 (KHTML, like Gecko) Mobile Safari/537.36 (compatible; Bytespider; spider-feedback@bytedance.com)"
47.128.36.68 - - [17/Jun/2026:22:39:57 +0700] "GET /wp-content/uploads/2022/03/left-quote.svg HTTP/2" 206 2215 "https://inquangcaothuonghieu.com/san-pham/in-an-thanh-pho-ho-chi-minh-ho-chi-minh/" "Mozilla/5.0 (Linux; Android 5.0) AppleWebKit/537.36 (KHTML, like Gecko) Mobile Safari/537.36 (compatible; Bytespider; spider-feedback@bytedance.com)"
57.141.14.53 - - [17/Jun/2026:22:40:04 +0700] "GET /san-pham/in-co-vai-lay-lien/ HTTP/2" 200 240461 "-" "meta-externalagent/1.1 (+https://developers.facebook.com/docs/sharing/webmasters/crawler)"
66.249.71.129 - - [17/Jun/2026:22:40:08 +0700] "GET /san-pham/in-uv-bat-gia/ HTTP/1.1" 200 45995 "-" "Mozilla/5.0 (Linux; Android 6.0.1; Nexus 5X Build/MMB29P) AppleWebKit/537.36 (KHTML, like Gecko) Chrome/148.0.7778.96 Mobile Safari/537.36 (compatible; Googlebot/2.1; +http://www.google.com/bot.html)"
83.99.206.142 - - [17/Jun/2026:22:40:12 +0700] "GET /san-pham/bang-hieu-kinh-in-uv/ HTTP/1.1" 200 45974 "-" "Mozilla/5.0 (X11; Linux x86_64) AppleWebKit/537.36 (KHTML, like Gecko; GeedoShopProductFinder) Chrome/142.0.0.0 Safari/537.36"
66.249.74.74 - - [17/Jun/2026:22:40:14 +0700] "GET /san-pham/in-standee-khai-truong-cao-cap/ HTTP/1.1" 200 46091 "-" "Mozilla/5.0 (Linux; Android 6.0.1; Nexus 5X Build/MMB29P) AppleWebKit/537.36 (KHTML, like Gecko) Chrome/148.0.7778.96 Mobile Safari/537.36 (compatible; Googlebot/2.1; +http://www.google.com/bot.html)"
57.141.14.48 - - [17/Jun/2026:22:40:19 +0700] "GET /san-pham/in-uv-tan-binh/ HTTP/2" 200 238319 "-" "meta-externalagent/1.1 (+https://developers.facebook.com/docs/sharing/webmasters/crawler)"
57.141.14.20 - - [17/Jun/2026:22:40:29 +0700] "GET /tu-khoa-san-pham/in-uv-decal-gia-bao-nhieu/ HTTP/2" 200 207021 "-" "meta-externalagent/1.1 (+https://developers.facebook.com/docs/sharing/webmasters/crawler)"
83.99.206.173 - - [17/Jun/2026:22:40:31 +0700] "GET /tu-khoa-san-pham/in-hashtag-cam-tay-lay-ngay/ HTTP/1.1" 200 39911 "-" "Mozilla/5.0 (X11; Linux x86_64) AppleWebKit/537.36 (KHTML, like Gecko; GeedoShopProductFinder) Chrome/142.0.0.0 Safari/537.36"
85.208.96.208 - - [17/Jun/2026:22:40:38 +0700] "GET /san-pham/in-vali-theo-yeu-cau/ HTTP/1.1" 200 53040 "-" "Mozilla/5.0 (compatible; SemrushBot/7~bl; +http://www.semrush.com/bot.html)"
216.73.216.78 - - [17/Jun/2026:22:40:39 +0700] "GET /san-pham/in-bat-hiflex-khong-noi/feed/ HTTP/2" 200 507 "-" "Mozilla/5.0 AppleWebKit/537.36 (KHTML, like Gecko; compatible; ClaudeBot/1.0; +claudebot@anthropic.com)"
216.73.216.78 - - [17/Jun/2026:22:40:39 +0700] "GET /san-pham/in-bat-khong-dan-noi-2/sms:0906348765 HTTP/2" 404 36860 "-" "Mozilla/5.0 AppleWebKit/537.36 (KHTML, like Gecko; compatible; ClaudeBot/1.0; +claudebot@anthropic.com)"
216.73.216.78 - - [17/Jun/2026:22:40:40 +0700] "GET /san-pham/in-bat-hiflex-khong-gan/feed/ HTTP/2" 200 505 "-" "Mozilla/5.0 AppleWebKit/537.36 (KHTML, like Gecko; compatible; ClaudeBot/1.0; +claudebot@anthropic.com)"
216.73.216.78 - - [17/Jun/2026:22:40:41 +0700] "GET /san-pham/in-bat-khong-gan-in-2-mat/ HTTP/2" 200 45961 "-" "Mozilla/5.0 AppleWebKit/537.36 (KHTML, like Gecko; compatible; ClaudeBot/1.0; +claudebot@anthropic.com)"
57.141.14.54 - - [17/Jun/2026:22:40:41 +0700] "GET /san-pham/in-decal-nhua-trong-3/ HTTP/2" 200 239247 "-" "meta-externalagent/1.1 (+https://developers.facebook.com/docs/sharing/webmasters/crawler)"
216.73.216.78 - - [17/Jun/2026:22:40:42 +0700] "GET /san-pham/in-bat-gia-bao-nhieu/feed/ HTTP/2" 200 498 "-" "Mozilla/5.0 AppleWebKit/537.36 (KHTML, like Gecko; compatible; ClaudeBot/1.0; +claudebot@anthropic.com)"
57.141.14.31 - - [17/Jun/2026:22:40:43 +0700] "GET /san-pham/quang-cao-in-an/ HTTP/2" 200 239243 "-" "meta-externalagent/1.1 (+https://developers.facebook.com/docs/sharing/webmasters/crawler)"
57.141.14.42 - - [17/Jun/2026:22:40:44 +0700] "GET /san-pham/in-an-quang-cao-4/ HTTP/2" 200 239827 "-" "meta-externalagent/1.1 (+https://developers.facebook.com/docs/sharing/webmasters/crawler)"
216.73.216.78 - - [17/Jun/2026:22:40:50 +0700] "GET /san-pham/in-bat-hiflex-de-ghi/sms:0906348765 HTTP/2" 404 36872 "-" "Mozilla/5.0 AppleWebKit/537.36 (KHTML, like Gecko; compatible; ClaudeBot/1.0; +claudebot@anthropic.com)"
216.73.216.78 - - [17/Jun/2026:22:40:50 +0700] "GET /san-pham/in-bat-hiflex-5m-tphcm/sms:0906348765 HTTP/2" 404 36919 "-" "Mozilla/5.0 AppleWebKit/537.36 (KHTML, like Gecko; compatible; ClaudeBot/1.0; +claudebot@anthropic.com)"
83.99.206.142 - - [17/Jun/2026:22:40:51 +0700] "GET /san-pham/in-standee-cap-toc-hcm/ HTTP/1.1" 200 45958 "-" "Mozilla/5.0 (X11; Linux x86_64) AppleWebKit/537.36 (KHTML, like Gecko; GeedoShopProductFinder) Chrome/142.0.0.0 Safari/537.36"
216.73.216.78 - - [17/Jun/2026:22:40:52 +0700] "GET /san-pham/in-bat-khai-truong/sms:0906348765 HTTP/2" 404 36844 "-" "Mozilla/5.0 AppleWebKit/537.36 (KHTML, like Gecko; compatible; ClaudeBot/1.0; +claudebot@anthropic.com)"
216.73.216.78 - - [17/Jun/2026:22:40:52 +0700] "GET /san-pham/in-bat-hiflex-binh-thanh/sms:0906348765 HTTP/2" 404 36858 "-" "Mozilla/5.0 AppleWebKit/537.36 (KHTML, like Gecko; compatible; ClaudeBot/1.0; +claudebot@anthropic.com)"
216.73.216.78 - - [17/Jun/2026:22:40:54 +0700] "GET /san-pham/in-bat-hiflex-de-xam/sms:0906348765 HTTP/2" 404 36826 "-" "Mozilla/5.0 AppleWebKit/537.36 (KHTML, like Gecko; compatible; ClaudeBot/1.0; +claudebot@anthropic.com)"
157.22.100.188 - - [17/Jun/2026:22:41:05 +0700] "GET /wp-login.php?wp_lang=en_US HTTP/2" 200 2123 "-" "Mozilla/5.0 (Windows NT 10.0; Win64; x64) AppleWebKit/537.36 (KHTML, like Gecko) Chrome/124.0.0.0 Safari/537.36"
157.22.100.188 - - [17/Jun/2026:22:41:07 +0700] "POST /wp-login.php?wp_lang=en_US HTTP/2" 302 0 "https://inquangcaothuonghieu.com/wp-login.php?wp_lang=en_US" "Mozilla/5.0 (Windows NT 10.0; Win64; x64) AppleWebKit/537.36 (KHTML, like Gecko) Chrome/124.0.0.0 Safari/537.36"
83.99.206.142 - - [17/Jun/2026:22:41:11 +0700] "GET /san-pham/giay-in-decal-a4-2/ HTTP/1.1" 200 45963 "-" "Mozilla/5.0 (X11; Linux x86_64) AppleWebKit/537.36 (KHTML, like Gecko; GeedoShopProductFinder) Chrome/142.0.0.0 Safari/537.36"
157.22.100.188 - - [17/Jun/2026:22:41:09 +0700] "GET /wp-admin/ HTTP/2" 200 113307 "https://inquangcaothuonghieu.com/wp-login.php?wp_lang=en_US" "Mozilla/5.0 (Windows NT 10.0; Win64; x64) AppleWebKit/537.36 (KHTML, like Gecko) Chrome/124.0.0.0 Safari/537.36"
130.49.76.77 - - [17/Jun/2026:22:41:12 +0700] "GET /wp-login.php?wp_lang=en_US HTTP/2" 200 2123 "-" "Mozilla/5.0 (Macintosh; Intel Mac OS X 10_15_7) AppleWebKit/605.1.15 (KHTML, like Gecko) Version/18.0 Safari/605.1.15"
130.49.76.77 - - [17/Jun/2026:22:41:14 +0700] "POST /wp-login.php?wp_lang=en_US HTTP/2" 302 0 "https://inquangcaothuonghieu.com/wp-login.php?wp_lang=en_US" "Mozilla/5.0 (Macintosh; Intel Mac OS X 10_15_7) AppleWebKit/605.1.15 (KHTML, like Gecko) Version/18.0 Safari/605.1.15"
216.73.216.78 - - [17/Jun/2026:22:41:15 +0700] "GET /san-pham/in-bat-hiflex-ngoai-troi/feed/ HTTP/2" 200 505 "-" "Mozilla/5.0 AppleWebKit/537.36 (KHTML, like Gecko; compatible; ClaudeBot/1.0; +claudebot@anthropic.com)"
216.73.216.78 - - [17/Jun/2026:22:41:15 +0700] "GET /san-pham/in-bat-hiflex-gia-bao-nhieu-2/whatsapp:/send HTTP/2" 404 38501 "-" "Mozilla/5.0 AppleWebKit/537.36 (KHTML, like Gecko; compatible; ClaudeBot/1.0; +claudebot@anthropic.com)"
216.73.216.78 - - [17/Jun/2026:22:41:16 +0700] "GET /san-pham/in-bat-hiflex-kho-5m/sms:0906348765 HTTP/2" 404 36872 "-" "Mozilla/5.0 AppleWebKit/537.36 (KHTML, like Gecko; compatible; ClaudeBot/1.0; +claudebot@anthropic.com)"
216.73.216.78 - - [17/Jun/2026:22:41:17 +0700] "GET /san-pham/in-bat-hiflex-xuyen-sang/feed/ HTTP/2" 200 505 "-" "Mozilla/5.0 AppleWebKit/537.36 (KHTML, like Gecko; compatible; ClaudeBot/1.0; +claudebot@anthropic.com)"
130.49.76.77 - - [17/Jun/2026:22:41:15 +0700] "GET /wp-admin/ HTTP/2" 200 113447 "https://inquangcaothuonghieu.com/wp-login.php?wp_lang=en_US" "Mozilla/5.0 (Macintosh; Intel Mac OS X 10_15_7) AppleWebKit/605.1.15 (KHTML, like Gecko) Version/18.0 Safari/605.1.15"
216.73.216.78 - - [17/Jun/2026:22:41:19 +0700] "GET /san-pham/in-bat-giao-nhanh/sms:0906348765 HTTP/2" 404 36882 "-" "Mozilla/5.0 AppleWebKit/537.36 (KHTML, like Gecko; compatible; ClaudeBot/1.0; +claudebot@anthropic.com)"
57.141.14.61 - - [17/Jun/2026:22:41:19 +0700] "GET /san-pham/in-standee-dan-decal-formex/ HTTP/2" 200 239241 "-" "meta-externalagent/1.1 (+https://developers.facebook.com/docs/sharing/webmasters/crawler)"
157.22.100.188 - - [17/Jun/2026:22:41:14 +0700] "GET /wp-admin/plugins.php HTTP/2" 200 165114 "-" "Mozilla/5.0 (Windows NT 10.0; Win64; x64) AppleWebKit/537.36 (KHTML, like Gecko) Chrome/124.0.0.0 Safari/537.36"
130.49.76.77 - - [17/Jun/2026:22:41:19 +0700] "GET /wp-admin/plugins.php HTTP/2" 200 165154 "-" "Mozilla/5.0 (Macintosh; Intel Mac OS X 10_15_7) AppleWebKit/605.1.15 (KHTML, like Gecko) Version/18.0 Safari/605.1.15"
57.141.14.85 - - [17/Jun/2026:22:41:21 +0700] "GET /san-pham/gia-in-poster-a1/ HTTP/2" 200 239141 "-" "meta-externalagent/1.1 (+https://developers.facebook.com/docs/sharing/webmasters/crawler)"
130.49.76.77 - - [17/Jun/2026:22:41:24 +0700] "GET /wp-admin/plugins.php HTTP/2" 200 165161 "-" "Mozilla/5.0 (Macintosh; Intel Mac OS X 10_15_7) AppleWebKit/605.1.15 (KHTML, like Gecko) Version/18.0 Safari/605.1.15"
157.22.100.188 - - [17/Jun/2026:22:41:24 +0700] "GET /wp-admin/plugins.php HTTP/2" 200 165120 "-" "Mozilla/5.0 (Windows NT 10.0; Win64; x64) AppleWebKit/537.36 (KHTML, like Gecko) Chrome/124.0.0.0 Safari/537.36"
130.49.76.77 - - [17/Jun/2026:22:41:27 +0700] "GET /wp-admin/plugin-install.php HTTP/2" 200 97455 "-" "Mozilla/5.0 (Macintosh; Intel Mac OS X 10_15_7) AppleWebKit/605.1.15 (KHTML, like Gecko) Version/18.0 Safari/605.1.15"
157.22.100.188 - - [17/Jun/2026:22:41:28 +0700] "GET /wp-admin/plugin-install.php HTTP/2" 200 97375 "-" "Mozilla/5.0 (Windows NT 10.0; Win64; x64) AppleWebKit/537.36 (KHTML, like Gecko) Chrome/124.0.0.0 Safari/537.36"
45.13.231.121 - admin [17/Jun/2026:22:41:29 +0700] "POST /wp-json/wp/v2/posts HTTP/1.1" 201 12285 "-" "Mozilla/5.0 (Macintosh; Intel Mac OS X 10_15_7) AppleWebKit/537.36 (KHTML, like Gecko) Chrome/142.0.0.0 Safari/537.36"
83.99.206.142 - - [17/Jun/2026:22:41:32 +0700] "GET /san-pham/in-menu-decal/ HTTP/1.1" 200 46468 "-" "Mozilla/5.0 (X11; Linux x86_64) AppleWebKit/537.36 (KHTML, like Gecko; GeedoShopProductFinder) Chrome/142.0.0.0 Safari/537.36"
77.81.104.59 - admin [17/Jun/2026:22:41:33 +0700] "GET /wp-json/wp/v2/posts/14368?context=edit HTTP/1.1" 200 12285 "-" "Mozilla/5.0 (Macintosh; Intel Mac OS X 10_15_7) AppleWebKit/537.36 (KHTML, like Gecko) Chrome/142.0.0.0 Safari/537.36"
130.49.76.77 - - [17/Jun/2026:22:41:32 +0700] "POST /wp-admin/update.php?action=upload-plugin HTTP/2" 200 99618 "https://inquangcaothuonghieu.com/wp-admin/update.php?action=upload-plugin" "Mozilla/5.0 (Macintosh; Intel Mac OS X 10_15_7) AppleWebKit/605.1.15 (KHTML, like Gecko) Version/18.0 Safari/605.1.15"
157.22.100.188 - - [17/Jun/2026:22:41:31 +0700] "POST /wp-admin/update.php?action=upload-plugin HTTP/2" 200 99564 "https://inquangcaothuonghieu.com/wp-admin/update.php?action=upload-plugin" "Mozilla/5.0 (Windows NT 10.0; Win64; x64) AppleWebKit/537.36 (KHTML, like Gecko) Chrome/124.0.0.0 Safari/537.36"
216.73.216.78 - - [17/Jun/2026:22:41:39 +0700] "GET /san-pham/in-bat-khong-gan-han-quoc/feed/ HTTP/2" 200 513 "-" "Mozilla/5.0 AppleWebKit/537.36 (KHTML, like Gecko; compatible; ClaudeBot/1.0; +claudebot@anthropic.com)"
216.73.216.78 - - [17/Jun/2026:22:41:39 +0700] "GET /san-pham/in-bat-hiflex-khong-dan-noi/feed/ HTTP/2" 200 516 "-" "Mozilla/5.0 AppleWebKit/537.36 (KHTML, like Gecko; compatible; ClaudeBot/1.0; +claudebot@anthropic.com)"
216.73.216.78 - - [17/Jun/2026:22:41:41 +0700] "GET /san-pham/in-bat-hiflex-xuyen-den/feed/ HTTP/2" 200 505 "-" "Mozilla/5.0 AppleWebKit/537.36 (KHTML, like Gecko; compatible; ClaudeBot/1.0; +claudebot@anthropic.com)"
130.49.76.77 - - [17/Jun/2026:22:41:38 +0700] "POST /wp-admin/update.php?action=upload-plugin HTTP/2" 200 100002 "https://inquangcaothuonghieu.com/wp-admin/update.php?action=upload-plugin" "Mozilla/5.0 (Macintosh; Intel Mac OS X 10_15_7) AppleWebKit/605.1.15 (KHTML, like Gecko) Version/18.0 Safari/605.1.15"
157.22.100.188 - - [17/Jun/2026:22:41:38 +0700] "POST /wp-admin/update.php?action=upload-plugin HTTP/2" 200 100017 "https://inquangcaothuonghieu.com/wp-admin/update.php?action=upload-plugin" "Mozilla/5.0 (Windows NT 10.0; Win64; x64) AppleWebKit/537.36 (KHTML, like Gecko) Chrome/124.0.0.0 Safari/537.36"
216.73.216.78 - - [17/Jun/2026:22:41:42 +0700] "GET /san-pham/in-bat-hiflex-5m-hcm/sms:0906348765 HTTP/2" 404 36851 "-" "Mozilla/5.0 AppleWebKit/537.36 (KHTML, like Gecko; compatible; ClaudeBot/1.0; +claudebot@anthropic.com)"
216.73.216.78 - - [17/Jun/2026:22:41:42 +0700] "GET /san-pham/in-bat-hiflex-kho-3m/sms:0906348765 HTTP/2" 404 36874 "-" "Mozilla/5.0 AppleWebKit/537.36 (KHTML, like Gecko; compatible; ClaudeBot/1.0; +claudebot@anthropic.com)"
66.249.74.74 - - [17/Jun/2026:22:41:46 +0700] "GET /san-pham/in-decal-trong-chu-trang-cao-cap/ HTTP/1.1" 200 46108 "-" "Mozilla/5.0 (compatible; Googlebot/2.1; +http://www.google.com/bot.html)"
157.22.100.188 - - [17/Jun/2026:22:41:44 +0700] "POST /wp-admin/update.php?action=upload-plugin HTTP/2" 200 100030 "https://inquangcaothuonghieu.com/wp-admin/update.php?action=upload-plugin" "Mozilla/5.0 (Windows NT 10.0; Win64; x64) AppleWebKit/537.36 (KHTML, like Gecko) Chrome/124.0.0.0 Safari/537.36"
130.49.76.77 - - [17/Jun/2026:22:41:45 +0700] "POST /wp-admin/update.php?action=upload-plugin HTTP/2" 200 100005 "https://inquangcaothuonghieu.com/wp-admin/update.php?action=upload-plugin" "Mozilla/5.0 (Macintosh; Intel Mac OS X 10_15_7) AppleWebKit/605.1.15 (KHTML, like Gecko) Version/18.0 Safari/605.1.15"
66.249.74.73 - - [17/Jun/2026:22:41:50 +0700] "GET /san-pham/in-standee-cap-toc-thu-duc/ HTTP/1.1" 200 45982 "-" "Mozilla/5.0 (compatible; Googlebot/2.1; +http://www.google.com/bot.html)"
157.22.100.188 - - [17/Jun/2026:22:41:48 +0700] "POST /wp-admin/update.php?action=upload-plugin HTTP/2" 200 100030 "https://inquangcaothuonghieu.com/wp-admin/update.php?action=upload-plugin" "Mozilla/5.0 (Windows NT 10.0; Win64; x64) AppleWebKit/537.36 (KHTML, like Gecko) Chrome/124.0.0.0 Safari/537.36"
66.249.74.74 - - [17/Jun/2026:22:41:51 +0700] "GET /san-pham/in-standee-tan-phu/ HTTP/1.1" 200 45968 "-" "Mozilla/5.0 (compatible; Googlebot/2.1; +http://www.google.com/bot.html)"
83.99.206.142 - - [17/Jun/2026:22:41:52 +0700] "GET /san-pham/in-giay-theo-yeu-cau-tphcm/ HTTP/1.1" 200 45998 "-" "Mozilla/5.0 (X11; Linux x86_64) AppleWebKit/537.36 (KHTML, like Gecko; GeedoShopProductFinder) Chrome/142.0.0.0 Safari/537.36"
130.49.76.77 - - [17/Jun/2026:22:41:51 +0700] "POST /wp-admin/update.php?action=upload-plugin HTTP/2" 200 100017 "https://inquangcaothuonghieu.com/wp-admin/update.php?action=upload-plugin" "Mozilla/5.0 (Macintosh; Intel Mac OS X 10_15_7) AppleWebKit/605.1.15 (KHTML, like Gecko) Version/18.0 Safari/605.1.15"
157.22.100.188 - - [17/Jun/2026:22:41:54 +0700] "POST /wp-admin/update.php?action=upload-plugin HTTP/2" 200 100030 "https://inquangcaothuonghieu.com/wp-admin/update.php?action=upload-plugin" "Mozilla/5.0 (Windows NT 10.0; Win64; x64) AppleWebKit/537.36 (KHTML, like Gecko) Chrome/124.0.0.0 Safari/537.36"
