216.73.216.78 - - [17/Jun/2026:19:52:03 +0700] "GET /san-pham/bao-gia-in-pano-go-vap/ HTTP/2" 200 46133 "https://inquangcaothuonghieu.com/?p=8783" "Mozilla/5.0 AppleWebKit/537.36 (KHTML, like Gecko; compatible; ClaudeBot/1.0; +claudebot@anthropic.com)"
216.73.216.78 - - [17/Jun/2026:19:52:06 +0700] "GET /?p=7369 HTTP/2" 301 0 "-" "Mozilla/5.0 AppleWebKit/537.36 (KHTML, like Gecko; compatible; ClaudeBot/1.0; +claudebot@anthropic.com)"
216.73.216.78 - - [17/Jun/2026:19:52:07 +0700] "GET /san-pham/dat-in-canvas/ HTTP/2" 200 46291 "https://inquangcaothuonghieu.com/?p=7369" "Mozilla/5.0 AppleWebKit/537.36 (KHTML, like Gecko; compatible; ClaudeBot/1.0; +claudebot@anthropic.com)"
57.141.14.82 - - [17/Jun/2026:19:52:08 +0700] "GET /tu-khoa-san-pham/in-op-lung-gan-day/ HTTP/2" 200 206910 "-" "meta-externalagent/1.1 (+https://developers.facebook.com/docs/sharing/webmasters/crawler)"
216.73.216.78 - - [17/Jun/2026:19:52:09 +0700] "GET /?p=7736 HTTP/2" 301 0 "-" "Mozilla/5.0 AppleWebKit/537.36 (KHTML, like Gecko; compatible; ClaudeBot/1.0; +claudebot@anthropic.com)"
216.73.216.78 - - [17/Jun/2026:19:52:11 +0700] "GET /san-pham/hashtag-cam-tay-thu-duc/ HTTP/2" 200 45954 "https://inquangcaothuonghieu.com/?p=7736" "Mozilla/5.0 AppleWebKit/537.36 (KHTML, like Gecko; compatible; ClaudeBot/1.0; +claudebot@anthropic.com)"
216.73.216.78 - - [17/Jun/2026:19:52:17 +0700] "GET /san-pham/may-in-uv-op-lung/feed/ HTTP/2" 200 497 "-" "Mozilla/5.0 AppleWebKit/537.36 (KHTML, like Gecko; compatible; ClaudeBot/1.0; +claudebot@anthropic.com)"
57.141.14.22 - - [17/Jun/2026:19:52:18 +0700] "GET /san-pham/in-chu-len-kinh/ HTTP/2" 200 238587 "-" "meta-externalagent/1.1 (+https://developers.facebook.com/docs/sharing/webmasters/crawler)"
216.73.216.78 - - [17/Jun/2026:19:52:19 +0700] "GET /san-pham/formex-gia-re-tphcm/feed/ HTTP/2" 200 497 "-" "Mozilla/5.0 AppleWebKit/537.36 (KHTML, like Gecko; compatible; ClaudeBot/1.0; +claudebot@anthropic.com)"
216.73.216.78 - - [17/Jun/2026:19:52:21 +0700] "GET /san-pham/in-standee-tphcm-tphcm/ HTTP/2" 200 45990 "-" "Mozilla/5.0 AppleWebKit/537.36 (KHTML, like Gecko; compatible; ClaudeBot/1.0; +claudebot@anthropic.com)"
66.249.74.75 - - [17/Jun/2026:19:52:22 +0700] "GET /san-pham/in-background-tat-nien-2025-dep/ HTTP/1.1" 200 46359 "-" "Mozilla/5.0 (compatible; Googlebot/2.1; +http://www.google.com/bot.html)"
57.141.14.110 - - [17/Jun/2026:19:52:22 +0700] "GET /san-pham/in-poster-gia-bao-nhieu/ HTTP/2" 200 239034 "-" "meta-externalagent/1.1 (+https://developers.facebook.com/docs/sharing/webmasters/crawler)"
216.73.216.78 - - [17/Jun/2026:19:52:24 +0700] "GET /san-pham/gia-in-backdrop-thu-duc/ HTTP/2" 200 46047 "-" "Mozilla/5.0 AppleWebKit/537.36 (KHTML, like Gecko; compatible; ClaudeBot/1.0; +claudebot@anthropic.com)"
216.73.216.78 - - [17/Jun/2026:19:52:27 +0700] "GET /san-pham/in-uv-hoc-mon/ HTTP/2" 200 45998 "-" "Mozilla/5.0 AppleWebKit/537.36 (KHTML, like Gecko; compatible; ClaudeBot/1.0; +claudebot@anthropic.com)"
216.73.216.78 - - [17/Jun/2026:19:52:31 +0700] "GET /?p=8698 HTTP/2" 301 0 "-" "Mozilla/5.0 AppleWebKit/537.36 (KHTML, like Gecko; compatible; ClaudeBot/1.0; +claudebot@anthropic.com)"
216.73.216.78 - - [17/Jun/2026:19:52:33 +0700] "GET /san-pham/bao-gia-in-backdrop-thu-duc/ HTTP/2" 200 46308 "https://inquangcaothuonghieu.com/?p=8698" "Mozilla/5.0 AppleWebKit/537.36 (KHTML, like Gecko; compatible; ClaudeBot/1.0; +claudebot@anthropic.com)"
216.73.216.78 - - [17/Jun/2026:19:52:35 +0700] "GET /?p=8089 HTTP/2" 301 0 "-" "Mozilla/5.0 AppleWebKit/537.36 (KHTML, like Gecko; compatible; ClaudeBot/1.0; +claudebot@anthropic.com)"
216.73.216.78 - - [17/Jun/2026:19:52:36 +0700] "GET /san-pham/in-standee-ban-hang-nhanh/ HTTP/2" 200 45971 "https://inquangcaothuonghieu.com/?p=8089" "Mozilla/5.0 AppleWebKit/537.36 (KHTML, like Gecko; compatible; ClaudeBot/1.0; +claudebot@anthropic.com)"
57.141.14.63 - - [17/Jun/2026:19:52:41 +0700] "GET /san-pham/in-standee-check-in-go-vap/ HTTP/2" 200 239754 "-" "meta-externalagent/1.1 (+https://developers.facebook.com/docs/sharing/webmasters/crawler)"
17.246.15.105 - - [17/Jun/2026:19:52:51 +0700] "GET /san-pham/in-pp-boi-format-2/ HTTP/2" 200 52809 "-" "Mozilla/5.0 (Macintosh; Intel Mac OS X 10_15_7) AppleWebKit/605.1.15 (KHTML, like Gecko) Version/17.4 Safari/605.1.15 (Applebot/0.1; +http://www.apple.com/go/applebot)"
114.119.137.237 - - [17/Jun/2026:19:53:30 +0700] "GET /san-pham/in-decal-tem-nhan-gia-re/ HTTP/1.1" 200 45972 "https://inquangcaothuonghieu.com/san-pham/in-decal-tem-nhan-gia-re/" "Mozilla/5.0 (Linux; Android 7.0;) AppleWebKit/537.36 (HTML, like Gecko) Mobile Safari/537.36 (compatible; PetalBot;+https://webmaster.petalsearch.com/site/petalbot)"
66.249.71.128 - - [17/Jun/2026:19:53:37 +0700] "GET /san-pham/in-gift-voucher/ HTTP/1.1" 200 46040 "-" "Mozilla/5.0 (compatible; Googlebot/2.1; +http://www.google.com/bot.html)"
57.141.14.48 - - [17/Jun/2026:19:53:42 +0700] "GET /san-pham/in-vali-uv-khong-bong-troc/ HTTP/2" 200 239603 "-" "meta-externalagent/1.1 (+https://developers.facebook.com/docs/sharing/webmasters/crawler)"
216.73.216.78 - - [17/Jun/2026:19:53:46 +0700] "GET /san-pham/cong-ty-in-pano/sms:0906348765 HTTP/2" 404 36901 "-" "Mozilla/5.0 AppleWebKit/537.36 (KHTML, like Gecko; compatible; ClaudeBot/1.0; +claudebot@anthropic.com)"
216.73.216.78 - - [17/Jun/2026:19:53:48 +0700] "GET /san-pham/in-poster-nhanh-tphcm/ HTTP/2" 200 46024 "-" "Mozilla/5.0 AppleWebKit/537.36 (KHTML, like Gecko; compatible; ClaudeBot/1.0; +claudebot@anthropic.com)"
66.249.74.73 - - [17/Jun/2026:19:53:49 +0700] "GET /san-pham/in-catalogue-binh-thanh-3/ HTTP/1.1" 200 46012 "-" "Mozilla/5.0 (compatible; Googlebot/2.1; +http://www.google.com/bot.html)"
216.73.216.78 - - [17/Jun/2026:19:53:50 +0700] "GET /san-pham/in-standee-tphcm-tan-binh/ HTTP/2" 200 46048 "-" "Mozilla/5.0 AppleWebKit/537.36 (KHTML, like Gecko; compatible; ClaudeBot/1.0; +claudebot@anthropic.com)"
47.128.36.50 - - [17/Jun/2026:19:53:50 +0700] "GET /san-pham/in-phong-bat-hop-lop/ HTTP/2" 200 45902 "-" "Mozilla/5.0 (Linux; Android 5.0) AppleWebKit/537.36 (KHTML, like Gecko) Mobile Safari/537.36 (compatible; Bytespider; spider-feedback@bytedance.com)"
47.128.36.50 - - [17/Jun/2026:19:53:52 +0700] "GET /wp-content/cache/autoptimize/autoptimize_single_349504a3690b887532f812a8feac3ee6.php?ver=3.0 HTTP/2" 200 91 "https://inquangcaothuonghieu.com/san-pham/in-phong-bat-hop-lop/" "Mozilla/5.0 (Linux; Android 5.0) AppleWebKit/537.36 (KHTML, like Gecko) Mobile Safari/537.36 (compatible; Bytespider; spider-feedback@bytedance.com)"
216.73.216.78 - - [17/Jun/2026:19:53:53 +0700] "GET /san-pham/in-banner-go-vap/feed/ HTTP/2" 200 493 "-" "Mozilla/5.0 AppleWebKit/537.36 (KHTML, like Gecko; compatible; ClaudeBot/1.0; +claudebot@anthropic.com)"
216.73.216.78 - - [17/Jun/2026:19:53:56 +0700] "GET /san-pham/in-tranh-canvas-3/feed/ HTTP/2" 200 487 "-" "Mozilla/5.0 AppleWebKit/537.36 (KHTML, like Gecko; compatible; ClaudeBot/1.0; +claudebot@anthropic.com)"
83.99.206.2 - - [17/Jun/2026:19:53:58 +0700] "GET /san-pham/in-ky-thuat-so/ HTTP/1.1" 200 46012 "-" "Mozilla/5.0 (X11; Linux x86_64) AppleWebKit/537.36 (KHTML, like Gecko; GeedoShopProductFinder) Chrome/142.0.0.0 Safari/537.36"
216.73.216.78 - - [17/Jun/2026:19:53:59 +0700] "GET /san-pham/in-uv-tay-ninh/feed/ HTTP/2" 200 488 "-" "Mozilla/5.0 AppleWebKit/537.36 (KHTML, like Gecko; compatible; ClaudeBot/1.0; +claudebot@anthropic.com)"
216.73.216.78 - - [17/Jun/2026:19:54:02 +0700] "GET /san-pham/in-uv-cuon-5m/feed/ HTTP/2" 200 487 "-" "Mozilla/5.0 AppleWebKit/537.36 (KHTML, like Gecko; compatible; ClaudeBot/1.0; +claudebot@anthropic.com)"
216.73.216.78 - - [17/Jun/2026:19:54:06 +0700] "GET /san-pham/in-uv-cuon-5m/sms:0906348765 HTTP/2" 404 36933 "-" "Mozilla/5.0 AppleWebKit/537.36 (KHTML, like Gecko; compatible; ClaudeBot/1.0; +claudebot@anthropic.com)"
17.246.19.137 - - [17/Jun/2026:19:54:08 +0700] "GET /wp-includes/js/jquery/jquery.min.js?ver=3.7.1 HTTP/2" 200 29744 "https://inquangcaothuonghieu.com/san-pham/in-pp-boi-format-2/" "Mozilla/5.0 (Macintosh; Intel Mac OS X 10_15_7) AppleWebKit/605.1.15 (KHTML, like Gecko) Version/17.4 Safari/605.1.15 (Applebot/0.1; +http://www.apple.com/go/applebot)"
17.246.19.137 - - [17/Jun/2026:19:54:09 +0700] "GET /wp-content/plugins/woocommerce/assets/js/frontend/add-to-cart.min.js?ver=10.7.0 HTTP/2" 200 1296 "https://inquangcaothuonghieu.com/san-pham/in-pp-boi-format-2/" "Mozilla/5.0 (Macintosh; Intel Mac OS X 10_15_7) AppleWebKit/605.1.15 (KHTML, like Gecko) Version/17.4 Safari/605.1.15 (Applebot/0.1; +http://www.apple.com/go/applebot)"
216.73.216.78 - - [17/Jun/2026:19:54:08 +0700] "GET /san-pham/in-standee-showroom-ngoai-troi/whatsapp:/send HTTP/2" 404 38492 "-" "Mozilla/5.0 AppleWebKit/537.36 (KHTML, like Gecko; compatible; ClaudeBot/1.0; +claudebot@anthropic.com)"
17.246.19.137 - - [17/Jun/2026:19:54:10 +0700] "GET /wp-content/plugins/woocommerce/assets/js/jquery-blockui/jquery.blockUI.min.js?ver=2.7.0-wc.10.7.0 HTTP/2" 200 3277 "https://inquangcaothuonghieu.com/san-pham/in-pp-boi-format-2/" "Mozilla/5.0 (Macintosh; Intel Mac OS X 10_15_7) AppleWebKit/605.1.15 (KHTML, like Gecko) Version/17.4 Safari/605.1.15 (Applebot/0.1; +http://www.apple.com/go/applebot)"
17.246.19.137 - - [17/Jun/2026:19:54:12 +0700] "GET /wp-content/plugins/woocommerce/assets/js/frontend/single-product.min.js?ver=10.7.0 HTTP/2" 200 2700 "https://inquangcaothuonghieu.com/san-pham/in-pp-boi-format-2/" "Mozilla/5.0 (Macintosh; Intel Mac OS X 10_15_7) AppleWebKit/605.1.15 (KHTML, like Gecko) Version/17.4 Safari/605.1.15 (Applebot/0.1; +http://www.apple.com/go/applebot)"
216.73.216.78 - - [17/Jun/2026:19:54:11 +0700] "GET /san-pham/may-in-uv-op-lung/sms:0906348765 HTTP/2" 404 36926 "-" "Mozilla/5.0 AppleWebKit/537.36 (KHTML, like Gecko; compatible; ClaudeBot/1.0; +claudebot@anthropic.com)"
17.246.19.137 - - [17/Jun/2026:19:54:13 +0700] "GET /wp-content/plugins/woocommerce/assets/js/js-cookie/js.cookie.min.js?ver=2.1.4-wc.10.7.0 HTTP/2" 200 760 "https://inquangcaothuonghieu.com/san-pham/in-pp-boi-format-2/" "Mozilla/5.0 (Macintosh; Intel Mac OS X 10_15_7) AppleWebKit/605.1.15 (KHTML, like Gecko) Version/17.4 Safari/605.1.15 (Applebot/0.1; +http://www.apple.com/go/applebot)"
17.246.19.137 - - [17/Jun/2026:19:54:15 +0700] "GET /wp-content/plugins/link-whisper-premium/js/frontend.min.js?ver=1776320993 HTTP/2" 200 1483 "https://inquangcaothuonghieu.com/san-pham/in-pp-boi-format-2/" "Mozilla/5.0 (Macintosh; Intel Mac OS X 10_15_7) AppleWebKit/605.1.15 (KHTML, like Gecko) Version/17.4 Safari/605.1.15 (Applebot/0.1; +http://www.apple.com/go/applebot)"
17.246.19.137 - - [17/Jun/2026:19:54:16 +0700] "GET /wp-content/plugins/woocommerce/assets/js/frontend/woocommerce.min.js?ver=10.7.0 HTTP/2" 200 1332 "https://inquangcaothuonghieu.com/san-pham/in-pp-boi-format-2/" "Mozilla/5.0 (Macintosh; Intel Mac OS X 10_15_7) AppleWebKit/605.1.15 (KHTML, like Gecko) Version/17.4 Safari/605.1.15 (Applebot/0.1; +http://www.apple.com/go/applebot)"
17.246.19.137 - - [17/Jun/2026:19:54:18 +0700] "GET /wp-content/plugins/easy-table-of-contents/assets/js/smooth_scroll.min.js?ver=2.0.82.2 HTTP/2" 200 478 "https://inquangcaothuonghieu.com/san-pham/in-pp-boi-format-2/" "Mozilla/5.0 (Macintosh; Intel Mac OS X 10_15_7) AppleWebKit/605.1.15 (KHTML, like Gecko) Version/17.4 Safari/605.1.15 (Applebot/0.1; +http://www.apple.com/go/applebot)"
17.246.19.137 - - [17/Jun/2026:19:54:19 +0700] "GET /wp-content/plugins/easy-table-of-contents/vendor/js-cookie/js.cookie.min.js?ver=2.2.1 HTTP/2" 200 995 "https://inquangcaothuonghieu.com/san-pham/in-pp-boi-format-2/" "Mozilla/5.0 (Macintosh; Intel Mac OS X 10_15_7) AppleWebKit/605.1.15 (KHTML, like Gecko) Version/17.4 Safari/605.1.15 (Applebot/0.1; +http://www.apple.com/go/applebot)"
83.99.206.218 - - [17/Jun/2026:19:54:18 +0700] "GET /san-pham/in-backdrop-gia/ HTTP/1.1" 200 46022 "-" "Mozilla/5.0 (X11; Linux x86_64) AppleWebKit/537.36 (KHTML, like Gecko; GeedoShopProductFinder) Chrome/142.0.0.0 Safari/537.36"
17.246.19.137 - - [17/Jun/2026:19:54:21 +0700] "GET /wp-content/plugins/easy-table-of-contents/vendor/sticky-kit/jquery.sticky-kit.min.js?ver=1.9.2 HTTP/2" 200 1180 "https://inquangcaothuonghieu.com/san-pham/in-pp-boi-format-2/" "Mozilla/5.0 (Macintosh; Intel Mac OS X 10_15_7) AppleWebKit/605.1.15 (KHTML, like Gecko) Version/17.4 Safari/605.1.15 (Applebot/0.1; +http://www.apple.com/go/applebot)"
17.246.19.137 - - [17/Jun/2026:19:54:22 +0700] "GET /wp-content/plugins/easy-table-of-contents/assets/js/front.min.js?ver=2.0.82.2-1774704709 HTTP/2" 200 1531 "https://inquangcaothuonghieu.com/san-pham/in-pp-boi-format-2/" "Mozilla/5.0 (Macintosh; Intel Mac OS X 10_15_7) AppleWebKit/605.1.15 (KHTML, like Gecko) Version/17.4 Safari/605.1.15 (Applebot/0.1; +http://www.apple.com/go/applebot)"
17.246.19.137 - - [17/Jun/2026:19:54:24 +0700] "GET /wp-content/plugins/woocommerce/assets/js/sourcebuster/sourcebuster.min.js?ver=10.7.0 HTTP/2" 200 4609 "https://inquangcaothuonghieu.com/san-pham/in-pp-boi-format-2/" "Mozilla/5.0 (Macintosh; Intel Mac OS X 10_15_7) AppleWebKit/605.1.15 (KHTML, like Gecko) Version/17.4 Safari/605.1.15 (Applebot/0.1; +http://www.apple.com/go/applebot)"
17.246.19.137 - - [17/Jun/2026:19:54:25 +0700] "GET /wp-content/plugins/woocommerce/assets/js/frontend/order-attribution.min.js?ver=10.7.0 HTTP/2" 200 1020 "https://inquangcaothuonghieu.com/san-pham/in-pp-boi-format-2/" "Mozilla/5.0 (Macintosh; Intel Mac OS X 10_15_7) AppleWebKit/605.1.15 (KHTML, like Gecko) Version/17.4 Safari/605.1.15 (Applebot/0.1; +http://www.apple.com/go/applebot)"
17.246.19.137 - - [17/Jun/2026:19:54:27 +0700] "GET /wp-content/cache/autoptimize/autoptimize_single_718b32a9971ad4fb3a1e8320aa21b88a.php HTTP/2" 200 1090 "https://inquangcaothuonghieu.com/san-pham/in-pp-boi-format-2/" "Mozilla/5.0 (Macintosh; Intel Mac OS X 10_15_7) AppleWebKit/605.1.15 (KHTML, like Gecko) Version/17.4 Safari/605.1.15 (Applebot/0.1; +http://www.apple.com/go/applebot)"
17.246.19.137 - - [17/Jun/2026:19:54:28 +0700] "GET /wp-includes/js/dist/vendor/wp-polyfill.min.js?ver=3.15.0 HTTP/2" 200 11581 "https://inquangcaothuonghieu.com/san-pham/in-pp-boi-format-2/" "Mozilla/5.0 (Macintosh; Intel Mac OS X 10_15_7) AppleWebKit/605.1.15 (KHTML, like Gecko) Version/17.4 Safari/605.1.15 (Applebot/0.1; +http://www.apple.com/go/applebot)"
17.246.19.137 - - [17/Jun/2026:19:54:30 +0700] "GET /wp-includes/js/hoverIntent.min.js?ver=1.10.2 HTTP/2" 200 668 "https://inquangcaothuonghieu.com/san-pham/in-pp-boi-format-2/" "Mozilla/5.0 (Macintosh; Intel Mac OS X 10_15_7) AppleWebKit/605.1.15 (KHTML, like Gecko) Version/17.4 Safari/605.1.15 (Applebot/0.1; +http://www.apple.com/go/applebot)"
17.246.19.137 - - [17/Jun/2026:19:54:31 +0700] "GET /wp-includes/js/comment-reply.min.js?ver=7.0 HTTP/2" 200 1247 "https://inquangcaothuonghieu.com/san-pham/in-pp-boi-format-2/" "Mozilla/5.0 (Macintosh; Intel Mac OS X 10_15_7) AppleWebKit/605.1.15 (KHTML, like Gecko) Version/17.4 Safari/605.1.15 (Applebot/0.1; +http://www.apple.com/go/applebot)"
17.246.19.137 - - [17/Jun/2026:19:54:33 +0700] "GET /wp-content/themes/flatsome/assets/js/chunk.vendors-slider.f0d2cbc9.js HTTP/2" 200 12808 "https://inquangcaothuonghieu.com/san-pham/in-pp-boi-format-2/" "Mozilla/5.0 (Macintosh; Intel Mac OS X 10_15_7) AppleWebKit/605.1.15 (KHTML, like Gecko) Version/17.4 Safari/605.1.15 (Applebot/0.1; +http://www.apple.com/go/applebot)"
17.246.19.137 - - [17/Jun/2026:19:54:34 +0700] "GET /wp-includes/js/wp-emoji-release.min.js?ver=7.0 HTTP/2" 200 4949 "https://inquangcaothuonghieu.com/san-pham/in-pp-boi-format-2/" "Mozilla/5.0 (Macintosh; Intel Mac OS X 10_15_7) AppleWebKit/605.1.15 (KHTML, like Gecko) Version/17.4 Safari/605.1.15 (Applebot/0.1; +http://www.apple.com/go/applebot)"
57.141.14.14 - - [17/Jun/2026:19:54:32 +0700] "GET /san-pham/in-tem-bao-hanh-gia-re/ HTTP/2" 200 239700 "-" "meta-externalagent/1.1 (+https://developers.facebook.com/docs/sharing/webmasters/crawler)"
216.73.216.78 - - [17/Jun/2026:19:54:37 +0700] "GET /san-pham/in-banner-go-vap/sms:0906348765 HTTP/2" 404 36900 "-" "Mozilla/5.0 AppleWebKit/537.36 (KHTML, like Gecko; compatible; ClaudeBot/1.0; +claudebot@anthropic.com)"
83.99.206.218 - - [17/Jun/2026:19:54:38 +0700] "GET /san-pham/in-standee-sieu-toc-trong-nha/ HTTP/1.1" 200 45925 "-" "Mozilla/5.0 (X11; Linux x86_64) AppleWebKit/537.36 (KHTML, like Gecko; GeedoShopProductFinder) Chrome/142.0.0.0 Safari/537.36"
216.73.216.78 - - [17/Jun/2026:19:54:39 +0700] "GET /san-pham/in-uv-dtf-ben-mau/sms:0906348765 HTTP/2" 404 36850 "-" "Mozilla/5.0 AppleWebKit/537.36 (KHTML, like Gecko; compatible; ClaudeBot/1.0; +claudebot@anthropic.com)"
66.249.74.73 - - [17/Jun/2026:19:54:39 +0700] "GET /san-pham/in-backdrop-tat-nien-2025/ HTTP/1.1" 200 46079 "-" "Mozilla/5.0 (compatible; Googlebot/2.1; +http://www.google.com/bot.html)"
216.73.216.78 - - [17/Jun/2026:19:54:44 +0700] "GET /san-pham/in-tem-nhan-theo-file-thiet-ke/whatsapp:/send HTTP/2" 404 38507 "-" "Mozilla/5.0 AppleWebKit/537.36 (KHTML, like Gecko; compatible; ClaudeBot/1.0; +claudebot@anthropic.com)"
216.73.216.78 - - [17/Jun/2026:19:54:47 +0700] "GET /san-pham/in-uv-tay-ninh/sms:0906348765 HTTP/2" 404 36896 "-" "Mozilla/5.0 AppleWebKit/537.36 (KHTML, like Gecko; compatible; ClaudeBot/1.0; +claudebot@anthropic.com)"
216.73.216.78 - - [17/Jun/2026:19:54:50 +0700] "GET /san-pham/in-hinh-len-vali/sms:0906348765 HTTP/2" 404 36868 "-" "Mozilla/5.0 AppleWebKit/537.36 (KHTML, like Gecko; compatible; ClaudeBot/1.0; +claudebot@anthropic.com)"
216.73.216.78 - - [17/Jun/2026:19:54:53 +0700] "GET /san-pham/in-standee-tuyen-dung-quan-7/whatsapp:/send HTTP/2" 404 38498 "-" "Mozilla/5.0 AppleWebKit/537.36 (KHTML, like Gecko; compatible; ClaudeBot/1.0; +claudebot@anthropic.com)"
216.73.216.78 - - [17/Jun/2026:19:54:56 +0700] "GET /san-pham/in-tranh-canvas-3/sms:0906348765 HTTP/2" 404 36878 "-" "Mozilla/5.0 AppleWebKit/537.36 (KHTML, like Gecko; compatible; ClaudeBot/1.0; +claudebot@anthropic.com)"
83.99.206.12 - - [17/Jun/2026:19:54:59 +0700] "GET /tu-khoa-san-pham/decal-cat-mo/ HTTP/1.1" 200 39754 "-" "Mozilla/5.0 (X11; Linux x86_64) AppleWebKit/537.36 (KHTML, like Gecko; GeedoShopProductFinder) Chrome/142.0.0.0 Safari/537.36"
216.73.216.78 - - [17/Jun/2026:19:55:00 +0700] "GET /san-pham/in-uv-tren-moi-chat-lieu-3/ HTTP/2" 200 46173 "-" "Mozilla/5.0 AppleWebKit/537.36 (KHTML, like Gecko; compatible; ClaudeBot/1.0; +claudebot@anthropic.com)"
216.73.216.78 - - [17/Jun/2026:19:55:02 +0700] "GET /san-pham/bao-gia-in-backdrop-tan-phu/feed/ HTTP/2" 200 508 "-" "Mozilla/5.0 AppleWebKit/537.36 (KHTML, like Gecko; compatible; ClaudeBot/1.0; +claudebot@anthropic.com)"
57.141.14.91 - - [17/Jun/2026:19:55:03 +0700] "GET /san-pham/in-bat-quang-cao-hcm-2/ HTTP/2" 200 239074 "-" "meta-externalagent/1.1 (+https://developers.facebook.com/docs/sharing/webmasters/crawler)"
216.73.216.78 - - [17/Jun/2026:19:55:10 +0700] "GET /san-pham/in-bang-ron-bat-xuyen-den/feed/ HTTP/2" 200 512 "-" "Mozilla/5.0 AppleWebKit/537.36 (KHTML, like Gecko; compatible; ClaudeBot/1.0; +claudebot@anthropic.com)"
216.73.216.78 - - [17/Jun/2026:19:55:12 +0700] "GET /san-pham/in-uv-co-phai-mau-khong/feed/ HTTP/2" 200 506 "-" "Mozilla/5.0 AppleWebKit/537.36 (KHTML, like Gecko; compatible; ClaudeBot/1.0; +claudebot@anthropic.com)"
66.249.74.74 - - [17/Jun/2026:19:55:15 +0700] "GET /san-pham/lam-card-visit-gan-day/ HTTP/1.1" 200 46075 "-" "Mozilla/5.0 (compatible; Googlebot/2.1; +http://www.google.com/bot.html)"
216.73.216.78 - - [17/Jun/2026:19:55:15 +0700] "GET /san-pham/in-bang-ron-khai-truong-2/ HTTP/2" 200 46014 "-" "Mozilla/5.0 AppleWebKit/537.36 (KHTML, like Gecko; compatible; ClaudeBot/1.0; +claudebot@anthropic.com)"
216.73.216.78 - - [17/Jun/2026:19:55:17 +0700] "GET /san-pham/in-vali-in-thuong-hieu-cao-cap/whatsapp:/send HTTP/2" 404 38513 "-" "Mozilla/5.0 AppleWebKit/537.36 (KHTML, like Gecko; compatible; ClaudeBot/1.0; +claudebot@anthropic.com)"
83.99.206.218 - - [17/Jun/2026:19:55:19 +0700] "GET /tu-khoa-san-pham/in-decal-7-mau-chong-hang-gia/ HTTP/1.1" 200 39814 "-" "Mozilla/5.0 (X11; Linux x86_64) AppleWebKit/537.36 (KHTML, like Gecko; GeedoShopProductFinder) Chrome/142.0.0.0 Safari/537.36"
216.73.216.78 - - [17/Jun/2026:19:55:20 +0700] "GET /san-pham/in-standee-khai-truong-quan-1/whatsapp:/send HTTP/2" 404 38480 "-" "Mozilla/5.0 AppleWebKit/537.36 (KHTML, like Gecko; compatible; ClaudeBot/1.0; +claudebot@anthropic.com)"
216.73.216.78 - - [17/Jun/2026:19:55:23 +0700] "GET /san-pham/in-standee-hoi-thao-ngoai-troi/whatsapp:/send HTTP/2" 404 38519 "-" "Mozilla/5.0 AppleWebKit/537.36 (KHTML, like Gecko; compatible; ClaudeBot/1.0; +claudebot@anthropic.com)"
57.141.14.42 - - [17/Jun/2026:19:55:25 +0700] "GET /san-pham/in-decal-lay-lien-3/ HTTP/2" 200 238869 "-" "meta-externalagent/1.1 (+https://developers.facebook.com/docs/sharing/webmasters/crawler)"
216.73.216.78 - - [17/Jun/2026:19:55:26 +0700] "GET /san-pham/in-vali-xach-tay-in-logo/ HTTP/2" 200 46132 "-" "Mozilla/5.0 AppleWebKit/537.36 (KHTML, like Gecko; compatible; ClaudeBot/1.0; +claudebot@anthropic.com)"
216.73.216.78 - - [17/Jun/2026:19:55:36 +0700] "GET /san-pham/in-standee-showroom-ngoai-troi/feed/ HTTP/2" 200 507 "-" "Mozilla/5.0 AppleWebKit/537.36 (KHTML, like Gecko; compatible; ClaudeBot/1.0; +claudebot@anthropic.com)"
216.73.216.78 - - [17/Jun/2026:19:55:38 +0700] "GET /san-pham/in-hiflex-gia-re-go-vap/feed/ HTTP/2" 200 507 "-" "Mozilla/5.0 AppleWebKit/537.36 (KHTML, like Gecko; compatible; ClaudeBot/1.0; +claudebot@anthropic.com)"
83.99.206.218 - - [17/Jun/2026:19:55:38 +0700] "GET /san-pham/in-chu-len-kinh/ HTTP/1.1" 200 45950 "-" "Mozilla/5.0 (X11; Linux x86_64) AppleWebKit/537.36 (KHTML, like Gecko; GeedoShopProductFinder) Chrome/142.0.0.0 Safari/537.36"
216.73.216.78 - - [17/Jun/2026:19:55:41 +0700] "GET /san-pham/bao-gia-in-backdrop-binh-thanh/sms:0906348765 HTTP/2" 404 36904 "-" "Mozilla/5.0 AppleWebKit/537.36 (KHTML, like Gecko; compatible; ClaudeBot/1.0; +claudebot@anthropic.com)"
66.249.74.73 - - [17/Jun/2026:19:55:40 +0700] "GET /san-pham/in-nhan-chai-nuoc-suoi/ HTTP/1.1" 200 46199 "-" "Mozilla/5.0 (compatible; Googlebot/2.1; +http://www.google.com/bot.html)"
151.240.176.4 - - [17/Jun/2026:19:55:43 +0700] "GET /wp-content/uploads/2025/11/hastag-247x296.jpg HTTP/2" 200 23757 "https://inquangcaothuonghieu.com/san-pham/in-an-quang-cao-gia-re/" "Mozilla/5.0 (Macintosh; Intel Mac OS X 10_15_7) AppleWebKit/537.36 (KHTML, like Gecko) Chrome/130.0.0.0 Safari/537.36"
216.73.216.78 - - [17/Jun/2026:19:55:44 +0700] "GET /san-pham/in-catalogue-tphcm-gia-re/feed/ HTTP/2" 200 501 "-" "Mozilla/5.0 AppleWebKit/537.36 (KHTML, like Gecko; compatible; ClaudeBot/1.0; +claudebot@anthropic.com)"
216.73.216.78 - - [17/Jun/2026:19:55:46 +0700] "GET /san-pham/in-vali-lam-qua-tang-khach-hang/whatsapp:/send HTTP/2" 404 38527 "-" "Mozilla/5.0 AppleWebKit/537.36 (KHTML, like Gecko; compatible; ClaudeBot/1.0; +claudebot@anthropic.com)"
57.141.14.41 - - [17/Jun/2026:19:55:47 +0700] "GET /tu-khoa-san-pham/in-standee-hoi-cho-cao-cap/ HTTP/2" 200 207087 "-" "meta-externalagent/1.1 (+https://developers.facebook.com/docs/sharing/webmasters/crawler)"
216.73.216.78 - - [17/Jun/2026:19:55:49 +0700] "GET /san-pham/in-uv-co-chong-nuoc-khong-2/feed/ HTTP/2" 200 515 "-" "Mozilla/5.0 AppleWebKit/537.36 (KHTML, like Gecko; compatible; ClaudeBot/1.0; +claudebot@anthropic.com)"
216.73.216.78 - - [17/Jun/2026:19:56:03 +0700] "GET /san-pham/in-standee-tuyen-dung-quan-1/feed/ HTTP/2" 200 506 "-" "Mozilla/5.0 AppleWebKit/537.36 (KHTML, like Gecko; compatible; ClaudeBot/1.0; +claudebot@anthropic.com)"
216.73.216.78 - - [17/Jun/2026:19:56:06 +0700] "GET /san-pham/in-bang-ron-theo-yeu-cau-2/feed/ HTTP/2" 200 508 "-" "Mozilla/5.0 AppleWebKit/537.36 (KHTML, like Gecko; compatible; ClaudeBot/1.0; +claudebot@anthropic.com)"
57.141.14.110 - - [17/Jun/2026:19:56:10 +0700] "GET /tu-khoa-san-pham/in-uv-bien-hoa/ HTTP/2" 200 206691 "-" "meta-externalagent/1.1 (+https://developers.facebook.com/docs/sharing/webmasters/crawler)"
216.73.216.78 - - [17/Jun/2026:19:56:11 +0700] "GET /san-pham/in-uv-co-chong-nuoc-khong-3/feed/ HTTP/2" 200 515 "-" "Mozilla/5.0 AppleWebKit/537.36 (KHTML, like Gecko; compatible; ClaudeBot/1.0; +claudebot@anthropic.com)"
216.73.216.78 - - [17/Jun/2026:19:56:14 +0700] "GET /san-pham/in-decal-phan-quang-to-ong/feed/ HTTP/2" 200 500 "-" "Mozilla/5.0 AppleWebKit/537.36 (KHTML, like Gecko; compatible; ClaudeBot/1.0; +claudebot@anthropic.com)"
112.213.89.164 - - [17/Jun/2026:19:56:15 +0700] "HEAD /san-pham/in-tem-uv-dtf/ HTTP/1.1" 200 0 "-" "WordPress/7.0; https://inquangcaothuonghieu.com"
112.213.89.164 - - [17/Jun/2026:19:56:16 +0700] "HEAD /san-pham/in-uv/ HTTP/1.1" 200 0 "-" "WordPress/7.0; https://inquangcaothuonghieu.com"
216.73.216.78 - - [17/Jun/2026:19:56:17 +0700] "GET /san-pham/in-standee-hoi-thao-trong-nha/feed/ HTTP/2" 200 512 "-" "Mozilla/5.0 AppleWebKit/537.36 (KHTML, like Gecko; compatible; ClaudeBot/1.0; +claudebot@anthropic.com)"
112.213.89.164 - - [17/Jun/2026:19:56:17 +0700] "HEAD /san-pham/in-decal-gia-re-tphcm/ HTTP/1.1" 200 0 "-" "WordPress/7.0; https://inquangcaothuonghieu.com"
57.141.14.38 - - [17/Jun/2026:19:56:17 +0700] "GET /san-pham/in-decal-quang-cao-4/ HTTP/2" 200 238814 "-" "meta-externalagent/1.1 (+https://developers.facebook.com/docs/sharing/webmasters/crawler)"
112.213.89.164 - - [17/Jun/2026:19:56:18 +0700] "HEAD /san-pham/in-bat-hiflex/ HTTP/1.1" 200 0 "-" "WordPress/7.0; https://inquangcaothuonghieu.com"
112.213.89.164 - - [17/Jun/2026:19:56:20 +0700] "HEAD /wp-content/uploads/2025/11/In-Tem-UV-DTF-1024x911.jpg?v=1762541404 HTTP/1.1" 200 0 "-" "WordPress/7.0; https://inquangcaothuonghieu.com"
216.73.216.78 - - [17/Jun/2026:19:56:20 +0700] "GET /san-pham/in-uv-hiflex-khong-dan-noi/feed/ HTTP/2" 200 509 "-" "Mozilla/5.0 AppleWebKit/537.36 (KHTML, like Gecko; compatible; ClaudeBot/1.0; +claudebot@anthropic.com)"
112.213.89.164 - - [17/Jun/2026:19:56:20 +0700] "HEAD /san-pham/in-tem-nhan/ HTTP/1.1" 200 0 "-" "WordPress/7.0; https://inquangcaothuonghieu.com"
112.213.89.164 - - [17/Jun/2026:19:56:23 +0700] "HEAD /wp-content/uploads/2025/11/logo-qc-thuong-hieu.png HTTP/1.1" 200 0 "-" "WordPress/7.0; https://inquangcaothuonghieu.com"
216.73.216.78 - - [17/Jun/2026:19:56:23 +0700] "GET /san-pham/to-roi-quang-cao-dep/feed/ HTTP/2" 200 503 "-" "Mozilla/5.0 AppleWebKit/537.36 (KHTML, like Gecko; compatible; ClaudeBot/1.0; +claudebot@anthropic.com)"
112.213.89.164 - - [17/Jun/2026:19:56:23 +0700] "HEAD /in-uv-dtf/ HTTP/1.1" 200 0 "-" "WordPress/7.0; https://inquangcaothuonghieu.com"
57.141.14.54 - - [17/Jun/2026:19:56:22 +0700] "GET /san-pham/gia-in-backdrop-ngoai-troi/ HTTP/2" 200 239858 "-" "meta-externalagent/1.1 (+https://developers.facebook.com/docs/sharing/webmasters/crawler)"
112.213.89.164 - - [17/Jun/2026:19:56:24 +0700] "HEAD /san-pham/in-uv-phang/ HTTP/1.1" 200 0 "-" "WordPress/7.0; https://inquangcaothuonghieu.com"
112.213.89.164 - - [17/Jun/2026:19:56:25 +0700] "HEAD /wp-content/uploads/2025/11/in-uv-cuon-300x153.jpg HTTP/1.1" 200 0 "-" "WordPress/7.0; https://inquangcaothuonghieu.com"
57.141.14.41 - - [17/Jun/2026:19:56:24 +0700] "GET /tu-khoa-san-pham/in-uv-24h/ HTTP/2" 200 206537 "-" "meta-externalagent/1.1 (+https://developers.facebook.com/docs/sharing/webmasters/crawler)"
112.213.89.164 - - [17/Jun/2026:19:56:25 +0700] "HEAD /san-pham/in-uv/ HTTP/1.1" 200 0 "-" "WordPress/7.0; https://inquangcaothuonghieu.com"
112.213.89.164 - - [17/Jun/2026:19:56:26 +0700] "HEAD /san-pham/in-decal-gia-re-tphcm/ HTTP/1.1" 200 0 "-" "WordPress/7.0; https://inquangcaothuonghieu.com"
216.73.216.78 - - [17/Jun/2026:19:56:27 +0700] "GET /san-pham/in-phu-kien-may-tinh-theo-yeu-cau/whatsapp:/send HTTP/2" 404 38572 "-" "Mozilla/5.0 AppleWebKit/537.36 (KHTML, like Gecko; compatible; ClaudeBot/1.0; +claudebot@anthropic.com)"
112.213.89.164 - - [17/Jun/2026:19:56:27 +0700] "HEAD /san-pham/in-bat-hiflex/ HTTP/1.1" 200 0 "-" "WordPress/7.0; https://inquangcaothuonghieu.com"
112.213.89.164 - - [17/Jun/2026:19:56:29 +0700] "HEAD /san-pham/in-tem-nhan/ HTTP/1.1" 200 0 "-" "WordPress/7.0; https://inquangcaothuonghieu.com"
216.73.216.78 - - [17/Jun/2026:19:56:29 +0700] "GET /san-pham/bao-gia-in-uv-len-mica/feed/ HTTP/2" 200 503 "-" "Mozilla/5.0 AppleWebKit/537.36 (KHTML, like Gecko; compatible; ClaudeBot/1.0; +claudebot@anthropic.com)"
112.213.89.164 - - [17/Jun/2026:19:56:31 +0700] "HEAD /wp-content/uploads/2025/11/in-uv-cuon-300x153.jpg?v=1762586991 HTTP/1.1" 200 0 "-" "WordPress/7.0; https://inquangcaothuonghieu.com"
66.249.74.75 - - [17/Jun/2026:19:56:30 +0700] "GET /san-pham/lam-ky-niem-chuong-theo-yeu-cau/ HTTP/1.1" 200 46057 "-" "Mozilla/5.0 (compatible; Googlebot/2.1; +http://www.google.com/bot.html)"
112.213.89.164 - - [17/Jun/2026:19:56:31 +0700] "HEAD /wp-content/uploads/2025/11/logo-qc-thuong-hieu.png HTTP/1.1" 200 0 "-" "WordPress/7.0; https://inquangcaothuonghieu.com"
112.213.89.164 - - [17/Jun/2026:19:56:31 +0700] "HEAD /in-uv-cuon/ HTTP/1.1" 200 0 "-" "WordPress/7.0; https://inquangcaothuonghieu.com"
40.77.167.48 - - [17/Jun/2026:19:56:34 +0700] "GET / HTTP/2" 200 67444 "-" "Mozilla/5.0 AppleWebKit/537.36 (KHTML, like Gecko; compatible; bingbot/2.0; +http://www.bing.com/bingbot.htm) Chrome/116.0.1938.76 Safari/537.36"
40.77.167.48 - - [17/Jun/2026:19:56:36 +0700] "GET /in-uv-cuon/ HTTP/2" 200 49933 "-" "Mozilla/5.0 AppleWebKit/537.36 (KHTML, like Gecko; compatible; bingbot/2.0; +http://www.bing.com/bingbot.htm) Chrome/116.0.1938.76 Safari/537.36"
40.77.167.48 - - [17/Jun/2026:19:56:38 +0700] "GET /in-uv-dtf/ HTTP/2" 200 47318 "-" "Mozilla/5.0 AppleWebKit/537.36 (KHTML, like Gecko; compatible; bingbot/2.0; +http://www.bing.com/bingbot.htm) Chrome/116.0.1938.76 Safari/537.36"
112.213.89.164 - - [17/Jun/2026:19:56:40 +0700] "HEAD /wp-content/uploads/2022/03/baovnepree-1-300x157-1.jpg HTTP/1.1" 200 0 "-" "WordPress/7.0; https://inquangcaothuonghieu.com"
112.213.89.164 - - [17/Jun/2026:19:56:40 +0700] "HEAD /in-uv/ HTTP/1.1" 301 0 "-" "WordPress/7.0; https://inquangcaothuonghieu.com"
112.213.89.164 - - [17/Jun/2026:19:56:41 +0700] "HEAD /in-tem-nhan-mac/ HTTP/1.1" 301 0 "-" "WordPress/7.0; https://inquangcaothuonghieu.com"
112.213.89.164 - - [17/Jun/2026:19:56:42 +0700] "HEAD /wp-content/uploads/2022/03/tienphong-300x150-1.jpg HTTP/1.1" 200 0 "-" "WordPress/7.0; https://inquangcaothuonghieu.com"
112.213.89.164 - - [17/Jun/2026:19:56:42 +0700] "HEAD /san-pham/in-decal-gia-re-tphcm/ HTTP/1.1" 200 0 "-" "WordPress/7.0; https://inquangcaothuonghieu.com"
112.213.89.164 - - [17/Jun/2026:19:56:43 +0700] "HEAD /san-pham/in-tem-nhan/ HTTP/1.1" 200 0 "-" "WordPress/7.0; https://inquangcaothuonghieu.com"
112.213.89.164 - - [17/Jun/2026:19:56:44 +0700] "HEAD /wp-content/uploads/2022/03/thanhnien-300x144-1.jpg HTTP/1.1" 200 0 "-" "WordPress/7.0; https://inquangcaothuonghieu.com"
112.213.89.164 - - [17/Jun/2026:19:56:44 +0700] "HEAD /san-pham/in-tem-uv-dtf/ HTTP/1.1" 200 0 "-" "WordPress/7.0; https://inquangcaothuonghieu.com"
112.213.89.164 - - [17/Jun/2026:19:56:45 +0700] "HEAD /in-hiflex-gia-re/ HTTP/1.1" 301 0 "-" "WordPress/7.0; https://inquangcaothuonghieu.com"
112.213.89.164 - - [17/Jun/2026:19:56:46 +0700] "HEAD /wp-content/uploads/2022/03/24h-300x137-1.jpg HTTP/1.1" 200 0 "-" "WordPress/7.0; https://inquangcaothuonghieu.com"
112.213.89.164 - - [17/Jun/2026:19:56:46 +0700] "HEAD /san-pham/in-bat-hiflex/ HTTP/1.1" 200 0 "-" "WordPress/7.0; https://inquangcaothuonghieu.com"
112.213.89.164 - - [17/Jun/2026:19:56:47 +0700] "HEAD /in-quang-cao-gia-re/ HTTP/1.1" 301 0 "-" "WordPress/7.0; https://inquangcaothuonghieu.com"
112.213.89.164 - - [17/Jun/2026:19:56:48 +0700] "HEAD /wp-content/uploads/2022/03/eva-300x131-1.jpg HTTP/1.1" 200 0 "-" "WordPress/7.0; https://inquangcaothuonghieu.com"
112.213.89.164 - - [17/Jun/2026:19:56:48 +0700] "HEAD /san-pham/in-standee/ HTTP/1.1" 200 0 "-" "WordPress/7.0; https://inquangcaothuonghieu.com"
112.213.89.164 - - [17/Jun/2026:19:56:49 +0700] "HEAD /san-pham/in-an-quang-cao/ HTTP/1.1" 200 0 "-" "WordPress/7.0; https://inquangcaothuonghieu.com"
112.213.89.164 - - [17/Jun/2026:19:56:50 +0700] "HEAD /gioi-thieu-in-quang-cao-thuong-hieu/ HTTP/1.1" 404 0 "-" "WordPress/7.0; https://inquangcaothuonghieu.com"
112.213.89.164 - - [17/Jun/2026:19:56:51 +0700] "HEAD /wp-content/uploads/2022/03/phapluat-300x125-1.jpg HTTP/1.1" 200 0 "-" "WordPress/7.0; https://inquangcaothuonghieu.com"
112.213.89.164 - - [17/Jun/2026:19:56:51 +0700] "HEAD /in-backlit-film-trong-nha/ HTTP/1.1" 301 0 "-" "WordPress/7.0; https://inquangcaothuonghieu.com"
112.213.89.164 - - [17/Jun/2026:19:56:52 +0700] "HEAD /wp-content/uploads/2022/03/baobinhdinh-300x118-1.jpg HTTP/1.1" 200 0 "-" "WordPress/7.0; https://inquangcaothuonghieu.com"
112.213.89.164 - - [17/Jun/2026:19:56:52 +0700] "HEAD /in-background/ HTTP/1.1" 301 0 "-" "WordPress/7.0; https://inquangcaothuonghieu.com"
112.213.89.164 - - [17/Jun/2026:19:56:53 +0700] "HEAD /wp-content/uploads/2022/03/raovat-300x111-1.jpg HTTP/1.1" 200 0 "-" "WordPress/7.0; https://inquangcaothuonghieu.com"
112.213.89.164 - - [17/Jun/2026:19:56:53 +0700] "HEAD /wp-content/uploads/2025/11/genkt-300x125-1.jpg HTTP/1.1" 200 0 "-" "WordPress/7.0; https://inquangcaothuonghieu.com"
112.213.89.164 - - [17/Jun/2026:19:56:54 +0700] "HEAD /wp-content/uploads/2025/11/cafeF-300x125-1.jpg HTTP/1.1" 200 0 "-" "WordPress/7.0; https://inquangcaothuonghieu.com"
112.213.89.164 - - [17/Jun/2026:19:56:54 +0700] "HEAD /wp-content/uploads/2025/11/phunu-300x125-1.jpg HTTP/1.1" 200 0 "-" "WordPress/7.0; https://inquangcaothuonghieu.com"
112.213.89.164 - - [17/Jun/2026:19:56:54 +0700] "HEAD /san-pham/in-uv/ HTTP/1.1" 200 0 "-" "WordPress/7.0; https://inquangcaothuonghieu.com"
112.213.89.164 - - [17/Jun/2026:19:56:55 +0700] "HEAD /wp-content/uploads/2025/11/thanhnienviet-300x125-1.jpg HTTP/1.1" 200 0 "-" "WordPress/7.0; https://inquangcaothuonghieu.com"
216.73.216.78 - - [17/Jun/2026:19:57:04 +0700] "GET /san-pham/xuong-in-hiflex-gan-day/feed/ HTTP/2" 200 505 "-" "Mozilla/5.0 AppleWebKit/537.36 (KHTML, like Gecko; compatible; ClaudeBot/1.0; +claudebot@anthropic.com)"
216.73.216.78 - - [17/Jun/2026:19:57:06 +0700] "GET /san-pham/in-uv-decal-gia-bao-nhieu/feed/ HTTP/2" 200 505 "-" "Mozilla/5.0 AppleWebKit/537.36 (KHTML, like Gecko; compatible; ClaudeBot/1.0; +claudebot@anthropic.com)"
66.249.71.129 - - [17/Jun/2026:19:57:09 +0700] "GET /san-pham/in-decal-tem-nhan-gia-re/ HTTP/1.1" 200 45951 "-" "Mozilla/5.0 (Linux; Android 6.0.1; Nexus 5X Build/MMB29P) AppleWebKit/537.36 (KHTML, like Gecko) Chrome/148.0.7778.96 Mobile Safari/537.36 (compatible; Googlebot/2.1; +http://www.google.com/bot.html)"
216.73.216.78 - - [17/Jun/2026:19:57:10 +0700] "GET /san-pham/in-uv-alu-theo-yeu-cau/feed/ HTTP/2" 200 502 "-" "Mozilla/5.0 AppleWebKit/537.36 (KHTML, like Gecko; compatible; ClaudeBot/1.0; +claudebot@anthropic.com)"
66.249.74.74 - - [17/Jun/2026:19:57:11 +0700] "GET /san-pham/gia-in-uv-tren-formex/ HTTP/1.1" 200 45969 "-" "Mozilla/5.0 (Linux; Android 6.0.1; Nexus 5X Build/MMB29P) AppleWebKit/537.36 (KHTML, like Gecko) Chrome/148.0.7778.96 Mobile Safari/537.36 (compatible; Googlebot/2.1; +http://www.google.com/bot.html)"
216.73.216.78 - - [17/Jun/2026:19:57:13 +0700] "GET /san-pham/bao-gia-in-to-roi-a3-2/feed/ HTTP/2" 200 504 "-" "Mozilla/5.0 AppleWebKit/537.36 (KHTML, like Gecko; compatible; ClaudeBot/1.0; +claudebot@anthropic.com)"
216.73.216.78 - - [17/Jun/2026:19:57:16 +0700] "GET /san-pham/in-folder-bia-kep-ho-so-gia-re/whatsapp:/send HTTP/2" 404 38522 "-" "Mozilla/5.0 AppleWebKit/537.36 (KHTML, like Gecko; compatible; ClaudeBot/1.0; +claudebot@anthropic.com)"
216.73.216.78 - - [17/Jun/2026:19:57:19 +0700] "GET /san-pham/in-chuyen-nhiet-ao-thun-2/feed/ HTTP/2" 200 503 "-" "Mozilla/5.0 AppleWebKit/537.36 (KHTML, like Gecko; compatible; ClaudeBot/1.0; +claudebot@anthropic.com)"
198.244.183.129 - - [17/Jun/2026:19:57:22 +0700] "GET /san-pham/in-tem-uv-noi-3d-2/ HTTP/2" 404 36885 "-" "Mozilla/5.0 (compatible; AhrefsBot/7.0; +http://ahrefs.com/robot/)"
216.73.216.78 - - [17/Jun/2026:19:57:25 +0700] "GET /san-pham/in-to-roi-quang-cao-5/feed/ HTTP/2" 200 495 "-" "Mozilla/5.0 AppleWebKit/537.36 (KHTML, like Gecko; compatible; ClaudeBot/1.0; +claudebot@anthropic.com)"
216.73.216.78 - - [17/Jun/2026:19:57:26 +0700] "GET /san-pham/in-tem-nhan-in-ky-thuat-so/sms:0906348765 HTTP/2" 404 36897 "-" "Mozilla/5.0 AppleWebKit/537.36 (KHTML, like Gecko; compatible; ClaudeBot/1.0; +claudebot@anthropic.com)"
83.99.206.142 - - [17/Jun/2026:19:57:44 +0700] "GET /tu-khoa-san-pham/in-uv-cuon-hcm/ HTTP/1.1" 200 39798 "-" "Mozilla/5.0 (X11; Linux x86_64) AppleWebKit/537.36 (KHTML, like Gecko; GeedoShopProductFinder) Chrome/142.0.0.0 Safari/537.36"
66.249.74.74 - - [17/Jun/2026:19:57:55 +0700] "GET /san-pham/in-so-nhay-so-luong-it/ HTTP/1.1" 200 46376 "-" "Mozilla/5.0 (compatible; Googlebot/2.1; +http://www.google.com/bot.html)"
66.249.71.137 - - [17/Jun/2026:19:57:59 +0700] "GET /san-pham/in-simili-ky-thuat-so/ HTTP/1.1" 200 45997 "-" "Mozilla/5.0 (Linux; Android 6.0.1; Nexus 5X Build/MMB29P) AppleWebKit/537.36 (KHTML, like Gecko) Chrome/148.0.7778.96 Mobile Safari/537.36 (compatible; Googlebot/2.1; +http://www.google.com/bot.html)"
83.99.206.61 - - [17/Jun/2026:19:58:04 +0700] "GET /san-pham/in-menu-cafe/ HTTP/1.1" 200 46388 "-" "Mozilla/5.0 (X11; Linux x86_64) AppleWebKit/537.36 (KHTML, like Gecko; GeedoShopProductFinder) Chrome/142.0.0.0 Safari/537.36"
66.249.74.73 - - [17/Jun/2026:19:58:06 +0700] "GET /san-pham/in-menu-dong-gay-lo-xo/ HTTP/1.1" 200 46646 "-" "Mozilla/5.0 (compatible; Googlebot/2.1; +http://www.google.com/bot.html)"
216.73.216.78 - - [17/Jun/2026:19:58:08 +0700] "GET /san-pham/gia-cong-inox-theo-yeu-cau/feed/ HTTP/2" 200 507 "-" "Mozilla/5.0 AppleWebKit/537.36 (KHTML, like Gecko; compatible; ClaudeBot/1.0; +claudebot@anthropic.com)"
216.73.216.78 - - [17/Jun/2026:19:58:10 +0700] "GET /san-pham/in-op-dien-thoai-theo-thiet-ke/feed/ HTTP/2" 200 523 "-" "Mozilla/5.0 AppleWebKit/537.36 (KHTML, like Gecko; compatible; ClaudeBot/1.0; +claudebot@anthropic.com)"
216.73.216.78 - - [17/Jun/2026:19:58:13 +0700] "GET /san-pham/in-bang-ron-bat-xuyen-den/sms:0906348765 HTTP/2" 404 36866 "-" "Mozilla/5.0 AppleWebKit/537.36 (KHTML, like Gecko; compatible; ClaudeBot/1.0; +claudebot@anthropic.com)"
216.73.216.78 - - [17/Jun/2026:19:58:16 +0700] "GET /san-pham/in-tranh-vai-theo-yeu-cau/feed/ HTTP/2" 200 504 "-" "Mozilla/5.0 AppleWebKit/537.36 (KHTML, like Gecko; compatible; ClaudeBot/1.0; +claudebot@anthropic.com)"
216.73.216.78 - - [17/Jun/2026:19:58:19 +0700] "GET /san-pham/in-uv-co-chong-nuoc-khong-2/sms:0906348765 HTTP/2" 404 36898 "-" "Mozilla/5.0 AppleWebKit/537.36 (KHTML, like Gecko; compatible; ClaudeBot/1.0; +claudebot@anthropic.com)"
216.73.216.78 - - [17/Jun/2026:19:58:22 +0700] "GET /san-pham/in-uv-co-phai-mau-khong/sms:0906348765 HTTP/2" 404 36889 "-" "Mozilla/5.0 AppleWebKit/537.36 (KHTML, like Gecko; compatible; ClaudeBot/1.0; +claudebot@anthropic.com)"
83.99.206.214 - - [17/Jun/2026:19:58:23 +0700] "GET /tu-khoa-san-pham/in-uv-bat-hoi-nghi/ HTTP/1.1" 200 39849 "-" "Mozilla/5.0 (X11; Linux x86_64) AppleWebKit/537.36 (KHTML, like Gecko; GeedoShopProductFinder) Chrome/142.0.0.0 Safari/537.36"
57.141.14.78 - - [17/Jun/2026:19:58:23 +0700] "GET /tu-khoa-san-pham/in-uv-dtf-hcm/ HTTP/2" 200 206705 "-" "meta-externalagent/1.1 (+https://developers.facebook.com/docs/sharing/webmasters/crawler)"
216.73.216.78 - - [17/Jun/2026:19:58:26 +0700] "GET /san-pham/in-uv-co-phai-mau-khong-2/sms:0906348765 HTTP/2" 404 36850 "-" "Mozilla/5.0 AppleWebKit/537.36 (KHTML, like Gecko; compatible; ClaudeBot/1.0; +claudebot@anthropic.com)"
216.73.216.78 - - [17/Jun/2026:19:58:29 +0700] "GET /san-pham/in-catalogue-tphcm-gia-re/sms:0906348765 HTTP/2" 404 36806 "-" "Mozilla/5.0 AppleWebKit/537.36 (KHTML, like Gecko; compatible; ClaudeBot/1.0; +claudebot@anthropic.com)"
216.73.216.78 - - [17/Jun/2026:19:58:32 +0700] "GET /san-pham/in-uv-hiflex-khong-dan-noi/sms:0906348765 HTTP/2" 404 36899 "-" "Mozilla/5.0 AppleWebKit/537.36 (KHTML, like Gecko; compatible; ClaudeBot/1.0; +claudebot@anthropic.com)"
57.141.14.85 - - [17/Jun/2026:19:58:39 +0700] "GET /product-sitemap5.xml HTTP/2" 200 273235 "-" "meta-externalagent/1.1 (+https://developers.facebook.com/docs/sharing/webmasters/crawler)"
83.99.206.61 - - [17/Jun/2026:19:58:43 +0700] "GET /san-pham/in-standee-gia-re-thu-duc/ HTTP/1.1" 200 45952 "-" "Mozilla/5.0 (X11; Linux x86_64) AppleWebKit/537.36 (KHTML, like Gecko; GeedoShopProductFinder) Chrome/142.0.0.0 Safari/537.36"
66.249.74.73 - - [17/Jun/2026:19:58:44 +0700] "GET /san-pham/in-decal-dan-macbook/ HTTP/1.1" 200 45904 "-" "Mozilla/5.0 (compatible; Googlebot/2.1; +http://www.google.com/bot.html)"
216.73.216.78 - - [17/Jun/2026:19:58:48 +0700] "GET /san-pham/xuong-in-uv-decal-uy-tin-tphcm/feed/ HTTP/2" 200 511 "-" "Mozilla/5.0 AppleWebKit/537.36 (KHTML, like Gecko; compatible; ClaudeBot/1.0; +claudebot@anthropic.com)"
216.73.216.78 - - [17/Jun/2026:19:58:50 +0700] "GET /san-pham/in-standee-hoi-cho-gia-re/sms:0906348765 HTTP/2" 404 36905 "-" "Mozilla/5.0 AppleWebKit/537.36 (KHTML, like Gecko; compatible; ClaudeBot/1.0; +claudebot@anthropic.com)"
216.73.216.78 - - [17/Jun/2026:19:58:52 +0700] "GET /san-pham/in-standee-hoi-thao-trong-nha/sms:0906348765 HTTP/2" 404 36845 "-" "Mozilla/5.0 AppleWebKit/537.36 (KHTML, like Gecko; compatible; ClaudeBot/1.0; +claudebot@anthropic.com)"
216.73.216.78 - - [17/Jun/2026:19:58:55 +0700] "GET /san-pham/in-tem-nhu-vang-gia-re/feed/ HTTP/2" 200 503 "-" "Mozilla/5.0 AppleWebKit/537.36 (KHTML, like Gecko; compatible; ClaudeBot/1.0; +claudebot@anthropic.com)"
216.73.216.78 - - [17/Jun/2026:19:58:58 +0700] "GET /san-pham/in-hiflex-gia-re-go-vap/sms:0906348765 HTTP/2" 404 36900 "-" "Mozilla/5.0 AppleWebKit/537.36 (KHTML, like Gecko; compatible; ClaudeBot/1.0; +claudebot@anthropic.com)"
66.249.74.74 - - [17/Jun/2026:19:59:00 +0700] "GET /san-pham/in-canvas-hcm/ HTTP/1.1" 200 46121 "-" "Mozilla/5.0 (Linux; Android 6.0.1; Nexus 5X Build/MMB29P) AppleWebKit/537.36 (KHTML, like Gecko) Chrome/148.0.7778.96 Mobile Safari/537.36 (compatible; Googlebot/2.1; +http://www.google.com/bot.html)"
216.73.216.78 - - [17/Jun/2026:19:59:01 +0700] "GET /san-pham/in-uv-co-chong-nuoc-khong-3/sms:0906348765 HTTP/2" 404 36874 "-" "Mozilla/5.0 AppleWebKit/537.36 (KHTML, like Gecko; compatible; ClaudeBot/1.0; +claudebot@anthropic.com)"
83.99.206.61 - - [17/Jun/2026:19:59:04 +0700] "GET /san-pham/bao-gia-in-dtf/ HTTP/1.1" 200 46077 "-" "Mozilla/5.0 (X11; Linux x86_64) AppleWebKit/537.36 (KHTML, like Gecko; GeedoShopProductFinder) Chrome/142.0.0.0 Safari/537.36"
216.73.216.78 - - [17/Jun/2026:19:59:05 +0700] "GET /san-pham/in-op-tai-nghe-gia-re/feed/ HTTP/2" 200 501 "-" "Mozilla/5.0 AppleWebKit/537.36 (KHTML, like Gecko; compatible; ClaudeBot/1.0; +claudebot@anthropic.com)"
216.73.216.78 - - [17/Jun/2026:19:59:07 +0700] "GET /san-pham/in-bang-ron-theo-yeu-cau-2/sms:0906348765 HTTP/2" 404 36840 "-" "Mozilla/5.0 AppleWebKit/537.36 (KHTML, like Gecko; compatible; ClaudeBot/1.0; +claudebot@anthropic.com)"
85.208.96.211 - - [17/Jun/2026:19:59:09 +0700] "GET /san-pham/in-decal-phan-quang/ HTTP/1.1" 200 52827 "-" "Mozilla/5.0 (compatible; SemrushBot/7~bl; +http://www.semrush.com/bot.html)"
216.73.216.78 - - [17/Jun/2026:19:59:10 +0700] "GET /san-pham/in-standee-tuyen-dung-quan-1/sms:0906348765 HTTP/2" 404 36889 "-" "Mozilla/5.0 AppleWebKit/537.36 (KHTML, like Gecko; compatible; ClaudeBot/1.0; +claudebot@anthropic.com)"
66.249.74.73 - - [17/Jun/2026:19:59:10 +0700] "GET /san-pham/in-standee-su-kien-nhanh/ HTTP/1.1" 200 46088 "-" "Mozilla/5.0 (compatible; Googlebot/2.1; +http://www.google.com/bot.html)"
57.141.14.73 - - [17/Jun/2026:19:59:12 +0700] "GET /san-pham/in-banner-gan-day-2/ HTTP/2" 200 238772 "-" "meta-externalagent/1.1 (+https://developers.facebook.com/docs/sharing/webmasters/crawler)"
216.73.216.78 - - [17/Jun/2026:19:59:13 +0700] "GET /san-pham/in-uv-decal-bao-lau-lay-duoc/sms:0906348765 HTTP/2" 404 36860 "-" "Mozilla/5.0 AppleWebKit/537.36 (KHTML, like Gecko; compatible; ClaudeBot/1.0; +claudebot@anthropic.com)"
66.249.74.73 - - [17/Jun/2026:19:59:22 +0700] "GET /san-pham/in-quang-cao-tphcm-2/ HTTP/1.1" 200 46053 "-" "Mozilla/5.0 (Linux; Android 6.0.1; Nexus 5X Build/MMB29P) AppleWebKit/537.36 (KHTML, like Gecko) Chrome/148.0.7778.96 Mobile Safari/537.36 (compatible; Googlebot/2.1; +http://www.google.com/bot.html)"
216.73.216.78 - - [17/Jun/2026:19:59:24 +0700] "GET /san-pham/in-uv-decal-gia-bao-nhieu/sms:0906348765 HTTP/2" 404 36874 "-" "Mozilla/5.0 AppleWebKit/537.36 (KHTML, like Gecko; compatible; ClaudeBot/1.0; +claudebot@anthropic.com)"
66.249.74.73 - - [17/Jun/2026:19:59:25 +0700] "GET /san-pham/in-hashtag-cam-tay-3/ HTTP/1.1" 200 45969 "-" "Mozilla/5.0 (compatible; Googlebot/2.1; +http://www.google.com/bot.html)"
83.99.206.213 - - [17/Jun/2026:19:59:25 +0700] "GET /san-pham/in-bang-ron-khai-truong/ HTTP/1.1" 200 46051 "-" "Mozilla/5.0 (X11; Linux x86_64) AppleWebKit/537.36 (KHTML, like Gecko; GeedoShopProductFinder) Chrome/142.0.0.0 Safari/537.36"
216.73.216.78 - - [17/Jun/2026:19:59:26 +0700] "GET /san-pham/bao-gia-in-to-roi-a3-2/sms:0906348765 HTTP/2" 404 36851 "-" "Mozilla/5.0 AppleWebKit/537.36 (KHTML, like Gecko; compatible; ClaudeBot/1.0; +claudebot@anthropic.com)"
216.73.216.78 - - [17/Jun/2026:19:59:29 +0700] "GET /san-pham/in-uv-alu-quang-cao/sms:0906348765 HTTP/2" 404 36885 "-" "Mozilla/5.0 AppleWebKit/537.36 (KHTML, like Gecko; compatible; ClaudeBot/1.0; +claudebot@anthropic.com)"
216.73.216.78 - - [17/Jun/2026:19:59:32 +0700] "GET /san-pham/in-tem-inox-ben-ngoai-troi/sms:0906348765 HTTP/2" 404 36888 "-" "Mozilla/5.0 AppleWebKit/537.36 (KHTML, like Gecko; compatible; ClaudeBot/1.0; +claudebot@anthropic.com)"
216.73.216.78 - - [17/Jun/2026:19:59:35 +0700] "GET /san-pham/in-op-airpods-theo-yeu-cau/feed/ HTTP/2" 200 506 "-" "Mozilla/5.0 AppleWebKit/537.36 (KHTML, like Gecko; compatible; ClaudeBot/1.0; +claudebot@anthropic.com)"
216.73.216.78 - - [17/Jun/2026:19:59:38 +0700] "GET /san-pham/in-standee-khai-truong-tan-phu/sms:0906348765 HTTP/2" 404 36905 "-" "Mozilla/5.0 AppleWebKit/537.36 (KHTML, like Gecko; compatible; ClaudeBot/1.0; +claudebot@anthropic.com)"
57.141.14.83 - - [17/Jun/2026:19:59:38 +0700] "GET /tu-khoa-san-pham/in-hilex/ HTTP/2" 200 208175 "-" "meta-externalagent/1.1 (+https://developers.facebook.com/docs/sharing/webmasters/crawler)"
66.249.74.73 - - [17/Jun/2026:19:59:42 +0700] "GET /san-pham/in-uv-cuon-3/ HTTP/1.1" 200 45926 "-" "Mozilla/5.0 (compatible; Googlebot/2.1; +http://www.google.com/bot.html)"
216.73.216.78 - - [17/Jun/2026:19:59:43 +0700] "GET /san-pham/in-uv-alu-theo-yeu-cau/sms:0906348765 HTTP/2" 404 36876 "-" "Mozilla/5.0 AppleWebKit/537.36 (KHTML, like Gecko; compatible; ClaudeBot/1.0; +claudebot@anthropic.com)"
216.73.216.78 - - [17/Jun/2026:19:59:45 +0700] "GET /san-pham/xuong-in-hiflex-gan-day/sms:0906348765 HTTP/2" 404 36857 "-" "Mozilla/5.0 AppleWebKit/537.36 (KHTML, like Gecko; compatible; ClaudeBot/1.0; +claudebot@anthropic.com)"
57.141.14.102 - - [17/Jun/2026:19:59:47 +0700] "GET /san-pham/in-uv-tren-kinh-3d/ HTTP/2" 200 238716 "-" "meta-externalagent/1.1 (+https://developers.facebook.com/docs/sharing/webmasters/crawler)"
216.73.216.78 - - [17/Jun/2026:19:59:48 +0700] "GET /san-pham/in-vali-in-thuong-hieu-cao-cap/sms:0906348765 HTTP/2" 404 36886 "-" "Mozilla/5.0 AppleWebKit/537.36 (KHTML, like Gecko; compatible; ClaudeBot/1.0; +claudebot@anthropic.com)"
216.73.216.78 - - [17/Jun/2026:19:59:51 +0700] "GET /san-pham/in-standee-theo-yeu-cau-nhanh/sms:0906348765 HTTP/2" 404 36900 "-" "Mozilla/5.0 AppleWebKit/537.36 (KHTML, like Gecko; compatible; ClaudeBot/1.0; +claudebot@anthropic.com)"
216.73.216.78 - - [17/Jun/2026:19:59:54 +0700] "GET /san-pham/in-vali-lam-qua-tang-khach-hang/feed/ HTTP/2" 200 520 "-" "Mozilla/5.0 AppleWebKit/537.36 (KHTML, like Gecko; compatible; ClaudeBot/1.0; +claudebot@anthropic.com)"
216.73.216.78 - - [17/Jun/2026:20:00:19 +0700] "GET /san-pham/xuong-in-hiflex-quang-cao/feed/ HTTP/2" 200 501 "-" "Mozilla/5.0 AppleWebKit/537.36 (KHTML, like Gecko; compatible; ClaudeBot/1.0; +claudebot@anthropic.com)"
216.73.216.78 - - [17/Jun/2026:20:00:22 +0700] "GET /san-pham/in-uv-bat-quang-cao-go-vap/sms:0906348765 HTTP/2" 404 36876 "-" "Mozilla/5.0 AppleWebKit/537.36 (KHTML, like Gecko; compatible; ClaudeBot/1.0; +claudebot@anthropic.com)"
57.141.14.96 - - [17/Jun/2026:20:00:23 +0700] "GET /san-pham/in-catalogue-tron-goi/ HTTP/2" 200 238385 "-" "meta-externalagent/1.1 (+https://developers.facebook.com/docs/sharing/webmasters/crawler)"
216.73.216.78 - - [17/Jun/2026:20:00:25 +0700] "GET /san-pham/in-standee-hoi-thao-ngoai-troi/sms:0906348765 HTTP/2" 404 36867 "-" "Mozilla/5.0 AppleWebKit/537.36 (KHTML, like Gecko; compatible; ClaudeBot/1.0; +claudebot@anthropic.com)"
216.73.216.78 - - [17/Jun/2026:20:00:28 +0700] "GET /san-pham/in-tem-kim-loai-gia-re/sms:0906348765 HTTP/2" 404 36880 "-" "Mozilla/5.0 AppleWebKit/537.36 (KHTML, like Gecko; compatible; ClaudeBot/1.0; +claudebot@anthropic.com)"
54.37.23.159 - - [17/Jun/2026:20:00:30 +0700] "GET /wp-content/uploads/2022/03/THE-GIOI-IN-AN-Cong-ty-in-an-TP-HCM-in-gia-re-in-an-gia-re.png HTTP/1.1" 200 28150 "-" "python-urllib3/1.26.9"
54.37.23.159 - - [17/Jun/2026:20:00:31 +0700] "GET /wp-content/uploads/2022/03/The_gioi_in_an_20190809172812477dm_menu_v2.png HTTP/1.1" 200 82774 "-" "python-urllib3/1.26.9"
216.73.216.78 - - [17/Jun/2026:20:00:31 +0700] "GET /san-pham/in-standee-khai-truong-quan-1/sms:0906348765 HTTP/2" 404 36887 "-" "Mozilla/5.0 AppleWebKit/537.36 (KHTML, like Gecko; compatible; ClaudeBot/1.0; +claudebot@anthropic.com)"
216.73.216.78 - - [17/Jun/2026:20:00:34 +0700] "GET /san-pham/in-tem-nhan-hinh-chu-nhat/sms:0906348765 HTTP/2" 404 36871 "-" "Mozilla/5.0 AppleWebKit/537.36 (KHTML, like Gecko; compatible; ClaudeBot/1.0; +claudebot@anthropic.com)"
216.73.216.78 - - [17/Jun/2026:20:00:38 +0700] "GET /san-pham/in-phu-kien-may-tinh-theo-yeu-cau/feed/ HTTP/2" 200 526 "-" "Mozilla/5.0 AppleWebKit/537.36 (KHTML, like Gecko; compatible; ClaudeBot/1.0; +claudebot@anthropic.com)"
