83.99.206.91 - - [17/Jun/2026:22:00:12 +0700] "GET /tu-khoa-san-pham/bien-quang-cao-in-an/ HTTP/1.1" 200 39850 "-" "Mozilla/5.0 (X11; Linux x86_64) AppleWebKit/537.36 (KHTML, like Gecko; GeedoShopProductFinder) Chrome/142.0.0.0 Safari/537.36"
57.141.14.52 - - [17/Jun/2026:22:00:10 +0700] "GET /san-pham/in-uv-hiflex-5m-o-tphcm/ HTTP/2" 200 239536 "-" "meta-externalagent/1.1 (+https://developers.facebook.com/docs/sharing/webmasters/crawler)"
57.141.14.94 - - [17/Jun/2026:22:00:12 +0700] "GET /san-pham/in-co-ky-thuat-so/ HTTP/2" 200 241104 "-" "meta-externalagent/1.1 (+https://developers.facebook.com/docs/sharing/webmasters/crawler)"
216.73.216.78 - - [17/Jun/2026:22:00:14 +0700] "GET /san-pham/in-bat-quang-cao-thu-duc/ HTTP/2" 200 45877 "https://inquangcaothuonghieu.com/?p=9414" "Mozilla/5.0 AppleWebKit/537.36 (KHTML, like Gecko; compatible; ClaudeBot/1.0; +claudebot@anthropic.com)"
216.73.216.78 - - [17/Jun/2026:22:00:18 +0700] "GET /?p=5412 HTTP/2" 301 0 "-" "Mozilla/5.0 AppleWebKit/537.36 (KHTML, like Gecko; compatible; ClaudeBot/1.0; +claudebot@anthropic.com)"
216.73.216.78 - - [17/Jun/2026:22:00:19 +0700] "GET /san-pham/in-bat-mung-tho/ HTTP/2" 200 45891 "https://inquangcaothuonghieu.com/?p=5412" "Mozilla/5.0 AppleWebKit/537.36 (KHTML, like Gecko; compatible; ClaudeBot/1.0; +claudebot@anthropic.com)"
83.99.206.14 - - [17/Jun/2026:22:00:31 +0700] "GET /san-pham/in-tag-boutique/ HTTP/1.1" 200 46012 "-" "Mozilla/5.0 (X11; Linux x86_64) AppleWebKit/537.36 (KHTML, like Gecko; GeedoShopProductFinder) Chrome/142.0.0.0 Safari/537.36"
57.141.14.86 - - [17/Jun/2026:22:00:39 +0700] "GET /san-pham/in-standee-hoi-thao-nhanh/ HTTP/2" 200 239257 "-" "meta-externalagent/1.1 (+https://developers.facebook.com/docs/sharing/webmasters/crawler)"
52.167.144.138 - - [17/Jun/2026:22:00:40 +0700] "GET /la-fiabilite-de-mostbet-casino-ce-que-disent-les-statistiques/ HTTP/2" 200 44427 "-" "Mozilla/5.0 AppleWebKit/537.36 (KHTML, like Gecko; compatible; bingbot/2.0; +http://www.bing.com/bingbot.htm) Chrome/116.0.1938.76 Safari/537.36"
57.141.14.94 - - [17/Jun/2026:22:00:46 +0700] "GET /tu-khoa-san-pham/bang-gia-in-formex/ HTTP/2" 200 206826 "-" "meta-externalagent/1.1 (+https://developers.facebook.com/docs/sharing/webmasters/crawler)"
216.73.216.78 - - [17/Jun/2026:22:00:47 +0700] "GET /san-pham/in-bat-salon-toc/ HTTP/2" 200 45856 "-" "Mozilla/5.0 AppleWebKit/537.36 (KHTML, like Gecko; compatible; ClaudeBot/1.0; +claudebot@anthropic.com)"
216.73.216.78 - - [17/Jun/2026:22:00:50 +0700] "GET /san-pham/in-pp-su-kien/ HTTP/2" 200 45779 "-" "Mozilla/5.0 AppleWebKit/537.36 (KHTML, like Gecko; compatible; ClaudeBot/1.0; +claudebot@anthropic.com)"
83.99.206.14 - - [17/Jun/2026:22:00:51 +0700] "GET /san-pham/in-standee-theo-yeu-cau-cao-cap/ HTTP/1.1" 200 46010 "-" "Mozilla/5.0 (X11; Linux x86_64) AppleWebKit/537.36 (KHTML, like Gecko; GeedoShopProductFinder) Chrome/142.0.0.0 Safari/537.36"
216.73.216.78 - - [17/Jun/2026:22:00:54 +0700] "GET /san-pham/in-pp-standee-2/feed/ HTTP/2" 200 481 "-" "Mozilla/5.0 AppleWebKit/537.36 (KHTML, like Gecko; compatible; ClaudeBot/1.0; +claudebot@anthropic.com)"
216.73.216.78 - - [17/Jun/2026:22:00:56 +0700] "GET /san-pham/in-bat-spa/feed/ HTTP/2" 200 484 "-" "Mozilla/5.0 AppleWebKit/537.36 (KHTML, like Gecko; compatible; ClaudeBot/1.0; +claudebot@anthropic.com)"
216.73.216.78 - - [17/Jun/2026:22:00:58 +0700] "GET /?p=5450 HTTP/2" 301 0 "-" "Mozilla/5.0 AppleWebKit/537.36 (KHTML, like Gecko; compatible; ClaudeBot/1.0; +claudebot@anthropic.com)"
216.73.216.78 - - [17/Jun/2026:22:00:59 +0700] "GET /san-pham/in-bat-quang-cao-gan-day-2/ HTTP/2" 200 45983 "https://inquangcaothuonghieu.com/?p=5450" "Mozilla/5.0 AppleWebKit/537.36 (KHTML, like Gecko; compatible; ClaudeBot/1.0; +claudebot@anthropic.com)"
213.188.95.174 - admin [17/Jun/2026:22:01:01 +0700] "POST /wp-json/wp/v2/posts HTTP/1.1" 201 9656 "-" "Mozilla/5.0 (Macintosh; Intel Mac OS X 10_15_7) AppleWebKit/537.36 (KHTML, like Gecko) Chrome/142.0.0.0 Safari/537.36"
51.89.167.163 - - [17/Jun/2026:22:01:02 +0700] "GET /san-pham/in-gift-card/ HTTP/1.1" 200 45756 "-" "Mozilla/5.0 (Windows NT 10.0; Win64; x64) AppleWebKit/537.36 (KHTML, like Gecko) Chrome/139.0.0.0 Safari/537.36"
57.129.81.153 - - [17/Jun/2026:22:01:04 +0700] "GET /san-pham/in-voucher-20x10cm/ HTTP/1.1" 200 45709 "-" "Mozilla/5.0 (Windows NT 10.0; Win64; x64) AppleWebKit/537.36 (KHTML, like Gecko) Chrome/139.0.0.0 Safari/537.36"
178.171.16.252 - admin [17/Jun/2026:22:01:05 +0700] "GET /wp-json/wp/v2/posts/14365?context=edit HTTP/1.1" 200 9656 "-" "Mozilla/5.0 (Macintosh; Intel Mac OS X 10_15_7) AppleWebKit/537.36 (KHTML, like Gecko) Chrome/142.0.0.0 Safari/537.36"
57.141.14.52 - - [17/Jun/2026:22:01:07 +0700] "GET /san-pham/in-uv-alu-xuoc-vang/ HTTP/2" 200 238724 "-" "meta-externalagent/1.1 (+https://developers.facebook.com/docs/sharing/webmasters/crawler)"
141.95.54.132 - - [17/Jun/2026:22:01:10 +0700] "GET /san-pham/in-voucher-gia-tot/ HTTP/1.1" 200 46019 "-" "Mozilla/5.0 (Windows NT 10.0; Win64; x64) AppleWebKit/537.36 (KHTML, like Gecko) Chrome/139.0.0.0 Safari/537.36"
198.244.240.248 - - [17/Jun/2026:22:01:12 +0700] "GET /tu-khoa-san-pham/in-bien-quang-cao-dep/feed/ HTTP/2" 200 981 "-" "Mozilla/5.0 (compatible; AhrefsBot/7.0; +http://ahrefs.com/robot/)"
83.99.206.14 - - [17/Jun/2026:22:01:12 +0700] "GET /san-pham/dich-vu-in-tem-nhan/ HTTP/1.1" 200 46110 "-" "Mozilla/5.0 (X11; Linux x86_64) AppleWebKit/537.36 (KHTML, like Gecko; GeedoShopProductFinder) Chrome/142.0.0.0 Safari/537.36"
57.141.14.52 - - [17/Jun/2026:22:01:36 +0700] "GET /tu-khoa-san-pham/in-poster-gia-bao-nhieu/ HTTP/2" 200 206955 "-" "meta-externalagent/1.1 (+https://developers.facebook.com/docs/sharing/webmasters/crawler)"
57.141.14.20 - - [17/Jun/2026:22:01:46 +0700] "GET /tu-khoa-san-pham/in-bang-trao-giai-thuong-tai-ha-noi/ HTTP/2" 200 207346 "-" "meta-externalagent/1.1 (+https://developers.facebook.com/docs/sharing/webmasters/crawler)"
114.119.139.207 - - [17/Jun/2026:22:01:47 +0700] "GET /san-pham/in-bat-xam/ HTTP/1.1" 200 45789 "https://inquangcaothuonghieu.com/san-pham/in-bat-xam/" "Mozilla/5.0 (Linux; Android 7.0;) AppleWebKit/537.36 (HTML, like Gecko) Mobile Safari/537.36 (compatible; PetalBot;+https://webmaster.petalsearch.com/site/petalbot)"
57.141.14.94 - - [17/Jun/2026:22:01:52 +0700] "GET /san-pham/in-decal-menu-quan-an/ HTTP/2" 200 238748 "-" "meta-externalagent/1.1 (+https://developers.facebook.com/docs/sharing/webmasters/crawler)"
216.73.216.78 - - [17/Jun/2026:22:02:07 +0700] "GET /san-pham/in-pp-quan-7/ HTTP/2" 200 45913 "-" "Mozilla/5.0 AppleWebKit/537.36 (KHTML, like Gecko; compatible; ClaudeBot/1.0; +claudebot@anthropic.com)"
66.249.74.73 - - [17/Jun/2026:22:02:08 +0700] "GET /san-pham/in-hiflex-gia-re-go-vap/ HTTP/1.1" 200 45993 "-" "Mozilla/5.0 (Linux; Android 6.0.1; Nexus 5X Build/MMB29P) AppleWebKit/537.36 (KHTML, like Gecko) Chrome/148.0.7778.96 Mobile Safari/537.36 (compatible; Googlebot/2.1; +http://www.google.com/bot.html)"
57.141.14.94 - - [17/Jun/2026:22:02:08 +0700] "GET /san-pham/co-so-in-tem-nhan-2/ HTTP/2" 200 240300 "-" "meta-externalagent/1.1 (+https://developers.facebook.com/docs/sharing/webmasters/crawler)"
216.73.216.78 - - [17/Jun/2026:22:02:09 +0700] "GET /san-pham/in-pp-dan-tuong/ HTTP/2" 200 45895 "-" "Mozilla/5.0 AppleWebKit/537.36 (KHTML, like Gecko; compatible; ClaudeBot/1.0; +claudebot@anthropic.com)"
216.73.216.78 - - [17/Jun/2026:22:02:13 +0700] "GET /san-pham/in-pp-can-mo-2/feed/ HTTP/2" 200 489 "-" "Mozilla/5.0 AppleWebKit/537.36 (KHTML, like Gecko; compatible; ClaudeBot/1.0; +claudebot@anthropic.com)"
216.73.216.78 - - [17/Jun/2026:22:02:15 +0700] "GET /san-pham/in-bat-sieu-toc/feed/ HTTP/2" 200 494 "-" "Mozilla/5.0 AppleWebKit/537.36 (KHTML, like Gecko; compatible; ClaudeBot/1.0; +claudebot@anthropic.com)"
216.73.216.78 - - [17/Jun/2026:22:02:17 +0700] "GET /san-pham/in-bat-showroom/ HTTP/2" 200 46107 "-" "Mozilla/5.0 AppleWebKit/537.36 (KHTML, like Gecko; compatible; ClaudeBot/1.0; +claudebot@anthropic.com)"
216.73.216.78 - - [17/Jun/2026:22:02:30 +0700] "GET /san-pham/in-pp-ko-keo/feed/ HTTP/2" 200 482 "-" "Mozilla/5.0 AppleWebKit/537.36 (KHTML, like Gecko; compatible; ClaudeBot/1.0; +claudebot@anthropic.com)"
216.73.216.78 - - [17/Jun/2026:22:02:31 +0700] "GET /san-pham/in-pp-lay-lien-tphcm/feed/ HTTP/2" 200 498 "-" "Mozilla/5.0 AppleWebKit/537.36 (KHTML, like Gecko; compatible; ClaudeBot/1.0; +claudebot@anthropic.com)"
216.73.216.78 - - [17/Jun/2026:22:02:33 +0700] "GET /san-pham/in-pp-dan-van-phong/feed/ HTTP/2" 200 496 "-" "Mozilla/5.0 AppleWebKit/537.36 (KHTML, like Gecko; compatible; ClaudeBot/1.0; +claudebot@anthropic.com)"
216.73.216.78 - - [17/Jun/2026:22:02:35 +0700] "GET /san-pham/in-pp-muc-dau/feed/ HTTP/2" 200 487 "-" "Mozilla/5.0 AppleWebKit/537.36 (KHTML, like Gecko; compatible; ClaudeBot/1.0; +claudebot@anthropic.com)"
57.141.14.30 - - [17/Jun/2026:22:02:35 +0700] "GET /tu-khoa-san-pham/in-decal-trong-gia-re/ HTTP/2" 200 206904 "-" "meta-externalagent/1.1 (+https://developers.facebook.com/docs/sharing/webmasters/crawler)"
216.73.216.78 - - [17/Jun/2026:22:02:37 +0700] "GET /san-pham/in-pp-la-gi-2/feed/ HTTP/2" 200 487 "-" "Mozilla/5.0 AppleWebKit/537.36 (KHTML, like Gecko; compatible; ClaudeBot/1.0; +claudebot@anthropic.com)"
57.141.14.94 - - [17/Jun/2026:22:02:37 +0700] "GET /tu-khoa-san-pham/in-banner-5m-khong-noi/ HTTP/2" 200 206995 "-" "meta-externalagent/1.1 (+https://developers.facebook.com/docs/sharing/webmasters/crawler)"
216.73.216.78 - - [17/Jun/2026:22:02:45 +0700] "GET /san-pham/in-bat-nha-hang/ HTTP/2" 200 45958 "-" "Mozilla/5.0 AppleWebKit/537.36 (KHTML, like Gecko; compatible; ClaudeBot/1.0; +claudebot@anthropic.com)"
216.73.216.78 - - [17/Jun/2026:22:02:47 +0700] "GET /san-pham/in-bat-tan-phu/feed/ HTTP/2" 200 489 "-" "Mozilla/5.0 AppleWebKit/537.36 (KHTML, like Gecko; compatible; ClaudeBot/1.0; +claudebot@anthropic.com)"
216.73.216.78 - - [17/Jun/2026:22:02:49 +0700] "GET /san-pham/in-pp-gan-day/feed/ HTTP/2" 200 491 "-" "Mozilla/5.0 AppleWebKit/537.36 (KHTML, like Gecko; compatible; ClaudeBot/1.0; +claudebot@anthropic.com)"
51.68.236.94 - - [17/Jun/2026:22:02:49 +0700] "GET /robots.txt HTTP/1.1" 200 208 "-" "Mozilla/5.0 (compatible; MJ12bot/v2.0.5; http://mj12bot.com/)"
51.68.236.94 - - [17/Jun/2026:22:02:51 +0700] "GET / HTTP/1.1" 200 67428 "-" "Mozilla/5.0 (compatible; MJ12bot/v2.0.5; http://mj12bot.com/)"
216.73.216.78 - - [17/Jun/2026:22:02:51 +0700] "GET /san-pham/in-bat-sinh-nhat/feed/ HTTP/2" 200 490 "-" "Mozilla/5.0 AppleWebKit/537.36 (KHTML, like Gecko; compatible; ClaudeBot/1.0; +claudebot@anthropic.com)"
216.73.216.78 - - [17/Jun/2026:22:02:53 +0700] "GET /san-pham/in-banner-decal/feed/ HTTP/2" 200 483 "-" "Mozilla/5.0 AppleWebKit/537.36 (KHTML, like Gecko; compatible; ClaudeBot/1.0; +claudebot@anthropic.com)"
216.73.216.78 - - [17/Jun/2026:22:03:11 +0700] "GET /san-pham/in-pp-standee-2/sms:0906348765 HTTP/2" 404 36913 "-" "Mozilla/5.0 AppleWebKit/537.36 (KHTML, like Gecko; compatible; ClaudeBot/1.0; +claudebot@anthropic.com)"
216.73.216.78 - - [17/Jun/2026:22:03:14 +0700] "GET /san-pham/in-bat-quan-cafe/feed/ HTTP/2" 200 493 "-" "Mozilla/5.0 AppleWebKit/537.36 (KHTML, like Gecko; compatible; ClaudeBot/1.0; +claudebot@anthropic.com)"
216.73.216.78 - - [17/Jun/2026:22:03:16 +0700] "GET /san-pham/in-bat-my-pham/feed/ HTTP/2" 200 492 "-" "Mozilla/5.0 AppleWebKit/537.36 (KHTML, like Gecko; compatible; ClaudeBot/1.0; +claudebot@anthropic.com)"
216.73.216.78 - - [17/Jun/2026:22:03:17 +0700] "GET /san-pham/in-bat-sieu-thi/feed/ HTTP/2" 200 494 "-" "Mozilla/5.0 AppleWebKit/537.36 (KHTML, like Gecko; compatible; ClaudeBot/1.0; +claudebot@anthropic.com)"
216.73.216.78 - - [17/Jun/2026:22:03:19 +0700] "GET /san-pham/in-pp-dan-cua-hang/ HTTP/2" 200 45755 "-" "Mozilla/5.0 AppleWebKit/537.36 (KHTML, like Gecko; compatible; ClaudeBot/1.0; +claudebot@anthropic.com)"
216.73.216.78 - - [17/Jun/2026:22:03:25 +0700] "GET /san-pham/in-bat-sieu-toc/sms:0906348765 HTTP/2" 404 36889 "-" "Mozilla/5.0 AppleWebKit/537.36 (KHTML, like Gecko; compatible; ClaudeBot/1.0; +claudebot@anthropic.com)"
66.249.74.75 - - [17/Jun/2026:22:03:25 +0700] "GET /san-pham/in-standee-su-kien-ngoai-troi/ HTTP/1.1" 200 46006 "-" "Mozilla/5.0 (compatible; Googlebot/2.1; +http://www.google.com/bot.html)"
216.73.216.78 - - [17/Jun/2026:22:03:27 +0700] "GET /san-pham/in-pp-gia-re-3/feed/ HTTP/2" 200 487 "-" "Mozilla/5.0 AppleWebKit/537.36 (KHTML, like Gecko; compatible; ClaudeBot/1.0; +claudebot@anthropic.com)"
216.73.216.78 - - [17/Jun/2026:22:03:29 +0700] "GET /san-pham/in-pp-gia-si/feed/ HTTP/2" 200 486 "-" "Mozilla/5.0 AppleWebKit/537.36 (KHTML, like Gecko; compatible; ClaudeBot/1.0; +claudebot@anthropic.com)"
216.73.216.78 - - [17/Jun/2026:22:03:30 +0700] "GET /san-pham/in-pp-co-keo-2/feed/ HTTP/2" 200 486 "-" "Mozilla/5.0 AppleWebKit/537.36 (KHTML, like Gecko; compatible; ClaudeBot/1.0; +claudebot@anthropic.com)"
216.73.216.78 - - [17/Jun/2026:22:03:32 +0700] "GET /san-pham/in-bat-spa/sms:0906348765 HTTP/2" 404 36860 "-" "Mozilla/5.0 AppleWebKit/537.36 (KHTML, like Gecko; compatible; ClaudeBot/1.0; +claudebot@anthropic.com)"
52.167.144.138 - - [17/Jun/2026:22:03:33 +0700] "GET /san-pham/in-card-cam-on-theo-yeu-cau/ HTTP/2" 200 45942 "-" "Mozilla/5.0 AppleWebKit/537.36 (KHTML, like Gecko; compatible; bingbot/2.0; +http://www.bing.com/bingbot.htm) Chrome/116.0.1938.76 Safari/537.36"
83.99.206.247 - - [17/Jun/2026:22:03:35 +0700] "GET /san-pham/in-bat-gan-day/ HTTP/1.1" 200 45882 "-" "Mozilla/5.0 (X11; Linux x86_64) AppleWebKit/537.36 (KHTML, like Gecko; GeedoShopProductFinder) Chrome/142.0.0.0 Safari/537.36"
57.141.14.73 - - [17/Jun/2026:22:03:52 +0700] "GET /san-pham/in-uv-gia-cong/ HTTP/2" 200 237998 "-" "meta-externalagent/1.1 (+https://developers.facebook.com/docs/sharing/webmasters/crawler)"
83.99.206.247 - - [17/Jun/2026:22:03:58 +0700] "GET /tu-khoa-san-pham/decal-uv-dtf/ HTTP/1.1" 200 39686 "-" "Mozilla/5.0 (X11; Linux x86_64) AppleWebKit/537.36 (KHTML, like Gecko; GeedoShopProductFinder) Chrome/142.0.0.0 Safari/537.36"
57.141.14.32 - - [17/Jun/2026:22:04:02 +0700] "GET /tu-khoa-san-pham/in-standee-tphcm-tphcm/ HTTP/2" 200 206920 "-" "meta-externalagent/1.1 (+https://developers.facebook.com/docs/sharing/webmasters/crawler)"
66.249.74.74 - - [17/Jun/2026:22:04:06 +0700] "GET /san-pham/in-mau-backdrop-dep/ HTTP/1.1" 200 46140 "-" "Mozilla/5.0 (compatible; Googlebot/2.1; +http://www.google.com/bot.html)"
57.141.14.61 - - [17/Jun/2026:22:04:06 +0700] "GET /san-pham/in-uv-kinh-hoa-van/ HTTP/2" 200 238607 "-" "meta-externalagent/1.1 (+https://developers.facebook.com/docs/sharing/webmasters/crawler)"
57.141.14.3 - - [17/Jun/2026:22:04:11 +0700] "GET /san-pham/in-decal-hologram/ HTTP/2" 200 238631 "-" "meta-externalagent/1.1 (+https://developers.facebook.com/docs/sharing/webmasters/crawler)"
57.141.14.73 - - [17/Jun/2026:22:04:13 +0700] "GET /tu-khoa-san-pham/dich-vu-in-uv-decal-chuyen-nghiep/ HTTP/2" 200 207312 "-" "meta-externalagent/1.1 (+https://developers.facebook.com/docs/sharing/webmasters/crawler)"
83.99.206.247 - - [17/Jun/2026:22:04:13 +0700] "GET /san-pham/bao-gia-in-poster-tan-phu/ HTTP/1.1" 200 45929 "-" "Mozilla/5.0 (X11; Linux x86_64) AppleWebKit/537.36 (KHTML, like Gecko; GeedoShopProductFinder) Chrome/142.0.0.0 Safari/537.36"
52.167.144.193 - - [17/Jun/2026:22:04:14 +0700] "GET /tu-khoa-san-pham/gia-in-decal-a4/ HTTP/2" 200 39946 "-" "Mozilla/5.0 AppleWebKit/537.36 (KHTML, like Gecko; compatible; bingbot/2.0; +http://www.bing.com/bingbot.htm) Chrome/116.0.1938.76 Safari/537.36"
66.249.74.73 - - [17/Jun/2026:22:04:21 +0700] "GET /san-pham/in-standee-hoi-thao-tphcm/ HTTP/1.1" 200 45957 "-" "Mozilla/5.0 (Linux; Android 6.0.1; Nexus 5X Build/MMB29P) AppleWebKit/537.36 (KHTML, like Gecko) Chrome/148.0.7778.96 Mobile Safari/537.36 (compatible; Googlebot/2.1; +http://www.google.com/bot.html)"
66.249.74.73 - - [17/Jun/2026:22:04:32 +0700] "GET /san-pham/in-mac-vai-quan-ao-tphcm/ HTTP/1.1" 200 46061 "-" "Mozilla/5.0 (Linux; Android 6.0.1; Nexus 5X Build/MMB29P) AppleWebKit/537.36 (KHTML, like Gecko) Chrome/148.0.7778.96 Mobile Safari/537.36 (compatible; Googlebot/2.1; +http://www.google.com/bot.html)"
83.99.206.247 - - [17/Jun/2026:22:04:35 +0700] "GET /san-pham/in-the-cao-gia-re-2/ HTTP/1.1" 200 46250 "-" "Mozilla/5.0 (X11; Linux x86_64) AppleWebKit/537.36 (KHTML, like Gecko; GeedoShopProductFinder) Chrome/142.0.0.0 Safari/537.36"
66.249.71.137 - - [17/Jun/2026:22:04:49 +0700] "GET /san-pham/in-standee-hcm-binh-thanh/ HTTP/1.1" 200 46141 "-" "Mozilla/5.0 (Linux; Android 6.0.1; Nexus 5X Build/MMB29P) AppleWebKit/537.36 (KHTML, like Gecko) Chrome/148.0.7778.96 Mobile Safari/537.36 (compatible; Googlebot/2.1; +http://www.google.com/bot.html)"
51.195.215.237 - - [17/Jun/2026:22:04:50 +0700] "GET /san-pham/in-mica-bang-hieu-2/feed/ HTTP/2" 200 496 "-" "Mozilla/5.0 (compatible; AhrefsBot/7.0; +http://ahrefs.com/robot/)"
216.73.216.78 - - [17/Jun/2026:22:04:51 +0700] "GET /san-pham/in-pp-muc-dau/sms:0906348765 HTTP/2" 404 36846 "-" "Mozilla/5.0 AppleWebKit/537.36 (KHTML, like Gecko; compatible; ClaudeBot/1.0; +claudebot@anthropic.com)"
216.73.216.78 - - [17/Jun/2026:22:04:53 +0700] "GET /san-pham/in-pp-dan-van-phong/sms:0906348765 HTTP/2" 404 36896 "-" "Mozilla/5.0 AppleWebKit/537.36 (KHTML, like Gecko; compatible; ClaudeBot/1.0; +claudebot@anthropic.com)"
216.73.216.78 - - [17/Jun/2026:22:04:55 +0700] "GET /san-pham/in-bang-ron-tphcm-2/feed/ HTTP/2" 200 494 "-" "Mozilla/5.0 AppleWebKit/537.36 (KHTML, like Gecko; compatible; ClaudeBot/1.0; +claudebot@anthropic.com)"
83.99.206.247 - - [17/Jun/2026:22:04:55 +0700] "GET /san-pham/in-quang-cao-quan-5/ HTTP/1.1" 200 46051 "-" "Mozilla/5.0 (X11; Linux x86_64) AppleWebKit/537.36 (KHTML, like Gecko; GeedoShopProductFinder) Chrome/142.0.0.0 Safari/537.36"
216.73.216.78 - - [17/Jun/2026:22:04:57 +0700] "GET /san-pham/in-pp-la-gi-2/sms:0906348765 HTTP/2" 404 36905 "-" "Mozilla/5.0 AppleWebKit/537.36 (KHTML, like Gecko; compatible; ClaudeBot/1.0; +claudebot@anthropic.com)"
216.73.216.78 - - [17/Jun/2026:22:04:59 +0700] "GET /san-pham/in-bat-san-khau/feed/ HTTP/2" 200 495 "-" "Mozilla/5.0 AppleWebKit/537.36 (KHTML, like Gecko; compatible; ClaudeBot/1.0; +claudebot@anthropic.com)"
216.73.216.78 - - [17/Jun/2026:22:05:59 +0700] "GET /san-pham/in-bat-tan-phu/sms:0906348765 HTTP/2" 404 36918 "-" "Mozilla/5.0 AppleWebKit/537.36 (KHTML, like Gecko; compatible; ClaudeBot/1.0; +claudebot@anthropic.com)"
216.73.216.78 - - [17/Jun/2026:22:06:01 +0700] "GET /san-pham/in-bang-ron-binh-thanh/feed/ HTTP/2" 200 499 "-" "Mozilla/5.0 AppleWebKit/537.36 (KHTML, like Gecko; compatible; ClaudeBot/1.0; +claudebot@anthropic.com)"
216.73.216.78 - - [17/Jun/2026:22:06:03 +0700] "GET /san-pham/in-pp-ngoai-troi-2/feed/ HTTP/2" 200 493 "-" "Mozilla/5.0 AppleWebKit/537.36 (KHTML, like Gecko; compatible; ClaudeBot/1.0; +claudebot@anthropic.com)"
216.73.216.78 - - [17/Jun/2026:22:06:04 +0700] "GET /san-pham/in-bang-hieu-cong-ty/ HTTP/2" 200 46000 "-" "Mozilla/5.0 AppleWebKit/537.36 (KHTML, like Gecko; compatible; ClaudeBot/1.0; +claudebot@anthropic.com)"
216.73.216.78 - - [17/Jun/2026:22:06:08 +0700] "GET /san-pham/in-bat-sinh-nhat/sms:0906348765 HTTP/2" 404 36905 "-" "Mozilla/5.0 AppleWebKit/537.36 (KHTML, like Gecko; compatible; ClaudeBot/1.0; +claudebot@anthropic.com)"
216.73.216.78 - - [17/Jun/2026:22:06:11 +0700] "GET /san-pham/in-bat-sieu-thi/sms:0906348765 HTTP/2" 404 36874 "-" "Mozilla/5.0 AppleWebKit/537.36 (KHTML, like Gecko; compatible; ClaudeBot/1.0; +claudebot@anthropic.com)"
216.73.216.78 - - [17/Jun/2026:22:06:13 +0700] "GET /san-pham/in-pp-standee-2/whatsapp:/send?text=in+pp+standee+-+https%3A%2Finquangcaothuonghieu.com%2Fsan-pham%2Fin-pp-standee-2%2F HTTP/2" 404 38594 "-" "Mozilla/5.0 AppleWebKit/537.36 (KHTML, like Gecko; compatible; ClaudeBot/1.0; +claudebot@anthropic.com)"
216.73.216.78 - - [17/Jun/2026:22:06:15 +0700] "GET /san-pham/in-pp-poster-kho-lon-tphcm/ HTTP/2" 200 45773 "-" "Mozilla/5.0 AppleWebKit/537.36 (KHTML, like Gecko; compatible; ClaudeBot/1.0; +claudebot@anthropic.com)"
216.73.216.78 - - [17/Jun/2026:22:06:18 +0700] "GET /san-pham/in-bat-ngoai-troi/feed/ HTTP/2" 200 497 "-" "Mozilla/5.0 AppleWebKit/537.36 (KHTML, like Gecko; compatible; ClaudeBot/1.0; +claudebot@anthropic.com)"
216.73.216.78 - - [17/Jun/2026:22:06:20 +0700] "GET /san-pham/in-pp-gan-day/sms:0906348765 HTTP/2" 404 36827 "-" "Mozilla/5.0 AppleWebKit/537.36 (KHTML, like Gecko; compatible; ClaudeBot/1.0; +claudebot@anthropic.com)"
47.128.36.60 - - [17/Jun/2026:22:06:23 +0700] "GET /ponimanie-struktury-programmy-loialnosti-v-kazino-pinco/ HTTP/2" 200 46116 "-" "Mozilla/5.0 (Linux; Android 5.0) AppleWebKit/537.36 (KHTML, like Gecko) Mobile Safari/537.36 (compatible; Bytespider; spider-feedback@bytedance.com)"
47.128.36.60 - - [17/Jun/2026:22:06:25 +0700] "GET /wp-content/cache/autoptimize/autoptimize_single_e2d671c403c7e2bd09b3b298c748d0db.php?ver=wc-10.7.0 HTTP/2" 200 2597 "https://inquangcaothuonghieu.com/ponimanie-struktury-programmy-loialnosti-v-kazino-pinco/" "Mozilla/5.0 (Linux; Android 5.0) AppleWebKit/537.36 (KHTML, like Gecko) Mobile Safari/537.36 (compatible; Bytespider; spider-feedback@bytedance.com)"
47.128.36.60 - - [17/Jun/2026:22:06:25 +0700] "GET /wp-content/plugins/easy-table-of-contents/assets/css/screen.min.css?ver=2.0.82.2 HTTP/2" 200 1718 "https://inquangcaothuonghieu.com/ponimanie-struktury-programmy-loialnosti-v-kazino-pinco/" "Mozilla/5.0 (Linux; Android 5.0) AppleWebKit/537.36 (KHTML, like Gecko) Mobile Safari/537.36 (compatible; Bytespider; spider-feedback@bytedance.com)"
47.128.36.60 - - [17/Jun/2026:22:06:25 +0700] "GET /wp-content/cache/autoptimize/autoptimize_single_349504a3690b887532f812a8feac3ee6.php?ver=3.0 HTTP/2" 200 91 "https://inquangcaothuonghieu.com/ponimanie-struktury-programmy-loialnosti-v-kazino-pinco/" "Mozilla/5.0 (Linux; Android 5.0) AppleWebKit/537.36 (KHTML, like Gecko) Mobile Safari/537.36 (compatible; Bytespider; spider-feedback@bytedance.com)"
47.128.36.60 - - [17/Jun/2026:22:06:26 +0700] "GET /wp-content/uploads/2022/03/The_gioi_in_an_banner_20191101160722421icon_5ngaydoitra_fix.png HTTP/2" 206 500 "https://inquangcaothuonghieu.com/ponimanie-struktury-programmy-loialnosti-v-kazino-pinco/" "Mozilla/5.0 (Linux; Android 5.0) AppleWebKit/537.36 (KHTML, like Gecko) Mobile Safari/537.36 (compatible; Bytespider; spider-feedback@bytedance.com)"
47.128.36.60 - - [17/Jun/2026:22:06:26 +0700] "GET /wp-content/uploads/2022/03/walls-kem.jpg?v=1762541419 HTTP/2" 206 500 "https://inquangcaothuonghieu.com/ponimanie-struktury-programmy-loialnosti-v-kazino-pinco/" "Mozilla/5.0 (Linux; Android 5.0) AppleWebKit/537.36 (KHTML, like Gecko) Mobile Safari/537.36 (compatible; Bytespider; spider-feedback@bytedance.com)"
47.128.36.60 - - [17/Jun/2026:22:06:27 +0700] "GET /wp-content/uploads/2025/11/trong-nha.jpg?v=1762541677 HTTP/2" 206 500 "https://inquangcaothuonghieu.com/ponimanie-struktury-programmy-loialnosti-v-kazino-pinco/" "Mozilla/5.0 (Linux; Android 5.0) AppleWebKit/537.36 (KHTML, like Gecko) Mobile Safari/537.36 (compatible; Bytespider; spider-feedback@bytedance.com)"
47.128.36.60 - - [17/Jun/2026:22:06:27 +0700] "GET /wp-content/uploads/2025/11/1-3.jpg?v=1762541670 HTTP/2" 206 500 "https://inquangcaothuonghieu.com/ponimanie-struktury-programmy-loialnosti-v-kazino-pinco/" "Mozilla/5.0 (Linux; Android 5.0) AppleWebKit/537.36 (KHTML, like Gecko) Mobile Safari/537.36 (compatible; Bytespider; spider-feedback@bytedance.com)"
47.128.36.60 - - [17/Jun/2026:22:06:27 +0700] "GET /wp-content/uploads/2025/11/can-fomax.jpg?v=1762541688 HTTP/2" 206 500 "https://inquangcaothuonghieu.com/ponimanie-struktury-programmy-loialnosti-v-kazino-pinco/" "Mozilla/5.0 (Linux; Android 5.0) AppleWebKit/537.36 (KHTML, like Gecko) Mobile Safari/537.36 (compatible; Bytespider; spider-feedback@bytedance.com)"
47.128.36.60 - - [17/Jun/2026:22:06:28 +0700] "GET /wp-content/uploads/woocommerce-placeholder-247x296.png HTTP/2" 206 500 "https://inquangcaothuonghieu.com/ponimanie-struktury-programmy-loialnosti-v-kazino-pinco/" "Mozilla/5.0 (Linux; Android 5.0) AppleWebKit/537.36 (KHTML, like Gecko) Mobile Safari/537.36 (compatible; Bytespider; spider-feedback@bytedance.com)"
47.128.36.60 - - [17/Jun/2026:22:06:28 +0700] "GET /wp-content/uploads/2025/11/icon-phone.png HTTP/2" 206 500 "https://inquangcaothuonghieu.com/ponimanie-struktury-programmy-loialnosti-v-kazino-pinco/" "Mozilla/5.0 (Linux; Android 5.0) AppleWebKit/537.36 (KHTML, like Gecko) Mobile Safari/537.36 (compatible; Bytespider; spider-feedback@bytedance.com)"
216.73.216.78 - - [17/Jun/2026:22:06:34 +0700] "GET /san-pham/in-bat-quang-cao-4/feed/ HTTP/2" 200 496 "-" "Mozilla/5.0 AppleWebKit/537.36 (KHTML, like Gecko; compatible; ClaudeBot/1.0; +claudebot@anthropic.com)"
66.249.74.75 - - [17/Jun/2026:22:06:34 +0700] "GET /san-pham/in-banner-quan-5/ HTTP/1.1" 200 45990 "-" "Mozilla/5.0 (compatible; Googlebot/2.1; +http://www.google.com/bot.html)"
216.73.216.78 - - [17/Jun/2026:22:06:36 +0700] "GET /san-pham/in-pp-gia-re-3/sms:0906348765 HTTP/2" 404 36913 "-" "Mozilla/5.0 AppleWebKit/537.36 (KHTML, like Gecko; compatible; ClaudeBot/1.0; +claudebot@anthropic.com)"
216.73.216.78 - - [17/Jun/2026:22:06:38 +0700] "GET /san-pham/in-pp-gia-si/sms:0906348765 HTTP/2" 404 36845 "-" "Mozilla/5.0 AppleWebKit/537.36 (KHTML, like Gecko; compatible; ClaudeBot/1.0; +claudebot@anthropic.com)"
216.73.216.78 - - [17/Jun/2026:22:06:39 +0700] "GET /san-pham/in-pp-menu-quan-an/sms:0906348765 HTTP/2" 404 36857 "-" "Mozilla/5.0 AppleWebKit/537.36 (KHTML, like Gecko; compatible; ClaudeBot/1.0; +claudebot@anthropic.com)"
216.73.216.78 - - [17/Jun/2026:22:06:41 +0700] "GET /san-pham/in-bat-mung-tho/sms:0906348765 HTTP/2" 404 36885 "-" "Mozilla/5.0 AppleWebKit/537.36 (KHTML, like Gecko; compatible; ClaudeBot/1.0; +claudebot@anthropic.com)"
216.73.216.78 - - [17/Jun/2026:22:06:47 +0700] "GET /san-pham/in-pp-co-keo-2/sms:0906348765 HTTP/2" 404 36892 "-" "Mozilla/5.0 AppleWebKit/537.36 (KHTML, like Gecko; compatible; ClaudeBot/1.0; +claudebot@anthropic.com)"
216.73.216.78 - - [17/Jun/2026:22:06:49 +0700] "GET /san-pham/in-bang-ron-quan-5/feed/ HTTP/2" 200 496 "-" "Mozilla/5.0 AppleWebKit/537.36 (KHTML, like Gecko; compatible; ClaudeBot/1.0; +claudebot@anthropic.com)"
216.73.216.78 - - [17/Jun/2026:22:06:51 +0700] "GET /san-pham/in-bang-hieu-shop/feed/ HTTP/2" 200 493 "-" "Mozilla/5.0 AppleWebKit/537.36 (KHTML, like Gecko; compatible; ClaudeBot/1.0; +claudebot@anthropic.com)"
216.73.216.78 - - [17/Jun/2026:22:06:53 +0700] "GET /san-pham/in-pp-dan-tuong-2/sms:0906348765 HTTP/2" 404 36905 "-" "Mozilla/5.0 AppleWebKit/537.36 (KHTML, like Gecko; compatible; ClaudeBot/1.0; +claudebot@anthropic.com)"
216.73.216.78 - - [17/Jun/2026:22:06:55 +0700] "GET /san-pham/in-bang-ron-quan-7/feed/ HTTP/2" 200 496 "-" "Mozilla/5.0 AppleWebKit/537.36 (KHTML, like Gecko; compatible; ClaudeBot/1.0; +claudebot@anthropic.com)"
83.99.206.139 - - [17/Jun/2026:22:07:08 +0700] "GET /tu-khoa-san-pham/in-decal-hologram/ HTTP/1.1" 200 39769 "-" "Mozilla/5.0 (X11; Linux x86_64) AppleWebKit/537.36 (KHTML, like Gecko; GeedoShopProductFinder) Chrome/142.0.0.0 Safari/537.36"
83.99.206.139 - - [17/Jun/2026:22:07:26 +0700] "GET /san-pham/in-decal-sieu-toc/ HTTP/1.1" 200 45978 "-" "Mozilla/5.0 (X11; Linux x86_64) AppleWebKit/537.36 (KHTML, like Gecko; GeedoShopProductFinder) Chrome/142.0.0.0 Safari/537.36"
57.141.14.83 - - [17/Jun/2026:22:07:40 +0700] "GET /tu-khoa-san-pham/in-banner-quang-cao/ HTTP/2" 200 208608 "-" "meta-externalagent/1.1 (+https://developers.facebook.com/docs/sharing/webmasters/crawler)"
83.99.206.139 - - [17/Jun/2026:22:07:47 +0700] "GET /san-pham/cat-alu-cnc/ HTTP/1.1" 200 45928 "-" "Mozilla/5.0 (X11; Linux x86_64) AppleWebKit/537.36 (KHTML, like Gecko; GeedoShopProductFinder) Chrome/142.0.0.0 Safari/537.36"
57.141.14.22 - - [17/Jun/2026:22:08:04 +0700] "GET /san-pham/in-decal-trong-kho-lon-2/ HTTP/2" 200 239339 "-" "meta-externalagent/1.1 (+https://developers.facebook.com/docs/sharing/webmasters/crawler)"
83.99.206.139 - - [17/Jun/2026:22:08:06 +0700] "GET /danh-muc-san-pham/an-pham-van-phong/in-git-voucher-phieu-qua-tang-phieu-bao-hanh/ HTTP/1.1" 200 42363 "-" "Mozilla/5.0 (X11; Linux x86_64) AppleWebKit/537.36 (KHTML, like Gecko; GeedoShopProductFinder) Chrome/142.0.0.0 Safari/537.36"
83.99.206.227 - - [17/Jun/2026:22:08:10 +0700] "GET /san-pham/in-decal-trong-dan-kinh/ HTTP/2" 200 45978 "-" "Mozilla/5.0 (X11; Linux x86_64) AppleWebKit/537.36 (KHTML, like Gecko; GeedoShopProductFinder) Chrome/142.0.0.0 Safari/537.36"
66.249.74.73 - - [17/Jun/2026:22:08:15 +0700] "GET /san-pham/cong-ty-in-an/ HTTP/1.1" 200 46156 "-" "Mozilla/5.0 (Linux; Android 6.0.1; Nexus 5X Build/MMB29P) AppleWebKit/537.36 (KHTML, like Gecko) Chrome/148.0.7778.96 Mobile Safari/537.36 (compatible; Googlebot/2.1; +http://www.google.com/bot.html)"
198.244.183.165 - - [17/Jun/2026:22:08:18 +0700] "GET /dragonia-casino-une-plateforme-en-constante-evolution/feed/ HTTP/2" 200 523 "-" "Mozilla/5.0 (compatible; AhrefsBot/7.0; +http://ahrefs.com/robot/)"
57.141.14.41 - - [17/Jun/2026:22:08:25 +0700] "GET /san-pham/in-chuyen-nhiet-la-gi-3/ HTTP/2" 200 241079 "-" "meta-externalagent/1.1 (+https://developers.facebook.com/docs/sharing/webmasters/crawler)"
83.99.206.139 - - [17/Jun/2026:22:08:27 +0700] "GET /san-pham/gia-in-pp-ngoai-troi/ HTTP/1.1" 200 45874 "-" "Mozilla/5.0 (X11; Linux x86_64) AppleWebKit/537.36 (KHTML, like Gecko; GeedoShopProductFinder) Chrome/142.0.0.0 Safari/537.36"
216.73.216.78 - - [17/Jun/2026:22:08:27 +0700] "GET /san-pham/in-bang-ron-binh-thanh/sms:0906348765 HTTP/2" 404 36870 "-" "Mozilla/5.0 AppleWebKit/537.36 (KHTML, like Gecko; compatible; ClaudeBot/1.0; +claudebot@anthropic.com)"
57.141.14.26 - - [17/Jun/2026:22:08:28 +0700] "GET /san-pham/in-banner-khai-truong/ HTTP/2" 200 238689 "-" "meta-externalagent/1.1 (+https://developers.facebook.com/docs/sharing/webmasters/crawler)"
66.249.74.73 - - [17/Jun/2026:22:08:28 +0700] "GET /san-pham/gia-in-backdrop-tan-phu/ HTTP/1.1" 200 46093 "-" "Mozilla/5.0 (compatible; Googlebot/2.1; +http://www.google.com/bot.html)"
216.73.216.78 - - [17/Jun/2026:22:08:30 +0700] "GET /san-pham/in-pp-ngoai-troi-2/sms:0906348765 HTTP/2" 404 36831 "-" "Mozilla/5.0 AppleWebKit/537.36 (KHTML, like Gecko; compatible; ClaudeBot/1.0; +claudebot@anthropic.com)"
216.73.216.78 - - [17/Jun/2026:22:08:31 +0700] "GET /san-pham/gia-in-to-roi-a5/feed/ HTTP/2" 200 494 "-" "Mozilla/5.0 AppleWebKit/537.36 (KHTML, like Gecko; compatible; ClaudeBot/1.0; +claudebot@anthropic.com)"
66.249.74.73 - - [17/Jun/2026:22:08:32 +0700] "GET /san-pham/in-decal-de-den-dan-kinh/ HTTP/1.1" 200 46032 "-" "Mozilla/5.0 (compatible; Googlebot/2.1; +http://www.google.com/bot.html)"
216.73.216.78 - - [17/Jun/2026:22:08:33 +0700] "GET /san-pham/in-bang-ron-tphcm-2/sms:0906348765 HTTP/2" 404 36921 "-" "Mozilla/5.0 AppleWebKit/537.36 (KHTML, like Gecko; compatible; ClaudeBot/1.0; +claudebot@anthropic.com)"
216.73.216.78 - - [17/Jun/2026:22:08:35 +0700] "GET /san-pham/dich-vu-in-brochure-quan-3/feed/ HTTP/2" 200 508 "-" "Mozilla/5.0 AppleWebKit/537.36 (KHTML, like Gecko; compatible; ClaudeBot/1.0; +claudebot@anthropic.com)"
66.249.71.137 - - [17/Jun/2026:22:08:38 +0700] "GET /san-pham/in-standee-sieu-toc-go-vap/ HTTP/1.1" 200 45960 "-" "Mozilla/5.0 (compatible; Googlebot/2.1; +http://www.google.com/bot.html)"
83.99.206.139 - - [17/Jun/2026:22:08:47 +0700] "GET /san-pham/in-decal-quang-cao-8/ HTTP/1.1" 200 45947 "-" "Mozilla/5.0 (X11; Linux x86_64) AppleWebKit/537.36 (KHTML, like Gecko; GeedoShopProductFinder) Chrome/142.0.0.0 Safari/537.36"
216.73.216.78 - - [17/Jun/2026:22:08:52 +0700] "GET /san-pham/in-pp-so-luong-it-gia-re/feed/ HTTP/2" 200 510 "-" "Mozilla/5.0 AppleWebKit/537.36 (KHTML, like Gecko; compatible; ClaudeBot/1.0; +claudebot@anthropic.com)"
216.73.216.78 - - [17/Jun/2026:22:08:54 +0700] "GET /san-pham/in-bat-spa/whatsapp:/send?text=in+b%E1%BA%A1t+spa+-+https%3A%2Finquangcaothuonghieu.com%2Fsan-pham%2Fin-bat-spa%2F HTTP/2" 404 38570 "-" "Mozilla/5.0 AppleWebKit/537.36 (KHTML, like Gecko; compatible; ClaudeBot/1.0; +claudebot@anthropic.com)"
216.73.216.78 - - [17/Jun/2026:22:08:56 +0700] "GET /san-pham/in-bang-hieu-shop/sms:0906348765 HTTP/2" 404 36854 "-" "Mozilla/5.0 AppleWebKit/537.36 (KHTML, like Gecko; compatible; ClaudeBot/1.0; +claudebot@anthropic.com)"
216.73.216.78 - - [17/Jun/2026:22:08:58 +0700] "GET /san-pham/in-bat-quang-cao-tphcm/feed/ HTTP/2" 200 502 "-" "Mozilla/5.0 AppleWebKit/537.36 (KHTML, like Gecko; compatible; ClaudeBot/1.0; +claudebot@anthropic.com)"
216.73.216.78 - - [17/Jun/2026:22:09:00 +0700] "GET /san-pham/in-bat-ngoai-troi/sms:0906348765 HTTP/2" 404 36857 "-" "Mozilla/5.0 AppleWebKit/537.36 (KHTML, like Gecko; compatible; ClaudeBot/1.0; +claudebot@anthropic.com)"
216.73.216.78 - - [17/Jun/2026:22:09:17 +0700] "GET /san-pham/dich-vu-in-brochure-quan-3/sms:0906348765 HTTP/2" 404 36873 "-" "Mozilla/5.0 AppleWebKit/537.36 (KHTML, like Gecko; compatible; ClaudeBot/1.0; +claudebot@anthropic.com)"
216.73.216.78 - - [17/Jun/2026:22:09:19 +0700] "GET /san-pham/in-banner-decal/whatsapp:/send?text=in+banner+decal+-+https%3A%2Finquangcaothuonghieu.com%2Fsan-pham%2Fin-banner-decal%2F HTTP/2" 404 38544 "-" "Mozilla/5.0 AppleWebKit/537.36 (KHTML, like Gecko; compatible; ClaudeBot/1.0; +claudebot@anthropic.com)"
216.73.216.78 - - [17/Jun/2026:22:09:21 +0700] "GET /san-pham/in-bat-su-kien-ngoai-troi/feed/ HTTP/2" 200 514 "-" "Mozilla/5.0 AppleWebKit/537.36 (KHTML, like Gecko; compatible; ClaudeBot/1.0; +claudebot@anthropic.com)"
216.73.216.78 - - [17/Jun/2026:22:09:23 +0700] "GET /san-pham/in-bat-quang-cao-2/sms:0906348765 HTTP/2" 404 36883 "-" "Mozilla/5.0 AppleWebKit/537.36 (KHTML, like Gecko; compatible; ClaudeBot/1.0; +claudebot@anthropic.com)"
216.73.216.78 - - [17/Jun/2026:22:09:25 +0700] "GET /san-pham/in-pp-ko-keo/whatsapp:/send?text=in+pp+ko+keo+-+https%3A%2Finquangcaothuonghieu.com%2Fsan-pham%2Fin-pp-ko-keo%2F HTTP/2" 404 38531 "-" "Mozilla/5.0 AppleWebKit/537.36 (KHTML, like Gecko; compatible; ClaudeBot/1.0; +claudebot@anthropic.com)"
216.73.216.78 - - [17/Jun/2026:22:09:30 +0700] "GET /san-pham/in-logo-tai-nghe-theo-yeu-cau/whatsapp:/send HTTP/2" 404 38548 "-" "Mozilla/5.0 AppleWebKit/537.36 (KHTML, like Gecko; compatible; ClaudeBot/1.0; +claudebot@anthropic.com)"
216.73.216.78 - - [17/Jun/2026:22:09:32 +0700] "GET /san-pham/in-uv-co-phai-mau-khong-2/feed/ HTTP/2" 200 507 "-" "Mozilla/5.0 AppleWebKit/537.36 (KHTML, like Gecko; compatible; ClaudeBot/1.0; +claudebot@anthropic.com)"
216.73.216.78 - - [17/Jun/2026:22:09:34 +0700] "GET /san-pham/in-bat-quang-cao-lay-ngay/feed/ HTTP/2" 200 504 "-" "Mozilla/5.0 AppleWebKit/537.36 (KHTML, like Gecko; compatible; ClaudeBot/1.0; +claudebot@anthropic.com)"
216.73.216.78 - - [17/Jun/2026:22:09:36 +0700] "GET /san-pham/in-bat-quang-cao-hcm-3/feed/ HTTP/2" 200 499 "-" "Mozilla/5.0 AppleWebKit/537.36 (KHTML, like Gecko; compatible; ClaudeBot/1.0; +claudebot@anthropic.com)"
216.73.216.78 - - [17/Jun/2026:22:09:38 +0700] "GET /san-pham/in-bat-quang-cao-4/sms:0906348765 HTTP/2" 404 36894 "-" "Mozilla/5.0 AppleWebKit/537.36 (KHTML, like Gecko; compatible; ClaudeBot/1.0; +claudebot@anthropic.com)"
66.249.74.73 - - [17/Jun/2026:22:09:38 +0700] "GET /san-pham/in-simili-uv-dtf/ HTTP/1.1" 200 45971 "-" "Mozilla/5.0 (Linux; Android 6.0.1; Nexus 5X Build/MMB29P) AppleWebKit/537.36 (KHTML, like Gecko) Chrome/148.0.7778.96 Mobile Safari/537.36 (compatible; Googlebot/2.1; +http://www.google.com/bot.html)"
114.119.137.237 - - [17/Jun/2026:22:09:45 +0700] "GET /san-pham/in-bat-hiflex-lay-lien-3/ HTTP/1.1" 200 45836 "https://inquangcaothuonghieu.com/tu-khoa-san-pham/in-bat-hiflex-lay-lien/" "Mozilla/5.0 (Linux; Android 7.0;) AppleWebKit/537.36 (HTML, like Gecko) Mobile Safari/537.36 (compatible; PetalBot;+https://webmaster.petalsearch.com/site/petalbot)"
216.73.216.78 - - [17/Jun/2026:22:10:12 +0700] "GET /san-pham/in-pp-so-luong-it-gia-re/sms:0906348765 HTTP/2" 404 36888 "-" "Mozilla/5.0 AppleWebKit/537.36 (KHTML, like Gecko; compatible; ClaudeBot/1.0; +claudebot@anthropic.com)"
216.73.216.78 - - [17/Jun/2026:22:10:14 +0700] "GET /san-pham/in-bat-quang-cao-tphcm/sms:0906348765 HTTP/2" 404 36846 "-" "Mozilla/5.0 AppleWebKit/537.36 (KHTML, like Gecko; compatible; ClaudeBot/1.0; +claudebot@anthropic.com)"
216.73.216.78 - - [17/Jun/2026:22:10:16 +0700] "GET /san-pham/in-bat-quang-cao-tan-phu/feed/ HTTP/2" 200 503 "-" "Mozilla/5.0 AppleWebKit/537.36 (KHTML, like Gecko; compatible; ClaudeBot/1.0; +claudebot@anthropic.com)"
216.73.216.78 - - [17/Jun/2026:22:10:17 +0700] "GET /san-pham/gia-in-to-roi-a5/sms:0906348765 HTTP/2" 404 36859 "-" "Mozilla/5.0 AppleWebKit/537.36 (KHTML, like Gecko; compatible; ClaudeBot/1.0; +claudebot@anthropic.com)"
216.73.216.78 - - [17/Jun/2026:22:10:19 +0700] "GET /san-pham/in-tem-inox-ben-ngoai-troi/feed/ HTTP/2" 200 507 "-" "Mozilla/5.0 AppleWebKit/537.36 (KHTML, like Gecko; compatible; ClaudeBot/1.0; +claudebot@anthropic.com)"
216.73.216.78 - - [17/Jun/2026:22:10:24 +0700] "GET /san-pham/in-uv-bang-hieu-quang-cao/feed/ HTTP/2" 200 504 "-" "Mozilla/5.0 AppleWebKit/537.36 (KHTML, like Gecko; compatible; ClaudeBot/1.0; +claudebot@anthropic.com)"
216.73.216.78 - - [17/Jun/2026:22:10:26 +0700] "GET /san-pham/in-bat-quang-cao-lay-ngay/sms:0906348765 HTTP/2" 404 36900 "-" "Mozilla/5.0 AppleWebKit/537.36 (KHTML, like Gecko; compatible; ClaudeBot/1.0; +claudebot@anthropic.com)"
216.73.216.78 - - [17/Jun/2026:22:10:28 +0700] "GET /san-pham/in-bat-quang-cao-tan-phu/sms:0906348765 HTTP/2" 404 36892 "-" "Mozilla/5.0 AppleWebKit/537.36 (KHTML, like Gecko; compatible; ClaudeBot/1.0; +claudebot@anthropic.com)"
216.73.216.78 - - [17/Jun/2026:22:10:30 +0700] "GET /san-pham/in-bat-su-kien-ngoai-troi/sms:0906348765 HTTP/2" 404 36864 "-" "Mozilla/5.0 AppleWebKit/537.36 (KHTML, like Gecko; compatible; ClaudeBot/1.0; +claudebot@anthropic.com)"
216.73.216.78 - - [17/Jun/2026:22:10:32 +0700] "GET /san-pham/in-bat-quang-cao-hcm-3/sms:0906348765 HTTP/2" 404 36908 "-" "Mozilla/5.0 AppleWebKit/537.36 (KHTML, like Gecko; compatible; ClaudeBot/1.0; +claudebot@anthropic.com)"
103.73.107.217 - - [17/Jun/2026:22:05:02 +0700] "GET /chinh-sach-doi-tra-hang/?v=5e9c52c6d618 HTTP/1.1" 200 48359 "-" "Mozilla/5.0 (Windows NT 6.1) AppleWebKit/537.36 (KHTML, like Gecko) Chrome/41.0.2228.0 Safari/537.36"
66.249.74.74 - - [17/Jun/2026:22:05:03 +0700] "GET /san-pham/in-standee-san-pham-ngoai-troi/ HTTP/1.1" 200 45953 "-" "Mozilla/5.0 (Linux; Android 6.0.1; Nexus 5X Build/MMB29P) AppleWebKit/537.36 (KHTML, like Gecko) Chrome/148.0.7778.96 Mobile Safari/537.36 (compatible; Googlebot/2.1; +http://www.google.com/bot.html)"
66.249.74.74 - - [17/Jun/2026:22:05:12 +0700] "GET /san-pham/in-uv-tren-kinh-2/ HTTP/1.1" 200 45993 "-" "Mozilla/5.0 (compatible; Googlebot/2.1; +http://www.google.com/bot.html)"
83.99.206.247 - - [17/Jun/2026:22:05:14 +0700] "GET /san-pham/bang-gia-in-sash/ HTTP/1.1" 200 46557 "-" "Mozilla/5.0 (X11; Linux x86_64) AppleWebKit/537.36 (KHTML, like Gecko; GeedoShopProductFinder) Chrome/142.0.0.0 Safari/537.36"
43.159.152.184 - - [17/Jun/2026:22:05:24 +0700] "GET /danh-muc-san-pham/in-bat-hiflex-bat-2-da-xuyen-sang-khong-gan/ HTTP/1.1" 200 49157 "-" "Mozilla/5.0 (iPhone; CPU iPhone OS 13_2_3 like Mac OS X) AppleWebKit/605.1.15 (KHTML, like Gecko) Version/13.0.3 Mobile/15E148 Safari/604.1"
57.141.14.62 - - [17/Jun/2026:22:05:27 +0700] "GET /san-pham/in-standee-hoi-thao-ngoai-troi/ HTTP/2" 200 239594 "-" "meta-externalagent/1.1 (+https://developers.facebook.com/docs/sharing/webmasters/crawler)"
216.73.216.78 - - [17/Jun/2026:22:05:40 +0700] "GET /san-pham/in-banner-decal/sms:0906348765 HTTP/2" 404 36861 "-" "Mozilla/5.0 AppleWebKit/537.36 (KHTML, like Gecko; compatible; ClaudeBot/1.0; +claudebot@anthropic.com)"
216.73.216.78 - - [17/Jun/2026:22:05:42 +0700] "GET /san-pham/in-banner-bat-hiflex/feed/ HTTP/2" 200 496 "-" "Mozilla/5.0 AppleWebKit/537.36 (KHTML, like Gecko; compatible; ClaudeBot/1.0; +claudebot@anthropic.com)"
216.73.216.78 - - [17/Jun/2026:22:05:43 +0700] "GET /san-pham/in-pp-khong-keo-2/feed/ HTTP/2" 200 491 "-" "Mozilla/5.0 AppleWebKit/537.36 (KHTML, like Gecko; compatible; ClaudeBot/1.0; +claudebot@anthropic.com)"
216.73.216.78 - - [17/Jun/2026:22:05:45 +0700] "GET /san-pham/in-pp-ko-keo/sms:0906348765 HTTP/2" 404 36857 "-" "Mozilla/5.0 AppleWebKit/537.36 (KHTML, like Gecko; compatible; ClaudeBot/1.0; +claudebot@anthropic.com)"
216.73.216.78 - - [17/Jun/2026:22:05:47 +0700] "GET /san-pham/in-pp-lay-lien-tphcm/sms:0906348765 HTTP/2" 404 36912 "-" "Mozilla/5.0 AppleWebKit/537.36 (KHTML, like Gecko; compatible; ClaudeBot/1.0; +claudebot@anthropic.com)"
57.141.14.98 - - [17/Jun/2026:22:10:35 +0700] "GET /san-pham/in-nhanh-kts/ HTTP/2" 200 239809 "-" "meta-externalagent/1.1 (+https://developers.facebook.com/docs/sharing/webmasters/crawler)"
83.99.206.155 - - [17/Jun/2026:22:10:37 +0700] "GET /tu-khoa-san-pham/in-hashtag-cam-tay-chup-hinh/ HTTP/1.1" 200 39813 "-" "Mozilla/5.0 (X11; Linux x86_64) AppleWebKit/537.36 (KHTML, like Gecko; GeedoShopProductFinder) Chrome/142.0.0.0 Safari/537.36"
216.73.216.78 - - [17/Jun/2026:22:10:45 +0700] "GET /san-pham/in-pp-muc-dau/whatsapp:/send?text=in+pp+m%E1%BB%B1c+d%E1%BA%A7u+-+https%3A%2Finquangcaothuonghieu.com%2Fsan-pham%2Fin-pp-muc-dau%2F HTTP/2" 404 38566 "-" "Mozilla/5.0 AppleWebKit/537.36 (KHTML, like Gecko; compatible; ClaudeBot/1.0; +claudebot@anthropic.com)"
216.73.216.78 - - [17/Jun/2026:22:10:47 +0700] "GET /san-pham/in-pp-dan-van-phong/whatsapp:/send?text=in+pp+d%C3%A1n+v%C4%83n+ph%C3%B2ng+-+https%3A%2Finquangcaothuonghieu.com%2Fsan-pham%2Fin-pp-dan-van-phong%2F HTTP/2" 404 38529 "-" "Mozilla/5.0 AppleWebKit/537.36 (KHTML, like Gecko; compatible; ClaudeBot/1.0; +claudebot@anthropic.com)"
216.73.216.78 - - [17/Jun/2026:22:10:49 +0700] "GET /san-pham/in-to-roi-quang-cao-5/sms:0906348765 HTTP/2" 404 36904 "-" "Mozilla/5.0 AppleWebKit/537.36 (KHTML, like Gecko; compatible; ClaudeBot/1.0; +claudebot@anthropic.com)"
216.73.216.78 - - [17/Jun/2026:22:10:51 +0700] "GET /san-pham/in-logo-tai-nghe-theo-yeu-cau/feed/ HTTP/2" 200 510 "-" "Mozilla/5.0 AppleWebKit/537.36 (KHTML, like Gecko; compatible; ClaudeBot/1.0; +claudebot@anthropic.com)"
216.73.216.78 - - [17/Jun/2026:22:10:53 +0700] "GET /san-pham/xuong-in-gia-cong-tai-tphcm/feed/ HTTP/2" 200 505 "-" "Mozilla/5.0 AppleWebKit/537.36 (KHTML, like Gecko; compatible; ClaudeBot/1.0; +claudebot@anthropic.com)"
83.99.206.155 - - [17/Jun/2026:22:10:57 +0700] "GET /san-pham/gia-in-bat-quang-cao-2/ HTTP/1.1" 200 45961 "-" "Mozilla/5.0 (X11; Linux x86_64) AppleWebKit/537.36 (KHTML, like Gecko; GeedoShopProductFinder) Chrome/142.0.0.0 Safari/537.36"
57.141.14.91 - - [17/Jun/2026:22:11:00 +0700] "GET /san-pham/in-catalogue-tphcm-gia-re/ HTTP/2" 200 238549 "-" "meta-externalagent/1.1 (+https://developers.facebook.com/docs/sharing/webmasters/crawler)"
57.141.14.111 - - [17/Jun/2026:22:11:02 +0700] "GET /tu-khoa-san-pham/in-bang-trao-tang/ HTTP/2" 200 206805 "-" "meta-externalagent/1.1 (+https://developers.facebook.com/docs/sharing/webmasters/crawler)"
57.141.14.8 - - [17/Jun/2026:22:11:05 +0700] "GET /san-pham/dich-vu-in-uv-len-vali/ HTTP/2" 200 239438 "-" "meta-externalagent/1.1 (+https://developers.facebook.com/docs/sharing/webmasters/crawler)"
47.79.200.10 - - [17/Jun/2026:22:11:12 +0700] "GET /san-pham/in-to-roi-dan-tuong HTTP/1.1" 301 0 "https://www.google.com/" "Mozilla/5.0 (Windows NT 10.0; Win64; x64) AppleWebKit/537.36 (KHTML, like Gecko) Chrome/132.0.0.0 Safari/537.36"
47.79.200.10 - - [17/Jun/2026:22:11:13 +0700] "GET /san-pham/in-to-roi-dan-tuong/ HTTP/1.1" 200 52879 "https://www.google.com/" "Mozilla/5.0 (Windows NT 10.0; Win64; x64) AppleWebKit/537.36 (KHTML, like Gecko) Chrome/132.0.0.0 Safari/537.36"
83.99.206.155 - - [17/Jun/2026:22:11:18 +0700] "GET /san-pham/qua-tang-quang-cao/ HTTP/1.1" 200 46034 "-" "Mozilla/5.0 (X11; Linux x86_64) AppleWebKit/537.36 (KHTML, like Gecko; GeedoShopProductFinder) Chrome/142.0.0.0 Safari/537.36"
216.73.216.78 - - [17/Jun/2026:22:11:35 +0700] "GET /san-pham/in-bat-quang-cao-ngoai-troi/feed/ HTTP/2" 200 511 "-" "Mozilla/5.0 AppleWebKit/537.36 (KHTML, like Gecko; compatible; ClaudeBot/1.0; +claudebot@anthropic.com)"
216.73.216.78 - - [17/Jun/2026:22:11:37 +0700] "GET /san-pham/in-vali-lam-qua-tang-khach-hang/feed/ HTTP/2" 200 520 "-" "Mozilla/5.0 AppleWebKit/537.36 (KHTML, like Gecko; compatible; ClaudeBot/1.0; +claudebot@anthropic.com)"
83.99.206.155 - - [17/Jun/2026:22:11:37 +0700] "GET /san-pham/in-tem-trong-chu-trang-so-luong-it/ HTTP/1.1" 200 46127 "-" "Mozilla/5.0 (X11; Linux x86_64) AppleWebKit/537.36 (KHTML, like Gecko; GeedoShopProductFinder) Chrome/142.0.0.0 Safari/537.36"
216.73.216.78 - - [17/Jun/2026:22:11:39 +0700] "GET /san-pham/in-standee-theo-yeu-cau-trong-nha/feed/ HTTP/2" 200 513 "-" "Mozilla/5.0 AppleWebKit/537.36 (KHTML, like Gecko; compatible; ClaudeBot/1.0; +claudebot@anthropic.com)"
216.73.216.78 - - [17/Jun/2026:22:11:41 +0700] "GET /san-pham/in-pp-co-keo-2/whatsapp:/send?text=in+pp+c%C3%B3+keo+-+https%3A%2Finquangcaothuonghieu.com%2Fsan-pham%2Fin-pp-co-keo-2%2F HTTP/2" 404 38550 "-" "Mozilla/5.0 AppleWebKit/537.36 (KHTML, like Gecko; compatible; ClaudeBot/1.0; +claudebot@anthropic.com)"
57.141.14.11 - - [17/Jun/2026:22:11:42 +0700] "GET /tu-khoa-san-pham/hashtag-facebook/ HTTP/2" 200 206747 "-" "meta-externalagent/1.1 (+https://developers.facebook.com/docs/sharing/webmasters/crawler)"
216.73.216.78 - - [17/Jun/2026:22:11:43 +0700] "GET /san-pham/in-standee-showroom-ngoai-troi/sms:0906348765 HTTP/2" 404 36894 "-" "Mozilla/5.0 AppleWebKit/537.36 (KHTML, like Gecko; compatible; ClaudeBot/1.0; +claudebot@anthropic.com)"
216.73.216.78 - - [17/Jun/2026:22:11:49 +0700] "GET /san-pham/in-uv-tay-ninh/whatsapp:/send?text=in+uv+t%C3%A2y+ninh+-+https%3A%2Finquangcaothuonghieu.com%2Fsan-pham%2Fin-uv-tay-ninh%2F HTTP/2" 404 38558 "-" "Mozilla/5.0 AppleWebKit/537.36 (KHTML, like Gecko; compatible; ClaudeBot/1.0; +claudebot@anthropic.com)"
216.73.216.78 - - [17/Jun/2026:22:11:50 +0700] "GET /san-pham/in-bat-sieu-toc/whatsapp:/send?text=in+b%E1%BA%A1t+si%C3%AAu+t%E1%BB%91c+-+https%3A%2Finquangcaothuonghieu.com%2Fsan-pham%2Fin-bat-sieu-toc%2F HTTP/2" 404 38567 "-" "Mozilla/5.0 AppleWebKit/537.36 (KHTML, like Gecko; compatible; ClaudeBot/1.0; +claudebot@anthropic.com)"
216.73.216.78 - - [17/Jun/2026:22:11:52 +0700] "GET /san-pham/in-vali-lam-qua-tang-khach-hang/sms:0906348765 HTTP/2" 404 36896 "-" "Mozilla/5.0 AppleWebKit/537.36 (KHTML, like Gecko; compatible; ClaudeBot/1.0; +claudebot@anthropic.com)"
216.73.216.78 - - [17/Jun/2026:22:11:54 +0700] "GET /san-pham/in-bat-tan-phu/whatsapp:/send?text=in+b%E1%BA%A1t+t%C3%A2n+ph%C3%BA+-+https%3A%2Finquangcaothuonghieu.com%2Fsan-pham%2Fin-bat-tan-phu%2F HTTP/2" 404 38547 "-" "Mozilla/5.0 AppleWebKit/537.36 (KHTML, like Gecko; compatible; ClaudeBot/1.0; +claudebot@anthropic.com)"
216.73.216.78 - - [17/Jun/2026:22:11:56 +0700] "GET /san-pham/in-op-tai-nghe-gia-re/sms:0906348765 HTTP/2" 404 36878 "-" "Mozilla/5.0 AppleWebKit/537.36 (KHTML, like Gecko; compatible; ClaudeBot/1.0; +claudebot@anthropic.com)"
83.99.206.155 - - [17/Jun/2026:22:11:58 +0700] "GET /tu-khoa-san-pham/in-uv-bat-kho-lon/ HTTP/1.1" 200 39771 "-" "Mozilla/5.0 (X11; Linux x86_64) AppleWebKit/537.36 (KHTML, like Gecko; GeedoShopProductFinder) Chrome/142.0.0.0 Safari/537.36"
57.141.14.5 - - [17/Jun/2026:22:11:58 +0700] "GET /tu-khoa-san-pham/in-binh-giu-nhiet-bao-lau-lay/ HTTP/2" 200 207140 "-" "meta-externalagent/1.1 (+https://developers.facebook.com/docs/sharing/webmasters/crawler)"
57.141.14.84 - - [17/Jun/2026:22:12:12 +0700] "GET /tu-khoa-san-pham/in-decal-pet/ HTTP/2" 200 206625 "-" "meta-externalagent/1.1 (+https://developers.facebook.com/docs/sharing/webmasters/crawler)"
83.99.206.247 - - [17/Jun/2026:22:12:18 +0700] "GET /san-pham/in-uv-backdrop-khong-noi/ HTTP/1.1" 200 45988 "-" "Mozilla/5.0 (X11; Linux x86_64) AppleWebKit/537.36 (KHTML, like Gecko; GeedoShopProductFinder) Chrome/142.0.0.0 Safari/537.36"
57.141.14.79 - - [17/Jun/2026:22:12:19 +0700] "GET /blocks/sidebar-product/ HTTP/2" 200 0 "-" "meta-externalagent/1.1 (+https://developers.facebook.com/docs/sharing/webmasters/crawler)"
57.141.14.16 - - [17/Jun/2026:22:12:25 +0700] "GET /tu-khoa-san-pham/xuong-in-uv-bat/ HTTP/2" 200 206836 "-" "meta-externalagent/1.1 (+https://developers.facebook.com/docs/sharing/webmasters/crawler)"
57.141.14.104 - - [17/Jun/2026:22:12:25 +0700] "GET /tu-khoa-san-pham/in-quang-cao-quan-7/ HTTP/2" 200 206969 "-" "meta-externalagent/1.1 (+https://developers.facebook.com/docs/sharing/webmasters/crawler)"
66.249.74.75 - - [17/Jun/2026:22:12:40 +0700] "GET /san-pham/in-standee-su-kien-binh-thanh/ HTTP/1.1" 200 46142 "-" "Mozilla/5.0 (Linux; Android 6.0.1; Nexus 5X Build/MMB29P) AppleWebKit/537.36 (KHTML, like Gecko) Chrome/148.0.7778.96 Mobile Safari/537.36 (compatible; Googlebot/2.1; +http://www.google.com/bot.html)"
57.141.14.21 - - [17/Jun/2026:22:12:42 +0700] "GET /tu-khoa-san-pham/in-giay-dan-nhan/ HTTP/2" 200 199595 "-" "meta-externalagent/1.1 (+https://developers.facebook.com/docs/sharing/webmasters/crawler)"
216.73.216.78 - - [17/Jun/2026:22:12:44 +0700] "GET /san-pham/in-op-tai-nghe-theo-yeu-cau/sms:0906348765 HTTP/2" 404 36916 "-" "Mozilla/5.0 AppleWebKit/537.36 (KHTML, like Gecko; compatible; ClaudeBot/1.0; +claudebot@anthropic.com)"
216.73.216.78 - - [17/Jun/2026:22:12:46 +0700] "GET /san-pham/in-bat-sinh-nhat/whatsapp:/send?text=in+b%E1%BA%A1t+sinh+nh%E1%BA%ADt+-+https%3A%2Finquangcaothuonghieu.com%2Fsan-pham%2Fin-bat-sinh-nhat%2F HTTP/2" 404 38605 "-" "Mozilla/5.0 AppleWebKit/537.36 (KHTML, like Gecko; compatible; ClaudeBot/1.0; +claudebot@anthropic.com)"
216.73.216.78 - - [17/Jun/2026:22:12:49 +0700] "GET /san-pham/in-pp-gan-day/whatsapp:/send?text=in+pp+g%E1%BA%A7n+%C4%91%C3%A2y+-+https%3A%2Finquangcaothuonghieu.com%2Fsan-pham%2Fin-pp-gan-day%2F HTTP/2" 404 38609 "-" "Mozilla/5.0 AppleWebKit/537.36 (KHTML, like Gecko; compatible; ClaudeBot/1.0; +claudebot@anthropic.com)"
