216.73.216.78 - - [18/Jun/2026:00:18:45 +0700] "GET /san-pham/in-bat-hiflex-5m-hcm/sms:0906348765 HTTP/2" 404 36855 "-" "Mozilla/5.0 AppleWebKit/537.36 (KHTML, like Gecko; compatible; ClaudeBot/1.0; +claudebot@anthropic.com)"
216.73.216.78 - - [18/Jun/2026:00:18:46 +0700] "GET /san-pham/in-bat-hiflex-kho-3m/sms:0906348765 HTTP/2" 404 36835 "-" "Mozilla/5.0 AppleWebKit/537.36 (KHTML, like Gecko; compatible; ClaudeBot/1.0; +claudebot@anthropic.com)"
216.73.216.78 - - [18/Jun/2026:00:18:51 +0700] "GET /san-pham/in-bat-hiflex-xuyen-sang/feed/ HTTP/2" 200 505 "-" "Mozilla/5.0 AppleWebKit/537.36 (KHTML, like Gecko; compatible; ClaudeBot/1.0; +claudebot@anthropic.com)"
216.73.216.78 - - [18/Jun/2026:00:18:51 +0700] "GET /san-pham/in-bat-hiflex-kho-5m/sms:0906348765 HTTP/2" 404 36892 "-" "Mozilla/5.0 AppleWebKit/537.36 (KHTML, like Gecko; compatible; ClaudeBot/1.0; +claudebot@anthropic.com)"
66.249.74.73 - - [18/Jun/2026:00:18:52 +0700] "GET /san-pham/in-pano-quang-cao/ HTTP/1.1" 200 46006 "-" "Mozilla/5.0 (Linux; Android 6.0.1; Nexus 5X Build/MMB29P) AppleWebKit/537.36 (KHTML, like Gecko) Chrome/148.0.7778.96 Mobile Safari/537.36 (compatible; Googlebot/2.1; +http://www.google.com/bot.html)"
216.73.216.78 - - [18/Jun/2026:00:18:53 +0700] "GET /san-pham/in-bat-giao-nhanh/sms:0906348765 HTTP/2" 404 36875 "-" "Mozilla/5.0 AppleWebKit/537.36 (KHTML, like Gecko; compatible; ClaudeBot/1.0; +claudebot@anthropic.com)"
216.73.216.78 - - [18/Jun/2026:00:18:53 +0700] "GET /san-pham/in-bat-khong-gan-han-quoc/feed/ HTTP/2" 200 513 "-" "Mozilla/5.0 AppleWebKit/537.36 (KHTML, like Gecko; compatible; ClaudeBot/1.0; +claudebot@anthropic.com)"
216.73.216.78 - - [18/Jun/2026:00:19:03 +0700] "GET /san-pham/in-bat-hiflex-sieu-kho/sms:0906348765 HTTP/2" 404 36853 "-" "Mozilla/5.0 AppleWebKit/537.36 (KHTML, like Gecko; compatible; ClaudeBot/1.0; +claudebot@anthropic.com)"
216.73.216.78 - - [18/Jun/2026:00:19:03 +0700] "GET /san-pham/in-bat-hiflex-gia-bao-nhieu-2/whatsapp:/send HTTP/2" 404 38545 "-" "Mozilla/5.0 AppleWebKit/537.36 (KHTML, like Gecko; compatible; ClaudeBot/1.0; +claudebot@anthropic.com)"
57.141.14.82 - - [18/Jun/2026:00:19:05 +0700] "GET /tu-khoa-san-pham/in-banner-cap-toc/ HTTP/2" 200 206812 "-" "meta-externalagent/1.1 (+https://developers.facebook.com/docs/sharing/webmasters/crawler)"
216.73.216.78 - - [18/Jun/2026:00:19:06 +0700] "GET /san-pham/in-bat-hiflex-ngoai-troi/feed/ HTTP/2" 200 505 "-" "Mozilla/5.0 AppleWebKit/537.36 (KHTML, like Gecko; compatible; ClaudeBot/1.0; +claudebot@anthropic.com)"
216.73.216.78 - - [18/Jun/2026:00:19:07 +0700] "GET /san-pham/in-bat-hiflex-kho-lon/sms:0906348765 HTTP/2" 404 36856 "-" "Mozilla/5.0 AppleWebKit/537.36 (KHTML, like Gecko; compatible; ClaudeBot/1.0; +claudebot@anthropic.com)"
83.99.206.98 - - [18/Jun/2026:00:19:09 +0700] "GET /san-pham/in-standee-su-kien-go-vap/ HTTP/1.1" 200 45984 "-" "Mozilla/5.0 (X11; Linux x86_64) AppleWebKit/537.36 (KHTML, like Gecko; GeedoShopProductFinder) Chrome/142.0.0.0 Safari/537.36"
66.249.74.73 - - [18/Jun/2026:00:19:11 +0700] "GET /san-pham/in-uv-inox-theo-yeu-cau/ HTTP/1.1" 200 45941 "-" "Mozilla/5.0 (Linux; Android 6.0.1; Nexus 5X Build/MMB29P) AppleWebKit/537.36 (KHTML, like Gecko) Chrome/148.0.7778.96 Mobile Safari/537.36 (compatible; Googlebot/2.1; +http://www.google.com/bot.html)"
216.73.216.78 - - [18/Jun/2026:00:19:19 +0700] "GET /san-pham/in-bat-hop-den-sieu-sang/feed/ HTTP/2" 200 511 "-" "Mozilla/5.0 AppleWebKit/537.36 (KHTML, like Gecko; compatible; ClaudeBot/1.0; +claudebot@anthropic.com)"
216.73.216.78 - - [18/Jun/2026:00:19:19 +0700] "GET /san-pham/in-bat-hiflex-kho-5m-2/sms:0906348765 HTTP/2" 404 36901 "-" "Mozilla/5.0 AppleWebKit/537.36 (KHTML, like Gecko; compatible; ClaudeBot/1.0; +claudebot@anthropic.com)"
57.141.14.22 - - [18/Jun/2026:00:19:19 +0700] "GET /tu-khoa-san-pham/in-pano-quan-11/ HTTP/2" 200 206799 "-" "meta-externalagent/1.1 (+https://developers.facebook.com/docs/sharing/webmasters/crawler)"
216.73.216.78 - - [18/Jun/2026:00:19:21 +0700] "GET /san-pham/in-bat-khong-gan-la-gi/sms:0906348765 HTTP/2" 404 36869 "-" "Mozilla/5.0 AppleWebKit/537.36 (KHTML, like Gecko; compatible; ClaudeBot/1.0; +claudebot@anthropic.com)"
216.73.216.78 - - [18/Jun/2026:00:19:22 +0700] "GET /san-pham/in-bat-hiflex-gan-day/sms:0906348765 HTTP/2" 404 36900 "-" "Mozilla/5.0 AppleWebKit/537.36 (KHTML, like Gecko; compatible; ClaudeBot/1.0; +claudebot@anthropic.com)"
83.99.206.142 - - [18/Jun/2026:00:19:30 +0700] "GET /san-pham/in-phong-nen/ HTTP/1.1" 200 46133 "-" "Mozilla/5.0 (X11; Linux x86_64) AppleWebKit/537.36 (KHTML, like Gecko; GeedoShopProductFinder) Chrome/142.0.0.0 Safari/537.36"
66.249.74.74 - - [18/Jun/2026:00:19:36 +0700] "GET /san-pham/gia-in-kho-lon-5m/ HTTP/1.1" 200 46083 "-" "Mozilla/5.0 (Linux; Android 6.0.1; Nexus 5X Build/MMB29P) AppleWebKit/537.36 (KHTML, like Gecko) Chrome/148.0.7778.96 Mobile Safari/537.36 (compatible; Googlebot/2.1; +http://www.google.com/bot.html)"
57.141.14.61 - - [18/Jun/2026:00:19:44 +0700] "GET /san-pham/in-tem-nhan-nuoc-uong/ HTTP/2" 200 240081 "-" "meta-externalagent/1.1 (+https://developers.facebook.com/docs/sharing/webmasters/crawler)"
57.141.14.60 - - [18/Jun/2026:00:19:45 +0700] "GET /tu-khoa-san-pham/in-decal-trong-can-trang/ HTTP/2" 200 207005 "-" "meta-externalagent/1.1 (+https://developers.facebook.com/docs/sharing/webmasters/crawler)"
83.99.206.142 - - [18/Jun/2026:00:19:50 +0700] "GET /san-pham/in-tem-chu-trang-nen-trong/ HTTP/1.1" 200 46016 "-" "Mozilla/5.0 (X11; Linux x86_64) AppleWebKit/537.36 (KHTML, like Gecko; GeedoShopProductFinder) Chrome/142.0.0.0 Safari/537.36"
57.141.14.56 - - [18/Jun/2026:00:19:56 +0700] "GET /tu-khoa-san-pham/in-decal-chat-luong-cao/ HTTP/2" 200 208748 "-" "meta-externalagent/1.1 (+https://developers.facebook.com/docs/sharing/webmasters/crawler)"
66.249.74.73 - - [18/Jun/2026:00:19:59 +0700] "GET /san-pham/in-uv-dtf-tren-kim-loai/ HTTP/1.1" 200 46050 "-" "Mozilla/5.0 (compatible; Googlebot/2.1; +http://www.google.com/bot.html)"
203.109.62.115 - admin [18/Jun/2026:00:20:01 +0700] "POST /wp-json/wp/v2/posts HTTP/1.1" 201 6951 "-" "Mozilla/5.0 (Macintosh; Intel Mac OS X 10_15_7) AppleWebKit/537.36 (KHTML, like Gecko) Chrome/142.0.0.0 Safari/537.36"
193.200.105.66 - admin [18/Jun/2026:00:20:05 +0700] "GET /wp-json/wp/v2/posts/14399?context=edit HTTP/1.1" 200 6951 "-" "Mozilla/5.0 (Macintosh; Intel Mac OS X 10_15_7) AppleWebKit/537.36 (KHTML, like Gecko) Chrome/142.0.0.0 Safari/537.36"
57.141.14.26 - - [18/Jun/2026:00:20:08 +0700] "GET /san-pham/in-uv-tren-go-ep/ HTTP/2" 200 238611 "-" "meta-externalagent/1.1 (+https://developers.facebook.com/docs/sharing/webmasters/crawler)"
83.99.206.142 - - [18/Jun/2026:00:20:10 +0700] "GET /san-pham/in-backdrop-photobooth/ HTTP/1.1" 200 46057 "-" "Mozilla/5.0 (X11; Linux x86_64) AppleWebKit/537.36 (KHTML, like Gecko; GeedoShopProductFinder) Chrome/142.0.0.0 Safari/537.36"
57.141.14.27 - - [18/Jun/2026:00:20:24 +0700] "GET /tu-khoa-san-pham/xuong-in-bang-hieu-gia-re/ HTTP/2" 200 207114 "-" "meta-externalagent/1.1 (+https://developers.facebook.com/docs/sharing/webmasters/crawler)"
83.99.206.142 - - [18/Jun/2026:00:20:30 +0700] "GET /san-pham/gia-in-pano-quan-7/ HTTP/1.1" 200 46139 "-" "Mozilla/5.0 (X11; Linux x86_64) AppleWebKit/537.36 (KHTML, like Gecko; GeedoShopProductFinder) Chrome/142.0.0.0 Safari/537.36"
216.73.216.78 - - [18/Jun/2026:00:20:44 +0700] "GET /san-pham/in-bat-hiflex-gia-re-tphcm-2/feed/ HTTP/2" 200 512 "-" "Mozilla/5.0 AppleWebKit/537.36 (KHTML, like Gecko; compatible; ClaudeBot/1.0; +claudebot@anthropic.com)"
216.73.216.78 - - [18/Jun/2026:00:20:44 +0700] "GET /san-pham/in-bat-hiflex-kho-lon-2/sms:0906348765 HTTP/2" 404 36934 "-" "Mozilla/5.0 AppleWebKit/537.36 (KHTML, like Gecko; compatible; ClaudeBot/1.0; +claudebot@anthropic.com)"
216.73.216.78 - - [18/Jun/2026:00:20:46 +0700] "GET /san-pham/in-bat-hiflex-khong-gan-3m/feed/ HTTP/2" 200 510 "-" "Mozilla/5.0 AppleWebKit/537.36 (KHTML, like Gecko; compatible; ClaudeBot/1.0; +claudebot@anthropic.com)"
216.73.216.78 - - [18/Jun/2026:00:20:46 +0700] "GET /san-pham/in-bat-hiflex-xam-han-quoc/feed/ HTTP/2" 200 510 "-" "Mozilla/5.0 AppleWebKit/537.36 (KHTML, like Gecko; compatible; ClaudeBot/1.0; +claudebot@anthropic.com)"
83.99.206.142 - - [18/Jun/2026:00:20:49 +0700] "GET /tu-khoa-san-pham/in-pp-dan-kinh/ HTTP/1.1" 200 39767 "-" "Mozilla/5.0 (X11; Linux x86_64) AppleWebKit/537.36 (KHTML, like Gecko; GeedoShopProductFinder) Chrome/142.0.0.0 Safari/537.36"
216.73.216.78 - - [18/Jun/2026:00:20:57 +0700] "GET /san-pham/in-bat-hiflex-khung-sat/sms:0906348765 HTTP/2" 404 36863 "-" "Mozilla/5.0 AppleWebKit/537.36 (KHTML, like Gecko; compatible; ClaudeBot/1.0; +claudebot@anthropic.com)"
216.73.216.78 - - [18/Jun/2026:00:20:57 +0700] "GET /san-pham/in-bat-hiflex-gia-re-2/sms:0906348765 HTTP/2" 404 36911 "-" "Mozilla/5.0 AppleWebKit/537.36 (KHTML, like Gecko; compatible; ClaudeBot/1.0; +claudebot@anthropic.com)"
216.73.216.78 - - [18/Jun/2026:00:20:58 +0700] "GET /san-pham/in-bat-hay-in-decal-tot-hon/feed/ HTTP/2" 200 510 "-" "Mozilla/5.0 AppleWebKit/537.36 (KHTML, like Gecko; compatible; ClaudeBot/1.0; +claudebot@anthropic.com)"
216.73.216.78 - - [18/Jun/2026:00:20:59 +0700] "GET /san-pham/in-bat-hiflex-chong-nang/sms:0906348765 HTTP/2" 404 36887 "-" "Mozilla/5.0 AppleWebKit/537.36 (KHTML, like Gecko; compatible; ClaudeBot/1.0; +claudebot@anthropic.com)"
57.141.14.12 - - [18/Jun/2026:00:21:00 +0700] "GET /san-pham/cong-ty-in-nhan-mac/ HTTP/2" 200 239169 "-" "meta-externalagent/1.1 (+https://developers.facebook.com/docs/sharing/webmasters/crawler)"
66.249.71.128 - - [18/Jun/2026:00:21:04 +0700] "GET /san-pham/bao-gia-in-tranh-canvas/ HTTP/1.1" 200 46118 "-" "Mozilla/5.0 (compatible; Googlebot/2.1; +http://www.google.com/bot.html)"
66.249.74.73 - - [18/Jun/2026:00:21:11 +0700] "GET /san-pham/gia-in-decal-luoi-2/ HTTP/1.1" 200 45821 "-" "Mozilla/5.0 (Linux; Android 6.0.1; Nexus 5X Build/MMB29P) AppleWebKit/537.36 (KHTML, like Gecko) Chrome/148.0.7778.96 Mobile Safari/537.36 (compatible; Googlebot/2.1; +http://www.google.com/bot.html)"
216.73.216.78 - - [18/Jun/2026:00:21:22 +0700] "GET /san-pham/in-bat-hiflex-gia-re-tphcm-3/feed/ HTTP/2" 200 512 "-" "Mozilla/5.0 AppleWebKit/537.36 (KHTML, like Gecko; compatible; ClaudeBot/1.0; +claudebot@anthropic.com)"
216.73.216.78 - - [18/Jun/2026:00:21:22 +0700] "GET /san-pham/in-bat-gia-bao-nhieu/sms:0906348765 HTTP/2" 404 36873 "-" "Mozilla/5.0 AppleWebKit/537.36 (KHTML, like Gecko; compatible; ClaudeBot/1.0; +claudebot@anthropic.com)"
66.249.71.137 - - [18/Jun/2026:00:21:23 +0700] "GET /san-pham/in-bat-hiflex-khong-dan-noi/ HTTP/1.1" 200 45940 "-" "Mozilla/5.0 (compatible; Googlebot/2.1; +http://www.google.com/bot.html)"
216.73.216.78 - - [18/Jun/2026:00:21:24 +0700] "GET /san-pham/in-bat-hiflex-gan-day-2/sms:0906348765 HTTP/2" 404 36876 "-" "Mozilla/5.0 AppleWebKit/537.36 (KHTML, like Gecko; compatible; ClaudeBot/1.0; +claudebot@anthropic.com)"
216.73.216.78 - - [18/Jun/2026:00:21:25 +0700] "GET /san-pham/in-bat-luoi-ngoai-troi/sms:0906348765 HTTP/2" 404 36889 "-" "Mozilla/5.0 AppleWebKit/537.36 (KHTML, like Gecko; compatible; ClaudeBot/1.0; +claudebot@anthropic.com)"
216.73.216.78 - - [18/Jun/2026:00:21:47 +0700] "GET /san-pham/in-bat-khong-gan-han-quoc/sms:0906348765 HTTP/2" 404 36881 "-" "Mozilla/5.0 AppleWebKit/537.36 (KHTML, like Gecko; compatible; ClaudeBot/1.0; +claudebot@anthropic.com)"
216.73.216.78 - - [18/Jun/2026:00:21:47 +0700] "GET /san-pham/in-bat-hiflex-khong-dan-noi/sms:0906348765 HTTP/2" 404 36891 "-" "Mozilla/5.0 AppleWebKit/537.36 (KHTML, like Gecko; compatible; ClaudeBot/1.0; +claudebot@anthropic.com)"
216.73.216.78 - - [18/Jun/2026:00:21:49 +0700] "GET /san-pham/in-bat-khai-truong-cua-hang/feed/ HTTP/2" 200 514 "-" "Mozilla/5.0 AppleWebKit/537.36 (KHTML, like Gecko; compatible; ClaudeBot/1.0; +claudebot@anthropic.com)"
216.73.216.78 - - [18/Jun/2026:00:21:50 +0700] "GET /san-pham/in-bat-hiflex-khong-noi/sms:0906348765 HTTP/2" 404 36872 "-" "Mozilla/5.0 AppleWebKit/537.36 (KHTML, like Gecko; compatible; ClaudeBot/1.0; +claudebot@anthropic.com)"
216.73.216.78 - - [18/Jun/2026:00:21:56 +0700] "GET /san-pham/in-bat-hay-in-decal-tot-hon/sms:0906348765 HTTP/2" 404 36866 "-" "Mozilla/5.0 AppleWebKit/537.36 (KHTML, like Gecko; compatible; ClaudeBot/1.0; +claudebot@anthropic.com)"
216.73.216.78 - - [18/Jun/2026:00:21:56 +0700] "GET /san-pham/in-bat-hiflex-gia-re-tphcm-2/sms:0906348765 HTTP/2" 404 36903 "-" "Mozilla/5.0 AppleWebKit/537.36 (KHTML, like Gecko; compatible; ClaudeBot/1.0; +claudebot@anthropic.com)"
216.73.216.78 - - [18/Jun/2026:00:21:58 +0700] "GET /san-pham/in-bat-hiflex-khong-gan-3m/sms:0906348765 HTTP/2" 404 36892 "-" "Mozilla/5.0 AppleWebKit/537.36 (KHTML, like Gecko; compatible; ClaudeBot/1.0; +claudebot@anthropic.com)"
216.73.216.78 - - [18/Jun/2026:00:21:59 +0700] "GET /san-pham/in-bat-hiflex-xam-han-quoc/sms:0906348765 HTTP/2" 404 36873 "-" "Mozilla/5.0 AppleWebKit/537.36 (KHTML, like Gecko; compatible; ClaudeBot/1.0; +claudebot@anthropic.com)"
57.141.14.78 - - [18/Jun/2026:00:22:18 +0700] "GET /tu-khoa-san-pham/in-banner-check-in/ HTTP/2" 200 206807 "-" "meta-externalagent/1.1 (+https://developers.facebook.com/docs/sharing/webmasters/crawler)"
57.141.14.96 - - [18/Jun/2026:00:22:30 +0700] "GET /tu-khoa-san-pham/bao-gia-in-dtf/ HTTP/2" 200 206740 "-" "meta-externalagent/1.1 (+https://developers.facebook.com/docs/sharing/webmasters/crawler)"
57.141.14.47 - - [18/Jun/2026:00:22:31 +0700] "GET /san-pham/in-tem-so-luong-lon-gia-re500https-inquangcaothuonghieu-com-wp-content-uploads-2026-04-in-tem-nha-mac-jpgdich-vu-in-tem-nhan-decal-sticker-chat-luong-cao-lay-lien-tai-tphcm-gia-xuong-tem/ HTTP/2" 200 251602 "-" "meta-externalagent/1.1 (+https://developers.facebook.com/docs/sharing/webmasters/crawler)"
216.73.216.78 - - [18/Jun/2026:00:22:34 +0700] "GET /san-pham/in-bat-khai-truong-cua-hang/sms:0906348765 HTTP/2" 404 36902 "-" "Mozilla/5.0 AppleWebKit/537.36 (KHTML, like Gecko; compatible; ClaudeBot/1.0; +claudebot@anthropic.com)"
216.73.216.78 - - [18/Jun/2026:00:22:34 +0700] "GET /san-pham/in-bat-hiflex-gia-re-hcm-3/sms:0906348765 HTTP/2" 404 36837 "-" "Mozilla/5.0 AppleWebKit/537.36 (KHTML, like Gecko; compatible; ClaudeBot/1.0; +claudebot@anthropic.com)"
66.249.71.137 - - [18/Jun/2026:00:22:35 +0700] "GET /san-pham/in-canvas-trong-nha/ HTTP/1.1" 200 46112 "-" "Mozilla/5.0 (compatible; Googlebot/2.1; +http://www.google.com/bot.html)"
216.73.216.78 - - [18/Jun/2026:00:22:39 +0700] "GET /san-pham/in-bat-hiflex-gia-re-tphcm-3/sms:0906348765 HTTP/2" 404 36864 "-" "Mozilla/5.0 AppleWebKit/537.36 (KHTML, like Gecko; compatible; ClaudeBot/1.0; +claudebot@anthropic.com)"
216.73.216.78 - - [18/Jun/2026:00:22:40 +0700] "GET /san-pham/in-bat-hiflex-gia-bao-nhieu-2/feed/ HTTP/2" 200 513 "-" "Mozilla/5.0 AppleWebKit/537.36 (KHTML, like Gecko; compatible; ClaudeBot/1.0; +claudebot@anthropic.com)"
83.99.206.218 - - [18/Jun/2026:00:22:46 +0700] "GET /tu-khoa-san-pham/in-bat-kho-lon/ HTTP/1.1" 200 39993 "-" "Mozilla/5.0 (X11; Linux x86_64) AppleWebKit/537.36 (KHTML, like Gecko; GeedoShopProductFinder) Chrome/142.0.0.0 Safari/537.36"
216.73.216.78 - - [18/Jun/2026:00:23:00 +0700] "GET /san-pham/in-bat-gia-re-gan-day/sms:0906348765 HTTP/2" 404 36863 "-" "Mozilla/5.0 AppleWebKit/537.36 (KHTML, like Gecko; compatible; ClaudeBot/1.0; +claudebot@anthropic.com)"
216.73.216.78 - - [18/Jun/2026:00:23:00 +0700] "GET /san-pham/in-bat-hiflex-khong-gan/sms:0906348765 HTTP/2" 404 36863 "-" "Mozilla/5.0 AppleWebKit/537.36 (KHTML, like Gecko; compatible; ClaudeBot/1.0; +claudebot@anthropic.com)"
216.73.216.78 - - [18/Jun/2026:00:23:02 +0700] "GET /san-pham/in-bat-hiflex-trong-nha/sms:0906348765 HTTP/2" 404 36902 "-" "Mozilla/5.0 AppleWebKit/537.36 (KHTML, like Gecko; compatible; ClaudeBot/1.0; +claudebot@anthropic.com)"
216.73.216.78 - - [18/Jun/2026:00:23:04 +0700] "GET /san-pham/in-bat-hiflex-gia-re-hcm-3/feed/ HTTP/2" 200 507 "-" "Mozilla/5.0 AppleWebKit/537.36 (KHTML, like Gecko; compatible; ClaudeBot/1.0; +claudebot@anthropic.com)"
83.99.206.86 - - [18/Jun/2026:00:23:05 +0700] "GET /tu-khoa-san-pham/in-decal-chong-xuyen-sang/ HTTP/1.1" 200 39779 "-" "Mozilla/5.0 (X11; Linux x86_64) AppleWebKit/537.36 (KHTML, like Gecko; GeedoShopProductFinder) Chrome/142.0.0.0 Safari/537.36"
83.99.206.166 - - [18/Jun/2026:00:23:25 +0700] "GET /tu-khoa-san-pham/in-standee-ban-hang-ngoai-troi/ HTTP/1.1" 200 39738 "-" "Mozilla/5.0 (X11; Linux x86_64) AppleWebKit/537.36 (KHTML, like Gecko; GeedoShopProductFinder) Chrome/142.0.0.0 Safari/537.36"
83.99.206.218 - - [18/Jun/2026:00:23:45 +0700] "GET /tu-khoa-san-pham/in-standee-ban-hang-hcm/ HTTP/1.1" 200 39771 "-" "Mozilla/5.0 (X11; Linux x86_64) AppleWebKit/537.36 (KHTML, like Gecko; GeedoShopProductFinder) Chrome/142.0.0.0 Safari/537.36"
52.167.144.141 - - [18/Jun/2026:00:23:50 +0700] "GET /danh-muc-san-pham/in-an-quang-cao/in-bang-quang-cao-backroup-pano/page/4/ HTTP/2" 200 42616 "-" "Mozilla/5.0 AppleWebKit/537.36 (KHTML, like Gecko; compatible; bingbot/2.0; +http://www.bing.com/bingbot.htm) Chrome/116.0.1938.76 Safari/537.36"
216.73.216.78 - - [18/Jun/2026:00:23:52 +0700] "GET /san-pham/in-bat-hiflex-5m-hcm/whatsapp:/send?text=in+b%E1%BA%A1t+hiflex+5m+hcm+-+https%3A%2Finquangcaothuonghieu.com%2Fsan-pham%2Fin-bat-hiflex-5m-hcm%2F HTTP/2" 404 38523 "-" "Mozilla/5.0 AppleWebKit/537.36 (KHTML, like Gecko; compatible; ClaudeBot/1.0; +claudebot@anthropic.com)"
216.73.216.78 - - [18/Jun/2026:00:23:52 +0700] "GET /san-pham/in-bat-hiflex-2-da-ojet/whatsapp:/send?text=in+b%E1%BA%A1t+hiflex+2+da+ojet+-+https%3A%2Finquangcaothuonghieu.com%2Fsan-pham%2Fin-bat-hiflex-2-da-ojet%2F HTTP/2" 404 38548 "-" "Mozilla/5.0 AppleWebKit/537.36 (KHTML, like Gecko; compatible; ClaudeBot/1.0; +claudebot@anthropic.com)"
216.73.216.78 - - [18/Jun/2026:00:23:54 +0700] "GET /san-pham/in-bat-hiflex-gia-bao-nhieu-2/sms:0906348765 HTTP/2" 404 36873 "-" "Mozilla/5.0 AppleWebKit/537.36 (KHTML, like Gecko; compatible; ClaudeBot/1.0; +claudebot@anthropic.com)"
216.73.216.78 - - [18/Jun/2026:00:23:54 +0700] "GET /san-pham/in-bat-khong-gan-xuyen-sang/sms:0906348765 HTTP/2" 404 36847 "-" "Mozilla/5.0 AppleWebKit/537.36 (KHTML, like Gecko; compatible; ClaudeBot/1.0; +claudebot@anthropic.com)"
57.141.14.2 - - [18/Jun/2026:00:23:54 +0700] "GET /tu-khoa-san-pham/cong-ty-in-quang-cao-gia-re/ HTTP/2" 200 207229 "-" "meta-externalagent/1.1 (+https://developers.facebook.com/docs/sharing/webmasters/crawler)"
83.99.206.218 - - [18/Jun/2026:00:24:06 +0700] "GET /tu-khoa-san-pham/in-standee-thiet-ke-mien-phi/ HTTP/1.1" 200 39805 "-" "Mozilla/5.0 (X11; Linux x86_64) AppleWebKit/537.36 (KHTML, like Gecko; GeedoShopProductFinder) Chrome/142.0.0.0 Safari/537.36"
57.141.14.36 - - [18/Jun/2026:00:24:11 +0700] "GET /tu-khoa-san-pham/in-uv-dtf-nen-trong-chu-trang/ HTTP/2" 200 207158 "-" "meta-externalagent/1.1 (+https://developers.facebook.com/docs/sharing/webmasters/crawler)"
216.73.216.78 - - [18/Jun/2026:00:24:13 +0700] "GET /san-pham/in-bat-hiflex-khung-sat/whatsapp:/send?text=in+b%E1%BA%A1t+hiflex+khung+s%E1%BA%AFt+-+https%3A%2Finquangcaothuonghieu.com%2Fsan-pham%2Fin-bat-hiflex-khung-sat%2F HTTP/2" 404 38539 "-" "Mozilla/5.0 AppleWebKit/537.36 (KHTML, like Gecko; compatible; ClaudeBot/1.0; +claudebot@anthropic.com)"
216.73.216.78 - - [18/Jun/2026:00:24:13 +0700] "GET /san-pham/in-bat-hiflex-la-gi-2/whatsapp:/send?text=in+b%E1%BA%A1t+hiflex+l%C3%A0+g%C3%AC+-+https%3A%2Finquangcaothuonghieu.com%2Fsan-pham%2Fin-bat-hiflex-la-gi-2%2F HTTP/2" 404 38562 "-" "Mozilla/5.0 AppleWebKit/537.36 (KHTML, like Gecko; compatible; ClaudeBot/1.0; +claudebot@anthropic.com)"
216.73.216.78 - - [18/Jun/2026:00:24:14 +0700] "GET /san-pham/in-bat-giao-nhanh/whatsapp:/send?text=in+b%E1%BA%A1t+giao+nhanh+-+https%3A%2Finquangcaothuonghieu.com%2Fsan-pham%2Fin-bat-giao-nhanh%2F HTTP/2" 404 38519 "-" "Mozilla/5.0 AppleWebKit/537.36 (KHTML, like Gecko; compatible; ClaudeBot/1.0; +claudebot@anthropic.com)"
216.73.216.78 - - [18/Jun/2026:00:24:15 +0700] "GET /san-pham/in-bat-hiflex-5m-tphcm/whatsapp:/send?text=in+b%E1%BA%A1t+hiflex+5m+tphcm+-+https%3A%2Finquangcaothuonghieu.com%2Fsan-pham%2Fin-bat-hiflex-5m-tphcm%2F HTTP/2" 404 38577 "-" "Mozilla/5.0 AppleWebKit/537.36 (KHTML, like Gecko; compatible; ClaudeBot/1.0; +claudebot@anthropic.com)"
57.141.14.16 - - [18/Jun/2026:00:24:22 +0700] "GET /san-pham/in-poster-formex/ HTTP/2" 200 238573 "-" "meta-externalagent/1.1 (+https://developers.facebook.com/docs/sharing/webmasters/crawler)"
83.99.206.218 - - [18/Jun/2026:00:24:26 +0700] "GET /san-pham/in-mau-a5/ HTTP/1.1" 200 45883 "-" "Mozilla/5.0 (X11; Linux x86_64) AppleWebKit/537.36 (KHTML, like Gecko; GeedoShopProductFinder) Chrome/142.0.0.0 Safari/537.36"
216.73.216.78 - - [18/Jun/2026:00:24:29 +0700] "GET /san-pham/in-bat-hiflex-kho-3m/whatsapp:/send?text=in+b%E1%BA%A1t+hiflex+kh%E1%BB%95+3m+-+https%3A%2Finquangcaothuonghieu.com%2Fsan-pham%2Fin-bat-hiflex-kho-3m%2F HTTP/2" 404 38600 "-" "Mozilla/5.0 AppleWebKit/537.36 (KHTML, like Gecko; compatible; ClaudeBot/1.0; +claudebot@anthropic.com)"
216.73.216.78 - - [18/Jun/2026:00:24:29 +0700] "GET /san-pham/in-bat-hiflex-binh-thanh/whatsapp:/send?text=in+b%E1%BA%A1t+hiflex+b%C3%ACnh+th%E1%BA%A1nh+-+https%3A%2Finquangcaothuonghieu.com%2Fsan-pham%2Fin-bat-hiflex-binh-thanh%2F HTTP/2" 404 38567 "-" "Mozilla/5.0 AppleWebKit/537.36 (KHTML, like Gecko; compatible; ClaudeBot/1.0; +claudebot@anthropic.com)"
66.249.74.74 - - [18/Jun/2026:00:24:30 +0700] "GET /san-pham/in-tem-nhu-bac-cao-cap/ HTTP/1.1" 200 45883 "-" "Mozilla/5.0 (Linux; Android 6.0.1; Nexus 5X Build/MMB29P) AppleWebKit/537.36 (KHTML, like Gecko) Chrome/148.0.7778.96 Mobile Safari/537.36 (compatible; Googlebot/2.1; +http://www.google.com/bot.html)"
66.249.74.75 - - [18/Jun/2026:00:24:30 +0700] "GET /san-pham/in-tem-nhu-bac-cao-cap/ HTTP/1.1" 200 45877 "-" "Mozilla/5.0 (compatible; Googlebot/2.1; +http://www.google.com/bot.html)"
216.73.216.78 - - [18/Jun/2026:00:24:31 +0700] "GET /san-pham/in-bat-hiflex-de-ghi/whatsapp:/send?text=in+b%E1%BA%A1t+hiflex+%C4%91%E1%BA%BF+ghi+-+https%3A%2Finquangcaothuonghieu.com%2Fsan-pham%2Fin-bat-hiflex-de-ghi%2F HTTP/2" 404 38536 "-" "Mozilla/5.0 AppleWebKit/537.36 (KHTML, like Gecko; compatible; ClaudeBot/1.0; +claudebot@anthropic.com)"
216.73.216.78 - - [18/Jun/2026:00:24:32 +0700] "GET /san-pham/in-bat-khai-truong/whatsapp:/send?text=in+b%E1%BA%A1t+khai+tr%C6%B0%C6%A1ng+-+https%3A%2Finquangcaothuonghieu.com%2Fsan-pham%2Fin-bat-khai-truong%2F HTTP/2" 404 38563 "-" "Mozilla/5.0 AppleWebKit/537.36 (KHTML, like Gecko; compatible; ClaudeBot/1.0; +claudebot@anthropic.com)"
57.141.14.27 - - [18/Jun/2026:00:24:44 +0700] "GET /tu-khoa-san-pham/in-uv-bat-nhanh-tphcm/ HTTP/2" 200 206973 "-" "meta-externalagent/1.1 (+https://developers.facebook.com/docs/sharing/webmasters/crawler)"
57.141.14.6 - - [18/Jun/2026:00:24:50 +0700] "GET /tu-khoa-san-pham/in-decal-xe/ HTTP/2" 200 208272 "-" "meta-externalagent/1.1 (+https://developers.facebook.com/docs/sharing/webmasters/crawler)"
57.141.14.86 - - [18/Jun/2026:00:24:56 +0700] "GET /tu-khoa-san-pham/in-bat-uv/ HTTP/2" 200 208204 "-" "meta-externalagent/1.1 (+https://developers.facebook.com/docs/sharing/webmasters/crawler)"
216.73.216.78 - - [18/Jun/2026:00:25:15 +0700] "GET /san-pham/in-bat-hiflex-kho-5m-2/whatsapp:/send?text=in+b%E1%BA%A1t+hiflex+kh%E1%BB%95+5m+-+https%3A%2Finquangcaothuonghieu.com%2Fsan-pham%2Fin-bat-hiflex-kho-5m-2%2F HTTP/2" 404 38558 "-" "Mozilla/5.0 AppleWebKit/537.36 (KHTML, like Gecko; compatible; ClaudeBot/1.0; +claudebot@anthropic.com)"
216.73.216.78 - - [18/Jun/2026:00:25:15 +0700] "GET /san-pham/in-bat-khong-dan-noi-2/whatsapp:/send?text=in+b%E1%BA%A1t+kh%C3%B4ng+d%C3%A1n+n%E1%BB%91i+-+https%3A%2Finquangcaothuonghieu.com%2Fsan-pham%2Fin-bat-khong-dan-noi-2%2F HTTP/2" 404 38567 "-" "Mozilla/5.0 AppleWebKit/537.36 (KHTML, like Gecko; compatible; ClaudeBot/1.0; +claudebot@anthropic.com)"
216.73.216.78 - - [18/Jun/2026:00:25:16 +0700] "GET /san-pham/in-bat-hiflex-kho-5m/whatsapp:/send?text=in+b%E1%BA%A1t+hiflex+kh%E1%BB%95+5m+-+https%3A%2Finquangcaothuonghieu.com%2Fsan-pham%2Fin-bat-hiflex-kho-5m%2F HTTP/2" 404 38564 "-" "Mozilla/5.0 AppleWebKit/537.36 (KHTML, like Gecko; compatible; ClaudeBot/1.0; +claudebot@anthropic.com)"
216.73.216.78 - - [18/Jun/2026:00:25:17 +0700] "GET /san-pham/in-bat-hiflex-de-xam/whatsapp:/send?text=in+b%E1%BA%A1t+hiflex+%C4%91%E1%BA%BF+x%C3%A1m+-+https%3A%2Finquangcaothuonghieu.com%2Fsan-pham%2Fin-bat-hiflex-de-xam%2F HTTP/2" 404 38576 "-" "Mozilla/5.0 AppleWebKit/537.36 (KHTML, like Gecko; compatible; ClaudeBot/1.0; +claudebot@anthropic.com)"
52.167.144.141 - - [18/Jun/2026:00:25:19 +0700] "GET /san-pham/in-voucher-phong-gym/ HTTP/2" 200 45795 "-" "Mozilla/5.0 AppleWebKit/537.36 (KHTML, like Gecko; compatible; bingbot/2.0; +http://www.bing.com/bingbot.htm) Chrome/116.0.1938.76 Safari/537.36"
216.73.216.78 - - [18/Jun/2026:00:25:23 +0700] "GET /san-pham/in-bat-hiflex-sieu-kho/whatsapp:/send?text=in+b%E1%BA%A1t+hiflex+si%C3%AAu+kh%E1%BB%95+-+https%3A%2Finquangcaothuonghieu.com%2Fsan-pham%2Fin-bat-hiflex-sieu-kho%2F HTTP/2" 404 38577 "-" "Mozilla/5.0 AppleWebKit/537.36 (KHTML, like Gecko; compatible; ClaudeBot/1.0; +claudebot@anthropic.com)"
216.73.216.78 - - [18/Jun/2026:00:25:23 +0700] "GET /san-pham/in-bat-hiflex-gan-day/whatsapp:/send?text=in+b%E1%BA%A1t+hiflex+g%E1%BA%A7n+%C4%91%C3%A2y+-+https%3A%2Finquangcaothuonghieu.com%2Fsan-pham%2Fin-bat-hiflex-gan-day%2F HTTP/2" 404 38572 "-" "Mozilla/5.0 AppleWebKit/537.36 (KHTML, like Gecko; compatible; ClaudeBot/1.0; +claudebot@anthropic.com)"
216.73.216.78 - - [18/Jun/2026:00:25:25 +0700] "GET /san-pham/in-bat-gia-bao-nhieu/whatsapp:/send?text=in+b%E1%BA%A1t+gi%C3%A1+bao+nhi%C3%AAu+-+https%3A%2Finquangcaothuonghieu.com%2Fsan-pham%2Fin-bat-gia-bao-nhieu%2F HTTP/2" 404 38598 "-" "Mozilla/5.0 AppleWebKit/537.36 (KHTML, like Gecko; compatible; ClaudeBot/1.0; +claudebot@anthropic.com)"
57.141.14.30 - - [18/Jun/2026:00:25:26 +0700] "GET /san-pham/in-uv-decal-trang-sua/ HTTP/2" 200 239407 "-" "meta-externalagent/1.1 (+https://developers.facebook.com/docs/sharing/webmasters/crawler)"
216.73.216.78 - - [18/Jun/2026:00:25:27 +0700] "GET /san-pham/in-bat-hiflex-5m-o-tphcm/whatsapp:/send?text=in+b%E1%BA%A1t+hiflex+5m+%E1%BB%9F+tphcm+-+https%3A%2Finquangcaothuonghieu.com%2Fsan-pham%2Fin-bat-hiflex-5m-o-tphcm%2F HTTP/2" 404 38594 "-" "Mozilla/5.0 AppleWebKit/537.36 (KHTML, like Gecko; compatible; ClaudeBot/1.0; +claudebot@anthropic.com)"
57.141.14.77 - - [18/Jun/2026:00:25:29 +0700] "GET /san-pham/gia-in-canvas/ HTTP/2" 200 239030 "-" "meta-externalagent/1.1 (+https://developers.facebook.com/docs/sharing/webmasters/crawler)"
57.141.14.86 - - [18/Jun/2026:00:25:30 +0700] "GET /tu-khoa-san-pham/in-bat-khong-gan-la-gi/ HTTP/2" 200 207585 "-" "meta-externalagent/1.1 (+https://developers.facebook.com/docs/sharing/webmasters/crawler)"
57.141.14.94 - - [18/Jun/2026:00:25:33 +0700] "GET /tu-khoa-san-pham/in-to-quang-cao/ HTTP/2" 200 206741 "-" "meta-externalagent/1.1 (+https://developers.facebook.com/docs/sharing/webmasters/crawler)"
43.157.46.118 - - [18/Jun/2026:00:25:39 +0700] "GET /san-pham/in-bang-quang-cao/ HTTP/1.1" 200 52960 "-" "Mozilla/5.0 (iPhone; CPU iPhone OS 13_2_3 like Mac OS X) AppleWebKit/605.1.15 (KHTML, like Gecko) Version/13.0.3 Mobile/15E148 Safari/604.1"
66.249.74.75 - - [18/Jun/2026:00:26:00 +0700] "GET /san-pham/in-uv-alu-tphcm/ HTTP/1.1" 200 45864 "-" "Mozilla/5.0 (Linux; Android 6.0.1; Nexus 5X Build/MMB29P) AppleWebKit/537.36 (KHTML, like Gecko) Chrome/148.0.7778.96 Mobile Safari/537.36 (compatible; Googlebot/2.1; +http://www.google.com/bot.html)"
57.141.14.74 - - [18/Jun/2026:00:26:01 +0700] "GET /san-pham/in-logo-dtf/ HTTP/2" 200 238908 "-" "meta-externalagent/1.1 (+https://developers.facebook.com/docs/sharing/webmasters/crawler)"
52.167.144.141 - - [18/Jun/2026:00:26:08 +0700] "GET /san-pham/cong-ty-in-an/ HTTP/2" 200 46071 "-" "Mozilla/5.0 AppleWebKit/537.36 (KHTML, like Gecko; compatible; bingbot/2.0; +http://www.bing.com/bingbot.htm) Chrome/116.0.1938.76 Safari/537.36"
57.141.14.15 - - [18/Jun/2026:00:26:14 +0700] "GET /tu-khoa-san-pham/in-bang-ron-gan-day/ HTTP/2" 200 208619 "-" "meta-externalagent/1.1 (+https://developers.facebook.com/docs/sharing/webmasters/crawler)"
83.99.206.81 - - [18/Jun/2026:00:26:27 +0700] "GET /tu-khoa-san-pham/in-banner-san-pham/ HTTP/1.1" 200 39750 "-" "Mozilla/5.0 (X11; Linux x86_64) AppleWebKit/537.36 (KHTML, like Gecko; GeedoShopProductFinder) Chrome/142.0.0.0 Safari/537.36"
57.141.14.8 - - [18/Jun/2026:00:26:34 +0700] "GET /tu-khoa-san-pham/in-uv-inox/ HTTP/2" 200 206565 "-" "meta-externalagent/1.1 (+https://developers.facebook.com/docs/sharing/webmasters/crawler)"
216.73.216.78 - - [18/Jun/2026:00:26:35 +0700] "GET /san-pham/in-bat-hiflex-trong-nha/whatsapp:/send?text=in+b%E1%BA%A1t+hiflex+trong+nh%C3%A0+-+https%3A%2Finquangcaothuonghieu.com%2Fsan-pham%2Fin-bat-hiflex-trong-nha%2F HTTP/2" 404 38581 "-" "Mozilla/5.0 AppleWebKit/537.36 (KHTML, like Gecko; compatible; ClaudeBot/1.0; +claudebot@anthropic.com)"
216.73.216.78 - - [18/Jun/2026:00:26:35 +0700] "GET /san-pham/in-bat-khong-gan-la-gi/whatsapp:/send?text=in+b%E1%BA%A1t+kh%C3%B4ng+g%C3%A2n+l%C3%A0+g%C3%AC+-+https%3A%2Finquangcaothuonghieu.com%2Fsan-pham%2Fin-bat-khong-gan-la-gi%2F HTTP/2" 404 38591 "-" "Mozilla/5.0 AppleWebKit/537.36 (KHTML, like Gecko; compatible; ClaudeBot/1.0; +claudebot@anthropic.com)"
216.73.216.78 - - [18/Jun/2026:00:26:38 +0700] "GET /san-pham/in-bat-hiflex-gan-day-2/whatsapp:/send?text=in+b%E1%BA%A1t+hiflex+g%E1%BA%A7n+%C4%91%C3%A2y+-+https%3A%2Finquangcaothuonghieu.com%2Fsan-pham%2Fin-bat-hiflex-gan-day-2%2F HTTP/2" 404 38590 "-" "Mozilla/5.0 AppleWebKit/537.36 (KHTML, like Gecko; compatible; ClaudeBot/1.0; +claudebot@anthropic.com)"
216.73.216.78 - - [18/Jun/2026:00:26:38 +0700] "GET /san-pham/in-bat-hiflex-khong-gan/whatsapp:/send?text=in+b%E1%BA%A1t+hiflex+kh%C3%B4ng+g%C3%A2n+-+https%3A%2Finquangcaothuonghieu.com%2Fsan-pham%2Fin-bat-hiflex-khong-gan%2F HTTP/2" 404 38549 "-" "Mozilla/5.0 AppleWebKit/537.36 (KHTML, like Gecko; compatible; ClaudeBot/1.0; +claudebot@anthropic.com)"
83.99.206.81 - - [18/Jun/2026:00:26:46 +0700] "GET /san-pham/decal-quang-cao-dan-kinh-2/ HTTP/1.1" 200 46006 "-" "Mozilla/5.0 (X11; Linux x86_64) AppleWebKit/537.36 (KHTML, like Gecko; GeedoShopProductFinder) Chrome/142.0.0.0 Safari/537.36"
216.73.216.78 - - [18/Jun/2026:00:26:46 +0700] "GET /san-pham/in-bat-hiflex-khong-gan-3m/whatsapp:/send?text=in+b%E1%BA%A1t+hiflex+kh%C3%B4ng+g%C3%A2n+3m+-+https%3A%2Finquangcaothuonghieu.com%2Fsan-pham%2Fin-bat-hiflex-khong-gan-3m%2F HTTP/2" 404 38547 "-" "Mozilla/5.0 AppleWebKit/537.36 (KHTML, like Gecko; compatible; ClaudeBot/1.0; +claudebot@anthropic.com)"
216.73.216.78 - - [18/Jun/2026:00:26:46 +0700] "GET /san-pham/in-bat-hiflex-kho-lon-2/whatsapp:/send?text=in+b%E1%BA%A1t+hiflex+kh%E1%BB%95+l%E1%BB%9Bn+-+https%3A%2Finquangcaothuonghieu.com%2Fsan-pham%2Fin-bat-hiflex-kho-lon-2%2F HTTP/2" 404 38545 "-" "Mozilla/5.0 AppleWebKit/537.36 (KHTML, like Gecko; compatible; ClaudeBot/1.0; +claudebot@anthropic.com)"
216.73.216.78 - - [18/Jun/2026:00:26:48 +0700] "GET /san-pham/in-bat-hiflex-kho-lon/whatsapp:/send?text=in+b%E1%BA%A1t+hiflex+kh%E1%BB%95+l%E1%BB%9Bn+-+https%3A%2Finquangcaothuonghieu.com%2Fsan-pham%2Fin-bat-hiflex-kho-lon%2F HTTP/2" 404 38604 "-" "Mozilla/5.0 AppleWebKit/537.36 (KHTML, like Gecko; compatible; ClaudeBot/1.0; +claudebot@anthropic.com)"
216.73.216.78 - - [18/Jun/2026:00:26:49 +0700] "GET /san-pham/in-bat-hiflex-chong-nang/whatsapp:/send?text=in+b%E1%BA%A1t+hiflex+ch%E1%BB%91ng+n%E1%BA%AFng+-+https%3A%2Finquangcaothuonghieu.com%2Fsan-pham%2Fin-bat-hiflex-chong-nang%2F HTTP/2" 404 38562 "-" "Mozilla/5.0 AppleWebKit/537.36 (KHTML, like Gecko; compatible; ClaudeBot/1.0; +claudebot@anthropic.com)"
66.249.74.75 - - [18/Jun/2026:00:27:01 +0700] "GET /san-pham/in-uv-bat-nhanh-tphcm/ HTTP/1.1" 200 45900 "-" "Mozilla/5.0 (Linux; Android 6.0.1; Nexus 5X Build/MMB29P) AppleWebKit/537.36 (KHTML, like Gecko) Chrome/148.0.7778.96 Mobile Safari/537.36 (compatible; Googlebot/2.1; +http://www.google.com/bot.html)"
66.249.71.128 - - [18/Jun/2026:00:27:06 +0700] "GET /san-pham/in-logo-uv-gia-re/ HTTP/1.1" 200 45840 "-" "Mozilla/5.0 (Linux; Android 6.0.1; Nexus 5X Build/MMB29P) AppleWebKit/537.36 (KHTML, like Gecko) Chrome/148.0.7778.96 Mobile Safari/537.36 (compatible; Googlebot/2.1; +http://www.google.com/bot.html)"
83.99.206.81 - - [18/Jun/2026:00:27:07 +0700] "GET /san-pham/in-voucher-quan-1/ HTTP/1.1" 200 45701 "-" "Mozilla/5.0 (X11; Linux x86_64) AppleWebKit/537.36 (KHTML, like Gecko; GeedoShopProductFinder) Chrome/142.0.0.0 Safari/537.36"
43.135.140.225 - - [18/Jun/2026:00:27:20 +0700] "GET / HTTP/1.1" 200 79533 "http://inquangcaothuonghieu.com" "Mozilla/5.0 (iPhone; CPU iPhone OS 13_2_3 like Mac OS X) AppleWebKit/605.1.15 (KHTML, like Gecko) Version/13.0.3 Mobile/15E148 Safari/604.1"
216.73.216.78 - - [18/Jun/2026:00:27:26 +0700] "GET /san-pham/in-bat-hiflex-xuyen-sang/whatsapp:/send?text=in+b%E1%BA%A1t+hiflex+xuy%C3%AAn+s%C3%A1ng+-+https%3A%2Finquangcaothuonghieu.com%2Fsan-pham%2Fin-bat-hiflex-xuyen-sang%2F HTTP/2" 404 38548 "-" "Mozilla/5.0 AppleWebKit/537.36 (KHTML, like Gecko; compatible; ClaudeBot/1.0; +claudebot@anthropic.com)"
216.73.216.78 - - [18/Jun/2026:00:27:26 +0700] "GET /san-pham/in-bat-hiflex-xuyen-den/whatsapp:/send?text=in+b%E1%BA%A1t+hiflex+xuy%C3%AAn+%C4%91%C3%A8n+-+https%3A%2Finquangcaothuonghieu.com%2Fsan-pham%2Fin-bat-hiflex-xuyen-den%2F HTTP/2" 404 38564 "-" "Mozilla/5.0 AppleWebKit/537.36 (KHTML, like Gecko; compatible; ClaudeBot/1.0; +claudebot@anthropic.com)"
83.99.206.21 - - [18/Jun/2026:00:27:27 +0700] "GET /san-pham/in-uv-bao-lau-lay/ HTTP/1.1" 200 45893 "-" "Mozilla/5.0 (X11; Linux x86_64) AppleWebKit/537.36 (KHTML, like Gecko; GeedoShopProductFinder) Chrome/142.0.0.0 Safari/537.36"
216.73.216.78 - - [18/Jun/2026:00:27:28 +0700] "GET /san-pham/in-bat-hiflex-khong-noi/whatsapp:/send?text=in+b%E1%BA%A1t+hiflex+kh%C3%B4ng+n%E1%BB%91i+-+https%3A%2Finquangcaothuonghieu.com%2Fsan-pham%2Fin-bat-hiflex-khong-noi%2F HTTP/2" 404 38581 "-" "Mozilla/5.0 AppleWebKit/537.36 (KHTML, like Gecko; compatible; ClaudeBot/1.0; +claudebot@anthropic.com)"
216.73.216.78 - - [18/Jun/2026:00:27:28 +0700] "GET /san-pham/in-bat-hiflex-gia-re-2/whatsapp:/send?text=in+b%E1%BA%A1t+hiflex+gi%C3%A1+r%E1%BA%BB+-+https%3A%2Finquangcaothuonghieu.com%2Fsan-pham%2Fin-bat-hiflex-gia-re-2%2F HTTP/2" 404 38572 "-" "Mozilla/5.0 AppleWebKit/537.36 (KHTML, like Gecko; compatible; ClaudeBot/1.0; +claudebot@anthropic.com)"
216.73.216.78 - - [18/Jun/2026:00:27:36 +0700] "GET /san-pham/in-bat-luoi-ngoai-troi/whatsapp:/send?text=in+b%E1%BA%A1t+l%C6%B0%E1%BB%9Bi+ngo%C3%A0i+tr%E1%BB%9Di+-+https%3A%2Finquangcaothuonghieu.com%2Fsan-pham%2Fin-bat-luoi-ngoai-troi%2F HTTP/2" 404 38593 "-" "Mozilla/5.0 AppleWebKit/537.36 (KHTML, like Gecko; compatible; ClaudeBot/1.0; +claudebot@anthropic.com)"
216.73.216.78 - - [18/Jun/2026:00:27:36 +0700] "GET /san-pham/in-bat-hiflex-khong-dan-noi/whatsapp:/send?text=in+b%E1%BA%A1t+hiflex+kh%C3%B4ng+d%C3%A1n+n%E1%BB%91i+-+https%3A%2Finquangcaothuonghieu.com%2Fsan-pham%2Fin-bat-hiflex-khong-dan-noi%2F HTTP/2" 404 38596 "-" "Mozilla/5.0 AppleWebKit/537.36 (KHTML, like Gecko; compatible; ClaudeBot/1.0; +claudebot@anthropic.com)"
57.141.14.27 - - [18/Jun/2026:00:27:38 +0700] "GET /tu-khoa-san-pham/in-pp-hcm/ HTTP/2" 200 206585 "-" "meta-externalagent/1.1 (+https://developers.facebook.com/docs/sharing/webmasters/crawler)"
216.73.216.78 - - [18/Jun/2026:00:27:38 +0700] "GET /san-pham/in-bat-hiflex-xam-han-quoc/whatsapp:/send?text=in+b%E1%BA%A1t+hiflex+x%C3%A1m+h%C3%A0n+qu%E1%BB%91c+-+https%3A%2Finquangcaothuonghieu.com%2Fsan-pham%2Fin-bat-hiflex-xam-han-quoc%2F HTTP/2" 404 38602 "-" "Mozilla/5.0 AppleWebKit/537.36 (KHTML, like Gecko; compatible; ClaudeBot/1.0; +claudebot@anthropic.com)"
216.73.216.78 - - [18/Jun/2026:00:27:38 +0700] "GET /san-pham/in-bat-khong-gan-han-quoc/whatsapp:/send?text=in+b%E1%BA%A1t+kh%C3%B4ng+g%C3%A2n+h%C3%A0n+qu%E1%BB%91c+-+https%3A%2Finquangcaothuonghieu.com%2Fsan-pham%2Fin-bat-khong-gan-han-quoc%2F HTTP/2" 404 38554 "-" "Mozilla/5.0 AppleWebKit/537.36 (KHTML, like Gecko; compatible; ClaudeBot/1.0; +claudebot@anthropic.com)"
216.73.216.78 - - [18/Jun/2026:00:27:45 +0700] "GET /san-pham/in-bat-hiflex-gia-re-hcm-3/whatsapp:/send?text=in+b%E1%BA%A1t+hiflex+gi%C3%A1+r%E1%BA%BB+hcm+-+https%3A%2Finquangcaothuonghieu.com%2Fsan-pham%2Fin-bat-hiflex-gia-re-hcm-3%2F HTTP/2" 404 38550 "-" "Mozilla/5.0 AppleWebKit/537.36 (KHTML, like Gecko; compatible; ClaudeBot/1.0; +claudebot@anthropic.com)"
216.73.216.78 - - [18/Jun/2026:00:27:45 +0700] "GET /san-pham/in-bat-hiflex-gia-re-tphcm-3/whatsapp:/send?text=in+b%E1%BA%A1t+hiflex+gi%C3%A1+r%E1%BA%BB+tphcm+-+https%3A%2Finquangcaothuonghieu.com%2Fsan-pham%2Fin-bat-hiflex-gia-re-tphcm-3%2F HTTP/2" 404 38583 "-" "Mozilla/5.0 AppleWebKit/537.36 (KHTML, like Gecko; compatible; ClaudeBot/1.0; +claudebot@anthropic.com)"
83.99.206.81 - - [18/Jun/2026:00:27:46 +0700] "GET /tu-khoa-san-pham/in-hiflex-binh-thanh/ HTTP/1.1" 200 39737 "-" "Mozilla/5.0 (X11; Linux x86_64) AppleWebKit/537.36 (KHTML, like Gecko; GeedoShopProductFinder) Chrome/142.0.0.0 Safari/537.36"
216.73.216.78 - - [18/Jun/2026:00:27:48 +0700] "GET /san-pham/in-bat-hiflex-gia-re-tphcm-2/whatsapp:/send?text=in+b%E1%BA%A1t+hiflex+gi%C3%A1+r%E1%BA%BB+tphcm+-+https%3A%2Finquangcaothuonghieu.com%2Fsan-pham%2Fin-bat-hiflex-gia-re-tphcm-2%2F HTTP/2" 404 38586 "-" "Mozilla/5.0 AppleWebKit/537.36 (KHTML, like Gecko; compatible; ClaudeBot/1.0; +claudebot@anthropic.com)"
216.73.216.78 - - [18/Jun/2026:00:27:48 +0700] "GET /san-pham/in-bat-hiflex-ngoai-troi/whatsapp:/send?text=in+b%E1%BA%A1t+hiflex+ngo%C3%A0i+tr%E1%BB%9Di+-+https%3A%2Finquangcaothuonghieu.com%2Fsan-pham%2Fin-bat-hiflex-ngoai-troi%2F HTTP/2" 404 38563 "-" "Mozilla/5.0 AppleWebKit/537.36 (KHTML, like Gecko; compatible; ClaudeBot/1.0; +claudebot@anthropic.com)"
198.244.183.126 - - [18/Jun/2026:00:27:52 +0700] "GET /san-pham/in-uv-alu-2/feed/ HTTP/2" 200 480 "-" "Mozilla/5.0 (compatible; AhrefsBot/7.0; +http://ahrefs.com/robot/)"
57.141.14.84 - - [18/Jun/2026:00:27:55 +0700] "GET /san-pham/in-sash-giao-tan-noi/ HTTP/2" 200 241004 "-" "meta-externalagent/1.1 (+https://developers.facebook.com/docs/sharing/webmasters/crawler)"
57.141.14.104 - - [18/Jun/2026:00:28:05 +0700] "GET /san-pham/in-hashtag-cam-tay-hcm-3/ HTTP/2" 200 238923 "-" "meta-externalagent/1.1 (+https://developers.facebook.com/docs/sharing/webmasters/crawler)"
83.99.206.81 - - [18/Jun/2026:00:28:07 +0700] "GET /san-pham/gia-in-pano-bat-hiflex/ HTTP/1.1" 200 46201 "-" "Mozilla/5.0 (X11; Linux x86_64) AppleWebKit/537.36 (KHTML, like Gecko; GeedoShopProductFinder) Chrome/142.0.0.0 Safari/537.36"
57.141.14.32 - - [18/Jun/2026:00:28:07 +0700] "GET /san-pham/in-bang-ron-gan-day-2/ HTTP/2" 200 238943 "-" "meta-externalagent/1.1 (+https://developers.facebook.com/docs/sharing/webmasters/crawler)"
216.73.216.78 - - [18/Jun/2026:00:28:25 +0700] "GET /robots.txt HTTP/2" 200 208 "-" "Mozilla/5.0 AppleWebKit/537.36 (KHTML, like Gecko; compatible; ClaudeBot/1.0; +claudebot@anthropic.com)"
216.73.216.78 - - [18/Jun/2026:00:28:26 +0700] "GET /san-pham/in-bat-khai-truong-cua-hang/whatsapp:/send?text=in+b%E1%BA%A1t+khai+tr%C6%B0%C6%A1ng+c%E1%BB%ADa+h%C3%A0ng+-+https%3A%2Finquangcaothuonghieu.com%2Fsan-pham%2Fin-bat-khai-truong-cua-hang%2F HTTP/2" 404 38610 "-" "Mozilla/5.0 AppleWebKit/537.36 (KHTML, like Gecko; compatible; ClaudeBot/1.0; +claudebot@anthropic.com)"
216.73.216.78 - - [18/Jun/2026:00:28:27 +0700] "GET /san-pham/in-bat-khong-gan-xuyen-sang/whatsapp:/send?text=in+b%E1%BA%A1t+kh%C3%B4ng+g%C3%A2n+xuy%C3%AAn+s%C3%A1ng+-+https%3A%2Finquangcaothuonghieu.com%2Fsan-pham%2Fin-bat-khong-gan-xuyen-sang%2F HTTP/2" 404 38547 "-" "Mozilla/5.0 AppleWebKit/537.36 (KHTML, like Gecko; compatible; ClaudeBot/1.0; +claudebot@anthropic.com)"
216.73.216.78 - - [18/Jun/2026:00:28:28 +0700] "GET /san-pham/in-bat-hay-in-decal-tot-hon/whatsapp:/send?text=in+b%E1%BA%A1t+hay+in+decal+t%E1%BB%91t+h%C6%A1n+-+https%3A%2Finquangcaothuonghieu.com%2Fsan-pham%2Fin-bat-hay-in-decal-tot-hon%2F HTTP/2" 404 38538 "-" "Mozilla/5.0 AppleWebKit/537.36 (KHTML, like Gecko; compatible; ClaudeBot/1.0; +claudebot@anthropic.com)"
216.73.216.78 - - [18/Jun/2026:00:28:28 +0700] "GET /san-pham/in-bat-gia-re-gan-day/whatsapp:/send?text=in+b%E1%BA%A1t+gi%C3%A1+r%E1%BA%BB+g%E1%BA%A7n+%C4%91%C3%A2y+-+https%3A%2Finquangcaothuonghieu.com%2Fsan-pham%2Fin-bat-gia-re-gan-day%2F HTTP/2" 404 38565 "-" "Mozilla/5.0 AppleWebKit/537.36 (KHTML, like Gecko; compatible; ClaudeBot/1.0; +claudebot@anthropic.com)"
57.141.14.100 - - [18/Jun/2026:00:28:37 +0700] "GET /tu-khoa-san-pham/in-quang-cao-ngoai-troi/ HTTP/2" 200 206987 "-" "meta-externalagent/1.1 (+https://developers.facebook.com/docs/sharing/webmasters/crawler)"
57.141.14.76 - - [18/Jun/2026:00:28:38 +0700] "GET /tu-khoa-san-pham/in-tem-uv-dtf-hcm/ HTTP/2" 200 206804 "-" "meta-externalagent/1.1 (+https://developers.facebook.com/docs/sharing/webmasters/crawler)"
216.73.216.78 - - [18/Jun/2026:00:28:43 +0700] "GET /san-pham/in-bat-khong-dan-noi-2/sms:0906348765 HTTP/2" 404 36892 "-" "Mozilla/5.0 AppleWebKit/537.36 (KHTML, like Gecko; compatible; ClaudeBot/1.0; +claudebot@anthropic.com)"
216.73.216.78 - - [18/Jun/2026:00:28:43 +0700] "GET /san-pham/in-bat-hiflex-de-xam/sms:0906348765 HTTP/2" 404 36883 "-" "Mozilla/5.0 AppleWebKit/537.36 (KHTML, like Gecko; compatible; ClaudeBot/1.0; +claudebot@anthropic.com)"
216.73.216.78 - - [18/Jun/2026:00:28:45 +0700] "GET /san-pham/in-bat-hiflex-khong-noi/feed/ HTTP/2" 200 507 "-" "Mozilla/5.0 AppleWebKit/537.36 (KHTML, like Gecko; compatible; ClaudeBot/1.0; +claudebot@anthropic.com)"
216.73.216.78 - - [18/Jun/2026:00:28:45 +0700] "GET /san-pham/in-bat-hiflex-khong-gan/feed/ HTTP/2" 200 505 "-" "Mozilla/5.0 AppleWebKit/537.36 (KHTML, like Gecko; compatible; ClaudeBot/1.0; +claudebot@anthropic.com)"
216.73.216.78 - - [18/Jun/2026:00:28:46 +0700] "GET /san-pham/in-bat-gia-bao-nhieu/feed/ HTTP/2" 200 498 "-" "Mozilla/5.0 AppleWebKit/537.36 (KHTML, like Gecko; compatible; ClaudeBot/1.0; +claudebot@anthropic.com)"
216.73.216.78 - - [18/Jun/2026:00:28:54 +0700] "GET /san-pham/in-bat-hop-den-sieu-sang/sms:0906348765 HTTP/2" 404 36873 "-" "Mozilla/5.0 AppleWebKit/537.36 (KHTML, like Gecko; compatible; ClaudeBot/1.0; +claudebot@anthropic.com)"
216.73.216.78 - - [18/Jun/2026:00:28:54 +0700] "GET /san-pham/in-bat-hiflex-ngoai-troi/sms:0906348765 HTTP/2" 404 36871 "-" "Mozilla/5.0 AppleWebKit/537.36 (KHTML, like Gecko; compatible; ClaudeBot/1.0; +claudebot@anthropic.com)"
57.141.14.101 - - [18/Jun/2026:00:28:54 +0700] "GET /tu-khoa-san-pham/in-tem-nhan-mau/ HTTP/2" 200 199569 "-" "meta-externalagent/1.1 (+https://developers.facebook.com/docs/sharing/webmasters/crawler)"
216.73.216.78 - - [18/Jun/2026:00:28:55 +0700] "GET /san-pham/in-bat-hiflex-xuyen-sang/sms:0906348765 HTTP/2" 404 36869 "-" "Mozilla/5.0 AppleWebKit/537.36 (KHTML, like Gecko; compatible; ClaudeBot/1.0; +claudebot@anthropic.com)"
216.73.216.78 - - [18/Jun/2026:00:28:56 +0700] "GET /san-pham/in-bat-hiflex-xuyen-den/sms:0906348765 HTTP/2" 404 36826 "-" "Mozilla/5.0 AppleWebKit/537.36 (KHTML, like Gecko; compatible; ClaudeBot/1.0; +claudebot@anthropic.com)"
66.249.74.74 - - [18/Jun/2026:00:29:22 +0700] "GET /images/san%20pham%20moi/standee%20chu%20x/4.jpg HTTP/1.1" 404 38531 "-" "Googlebot-Image/1.0"
57.141.14.17 - - [18/Jun/2026:00:29:29 +0700] "GET /san-pham/in-anh-30x40/ HTTP/2" 200 240282 "-" "meta-externalagent/1.1 (+https://developers.facebook.com/docs/sharing/webmasters/crawler)"
66.249.71.128 - - [18/Jun/2026:00:29:31 +0700] "GET /san-pham/in-catalogue-ky-thuat-so-2/ HTTP/1.1" 200 45844 "-" "Mozilla/5.0 (Linux; Android 6.0.1; Nexus 5X Build/MMB29P) AppleWebKit/537.36 (KHTML, like Gecko) Chrome/148.0.7778.96 Mobile Safari/537.36 (compatible; Googlebot/2.1; +http://www.google.com/bot.html)"
57.141.14.22 - - [18/Jun/2026:00:29:30 +0700] "GET /tu-khoa-san-pham/in-op-ipad-gan-day/ HTTP/2" 200 206894 "-" "meta-externalagent/1.1 (+https://developers.facebook.com/docs/sharing/webmasters/crawler)"
66.249.74.73 - - [18/Jun/2026:00:29:36 +0700] "GET /images/in%20uv/uv%20phang/7.jpg HTTP/1.1" 404 38536 "-" "Googlebot-Image/1.0"
66.249.74.73 - - [18/Jun/2026:00:29:48 +0700] "GET /san-pham/in-uv-trong-nha/ HTTP/1.1" 200 45888 "-" "Mozilla/5.0 (Linux; Android 6.0.1; Nexus 5X Build/MMB29P) AppleWebKit/537.36 (KHTML, like Gecko) Chrome/148.0.7778.96 Mobile Safari/537.36 (compatible; Googlebot/2.1; +http://www.google.com/bot.html)"
66.249.74.73 - - [18/Jun/2026:00:29:50 +0700] "GET /images/in%20uv/uv%20phang/8.jpg HTTP/1.1" 404 38557 "-" "Googlebot-Image/1.0"
40.77.167.62 - - [18/Jun/2026:00:29:57 +0700] "GET /happy-hugo-casino-votre-experience-de-jeu-est-elle-securisee/ HTTP/2" 200 44346 "-" "Mozilla/5.0 AppleWebKit/537.36 (KHTML, like Gecko; compatible; bingbot/2.0; +http://www.bing.com/bingbot.htm) Chrome/116.0.1938.76 Safari/537.36"
57.141.14.99 - - [18/Jun/2026:00:29:57 +0700] "GET /san-pham/in-bang-trao-giai-thuong-fomex-2/ HTTP/2" 200 240193 "-" "meta-externalagent/1.1 (+https://developers.facebook.com/docs/sharing/webmasters/crawler)"
66.249.74.74 - - [18/Jun/2026:00:30:02 +0700] "GET /san-pham/in-decal-hop-den/ HTTP/1.1" 200 45973 "-" "Mozilla/5.0 (compatible; Googlebot/2.1; +http://www.google.com/bot.html)"
83.99.206.228 - - [18/Jun/2026:00:30:06 +0700] "GET /san-pham/in-uv-trong-nha/ HTTP/1.1" 200 45979 "-" "Mozilla/5.0 (X11; Linux x86_64) AppleWebKit/537.36 (KHTML, like Gecko; GeedoShopProductFinder) Chrome/142.0.0.0 Safari/537.36"
83.99.206.228 - - [18/Jun/2026:00:30:26 +0700] "GET /tu-khoa-san-pham/in-decal-vinastickervn/ HTTP/1.1" 200 39781 "-" "Mozilla/5.0 (X11; Linux x86_64) AppleWebKit/537.36 (KHTML, like Gecko; GeedoShopProductFinder) Chrome/142.0.0.0 Safari/537.36"
57.141.14.9 - - [18/Jun/2026:00:30:35 +0700] "GET /san-pham/in-standee-hoi-thao-go-vap/ HTTP/2" 200 239427 "-" "meta-externalagent/1.1 (+https://developers.facebook.com/docs/sharing/webmasters/crawler)"
83.99.206.228 - - [18/Jun/2026:00:30:47 +0700] "GET /tu-khoa-san-pham/in-tem-dan-noi/ HTTP/1.1" 200 39737 "-" "Mozilla/5.0 (X11; Linux x86_64) AppleWebKit/537.36 (KHTML, like Gecko; GeedoShopProductFinder) Chrome/142.0.0.0 Safari/537.36"
57.141.14.88 - - [18/Jun/2026:00:30:49 +0700] "GET /san-pham/gia-in-decal-dan-quang-cao/ HTTP/2" 200 239334 "-" "meta-externalagent/1.1 (+https://developers.facebook.com/docs/sharing/webmasters/crawler)"
83.99.206.228 - - [18/Jun/2026:00:31:07 +0700] "GET /san-pham/in-menu-tiem-banh/ HTTP/1.1" 200 46523 "-" "Mozilla/5.0 (X11; Linux x86_64) AppleWebKit/537.36 (KHTML, like Gecko; GeedoShopProductFinder) Chrome/142.0.0.0 Safari/537.36"
57.141.14.72 - - [18/Jun/2026:00:31:24 +0700] "GET /tu-khoa-san-pham/in-dtf-dan-nhua/ HTTP/2" 200 206781 "-" "meta-externalagent/1.1 (+https://developers.facebook.com/docs/sharing/webmasters/crawler)"
83.99.206.228 - - [18/Jun/2026:00:31:27 +0700] "GET /san-pham/in-an-tan-phu-2/ HTTP/1.1" 200 46238 "-" "Mozilla/5.0 (X11; Linux x86_64) AppleWebKit/537.36 (KHTML, like Gecko; GeedoShopProductFinder) Chrome/142.0.0.0 Safari/537.36"
57.141.14.22 - - [18/Jun/2026:00:31:34 +0700] "GET /tu-khoa-san-pham/in-decal-nhua-dan/ HTTP/2" 200 206802 "-" "meta-externalagent/1.1 (+https://developers.facebook.com/docs/sharing/webmasters/crawler)"
57.141.14.71 - - [18/Jun/2026:00:31:44 +0700] "GET /san-pham/in-tem-uv-dtf-gia-re-tphcm/ HTTP/2" 200 238397 "-" "meta-externalagent/1.1 (+https://developers.facebook.com/docs/sharing/webmasters/crawler)"
83.99.206.228 - - [18/Jun/2026:00:31:47 +0700] "GET /san-pham/in-decal-luoi-in-uv-dan-kinh/ HTTP/1.1" 200 46122 "-" "Mozilla/5.0 (X11; Linux x86_64) AppleWebKit/537.36 (KHTML, like Gecko; GeedoShopProductFinder) Chrome/142.0.0.0 Safari/537.36"
57.141.14.111 - - [18/Jun/2026:00:32:15 +0700] "GET /tu-khoa-san-pham/in-tem-nhan-lay-ngay/ HTTP/2" 200 199653 "-" "meta-externalagent/1.1 (+https://developers.facebook.com/docs/sharing/webmasters/crawler)"
40.77.167.62 - - [18/Jun/2026:00:32:20 +0700] "GET /san-pham/in-bang-hieu-mica-trong/feed/ HTTP/2" 200 501 "-" "Mozilla/5.0 AppleWebKit/537.36 (KHTML, like Gecko; compatible; bingbot/2.0; +http://www.bing.com/bingbot.htm) Chrome/116.0.1938.76 Safari/537.36"
57.141.14.105 - - [18/Jun/2026:00:32:29 +0700] "GET /tu-khoa-san-pham/dich-vu-in-uv-tphcm/ HTTP/2" 200 206841 "-" "meta-externalagent/1.1 (+https://developers.facebook.com/docs/sharing/webmasters/crawler)"
51.89.129.133 - - [18/Jun/2026:00:32:32 +0700] "GET /san-pham/in-decal-nhu-vang-gia-re/feed/ HTTP/2" 200 508 "-" "Mozilla/5.0 (compatible; AhrefsBot/7.0; +http://ahrefs.com/robot/)"
57.141.14.72 - - [18/Jun/2026:00:32:35 +0700] "GET /san-pham/in-vai-canvas-gia-re-tphcm/ HTTP/2" 200 240367 "-" "meta-externalagent/1.1 (+https://developers.facebook.com/docs/sharing/webmasters/crawler)"
66.249.74.74 - - [18/Jun/2026:00:32:37 +0700] "GET /images/in-chuyen-nhiet/chuyen%20nhiet.jpg HTTP/1.1" 404 38539 "-" "Googlebot-Image/1.0"
57.141.14.89 - - [18/Jun/2026:00:32:46 +0700] "GET /tu-khoa-san-pham/in-uv-bat-khong-gan-han-quoc/ HTTP/2" 200 207199 "-" "meta-externalagent/1.1 (+https://developers.facebook.com/docs/sharing/webmasters/crawler)"
66.249.74.74 - - [18/Jun/2026:00:32:51 +0700] "GET /images/san%20pham%20moi/sile%20anh/14.jpg HTTP/1.1" 404 38511 "-" "Googlebot-Image/1.0"
57.141.14.48 - - [18/Jun/2026:00:32:52 +0700] "GET /tu-khoa-san-pham/in-sticker-logo/ HTTP/2" 200 199553 "-" "meta-externalagent/1.1 (+https://developers.facebook.com/docs/sharing/webmasters/crawler)"
66.249.71.129 - - [18/Jun/2026:00:33:04 +0700] "GET /images/in%20backlit%20film/ngoai%20troi/6.jpg HTTP/1.1" 404 38504 "-" "Googlebot-Image/1.0"
57.141.14.111 - - [18/Jun/2026:00:33:13 +0700] "GET /tu-khoa-san-pham/in-decal-dan-nguoc/ HTTP/2" 200 206834 "-" "meta-externalagent/1.1 (+https://developers.facebook.com/docs/sharing/webmasters/crawler)"
