83.99.206.139 - - [17/Jun/2026:21:45:49 +0700] "GET /san-pham/in-to-roi-theo-yeu-cau/ HTTP/1.1" 200 45958 "-" "Mozilla/5.0 (X11; Linux x86_64) AppleWebKit/537.36 (KHTML, like Gecko; GeedoShopProductFinder) Chrome/142.0.0.0 Safari/537.36"
85.208.96.212 - - [17/Jun/2026:21:46:01 +0700] "GET /robots.txt HTTP/1.1" 200 228 "-" "Mozilla/5.0 (compatible; SemrushBot/7~bl; +http://www.semrush.com/bot.html)"
185.191.171.11 - - [17/Jun/2026:21:46:04 +0700] "GET /san-pham/in-pigment-tren-vai/ HTTP/1.1" 200 53283 "-" "Mozilla/5.0 (compatible; SemrushBot/7~bl; +http://www.semrush.com/bot.html)"
57.141.14.44 - - [17/Jun/2026:21:46:07 +0700] "GET /san-pham/in-uv-banner/ HTTP/2" 200 238722 "-" "meta-externalagent/1.1 (+https://developers.facebook.com/docs/sharing/webmasters/crawler)"
83.99.206.126 - - [17/Jun/2026:21:46:10 +0700] "GET /san-pham/in-uv-bang-alu/ HTTP/1.1" 200 46015 "-" "Mozilla/5.0 (X11; Linux x86_64) AppleWebKit/537.36 (KHTML, like Gecko; GeedoShopProductFinder) Chrome/142.0.0.0 Safari/537.36"
66.249.71.128 - - [17/Jun/2026:21:46:14 +0700] "GET /san-pham/in-banner-nhanh/ HTTP/1.1" 200 45906 "-" "Mozilla/5.0 (Linux; Android 6.0.1; Nexus 5X Build/MMB29P) AppleWebKit/537.36 (KHTML, like Gecko) Chrome/148.0.7778.96 Mobile Safari/537.36 (compatible; Googlebot/2.1; +http://www.google.com/bot.html)"
66.249.71.129 - - [17/Jun/2026:21:46:15 +0700] "GET /san-pham/in-poster-chuyen-nghiep/ HTTP/1.1" 200 46068 "-" "Mozilla/5.0 (Linux; Android 6.0.1; Nexus 5X Build/MMB29P) AppleWebKit/537.36 (KHTML, like Gecko) Chrome/148.0.7778.96 Mobile Safari/537.36 (compatible; Googlebot/2.1; +http://www.google.com/bot.html)"
216.73.216.78 - - [17/Jun/2026:21:46:18 +0700] "GET /san-pham/bao-gia-in-backdrop-tan-phu/feed/ HTTP/2" 200 508 "-" "Mozilla/5.0 AppleWebKit/537.36 (KHTML, like Gecko; compatible; ClaudeBot/1.0; +claudebot@anthropic.com)"
216.73.216.78 - - [17/Jun/2026:21:46:18 +0700] "GET /san-pham/in-standee-tphcm-tan-binh/sms:0906348765 HTTP/2" 404 36904 "-" "Mozilla/5.0 AppleWebKit/537.36 (KHTML, like Gecko; compatible; ClaudeBot/1.0; +claudebot@anthropic.com)"
216.73.216.78 - - [17/Jun/2026:21:46:20 +0700] "GET /san-pham/in-standee-khai-truong-tan-phu/whatsapp:/send HTTP/2" 404 38500 "-" "Mozilla/5.0 AppleWebKit/537.36 (KHTML, like Gecko; compatible; ClaudeBot/1.0; +claudebot@anthropic.com)"
216.73.216.78 - - [17/Jun/2026:21:46:20 +0700] "GET /san-pham/in-catalogue-ho-chi-minh-3/ HTTP/2" 200 45925 "-" "Mozilla/5.0 AppleWebKit/537.36 (KHTML, like Gecko; compatible; ClaudeBot/1.0; +claudebot@anthropic.com)"
57.141.14.69 - - [17/Jun/2026:21:46:29 +0700] "GET /tu-khoa-san-pham/in-standee-file-rieng/ HTTP/2" 200 206897 "-" "meta-externalagent/1.1 (+https://developers.facebook.com/docs/sharing/webmasters/crawler)"
83.99.206.139 - - [17/Jun/2026:21:46:30 +0700] "GET /san-pham/in-nhanh-tan-phu-2/ HTTP/1.1" 200 46201 "-" "Mozilla/5.0 (X11; Linux x86_64) AppleWebKit/537.36 (KHTML, like Gecko; GeedoShopProductFinder) Chrome/142.0.0.0 Safari/537.36"
216.73.216.78 - - [17/Jun/2026:21:46:49 +0700] "GET /san-pham/gia-in-banner-bat-hiflex/feed/ HTTP/2" 200 502 "-" "Mozilla/5.0 AppleWebKit/537.36 (KHTML, like Gecko; compatible; ClaudeBot/1.0; +claudebot@anthropic.com)"
216.73.216.78 - - [17/Jun/2026:21:46:49 +0700] "GET /san-pham/in-vali-xach-tay-in-logo/feed/ HTTP/2" 200 501 "-" "Mozilla/5.0 AppleWebKit/537.36 (KHTML, like Gecko; compatible; ClaudeBot/1.0; +claudebot@anthropic.com)"
216.73.216.78 - - [17/Jun/2026:21:46:50 +0700] "GET /san-pham/in-uv-decal-phan-quang-xanh-la/whatsapp:/send HTTP/2" 404 38520 "-" "Mozilla/5.0 AppleWebKit/537.36 (KHTML, like Gecko; compatible; ClaudeBot/1.0; +claudebot@anthropic.com)"
216.73.216.78 - - [17/Jun/2026:21:46:51 +0700] "GET /san-pham/in-uv-tren-moi-chat-lieu-3/feed/ HTTP/2" 200 510 "-" "Mozilla/5.0 AppleWebKit/537.36 (KHTML, like Gecko; compatible; ClaudeBot/1.0; +claudebot@anthropic.com)"
66.249.74.73 - - [17/Jun/2026:21:47:07 +0700] "GET /san-pham/hoc-nghe-in-an-quang-cao/ HTTP/1.1" 200 46231 "-" "Mozilla/5.0 (Linux; Android 6.0.1; Nexus 5X Build/MMB29P) AppleWebKit/537.36 (KHTML, like Gecko) Chrome/148.0.7778.96 Mobile Safari/537.36 (compatible; Googlebot/2.1; +http://www.google.com/bot.html)"
66.249.71.128 - - [17/Jun/2026:21:47:45 +0700] "GET /san-pham/in-banner-gan-day-2/ HTTP/1.1" 200 45992 "-" "Mozilla/5.0 (compatible; Googlebot/2.1; +http://www.google.com/bot.html)"
66.249.71.137 - - [17/Jun/2026:21:48:03 +0700] "GET /san-pham/in-decal-chu-trang-trong-suot/ HTTP/1.1" 200 45944 "-" "Mozilla/5.0 (Linux; Android 6.0.1; Nexus 5X Build/MMB29P) AppleWebKit/537.36 (KHTML, like Gecko) Chrome/148.0.7778.96 Mobile Safari/537.36 (compatible; Googlebot/2.1; +http://www.google.com/bot.html)"
216.73.216.78 - - [17/Jun/2026:21:48:05 +0700] "GET /san-pham/in-uv-decal-mo-dan-cua-kinh/feed/ HTTP/2" 200 514 "-" "Mozilla/5.0 AppleWebKit/537.36 (KHTML, like Gecko; compatible; ClaudeBot/1.0; +claudebot@anthropic.com)"
216.73.216.78 - - [17/Jun/2026:21:48:05 +0700] "GET /san-pham/in-co-vai-co-vu-bong-da/feed/ HTTP/2" 200 512 "-" "Mozilla/5.0 AppleWebKit/537.36 (KHTML, like Gecko; compatible; ClaudeBot/1.0; +claudebot@anthropic.com)"
57.141.14.22 - - [17/Jun/2026:21:48:05 +0700] "GET /san-pham/in-tem-trong-chu-trang-dan-kinh/ HTTP/2" 200 239892 "-" "meta-externalagent/1.1 (+https://developers.facebook.com/docs/sharing/webmasters/crawler)"
216.73.216.78 - - [17/Jun/2026:21:48:07 +0700] "GET /san-pham/in-poster-nhanh-tphcm/sms:0906348765 HTTP/2" 404 36911 "-" "Mozilla/5.0 AppleWebKit/537.36 (KHTML, like Gecko; compatible; ClaudeBot/1.0; +claudebot@anthropic.com)"
216.73.216.78 - - [17/Jun/2026:21:48:07 +0700] "GET /san-pham/in-tranh-canvas-phong-khach/feed/ HTTP/2" 200 505 "-" "Mozilla/5.0 AppleWebKit/537.36 (KHTML, like Gecko; compatible; ClaudeBot/1.0; +claudebot@anthropic.com)"
216.73.216.78 - - [17/Jun/2026:21:48:30 +0700] "GET /san-pham/in-uv-co-chong-nuoc-khong-2/feed/ HTTP/2" 200 515 "-" "Mozilla/5.0 AppleWebKit/537.36 (KHTML, like Gecko; compatible; ClaudeBot/1.0; +claudebot@anthropic.com)"
216.73.216.78 - - [17/Jun/2026:21:48:30 +0700] "GET /san-pham/in-standee-theo-yeu-cau-trong-nha/whatsapp:/send HTTP/2" 404 38518 "-" "Mozilla/5.0 AppleWebKit/537.36 (KHTML, like Gecko; compatible; ClaudeBot/1.0; +claudebot@anthropic.com)"
83.99.206.200 - - [17/Jun/2026:21:48:31 +0700] "GET /tu-khoa-san-pham/in-canvas-kho-lon/ HTTP/1.1" 200 39763 "-" "Mozilla/5.0 (X11; Linux x86_64) AppleWebKit/537.36 (KHTML, like Gecko; GeedoShopProductFinder) Chrome/142.0.0.0 Safari/537.36"
216.73.216.78 - - [17/Jun/2026:21:48:32 +0700] "GET /san-pham/in-bang-ron-bat-xuyen-den/feed/ HTTP/2" 200 512 "-" "Mozilla/5.0 AppleWebKit/537.36 (KHTML, like Gecko; compatible; ClaudeBot/1.0; +claudebot@anthropic.com)"
216.73.216.78 - - [17/Jun/2026:21:48:32 +0700] "GET /san-pham/in-standee-hoi-cho-trong-nha/feed/ HTTP/2" 200 511 "-" "Mozilla/5.0 AppleWebKit/537.36 (KHTML, like Gecko; compatible; ClaudeBot/1.0; +claudebot@anthropic.com)"
216.73.216.78 - - [17/Jun/2026:21:48:51 +0700] "GET /san-pham/in-standee-theo-yeu-cau-nhanh/feed/ HTTP/2" 200 507 "-" "Mozilla/5.0 AppleWebKit/537.36 (KHTML, like Gecko; compatible; ClaudeBot/1.0; +claudebot@anthropic.com)"
216.73.216.78 - - [17/Jun/2026:21:48:51 +0700] "GET /san-pham/in-uv-alu-quang-cao/feed/ HTTP/2" 200 492 "-" "Mozilla/5.0 AppleWebKit/537.36 (KHTML, like Gecko; compatible; ClaudeBot/1.0; +claudebot@anthropic.com)"
83.99.206.200 - - [17/Jun/2026:21:48:50 +0700] "GET /tu-khoa-san-pham/in-decal-phan-quang-tphcm/ HTTP/1.1" 200 39779 "-" "Mozilla/5.0 (X11; Linux x86_64) AppleWebKit/537.36 (KHTML, like Gecko; GeedoShopProductFinder) Chrome/142.0.0.0 Safari/537.36"
216.73.216.78 - - [17/Jun/2026:21:48:52 +0700] "GET /san-pham/in-standee-hoi-thao-gia-re/feed/ HTTP/2" 200 509 "-" "Mozilla/5.0 AppleWebKit/537.36 (KHTML, like Gecko; compatible; ClaudeBot/1.0; +claudebot@anthropic.com)"
216.73.216.78 - - [17/Jun/2026:21:48:53 +0700] "GET /san-pham/lam-ky-niem-chuong-theo-yeu-cau/whatsapp:/send HTTP/2" 404 38535 "-" "Mozilla/5.0 AppleWebKit/537.36 (KHTML, like Gecko; compatible; ClaudeBot/1.0; +claudebot@anthropic.com)"
57.141.14.88 - - [17/Jun/2026:21:48:55 +0700] "GET /san-pham/in-decal-xi/ HTTP/2" 200 238368 "-" "meta-externalagent/1.1 (+https://developers.facebook.com/docs/sharing/webmasters/crawler)"
40.77.167.70 - - [17/Jun/2026:21:48:57 +0700] "GET /san-pham/in-profile-a5 HTTP/2" 301 0 "-" "Mozilla/5.0 AppleWebKit/537.36 (KHTML, like Gecko; compatible; bingbot/2.0; +http://www.bing.com/bingbot.htm) Chrome/116.0.1938.76 Safari/537.36"
57.141.14.107 - - [17/Jun/2026:21:48:58 +0700] "GET /tu-khoa-san-pham/in-standee-lay-ngay-tan-binh/ HTTP/2" 200 207103 "-" "meta-externalagent/1.1 (+https://developers.facebook.com/docs/sharing/webmasters/crawler)"
40.77.167.70 - - [17/Jun/2026:21:48:59 +0700] "GET /san-pham/in-profile-a5/ HTTP/2" 200 45931 "-" "Mozilla/5.0 AppleWebKit/537.36 (KHTML, like Gecko; compatible; bingbot/2.0; +http://www.bing.com/bingbot.htm) Chrome/116.0.1938.76 Safari/537.36"
83.99.206.200 - - [17/Jun/2026:21:49:11 +0700] "GET /san-pham/in-to-roi-gia-re/ HTTP/1.1" 200 45896 "-" "Mozilla/5.0 (X11; Linux x86_64) AppleWebKit/537.36 (KHTML, like Gecko; GeedoShopProductFinder) Chrome/142.0.0.0 Safari/537.36"
216.73.216.78 - - [17/Jun/2026:21:49:14 +0700] "GET /san-pham/in-standee-hoi-cho-ngoai-troi/feed/ HTTP/2" 200 513 "-" "Mozilla/5.0 AppleWebKit/537.36 (KHTML, like Gecko; compatible; ClaudeBot/1.0; +claudebot@anthropic.com)"
216.73.216.78 - - [17/Jun/2026:21:49:14 +0700] "GET /san-pham/in-uv-decal-mo-dan-cua-kinh/sms:0906348765 HTTP/2" 404 36875 "-" "Mozilla/5.0 AppleWebKit/537.36 (KHTML, like Gecko; compatible; ClaudeBot/1.0; +claudebot@anthropic.com)"
216.73.216.78 - - [17/Jun/2026:21:49:16 +0700] "GET /san-pham/in-co-vai-co-vu-bong-da/sms:0906348765 HTTP/2" 404 36906 "-" "Mozilla/5.0 AppleWebKit/537.36 (KHTML, like Gecko; compatible; ClaudeBot/1.0; +claudebot@anthropic.com)"
57.141.14.68 - - [17/Jun/2026:21:49:16 +0700] "GET /tu-khoa-san-pham/in-uv-decal-phan-quang-tphcm/ HTTP/2" 200 207109 "-" "meta-externalagent/1.1 (+https://developers.facebook.com/docs/sharing/webmasters/crawler)"
83.99.206.200 - - [17/Jun/2026:21:49:30 +0700] "GET /san-pham/in-menu-quan-4/ HTTP/1.1" 200 46528 "-" "Mozilla/5.0 (X11; Linux x86_64) AppleWebKit/537.36 (KHTML, like Gecko; GeedoShopProductFinder) Chrome/142.0.0.0 Safari/537.36"
57.141.14.56 - - [17/Jun/2026:21:49:43 +0700] "GET /san-pham/gia-in-decal-kho-lon/ HTTP/2" 200 238861 "-" "meta-externalagent/1.1 (+https://developers.facebook.com/docs/sharing/webmasters/crawler)"
66.249.74.73 - - [17/Jun/2026:21:49:45 +0700] "GET /san-pham/cong-ty-in-ky-thuat-so-2/ HTTP/1.1" 200 46288 "-" "Mozilla/5.0 (compatible; Googlebot/2.1; +http://www.google.com/bot.html)"
83.99.206.243 - - [17/Jun/2026:21:49:51 +0700] "GET /san-pham/dat-in-quang-cao/ HTTP/1.1" 200 46243 "-" "Mozilla/5.0 (X11; Linux x86_64) AppleWebKit/537.36 (KHTML, like Gecko; GeedoShopProductFinder) Chrome/142.0.0.0 Safari/537.36"
216.73.216.78 - - [17/Jun/2026:21:49:58 +0700] "GET /san-pham/in-tranh-canvas-phong-khach/sms:0906348765 HTTP/2" 404 36912 "-" "Mozilla/5.0 AppleWebKit/537.36 (KHTML, like Gecko; compatible; ClaudeBot/1.0; +claudebot@anthropic.com)"
216.73.216.78 - - [17/Jun/2026:21:49:58 +0700] "GET /san-pham/in-logo-tai-nghe-theo-yeu-cau/whatsapp:/send HTTP/2" 404 38508 "-" "Mozilla/5.0 AppleWebKit/537.36 (KHTML, like Gecko; compatible; ClaudeBot/1.0; +claudebot@anthropic.com)"
216.73.216.78 - - [17/Jun/2026:21:49:59 +0700] "GET /san-pham/in-bang-ron-khai-truong-2/feed/ HTTP/2" 200 509 "-" "Mozilla/5.0 AppleWebKit/537.36 (KHTML, like Gecko; compatible; ClaudeBot/1.0; +claudebot@anthropic.com)"
216.73.216.78 - - [17/Jun/2026:21:50:00 +0700] "GET /san-pham/in-standee-san-pham-nhanh/sms:0906348765 HTTP/2" 404 36836 "-" "Mozilla/5.0 AppleWebKit/537.36 (KHTML, like Gecko; compatible; ClaudeBot/1.0; +claudebot@anthropic.com)"
66.249.71.137 - - [17/Jun/2026:21:50:01 +0700] "GET /san-pham/in-de-can-dan/ HTTP/1.1" 200 45990 "-" "Mozilla/5.0 (compatible; Googlebot/2.1; +http://www.google.com/bot.html)"
83.99.206.200 - - [17/Jun/2026:21:50:10 +0700] "GET /bruno-casino-2026-guia-de-juego-y-seguridad-en-linea/ HTTP/1.1" 200 44876 "-" "Mozilla/5.0 (X11; Linux x86_64) AppleWebKit/537.36 (KHTML, like Gecko; GeedoShopProductFinder) Chrome/142.0.0.0 Safari/537.36"
216.73.216.78 - - [17/Jun/2026:21:50:40 +0700] "GET /san-pham/in-uv-phang-tren-vat-lieu/feed/ HTTP/2" 200 511 "-" "Mozilla/5.0 AppleWebKit/537.36 (KHTML, like Gecko; compatible; ClaudeBot/1.0; +claudebot@anthropic.com)"
216.73.216.78 - - [17/Jun/2026:21:50:40 +0700] "GET /san-pham/in-vali-xach-tay-in-logo/sms:0906348765 HTTP/2" 404 36867 "-" "Mozilla/5.0 AppleWebKit/537.36 (KHTML, like Gecko; compatible; ClaudeBot/1.0; +claudebot@anthropic.com)"
216.73.216.78 - - [17/Jun/2026:21:50:42 +0700] "GET /san-pham/in-uv-tren-moi-chat-lieu-3/sms:0906348765 HTTP/2" 404 36922 "-" "Mozilla/5.0 AppleWebKit/537.36 (KHTML, like Gecko; compatible; ClaudeBot/1.0; +claudebot@anthropic.com)"
57.141.14.48 - - [17/Jun/2026:21:50:51 +0700] "GET /tu-khoa-san-pham/gia-in-quang-cao/ HTTP/2" 200 206791 "-" "meta-externalagent/1.1 (+https://developers.facebook.com/docs/sharing/webmasters/crawler)"
216.73.216.78 - - [17/Jun/2026:21:51:05 +0700] "GET /san-pham/in-chuyen-nhiet-gia-re/ HTTP/2" 200 46374 "-" "Mozilla/5.0 AppleWebKit/537.36 (KHTML, like Gecko; compatible; ClaudeBot/1.0; +claudebot@anthropic.com)"
216.73.216.78 - - [17/Jun/2026:21:51:05 +0700] "GET /san-pham/in-tem-kim-loai-theo-yeu-cau/ HTTP/2" 200 45870 "-" "Mozilla/5.0 AppleWebKit/537.36 (KHTML, like Gecko; compatible; ClaudeBot/1.0; +claudebot@anthropic.com)"
216.73.216.78 - - [17/Jun/2026:21:51:08 +0700] "GET /san-pham/in-uv-bat-quang-cao-go-vap/feed/ HTTP/2" 200 508 "-" "Mozilla/5.0 AppleWebKit/537.36 (KHTML, like Gecko; compatible; ClaudeBot/1.0; +claudebot@anthropic.com)"
57.141.14.89 - - [17/Jun/2026:21:51:12 +0700] "GET /san-pham/in-nhan-decal-giay/ HTTP/2" 200 238866 "-" "meta-externalagent/1.1 (+https://developers.facebook.com/docs/sharing/webmasters/crawler)"
216.73.216.78 - - [17/Jun/2026:21:51:22 +0700] "GET /san-pham/in-uv-decal-phan-quang-xanh-la/feed/ HTTP/2" 200 511 "-" "Mozilla/5.0 AppleWebKit/537.36 (KHTML, like Gecko; compatible; ClaudeBot/1.0; +claudebot@anthropic.com)"
216.73.216.78 - - [17/Jun/2026:21:51:22 +0700] "GET /san-pham/in-uv-co-chong-nuoc-khong-2/sms:0906348765 HTTP/2" 404 36884 "-" "Mozilla/5.0 AppleWebKit/537.36 (KHTML, like Gecko; compatible; ClaudeBot/1.0; +claudebot@anthropic.com)"
216.73.216.78 - - [17/Jun/2026:21:51:24 +0700] "GET /san-pham/in-tem-nhan-in-ky-thuat-so/sms:0906348765 HTTP/2" 404 36894 "-" "Mozilla/5.0 AppleWebKit/537.36 (KHTML, like Gecko; compatible; ClaudeBot/1.0; +claudebot@anthropic.com)"
57.141.14.18 - - [17/Jun/2026:21:51:40 +0700] "GET /tu-khoa-san-pham/in-standee-co-thiet-ke/ HTTP/2" 200 206949 "-" "meta-externalagent/1.1 (+https://developers.facebook.com/docs/sharing/webmasters/crawler)"
57.141.14.76 - - [17/Jun/2026:21:51:46 +0700] "GET /tu-khoa-san-pham/in-tem-nhan-nuoc-dong-chai/ HTTP/2" 200 199795 "-" "meta-externalagent/1.1 (+https://developers.facebook.com/docs/sharing/webmasters/crawler)"
57.141.14.94 - - [17/Jun/2026:21:51:48 +0700] "GET /tu-khoa-san-pham/in-uv-gia-tot/ HTTP/2" 200 206680 "-" "meta-externalagent/1.1 (+https://developers.facebook.com/docs/sharing/webmasters/crawler)"
216.73.216.78 - - [17/Jun/2026:21:51:49 +0700] "GET /san-pham/in-standee-tphcm-tphcm/whatsapp:/send?text=in+standee+tphcm+tphcm+-+https%3A%2Finquangcaothuonghieu.com%2Fsan-pham%2Fin-standee-tphcm-tphcm%2F HTTP/2" 404 38565 "-" "Mozilla/5.0 AppleWebKit/537.36 (KHTML, like Gecko; compatible; ClaudeBot/1.0; +claudebot@anthropic.com)"
216.73.216.78 - - [17/Jun/2026:21:51:49 +0700] "GET /san-pham/in-standee-hoi-cho-trong-nha/sms:0906348765 HTTP/2" 404 36882 "-" "Mozilla/5.0 AppleWebKit/537.36 (KHTML, like Gecko; compatible; ClaudeBot/1.0; +claudebot@anthropic.com)"
216.73.216.78 - - [17/Jun/2026:21:51:51 +0700] "GET /san-pham/in-bang-ron-bat-xuyen-den/sms:0906348765 HTTP/2" 404 36877 "-" "Mozilla/5.0 AppleWebKit/537.36 (KHTML, like Gecko; compatible; ClaudeBot/1.0; +claudebot@anthropic.com)"
83.99.206.218 - - [17/Jun/2026:21:52:12 +0700] "GET /tu-khoa-san-pham/in-poster-quan-3/ HTTP/1.1" 200 39791 "-" "Mozilla/5.0 (X11; Linux x86_64) AppleWebKit/537.36 (KHTML, like Gecko; GeedoShopProductFinder) Chrome/142.0.0.0 Safari/537.36"
83.99.206.155 - - [17/Jun/2026:21:52:31 +0700] "GET /tu-khoa-san-pham/in-poster-trang-tri/ HTTP/1.1" 200 39852 "-" "Mozilla/5.0 (X11; Linux x86_64) AppleWebKit/537.36 (KHTML, like Gecko; GeedoShopProductFinder) Chrome/142.0.0.0 Safari/537.36"
216.73.216.78 - - [17/Jun/2026:21:52:33 +0700] "GET /san-pham/in-standee-san-pham-gia-re/sms:0906348765 HTTP/2" 404 36800 "-" "Mozilla/5.0 AppleWebKit/537.36 (KHTML, like Gecko; compatible; ClaudeBot/1.0; +claudebot@anthropic.com)"
216.73.216.78 - - [17/Jun/2026:21:52:33 +0700] "GET /san-pham/in-standee-tuyen-dung-quan-7/sms:0906348765 HTTP/2" 404 36928 "-" "Mozilla/5.0 AppleWebKit/537.36 (KHTML, like Gecko; compatible; ClaudeBot/1.0; +claudebot@anthropic.com)"
216.73.216.78 - - [17/Jun/2026:21:52:35 +0700] "GET /san-pham/in-tem-nhan-theo-file-thiet-ke/sms:0906348765 HTTP/2" 404 36855 "-" "Mozilla/5.0 AppleWebKit/537.36 (KHTML, like Gecko; compatible; ClaudeBot/1.0; +claudebot@anthropic.com)"
185.191.171.8 - - [17/Jun/2026:21:52:40 +0700] "GET /san-pham/in-an-gan-day-2/ HTTP/1.1" 200 53547 "-" "Mozilla/5.0 (compatible; SemrushBot/7~bl; +http://www.semrush.com/bot.html)"
83.99.206.218 - - [17/Jun/2026:21:52:52 +0700] "GET /san-pham/in-voucher-can-mo/ HTTP/1.1" 200 45903 "-" "Mozilla/5.0 (X11; Linux x86_64) AppleWebKit/537.36 (KHTML, like Gecko; GeedoShopProductFinder) Chrome/142.0.0.0 Safari/537.36"
57.141.14.26 - - [17/Jun/2026:21:52:53 +0700] "GET /tu-khoa-san-pham/gia-in-uv-bat-hop-den/ HTTP/2" 200 207588 "-" "meta-externalagent/1.1 (+https://developers.facebook.com/docs/sharing/webmasters/crawler)"
57.141.14.71 - - [17/Jun/2026:21:52:56 +0700] "GET /san-pham/in-op-lung-24h/ HTTP/2" 200 238688 "-" "meta-externalagent/1.1 (+https://developers.facebook.com/docs/sharing/webmasters/crawler)"
57.141.14.94 - - [17/Jun/2026:21:53:04 +0700] "GET /tu-khoa-san-pham/in-banner-sieu-ben/ HTTP/2" 200 206839 "-" "meta-externalagent/1.1 (+https://developers.facebook.com/docs/sharing/webmasters/crawler)"
57.141.14.76 - - [17/Jun/2026:21:53:07 +0700] "GET /san-pham/in-binh-giu-nhiet-theo-yeu-cau-tphcm/ HTTP/2" 200 240178 "-" "meta-externalagent/1.1 (+https://developers.facebook.com/docs/sharing/webmasters/crawler)"
83.99.206.218 - - [17/Jun/2026:21:53:11 +0700] "GET /tu-khoa-san-pham/in-bat-kho-lon-5m/ HTTP/1.1" 200 39772 "-" "Mozilla/5.0 (X11; Linux x86_64) AppleWebKit/537.36 (KHTML, like Gecko; GeedoShopProductFinder) Chrome/142.0.0.0 Safari/537.36"
57.141.14.7 - - [17/Jun/2026:21:53:19 +0700] "GET /tu-khoa-san-pham/in-tem-nhan-ho-chi-minh/ HTTP/2" 200 199723 "-" "meta-externalagent/1.1 (+https://developers.facebook.com/docs/sharing/webmasters/crawler)"
57.141.14.92 - - [17/Jun/2026:21:53:21 +0700] "GET /tu-khoa-san-pham/in-tem-dtf/ HTTP/2" 200 206631 "-" "meta-externalagent/1.1 (+https://developers.facebook.com/docs/sharing/webmasters/crawler)"
83.99.206.159 - - [17/Jun/2026:21:53:31 +0700] "GET /san-pham/in-canvas-muc-nuoc/ HTTP/1.1" 200 46107 "-" "Mozilla/5.0 (X11; Linux x86_64) AppleWebKit/537.36 (KHTML, like Gecko; GeedoShopProductFinder) Chrome/142.0.0.0 Safari/537.36"
57.141.14.17 - - [17/Jun/2026:21:53:39 +0700] "GET /san-pham/in-nhan-mac-san-pham/ HTTP/2" 200 238728 "-" "meta-externalagent/1.1 (+https://developers.facebook.com/docs/sharing/webmasters/crawler)"
66.249.74.74 - - [17/Jun/2026:21:53:41 +0700] "GET /san-pham/in-tem-xi-bac/ HTTP/1.1" 200 46150 "-" "Mozilla/5.0 (compatible; Googlebot/2.1; +http://www.google.com/bot.html)"
83.99.206.211 - - [17/Jun/2026:21:53:52 +0700] "GET /san-pham/in-decal-uv-chu-trang/ HTTP/1.1" 200 46048 "-" "Mozilla/5.0 (X11; Linux x86_64) AppleWebKit/537.36 (KHTML, like Gecko; GeedoShopProductFinder) Chrome/142.0.0.0 Safari/537.36"
216.73.216.78 - - [17/Jun/2026:21:53:54 +0700] "GET /san-pham/in-standee-hoi-cho-gia-re/sms:0906348765 HTTP/2" 404 36875 "-" "Mozilla/5.0 AppleWebKit/537.36 (KHTML, like Gecko; compatible; ClaudeBot/1.0; +claudebot@anthropic.com)"
216.73.216.78 - - [17/Jun/2026:21:53:54 +0700] "GET /san-pham/in-bang-ron-khai-truong-2/sms:0906348765 HTTP/2" 404 36912 "-" "Mozilla/5.0 AppleWebKit/537.36 (KHTML, like Gecko; compatible; ClaudeBot/1.0; +claudebot@anthropic.com)"
216.73.216.78 - - [17/Jun/2026:21:53:56 +0700] "GET /san-pham/in-tem-nhu-vang-gia-re/feed/ HTTP/2" 200 503 "-" "Mozilla/5.0 AppleWebKit/537.36 (KHTML, like Gecko; compatible; ClaudeBot/1.0; +claudebot@anthropic.com)"
40.77.167.10 - - [17/Jun/2026:21:54:05 +0700] "GET /san-pham/in-bang-ron-year-end-party/ HTTP/2" 200 46012 "-" "Mozilla/5.0 AppleWebKit/537.36 (KHTML, like Gecko; compatible; bingbot/2.0; +http://www.bing.com/bingbot.htm) Chrome/116.0.1938.76 Safari/537.36"
216.73.216.78 - - [17/Jun/2026:21:54:06 +0700] "GET /san-pham/in-logo-tai-nghe-theo-yeu-cau/feed/ HTTP/2" 200 510 "-" "Mozilla/5.0 AppleWebKit/537.36 (KHTML, like Gecko; compatible; ClaudeBot/1.0; +claudebot@anthropic.com)"
216.73.216.78 - - [17/Jun/2026:21:54:06 +0700] "GET /san-pham/lam-ky-niem-chuong-theo-yeu-cau/feed/ HTTP/2" 200 521 "-" "Mozilla/5.0 AppleWebKit/537.36 (KHTML, like Gecko; compatible; ClaudeBot/1.0; +claudebot@anthropic.com)"
216.73.216.78 - - [17/Jun/2026:21:54:08 +0700] "GET /san-pham/in-uv-decal-phan-quang-xanh-la/sms:0906348765 HTTP/2" 404 36889 "-" "Mozilla/5.0 AppleWebKit/537.36 (KHTML, like Gecko; compatible; ClaudeBot/1.0; +claudebot@anthropic.com)"
57.141.14.14 - - [17/Jun/2026:21:54:16 +0700] "GET /san-pham/in-standee-tphcm-trong-nha/ HTTP/2" 200 239148 "-" "meta-externalagent/1.1 (+https://developers.facebook.com/docs/sharing/webmasters/crawler)"
57.141.14.75 - - [17/Jun/2026:21:54:27 +0700] "GET /tu-khoa-san-pham/in-bang-ron-kho-lon/ HTTP/2" 200 206867 "-" "meta-externalagent/1.1 (+https://developers.facebook.com/docs/sharing/webmasters/crawler)"
57.141.14.94 - - [17/Jun/2026:21:54:29 +0700] "GET /san-pham/in-tem-uv-dtf-hcm/ HTTP/2" 200 239018 "-" "meta-externalagent/1.1 (+https://developers.facebook.com/docs/sharing/webmasters/crawler)"
57.141.14.101 - - [17/Jun/2026:21:54:30 +0700] "GET /tu-khoa-san-pham/in-binh-giu-nhiet-tphcm/ HTTP/2" 200 207032 "-" "meta-externalagent/1.1 (+https://developers.facebook.com/docs/sharing/webmasters/crawler)"
57.141.14.75 - - [17/Jun/2026:21:54:30 +0700] "GET /san-pham/in-bat-uv/ HTTP/2" 200 237659 "-" "meta-externalagent/1.1 (+https://developers.facebook.com/docs/sharing/webmasters/crawler)"
216.73.216.78 - - [17/Jun/2026:21:54:37 +0700] "GET /san-pham/in-tem-nhu-vang-gia-re/sms:0906348765 HTTP/2" 404 36859 "-" "Mozilla/5.0 AppleWebKit/537.36 (KHTML, like Gecko; compatible; ClaudeBot/1.0; +claudebot@anthropic.com)"
216.73.216.78 - - [17/Jun/2026:21:54:37 +0700] "GET /san-pham/in-uv-hoc-mon/whatsapp:/send?text=in+uv+h%C3%B3c+m%C3%B4n+-+https%3A%2Finquangcaothuonghieu.com%2Fsan-pham%2Fin-uv-hoc-mon%2F HTTP/2" 404 38552 "-" "Mozilla/5.0 AppleWebKit/537.36 (KHTML, like Gecko; compatible; ClaudeBot/1.0; +claudebot@anthropic.com)"
216.73.216.78 - - [17/Jun/2026:21:54:40 +0700] "GET /san-pham/in-standee-go-vap/whatsapp:/send?text=in+standee+g%C3%B2+v%E1%BA%A5p+-+https%3A%2Finquangcaothuonghieu.com%2Fsan-pham%2Fin-standee-go-vap%2F HTTP/2" 404 38555 "-" "Mozilla/5.0 AppleWebKit/537.36 (KHTML, like Gecko; compatible; ClaudeBot/1.0; +claudebot@anthropic.com)"
216.73.216.78 - - [17/Jun/2026:21:54:50 +0700] "GET /san-pham/in-op-tai-nghe-theo-yeu-cau/sms:0906348765 HTTP/2" 404 36889 "-" "Mozilla/5.0 AppleWebKit/537.36 (KHTML, like Gecko; compatible; ClaudeBot/1.0; +claudebot@anthropic.com)"
216.73.216.78 - - [17/Jun/2026:21:54:50 +0700] "GET /san-pham/lam-ky-niem-chuong-theo-yeu-cau/sms:0906348765 HTTP/2" 404 36917 "-" "Mozilla/5.0 AppleWebKit/537.36 (KHTML, like Gecko; compatible; ClaudeBot/1.0; +claudebot@anthropic.com)"
216.73.216.78 - - [17/Jun/2026:21:54:51 +0700] "GET /san-pham/in-poster-nhanh-tphcm/whatsapp:/send?text=in+poster+nhanh+tphcm+-+https%3A%2Finquangcaothuonghieu.com%2Fsan-pham%2Fin-poster-nhanh-tphcm%2F HTTP/2" 404 38555 "-" "Mozilla/5.0 AppleWebKit/537.36 (KHTML, like Gecko; compatible; ClaudeBot/1.0; +claudebot@anthropic.com)"
43.130.39.254 - - [17/Jun/2026:21:55:07 +0700] "GET /san-pham/in-standee-cuon/ HTTP/1.1" 200 52734 "-" "Mozilla/5.0 (iPhone; CPU iPhone OS 13_2_3 like Mac OS X) AppleWebKit/605.1.15 (KHTML, like Gecko) Version/13.0.3 Mobile/15E148 Safari/604.1"
83.99.206.14 - - [17/Jun/2026:21:55:49 +0700] "GET /tu-khoa-san-pham/in-standee-khai-truong-ngoai-troi/ HTTP/1.1" 200 39840 "-" "Mozilla/5.0 (X11; Linux x86_64) AppleWebKit/537.36 (KHTML, like Gecko; GeedoShopProductFinder) Chrome/142.0.0.0 Safari/537.36"
57.141.14.71 - - [17/Jun/2026:21:55:59 +0700] "GET /san-pham/in-tem-inox-so-luong-it/ HTTP/2" 200 238322 "-" "meta-externalagent/1.1 (+https://developers.facebook.com/docs/sharing/webmasters/crawler)"
216.73.216.78 - - [17/Jun/2026:21:56:01 +0700] "GET /san-pham/in-tranh-canvas-phong-khach/whatsapp:/send?text=in+tranh+canvas+ph%C3%B2ng+kh%C3%A1ch+-+https%3A%2Finquangcaothuonghieu.com%2Fsan-pham%2Fin-tranh-canvas-phong-khach%2F HTTP/2" 404 38568 "-" "Mozilla/5.0 AppleWebKit/537.36 (KHTML, like Gecko; compatible; ClaudeBot/1.0; +claudebot@anthropic.com)"
216.73.216.78 - - [17/Jun/2026:21:56:01 +0700] "GET /san-pham/gia-in-backdrop-thu-duc/whatsapp:/send?text=gi%C3%A1+in+backdrop+th%E1%BB%A7+%C4%91%E1%BB%A9c+-+https%3A%2Finquangcaothuonghieu.com%2Fsan-pham%2Fgia-in-backdrop-thu-duc%2F HTTP/2" 404 38581 "-" "Mozilla/5.0 AppleWebKit/537.36 (KHTML, like Gecko; compatible; ClaudeBot/1.0; +claudebot@anthropic.com)"
216.73.216.78 - - [17/Jun/2026:21:56:03 +0700] "GET /san-pham/in-standee-tphcm-tan-binh/whatsapp:/send?text=in+standee+tphcm+t%C3%A2n+b%C3%ACnh+-+https%3A%2Finquangcaothuonghieu.com%2Fsan-pham%2Fin-standee-tphcm-tan-binh%2F HTTP/2" 404 38562 "-" "Mozilla/5.0 AppleWebKit/537.36 (KHTML, like Gecko; compatible; ClaudeBot/1.0; +claudebot@anthropic.com)"
40.77.167.42 - - [17/Jun/2026:21:56:04 +0700] "GET /tu-khoa-san-pham/in-bang-ron-lay-lien-tphcm/ HTTP/2" 200 39811 "-" "Mozilla/5.0 AppleWebKit/537.36 (KHTML, like Gecko; compatible; bingbot/2.0; +http://www.bing.com/bingbot.htm) Chrome/116.0.1938.76 Safari/537.36"
40.77.167.10 - - [17/Jun/2026:21:56:08 +0700] "GET /tu-khoa-san-pham/gia-in-decal-pp/ HTTP/2" 200 39734 "-" "Mozilla/5.0 AppleWebKit/537.36 (KHTML, like Gecko; compatible; bingbot/2.0; +http://www.bing.com/bingbot.htm) Chrome/116.0.1938.76 Safari/537.36"
83.99.206.14 - - [17/Jun/2026:21:56:10 +0700] "GET /san-pham/bao-gia-in-bat-quang-cao-tphcm/ HTTP/1.1" 200 46173 "-" "Mozilla/5.0 (X11; Linux x86_64) AppleWebKit/537.36 (KHTML, like Gecko; GeedoShopProductFinder) Chrome/142.0.0.0 Safari/537.36"
216.73.216.78 - - [17/Jun/2026:21:56:12 +0700] "GET /san-pham/in-standee-san-pham-nhanh/whatsapp:/send?text=in+standee+s%E1%BA%A3n+ph%E1%BA%A9m+nhanh+-+https%3A%2Finquangcaothuonghieu.com%2Fsan-pham%2Fin-standee-san-pham-nhanh%2F HTTP/2" 404 38562 "-" "Mozilla/5.0 AppleWebKit/537.36 (KHTML, like Gecko; compatible; ClaudeBot/1.0; +claudebot@anthropic.com)"
216.73.216.78 - - [17/Jun/2026:21:56:12 +0700] "GET /san-pham/in-uv-dtf-ben-mau/whatsapp:/send?text=in+uv+dtf+b%E1%BB%81n+m%C3%A0u+-+https%3A%2Finquangcaothuonghieu.com%2Fsan-pham%2Fin-uv-dtf-ben-mau%2F HTTP/2" 404 38557 "-" "Mozilla/5.0 AppleWebKit/537.36 (KHTML, like Gecko; compatible; ClaudeBot/1.0; +claudebot@anthropic.com)"
216.73.216.78 - - [17/Jun/2026:21:56:14 +0700] "GET /san-pham/may-in-uv-op-lung/whatsapp:/send?text=m%C3%A1y+in+uv+%E1%BB%91p+l%C6%B0ng+-+https%3A%2Finquangcaothuonghieu.com%2Fsan-pham%2Fmay-in-uv-op-lung%2F HTTP/2" 404 38545 "-" "Mozilla/5.0 AppleWebKit/537.36 (KHTML, like Gecko; compatible; ClaudeBot/1.0; +claudebot@anthropic.com)"
66.249.71.128 - - [17/Jun/2026:21:56:23 +0700] "GET /san-pham/in-quang-cao-nhanh/ HTTP/1.1" 200 46325 "-" "Mozilla/5.0 (compatible; Googlebot/2.1; +http://www.google.com/bot.html)"
57.141.14.29 - - [17/Jun/2026:21:56:26 +0700] "GET /san-pham/in-op-lung-iphone/ HTTP/2" 200 239250 "-" "meta-externalagent/1.1 (+https://developers.facebook.com/docs/sharing/webmasters/crawler)"
66.249.71.129 - - [17/Jun/2026:21:56:27 +0700] "GET /san-pham/in-tem-decal-trong-chu-trang-lay-lien-tphcm/ HTTP/1.1" 200 46100 "-" "Mozilla/5.0 (Linux; Android 6.0.1; Nexus 5X Build/MMB29P) AppleWebKit/537.36 (KHTML, like Gecko) Chrome/148.0.7778.96 Mobile Safari/537.36 (compatible; Googlebot/2.1; +http://www.google.com/bot.html)"
57.141.14.67 - - [17/Jun/2026:21:56:29 +0700] "GET /tu-khoa-san-pham/in-dtf-gia-re-tphcm/ HTTP/2" 200 206891 "-" "meta-externalagent/1.1 (+https://developers.facebook.com/docs/sharing/webmasters/crawler)"
83.99.206.14 - - [17/Jun/2026:21:56:30 +0700] "GET /tu-khoa-san-pham/in-standee-sieu-toc-gia-re/ HTTP/1.1" 200 39792 "-" "Mozilla/5.0 (X11; Linux x86_64) AppleWebKit/537.36 (KHTML, like Gecko; GeedoShopProductFinder) Chrome/142.0.0.0 Safari/537.36"
66.249.71.137 - - [17/Jun/2026:21:56:41 +0700] "GET /san-pham/in-uv-hiflex-kho-lon/ HTTP/1.1" 200 45879 "-" "Mozilla/5.0 (Linux; Android 6.0.1; Nexus 5X Build/MMB29P) AppleWebKit/537.36 (KHTML, like Gecko) Chrome/148.0.7778.96 Mobile Safari/537.36 (compatible; Googlebot/2.1; +http://www.google.com/bot.html)"
83.99.206.14 - - [17/Jun/2026:21:56:49 +0700] "GET /tu-khoa-san-pham/in-poster-bao-nhieu-tien/ HTTP/1.1" 200 39829 "-" "Mozilla/5.0 (X11; Linux x86_64) AppleWebKit/537.36 (KHTML, like Gecko; GeedoShopProductFinder) Chrome/142.0.0.0 Safari/537.36"
40.77.167.10 - - [17/Jun/2026:21:56:52 +0700] "GET /reputation-et-experience-de-posido-casino-sur-le-marche/ HTTP/2" 200 44546 "-" "Mozilla/5.0 AppleWebKit/537.36 (KHTML, like Gecko; compatible; bingbot/2.0; +http://www.bing.com/bingbot.htm) Chrome/116.0.1938.76 Safari/537.36"
57.141.14.55 - - [17/Jun/2026:21:56:56 +0700] "GET /san-pham/in-tem-uv-dtf-3/ HTTP/2" 200 239091 "-" "meta-externalagent/1.1 (+https://developers.facebook.com/docs/sharing/webmasters/crawler)"
66.249.74.73 - - [17/Jun/2026:21:56:58 +0700] "GET /san-pham/in-hashtag-theo-yeu-cau/ HTTP/1.1" 200 45965 "-" "Mozilla/5.0 (Linux; Android 6.0.1; Nexus 5X Build/MMB29P) AppleWebKit/537.36 (KHTML, like Gecko) Chrome/148.0.7778.96 Mobile Safari/537.36 (compatible; Googlebot/2.1; +http://www.google.com/bot.html)"
216.73.216.78 - - [17/Jun/2026:21:57:00 +0700] "GET /san-pham/in-standee-san-pham-gia-re/whatsapp:/send?text=in+standee+s%E1%BA%A3n+ph%E1%BA%A9m+gi%C3%A1+r%E1%BA%BB+-+https%3A%2Finquangcaothuonghieu.com%2Fsan-pham%2Fin-standee-san-pham-gia-re%2F HTTP/2" 404 38587 "-" "Mozilla/5.0 AppleWebKit/537.36 (KHTML, like Gecko; compatible; ClaudeBot/1.0; +claudebot@anthropic.com)"
216.73.216.78 - - [17/Jun/2026:21:57:00 +0700] "GET /san-pham/in-uv-decal-mo-dan-cua-kinh/whatsapp:/send?text=In+UV+decal+m%E1%BB%9D+d%C3%A1n+c%E1%BB%ADa+k%C3%ADnh+-+https%3A%2Finquangcaothuonghieu.com%2Fsan-pham%2Fin-uv-decal-mo-dan-cua-kinh%2F HTTP/2" 404 38572 "-" "Mozilla/5.0 AppleWebKit/537.36 (KHTML, like Gecko; compatible; ClaudeBot/1.0; +claudebot@anthropic.com)"
216.73.216.78 - - [17/Jun/2026:21:57:02 +0700] "GET /san-pham/in-vali-xach-tay-in-logo/whatsapp:/send?text=in+vali+x%C3%A1ch+tay+in+logo+-+https%3A%2Finquangcaothuonghieu.com%2Fsan-pham%2Fin-vali-xach-tay-in-logo%2F HTTP/2" 404 38566 "-" "Mozilla/5.0 AppleWebKit/537.36 (KHTML, like Gecko; compatible; ClaudeBot/1.0; +claudebot@anthropic.com)"
83.99.206.227 - - [17/Jun/2026:21:57:10 +0700] "GET /san-pham/in-decal-quang-cao-xe-o-to/ HTTP/1.1" 200 46019 "-" "Mozilla/5.0 (X11; Linux x86_64) AppleWebKit/537.36 (KHTML, like Gecko; GeedoShopProductFinder) Chrome/142.0.0.0 Safari/537.36"
216.73.216.78 - - [17/Jun/2026:21:57:11 +0700] "GET /san-pham/in-uv-tren-moi-chat-lieu-3/whatsapp:/send?text=in+uv+tr%C3%AAn+m%E1%BB%8Di+ch%E1%BA%A5t+li%E1%BB%87u+-+https%3A%2Finquangcaothuonghieu.com%2Fsan-pham%2Fin-uv-tren-moi-chat-lieu-3%2F HTTP/2" 404 38565 "-" "Mozilla/5.0 AppleWebKit/537.36 (KHTML, like Gecko; compatible; ClaudeBot/1.0; +claudebot@anthropic.com)"
216.73.216.78 - - [17/Jun/2026:21:57:11 +0700] "GET /san-pham/in-co-vai-co-vu-bong-da/whatsapp:/send?text=in+c%E1%BB%9D+v%E1%BA%A3i+c%E1%BB%95+v%C5%A9+b%C3%B3ng+%C4%91%C3%A1+-+https%3A%2Finquangcaothuonghieu.com%2Fsan-pham%2Fin-co-vai-co-vu-bong-da%2F HTTP/2" 404 38546 "-" "Mozilla/5.0 AppleWebKit/537.36 (KHTML, like Gecko; compatible; ClaudeBot/1.0; +claudebot@anthropic.com)"
216.73.216.78 - - [17/Jun/2026:21:57:13 +0700] "GET /san-pham/in-bang-ron-khai-truong-2/whatsapp:/send?text=in+b%C4%83ng+r%C3%B4n+khai+tr%C6%B0%C6%A1ng+-+https%3A%2Finquangcaothuonghieu.com%2Fsan-pham%2Fin-bang-ron-khai-truong-2%2F HTTP/2" 404 38587 "-" "Mozilla/5.0 AppleWebKit/537.36 (KHTML, like Gecko; compatible; ClaudeBot/1.0; +claudebot@anthropic.com)"
216.73.216.78 - - [17/Jun/2026:21:57:26 +0700] "GET /san-pham/in-tem-nhu-vang-gia-re/whatsapp:/send?text=in+tem+nh%C5%A9+v%C3%A0ng+gi%C3%A1+r%E1%BA%BB+-+https%3A%2Finquangcaothuonghieu.com%2Fsan-pham%2Fin-tem-nhu-vang-gia-re%2F HTTP/2" 404 38567 "-" "Mozilla/5.0 AppleWebKit/537.36 (KHTML, like Gecko; compatible; ClaudeBot/1.0; +claudebot@anthropic.com)"
216.73.216.78 - - [17/Jun/2026:21:57:26 +0700] "GET /san-pham/in-standee-hoi-cho-gia-re/whatsapp:/send?text=in+standee+h%E1%BB%99i+ch%E1%BB%A3+gi%C3%A1+r%E1%BA%BB+-+https%3A%2Finquangcaothuonghieu.com%2Fsan-pham%2Fin-standee-hoi-cho-gia-re%2F HTTP/2" 404 38595 "-" "Mozilla/5.0 AppleWebKit/537.36 (KHTML, like Gecko; compatible; ClaudeBot/1.0; +claudebot@anthropic.com)"
216.73.216.78 - - [17/Jun/2026:21:57:27 +0700] "GET /san-pham/in-bang-ron-bat-xuyen-den/whatsapp:/send?text=in+b%C4%83ng+r%C3%B4n+b%E1%BA%A1t+xuy%C3%AAn+%C4%91%C3%A8n+-+https%3A%2Finquangcaothuonghieu.com%2Fsan-pham%2Fin-bang-ron-bat-xuyen-den%2F HTTP/2" 404 38571 "-" "Mozilla/5.0 AppleWebKit/537.36 (KHTML, like Gecko; compatible; ClaudeBot/1.0; +claudebot@anthropic.com)"
51.195.183.238 - - [17/Jun/2026:21:57:28 +0700] "GET /sitemap_index.xml HTTP/2" 200 506 "-" "Mozilla/5.0 (compatible; AhrefsBot/7.0; +http://ahrefs.com/robot/)"
83.99.206.3 - - [17/Jun/2026:21:57:30 +0700] "GET /san-pham/in-bang-hieu/ HTTP/1.1" 200 45981 "-" "Mozilla/5.0 (X11; Linux x86_64) AppleWebKit/537.36 (KHTML, like Gecko; GeedoShopProductFinder) Chrome/142.0.0.0 Safari/537.36"
51.195.183.96 - - [17/Jun/2026:21:57:31 +0700] "GET /post-sitemap.xml HTTP/2" 200 4350 "-" "Mozilla/5.0 (compatible; AhrefsBot/7.0; +http://ahrefs.com/robot/)"
198.244.242.113 - - [17/Jun/2026:21:57:34 +0700] "GET /page-sitemap.xml HTTP/2" 200 1405 "-" "Mozilla/5.0 (compatible; AhrefsBot/7.0; +http://ahrefs.com/robot/)"
198.244.168.62 - - [17/Jun/2026:21:57:37 +0700] "GET /blocks-sitemap.xml HTTP/2" 200 537 "-" "Mozilla/5.0 (compatible; AhrefsBot/7.0; +http://ahrefs.com/robot/)"
198.244.240.233 - - [17/Jun/2026:21:57:39 +0700] "GET /product-sitemap.xml HTTP/2" 200 12341 "-" "Mozilla/5.0 (compatible; AhrefsBot/7.0; +http://ahrefs.com/robot/)"
198.244.183.46 - - [17/Jun/2026:21:57:43 +0700] "GET /product-sitemap2.xml HTTP/2" 200 10797 "-" "Mozilla/5.0 (compatible; AhrefsBot/7.0; +http://ahrefs.com/robot/)"
198.244.226.24 - - [17/Jun/2026:21:57:51 +0700] "GET /product-sitemap3.xml HTTP/2" 200 9874 "-" "Mozilla/5.0 (compatible; AhrefsBot/7.0; +http://ahrefs.com/robot/)"
51.195.183.7 - - [17/Jun/2026:21:57:54 +0700] "GET /product-sitemap4.xml HTTP/2" 200 9133 "-" "Mozilla/5.0 (compatible; AhrefsBot/7.0; +http://ahrefs.com/robot/)"
66.249.71.129 - - [17/Jun/2026:21:58:00 +0700] "GET /san-pham/in-tranh-canvas-kho-lon/ HTTP/1.1" 200 46031 "-" "Mozilla/5.0 (compatible; Googlebot/2.1; +http://www.google.com/bot.html)"
216.73.216.78 - - [17/Jun/2026:21:58:04 +0700] "GET /?p=8437 HTTP/2" 301 0 "-" "Mozilla/5.0 AppleWebKit/537.36 (KHTML, like Gecko; compatible; ClaudeBot/1.0; +claudebot@anthropic.com)"
216.73.216.78 - - [17/Jun/2026:21:58:04 +0700] "GET /?p=7304 HTTP/2" 301 0 "-" "Mozilla/5.0 AppleWebKit/537.36 (KHTML, like Gecko; compatible; ClaudeBot/1.0; +claudebot@anthropic.com)"
198.244.226.125 - - [17/Jun/2026:21:58:04 +0700] "GET /product-sitemap5.xml HTTP/2" 200 9745 "-" "Mozilla/5.0 (compatible; AhrefsBot/7.0; +http://ahrefs.com/robot/)"
216.73.216.78 - - [17/Jun/2026:21:58:05 +0700] "GET /san-pham/in-bang-ron-quan-5/ HTTP/2" 200 45926 "https://inquangcaothuonghieu.com/?p=8437" "Mozilla/5.0 AppleWebKit/537.36 (KHTML, like Gecko; compatible; ClaudeBot/1.0; +claudebot@anthropic.com)"
216.73.216.78 - - [17/Jun/2026:21:58:05 +0700] "GET /san-pham/in-pp-gia-re-theo-so-luong/ HTTP/2" 200 45792 "https://inquangcaothuonghieu.com/?p=7304" "Mozilla/5.0 AppleWebKit/537.36 (KHTML, like Gecko; compatible; ClaudeBot/1.0; +claudebot@anthropic.com)"
216.73.216.78 - - [17/Jun/2026:21:58:08 +0700] "GET /?p=5553 HTTP/2" 301 0 "-" "Mozilla/5.0 AppleWebKit/537.36 (KHTML, like Gecko; compatible; ClaudeBot/1.0; +claudebot@anthropic.com)"
216.73.216.78 - - [17/Jun/2026:21:58:08 +0700] "GET /?p=7283 HTTP/2" 301 0 "-" "Mozilla/5.0 AppleWebKit/537.36 (KHTML, like Gecko; compatible; ClaudeBot/1.0; +claudebot@anthropic.com)"
198.244.242.170 - - [17/Jun/2026:21:58:08 +0700] "GET /product-sitemap6.xml HTTP/2" 200 7239 "-" "Mozilla/5.0 (compatible; AhrefsBot/7.0; +http://ahrefs.com/robot/)"
216.73.216.78 - - [17/Jun/2026:21:58:09 +0700] "GET /san-pham/in-bat-sinh-nhat/ HTTP/2" 200 45997 "https://inquangcaothuonghieu.com/?p=5553" "Mozilla/5.0 AppleWebKit/537.36 (KHTML, like Gecko; compatible; ClaudeBot/1.0; +claudebot@anthropic.com)"
216.73.216.78 - - [17/Jun/2026:21:58:10 +0700] "GET /san-pham/in-pp-co-keo-2/ HTTP/2" 200 45715 "https://inquangcaothuonghieu.com/?p=7283" "Mozilla/5.0 AppleWebKit/537.36 (KHTML, like Gecko; compatible; ClaudeBot/1.0; +claudebot@anthropic.com)"
198.244.240.50 - - [17/Jun/2026:21:58:11 +0700] "GET /category-sitemap.xml HTTP/2" 200 409 "-" "Mozilla/5.0 (compatible; AhrefsBot/7.0; +http://ahrefs.com/robot/)"
216.73.216.78 - - [17/Jun/2026:21:58:12 +0700] "GET /?p=9508 HTTP/2" 301 0 "-" "Mozilla/5.0 AppleWebKit/537.36 (KHTML, like Gecko; compatible; ClaudeBot/1.0; +claudebot@anthropic.com)"
216.73.216.78 - - [17/Jun/2026:21:58:12 +0700] "GET /?p=7271 HTTP/2" 301 0 "-" "Mozilla/5.0 AppleWebKit/537.36 (KHTML, like Gecko; compatible; ClaudeBot/1.0; +claudebot@anthropic.com)"
216.73.216.78 - - [17/Jun/2026:21:58:13 +0700] "GET /san-pham/in-bat-quang-cao-lay-lien/ HTTP/2" 200 45999 "https://inquangcaothuonghieu.com/?p=9508" "Mozilla/5.0 AppleWebKit/537.36 (KHTML, like Gecko; compatible; ClaudeBot/1.0; +claudebot@anthropic.com)"
216.73.216.78 - - [17/Jun/2026:21:58:13 +0700] "GET /san-pham/in-pp-gan-day/ HTTP/2" 200 45742 "https://inquangcaothuonghieu.com/?p=7271" "Mozilla/5.0 AppleWebKit/537.36 (KHTML, like Gecko; compatible; ClaudeBot/1.0; +claudebot@anthropic.com)"
54.38.147.179 - - [17/Jun/2026:21:58:14 +0700] "GET /product_cat-sitemap.xml HTTP/2" 200 512 "-" "Mozilla/5.0 (compatible; AhrefsBot/7.0; +http://ahrefs.com/robot/)"
198.244.183.64 - - [17/Jun/2026:21:58:16 +0700] "GET /product_tag-sitemap.xml HTTP/2" 200 9715 "-" "Mozilla/5.0 (compatible; AhrefsBot/7.0; +http://ahrefs.com/robot/)"
198.244.242.110 - - [17/Jun/2026:21:58:19 +0700] "GET /product_tag-sitemap2.xml HTTP/2" 200 9628 "-" "Mozilla/5.0 (compatible; AhrefsBot/7.0; +http://ahrefs.com/robot/)"
51.89.129.241 - - [17/Jun/2026:21:58:23 +0700] "GET /product_tag-sitemap3.xml HTTP/2" 200 9161 "-" "Mozilla/5.0 (compatible; AhrefsBot/7.0; +http://ahrefs.com/robot/)"
216.73.216.78 - - [17/Jun/2026:21:58:32 +0700] "GET /?p=9491 HTTP/2" 301 0 "-" "Mozilla/5.0 AppleWebKit/537.36 (KHTML, like Gecko; compatible; ClaudeBot/1.0; +claudebot@anthropic.com)"
216.73.216.78 - - [17/Jun/2026:21:58:32 +0700] "GET /?p=7284 HTTP/2" 301 0 "-" "Mozilla/5.0 AppleWebKit/537.36 (KHTML, like Gecko; compatible; ClaudeBot/1.0; +claudebot@anthropic.com)"
216.73.216.78 - - [17/Jun/2026:21:58:33 +0700] "GET /san-pham/in-bat-quang-cao-bao-nhieu-tien-1m2/ HTTP/2" 200 45911 "https://inquangcaothuonghieu.com/?p=9491" "Mozilla/5.0 AppleWebKit/537.36 (KHTML, like Gecko; compatible; ClaudeBot/1.0; +claudebot@anthropic.com)"
216.73.216.78 - - [17/Jun/2026:21:58:33 +0700] "GET /san-pham/in-pp-khong-keo-2/ HTTP/2" 200 45746 "https://inquangcaothuonghieu.com/?p=7284" "Mozilla/5.0 AppleWebKit/537.36 (KHTML, like Gecko; compatible; ClaudeBot/1.0; +claudebot@anthropic.com)"
216.73.216.78 - - [17/Jun/2026:21:58:36 +0700] "GET /?p=7311 HTTP/2" 301 0 "-" "Mozilla/5.0 AppleWebKit/537.36 (KHTML, like Gecko; compatible; ClaudeBot/1.0; +claudebot@anthropic.com)"
216.73.216.78 - - [17/Jun/2026:21:58:37 +0700] "GET /?p=7273 HTTP/2" 301 0 "-" "Mozilla/5.0 AppleWebKit/537.36 (KHTML, like Gecko; compatible; ClaudeBot/1.0; +claudebot@anthropic.com)"
216.73.216.78 - - [17/Jun/2026:21:58:37 +0700] "GET /san-pham/in-pp-menu-quan-an/ HTTP/2" 200 45753 "https://inquangcaothuonghieu.com/?p=7311" "Mozilla/5.0 AppleWebKit/537.36 (KHTML, like Gecko; compatible; ClaudeBot/1.0; +claudebot@anthropic.com)"
216.73.216.78 - - [17/Jun/2026:21:58:38 +0700] "GET /san-pham/in-pp-la-gi-2/ HTTP/2" 200 45818 "https://inquangcaothuonghieu.com/?p=7273" "Mozilla/5.0 AppleWebKit/537.36 (KHTML, like Gecko; compatible; ClaudeBot/1.0; +claudebot@anthropic.com)"
216.73.216.78 - - [17/Jun/2026:21:58:40 +0700] "GET /?p=8338 HTTP/2" 301 0 "-" "Mozilla/5.0 AppleWebKit/537.36 (KHTML, like Gecko; compatible; ClaudeBot/1.0; +claudebot@anthropic.com)"
216.73.216.78 - - [17/Jun/2026:21:58:40 +0700] "GET /?p=8436 HTTP/2" 301 0 "-" "Mozilla/5.0 AppleWebKit/537.36 (KHTML, like Gecko; compatible; ClaudeBot/1.0; +claudebot@anthropic.com)"
216.73.216.78 - - [17/Jun/2026:21:58:41 +0700] "GET /san-pham/in-banner-bat-hiflex/ HTTP/2" 200 46050 "https://inquangcaothuonghieu.com/?p=8338" "Mozilla/5.0 AppleWebKit/537.36 (KHTML, like Gecko; compatible; ClaudeBot/1.0; +claudebot@anthropic.com)"
216.73.216.78 - - [17/Jun/2026:21:58:41 +0700] "GET /san-pham/in-bang-ron-quan-3/ HTTP/2" 200 45939 "https://inquangcaothuonghieu.com/?p=8436" "Mozilla/5.0 AppleWebKit/537.36 (KHTML, like Gecko; compatible; ClaudeBot/1.0; +claudebot@anthropic.com)"
57.141.14.94 - - [17/Jun/2026:21:58:57 +0700] "GET /san-pham/in-card-visit-tphcm/ HTTP/2" 200 238298 "-" "meta-externalagent/1.1 (+https://developers.facebook.com/docs/sharing/webmasters/crawler)"
57.141.14.32 - - [17/Jun/2026:21:59:10 +0700] "GET /danh-muc-san-pham/in-tem-nhan/ HTTP/2" 200 273374 "-" "meta-externalagent/1.1 (+https://developers.facebook.com/docs/sharing/webmasters/crawler)"
216.73.216.78 - - [17/Jun/2026:21:59:16 +0700] "GET /?p=7268 HTTP/2" 301 0 "-" "Mozilla/5.0 AppleWebKit/537.36 (KHTML, like Gecko; compatible; ClaudeBot/1.0; +claudebot@anthropic.com)"
216.73.216.78 - - [17/Jun/2026:21:59:18 +0700] "GET /san-pham/in-pp-can-mo-2/ HTTP/2" 200 45766 "https://inquangcaothuonghieu.com/?p=7268" "Mozilla/5.0 AppleWebKit/537.36 (KHTML, like Gecko; compatible; ClaudeBot/1.0; +claudebot@anthropic.com)"
216.73.216.78 - - [17/Jun/2026:21:59:20 +0700] "GET /?p=9511 HTTP/2" 301 0 "-" "Mozilla/5.0 AppleWebKit/537.36 (KHTML, like Gecko; compatible; ClaudeBot/1.0; +claudebot@anthropic.com)"
216.73.216.78 - - [17/Jun/2026:21:59:21 +0700] "GET /san-pham/in-bat-quan-cafe/ HTTP/2" 200 46012 "https://inquangcaothuonghieu.com/?p=9511" "Mozilla/5.0 AppleWebKit/537.36 (KHTML, like Gecko; compatible; ClaudeBot/1.0; +claudebot@anthropic.com)"
216.73.216.78 - - [17/Jun/2026:21:59:24 +0700] "GET /?p=7303 HTTP/2" 301 0 "-" "Mozilla/5.0 AppleWebKit/537.36 (KHTML, like Gecko; compatible; ClaudeBot/1.0; +claudebot@anthropic.com)"
216.73.216.78 - - [17/Jun/2026:21:59:25 +0700] "GET /san-pham/in-pp-gia-si/ HTTP/2" 200 45845 "https://inquangcaothuonghieu.com/?p=7303" "Mozilla/5.0 AppleWebKit/537.36 (KHTML, like Gecko; compatible; ClaudeBot/1.0; +claudebot@anthropic.com)"
51.195.244.248 - - [17/Jun/2026:21:59:26 +0700] "GET /author-sitemap.xml HTTP/2" 200 349 "-" "Mozilla/5.0 (compatible; AhrefsBot/7.0; +http://ahrefs.com/robot/)"
216.73.216.78 - - [17/Jun/2026:21:59:27 +0700] "GET /?p=4810 HTTP/2" 301 0 "-" "Mozilla/5.0 AppleWebKit/537.36 (KHTML, like Gecko; compatible; ClaudeBot/1.0; +claudebot@anthropic.com)"
198.244.183.189 - - [17/Jun/2026:21:59:28 +0700] "GET /video-sitemap.xml HTTP/2" 200 1541 "-" "Mozilla/5.0 (compatible; AhrefsBot/7.0; +http://ahrefs.com/robot/)"
216.73.216.78 - - [17/Jun/2026:21:59:29 +0700] "GET /san-pham/in-bat-quang-cao-hcm-2/ HTTP/2" 200 45980 "https://inquangcaothuonghieu.com/?p=4810" "Mozilla/5.0 AppleWebKit/537.36 (KHTML, like Gecko; compatible; ClaudeBot/1.0; +claudebot@anthropic.com)"
198.244.183.66 - - [17/Jun/2026:21:59:30 +0700] "GET /geo-sitemap.xml HTTP/2" 200 291 "-" "Mozilla/5.0 (compatible; AhrefsBot/7.0; +http://ahrefs.com/robot/)"
216.73.216.78 - - [17/Jun/2026:21:59:31 +0700] "GET /?p=9515 HTTP/2" 301 0 "-" "Mozilla/5.0 AppleWebKit/537.36 (KHTML, like Gecko; compatible; ClaudeBot/1.0; +claudebot@anthropic.com)"
83.99.206.14 - - [17/Jun/2026:21:59:32 +0700] "GET /tu-khoa-san-pham/in-menu-nhua-pvc-gia-re/ HTTP/1.1" 200 39793 "-" "Mozilla/5.0 (X11; Linux x86_64) AppleWebKit/537.36 (KHTML, like Gecko; GeedoShopProductFinder) Chrome/142.0.0.0 Safari/537.36"
216.73.216.78 - - [17/Jun/2026:21:59:32 +0700] "GET /san-pham/in-bat-my-pham/ HTTP/2" 200 45845 "https://inquangcaothuonghieu.com/?p=9515" "Mozilla/5.0 AppleWebKit/537.36 (KHTML, like Gecko; compatible; ClaudeBot/1.0; +claudebot@anthropic.com)"
198.244.226.146 - - [17/Jun/2026:21:59:33 +0700] "GET /news-sitemap.xml HTTP/2" 200 2976 "-" "Mozilla/5.0 (compatible; AhrefsBot/7.0; +http://ahrefs.com/robot/)"
216.73.216.78 - - [17/Jun/2026:21:59:34 +0700] "GET /?p=8438 HTTP/2" 301 0 "-" "Mozilla/5.0 AppleWebKit/537.36 (KHTML, like Gecko; compatible; ClaudeBot/1.0; +claudebot@anthropic.com)"
216.73.216.78 - - [17/Jun/2026:21:59:36 +0700] "GET /san-pham/in-bang-ron-quan-7/ HTTP/2" 200 46043 "https://inquangcaothuonghieu.com/?p=8438" "Mozilla/5.0 AppleWebKit/537.36 (KHTML, like Gecko; compatible; ClaudeBot/1.0; +claudebot@anthropic.com)"
216.73.216.78 - - [17/Jun/2026:21:59:39 +0700] "GET /?p=7309 HTTP/2" 301 0 "-" "Mozilla/5.0 AppleWebKit/537.36 (KHTML, like Gecko; compatible; ClaudeBot/1.0; +claudebot@anthropic.com)"
216.73.216.78 - - [17/Jun/2026:21:59:40 +0700] "GET /san-pham/in-pp-dan-tuong-2/ HTTP/2" 200 45715 "https://inquangcaothuonghieu.com/?p=7309" "Mozilla/5.0 AppleWebKit/537.36 (KHTML, like Gecko; compatible; ClaudeBot/1.0; +claudebot@anthropic.com)"
216.73.216.78 - - [17/Jun/2026:21:59:42 +0700] "GET /?p=9500 HTTP/2" 301 0 "-" "Mozilla/5.0 AppleWebKit/537.36 (KHTML, like Gecko; compatible; ClaudeBot/1.0; +claudebot@anthropic.com)"
216.73.216.78 - - [17/Jun/2026:21:59:44 +0700] "GET /san-pham/in-bat-nhanh-tphcm/ HTTP/2" 200 45907 "https://inquangcaothuonghieu.com/?p=9500" "Mozilla/5.0 AppleWebKit/537.36 (KHTML, like Gecko; compatible; ClaudeBot/1.0; +claudebot@anthropic.com)"
216.73.216.78 - - [17/Jun/2026:21:59:46 +0700] "GET /?p=7289 HTTP/2" 301 0 "-" "Mozilla/5.0 AppleWebKit/537.36 (KHTML, like Gecko; compatible; ClaudeBot/1.0; +claudebot@anthropic.com)"
216.73.216.78 - - [17/Jun/2026:21:59:47 +0700] "GET /san-pham/in-pp-muc-dau/ HTTP/2" 200 45787 "https://inquangcaothuonghieu.com/?p=7289" "Mozilla/5.0 AppleWebKit/537.36 (KHTML, like Gecko; compatible; ClaudeBot/1.0; +claudebot@anthropic.com)"
216.73.216.78 - - [17/Jun/2026:21:59:50 +0700] "GET /?p=9406 HTTP/2" 301 0 "-" "Mozilla/5.0 AppleWebKit/537.36 (KHTML, like Gecko; compatible; ClaudeBot/1.0; +claudebot@anthropic.com)"
216.73.216.78 - - [17/Jun/2026:21:59:51 +0700] "GET /san-pham/in-bat-quang-cao-gan-day-4/ HTTP/2" 200 46014 "https://inquangcaothuonghieu.com/?p=9406" "Mozilla/5.0 AppleWebKit/537.36 (KHTML, like Gecko; compatible; ClaudeBot/1.0; +claudebot@anthropic.com)"
83.99.206.32 - - [17/Jun/2026:21:59:52 +0700] "GET /san-pham/dat-in-sticker/ HTTP/1.1" 200 45903 "-" "Mozilla/5.0 (X11; Linux x86_64) AppleWebKit/537.36 (KHTML, like Gecko; GeedoShopProductFinder) Chrome/142.0.0.0 Safari/537.36"
216.73.216.78 - - [17/Jun/2026:21:59:53 +0700] "GET /?p=10795 HTTP/2" 301 0 "-" "Mozilla/5.0 AppleWebKit/537.36 (KHTML, like Gecko; compatible; ClaudeBot/1.0; +claudebot@anthropic.com)"
216.73.216.78 - - [17/Jun/2026:21:59:55 +0700] "GET /san-pham/in-mica-quang-cao/ HTTP/2" 200 45999 "https://inquangcaothuonghieu.com/?p=10795" "Mozilla/5.0 AppleWebKit/537.36 (KHTML, like Gecko; compatible; ClaudeBot/1.0; +claudebot@anthropic.com)"
216.73.216.78 - - [17/Jun/2026:21:59:59 +0700] "GET /?p=9413 HTTP/2" 301 0 "-" "Mozilla/5.0 AppleWebKit/537.36 (KHTML, like Gecko; compatible; ClaudeBot/1.0; +claudebot@anthropic.com)"
216.73.216.78 - - [17/Jun/2026:22:00:00 +0700] "GET /san-pham/in-bat-quang-cao-binh-tan/ HTTP/2" 200 46072 "https://inquangcaothuonghieu.com/?p=9413" "Mozilla/5.0 AppleWebKit/537.36 (KHTML, like Gecko; compatible; ClaudeBot/1.0; +claudebot@anthropic.com)"
216.73.216.78 - - [17/Jun/2026:22:00:02 +0700] "GET /?p=9521 HTTP/2" 301 0 "-" "Mozilla/5.0 AppleWebKit/537.36 (KHTML, like Gecko; compatible; ClaudeBot/1.0; +claudebot@anthropic.com)"
216.73.216.78 - - [17/Jun/2026:22:00:04 +0700] "GET /san-pham/in-bat-san-khau/ HTTP/2" 200 45956 "https://inquangcaothuonghieu.com/?p=9521" "Mozilla/5.0 AppleWebKit/537.36 (KHTML, like Gecko; compatible; ClaudeBot/1.0; +claudebot@anthropic.com)"
216.73.216.78 - - [17/Jun/2026:22:00:06 +0700] "GET /?p=10338 HTTP/2" 301 0 "-" "Mozilla/5.0 AppleWebKit/537.36 (KHTML, like Gecko; compatible; ClaudeBot/1.0; +claudebot@anthropic.com)"
216.73.216.78 - - [17/Jun/2026:22:00:07 +0700] "GET /san-pham/in-qua-tang-doanh-nghiep-can-bao-lau/ HTTP/2" 200 46051 "https://inquangcaothuonghieu.com/?p=10338" "Mozilla/5.0 AppleWebKit/537.36 (KHTML, like Gecko; compatible; ClaudeBot/1.0; +claudebot@anthropic.com)"
216.73.216.78 - - [17/Jun/2026:22:00:12 +0700] "GET /?p=9414 HTTP/2" 301 0 "-" "Mozilla/5.0 AppleWebKit/537.36 (KHTML, like Gecko; compatible; ClaudeBot/1.0; +claudebot@anthropic.com)"
