216.73.216.78 - - [17/Jun/2026:22:12:51 +0700] "GET /san-pham/in-pp-gia-si/whatsapp:/send?text=in+pp+gi%C3%A1+s%E1%BB%89+-+https%3A%2Finquangcaothuonghieu.com%2Fsan-pham%2Fin-pp-gia-si%2F HTTP/2" 404 38503 "-" "Mozilla/5.0 AppleWebKit/537.36 (KHTML, like Gecko; compatible; ClaudeBot/1.0; +claudebot@anthropic.com)"
52.167.144.169 - - [17/Jun/2026:22:12:52 +0700] "GET /san-pham/in-poster-cafe HTTP/2" 301 0 "-" "Mozilla/5.0 AppleWebKit/537.36 (KHTML, like Gecko; compatible; bingbot/2.0; +http://www.bing.com/bingbot.htm) Chrome/116.0.1938.76 Safari/537.36"
216.73.216.78 - - [17/Jun/2026:22:12:52 +0700] "GET /san-pham/in-bat-quang-cao-ngoai-troi/sms:0906348765 HTTP/2" 404 36850 "-" "Mozilla/5.0 AppleWebKit/537.36 (KHTML, like Gecko; compatible; ClaudeBot/1.0; +claudebot@anthropic.com)"
52.167.144.169 - - [17/Jun/2026:22:12:54 +0700] "GET /san-pham/in-poster-cafe/ HTTP/2" 200 46151 "-" "Mozilla/5.0 AppleWebKit/537.36 (KHTML, like Gecko; compatible; bingbot/2.0; +http://www.bing.com/bingbot.htm) Chrome/116.0.1938.76 Safari/537.36"
66.249.71.129 - - [17/Jun/2026:22:13:11 +0700] "GET /san-pham/in-canvas-30x40/ HTTP/1.1" 200 46074 "-" "Mozilla/5.0 (Linux; Android 6.0.1; Nexus 5X Build/MMB29P) AppleWebKit/537.36 (KHTML, like Gecko) Chrome/148.0.7778.96 Mobile Safari/537.36 (compatible; Googlebot/2.1; +http://www.google.com/bot.html)"
57.141.14.95 - - [17/Jun/2026:22:13:20 +0700] "GET /san-pham/in-bang-inox-an-mon/ HTTP/2" 200 238761 "-" "meta-externalagent/1.1 (+https://developers.facebook.com/docs/sharing/webmasters/crawler)"
216.73.216.78 - - [17/Jun/2026:22:13:21 +0700] "GET /san-pham/in-pp-gia-re-3/whatsapp:/send?text=in+pp+gi%C3%A1+r%E1%BA%BB+-+https%3A%2Finquangcaothuonghieu.com%2Fsan-pham%2Fin-pp-gia-re-3%2F HTTP/2" 404 38612 "-" "Mozilla/5.0 AppleWebKit/537.36 (KHTML, like Gecko; compatible; ClaudeBot/1.0; +claudebot@anthropic.com)"
216.73.216.78 - - [17/Jun/2026:22:13:23 +0700] "GET /san-pham/in-banner-go-vap/whatsapp:/send?text=in+banner+g%C3%B2+v%E1%BA%A5p+-+https%3A%2Finquangcaothuonghieu.com%2Fsan-pham%2Fin-banner-go-vap%2F HTTP/2" 404 38564 "-" "Mozilla/5.0 AppleWebKit/537.36 (KHTML, like Gecko; compatible; ClaudeBot/1.0; +claudebot@anthropic.com)"
52.167.144.169 - - [17/Jun/2026:22:13:24 +0700] "GET /tu-khoa-san-pham/chi-phi-in-banner/ HTTP/2" 200 39664 "-" "Mozilla/5.0 AppleWebKit/537.36 (KHTML, like Gecko; compatible; bingbot/2.0; +http://www.bing.com/bingbot.htm) Chrome/116.0.1938.76 Safari/537.36"
216.73.216.78 - - [17/Jun/2026:22:13:25 +0700] "GET /san-pham/in-bat-sieu-thi/whatsapp:/send?text=in+b%E1%BA%A1t+si%C3%AAu+th%E1%BB%8B+-+https%3A%2Finquangcaothuonghieu.com%2Fsan-pham%2Fin-bat-sieu-thi%2F HTTP/2" 404 38550 "-" "Mozilla/5.0 AppleWebKit/537.36 (KHTML, like Gecko; compatible; ClaudeBot/1.0; +claudebot@anthropic.com)"
216.73.216.78 - - [17/Jun/2026:22:13:27 +0700] "GET /san-pham/in-hinh-len-vali/whatsapp:/send?text=in+h%C3%ACnh+l%C3%AAn+vali+-+https%3A%2Finquangcaothuonghieu.com%2Fsan-pham%2Fin-hinh-len-vali%2F HTTP/2" 404 38567 "-" "Mozilla/5.0 AppleWebKit/537.36 (KHTML, like Gecko; compatible; ClaudeBot/1.0; +claudebot@anthropic.com)"
216.73.216.78 - - [17/Jun/2026:22:13:28 +0700] "GET /san-pham/in-qua-tang-doanh-nghiep-can-bao-lau/whatsapp:/send HTTP/2" 404 38546 "-" "Mozilla/5.0 AppleWebKit/537.36 (KHTML, like Gecko; compatible; ClaudeBot/1.0; +claudebot@anthropic.com)"
66.249.74.73 - - [17/Jun/2026:22:13:32 +0700] "GET /san-pham/in-standee-khai-truong-binh-thanh/ HTTP/1.1" 200 46085 "-" "Mozilla/5.0 (Linux; Android 6.0.1; Nexus 5X Build/MMB29P) AppleWebKit/537.36 (KHTML, like Gecko) Chrome/148.0.7778.96 Mobile Safari/537.36 (compatible; Googlebot/2.1; +http://www.google.com/bot.html)"
216.73.216.78 - - [17/Jun/2026:22:13:41 +0700] "GET /san-pham/in-bat-quang-cao-4/whatsapp:/send?text=in+b%E1%BA%A1t+qu%E1%BA%A3ng+c%C3%A1o+-+https%3A%2Finquangcaothuonghieu.com%2Fsan-pham%2Fin-bat-quang-cao-4%2F HTTP/2" 404 38563 "-" "Mozilla/5.0 AppleWebKit/537.36 (KHTML, like Gecko; compatible; ClaudeBot/1.0; +claudebot@anthropic.com)"
216.73.216.78 - - [17/Jun/2026:22:13:43 +0700] "GET /san-pham/in-qua-tang-doanh-nghiep-can-bao-lau/sms:0906348765 HTTP/2" 404 36890 "-" "Mozilla/5.0 AppleWebKit/537.36 (KHTML, like Gecko; compatible; ClaudeBot/1.0; +claudebot@anthropic.com)"
216.73.216.78 - - [17/Jun/2026:22:13:45 +0700] "GET /san-pham/in-qua-tang-doanh-nghiep-can-bao-lau/feed/ HTTP/2" 200 524 "-" "Mozilla/5.0 AppleWebKit/537.36 (KHTML, like Gecko; compatible; ClaudeBot/1.0; +claudebot@anthropic.com)"
216.73.216.78 - - [17/Jun/2026:22:13:47 +0700] "GET /san-pham/in-bang-ron-tphcm-2/whatsapp:/send?text=in+b%C4%83ng+r%C3%B4n+tphcm+-+https%3A%2Finquangcaothuonghieu.com%2Fsan-pham%2Fin-bang-ron-tphcm-2%2F HTTP/2" 404 38543 "-" "Mozilla/5.0 AppleWebKit/537.36 (KHTML, like Gecko; compatible; ClaudeBot/1.0; +claudebot@anthropic.com)"
216.73.216.78 - - [17/Jun/2026:22:13:48 +0700] "GET /san-pham/in-pp-lay-lien-tphcm/whatsapp:/send?text=in+pp+l%E1%BA%A5y+li%E1%BB%81n+tphcm+-+https%3A%2Finquangcaothuonghieu.com%2Fsan-pham%2Fin-pp-lay-lien-tphcm%2F HTTP/2" 404 38543 "-" "Mozilla/5.0 AppleWebKit/537.36 (KHTML, like Gecko; compatible; ClaudeBot/1.0; +claudebot@anthropic.com)"
57.141.14.71 - - [17/Jun/2026:22:13:49 +0700] "GET /tu-khoa-san-pham/gia-banner-quang-cao/ HTTP/2" 200 206916 "-" "meta-externalagent/1.1 (+https://developers.facebook.com/docs/sharing/webmasters/crawler)"
216.73.216.78 - - [17/Jun/2026:22:14:05 +0700] "GET /san-pham/in-bat-quang-cao-hcm-3/whatsapp:/send?text=in+b%E1%BA%A1t+qu%E1%BA%A3ng+c%C3%A1o+hcm+-+https%3A%2Finquangcaothuonghieu.com%2Fsan-pham%2Fin-bat-quang-cao-hcm-3%2F HTTP/2" 404 38574 "-" "Mozilla/5.0 AppleWebKit/537.36 (KHTML, like Gecko; compatible; ClaudeBot/1.0; +claudebot@anthropic.com)"
216.73.216.78 - - [17/Jun/2026:22:14:07 +0700] "GET /san-pham/in-bat-quang-cao-tphcm/whatsapp:/send?text=in+b%E1%BA%A1t+qu%E1%BA%A3ng+c%C3%A1o+tphcm+-+https%3A%2Finquangcaothuonghieu.com%2Fsan-pham%2Fin-bat-quang-cao-tphcm%2F HTTP/2" 404 38511 "-" "Mozilla/5.0 AppleWebKit/537.36 (KHTML, like Gecko; compatible; ClaudeBot/1.0; +claudebot@anthropic.com)"
216.73.216.78 - - [17/Jun/2026:22:14:09 +0700] "GET /san-pham/in-bang-ron-binh-thanh/whatsapp:/send?text=in+b%C4%83ng+r%C3%B4n+b%C3%ACnh+th%E1%BA%A1nh+-+https%3A%2Finquangcaothuonghieu.com%2Fsan-pham%2Fin-bang-ron-binh-thanh%2F HTTP/2" 404 38536 "-" "Mozilla/5.0 AppleWebKit/537.36 (KHTML, like Gecko; compatible; ClaudeBot/1.0; +claudebot@anthropic.com)"
216.73.216.78 - - [17/Jun/2026:22:14:11 +0700] "GET /san-pham/in-bang-hieu-shop/whatsapp:/send?text=in+b%E1%BA%A3ng+hi%E1%BB%87u+shop+-+https%3A%2Finquangcaothuonghieu.com%2Fsan-pham%2Fin-bang-hieu-shop%2F HTTP/2" 404 38528 "-" "Mozilla/5.0 AppleWebKit/537.36 (KHTML, like Gecko; compatible; ClaudeBot/1.0; +claudebot@anthropic.com)"
83.99.206.155 - - [17/Jun/2026:22:14:12 +0700] "GET /tu-khoa-san-pham/in-decal-dang-cuon/ HTTP/1.1" 200 39720 "-" "Mozilla/5.0 (X11; Linux x86_64) AppleWebKit/537.36 (KHTML, like Gecko; GeedoShopProductFinder) Chrome/142.0.0.0 Safari/537.36"
216.73.216.78 - - [17/Jun/2026:22:14:13 +0700] "GET /san-pham/in-bat-ngoai-troi/whatsapp:/send?text=in+b%E1%BA%A1t+ngo%C3%A0i+tr%E1%BB%9Di+-+https%3A%2Finquangcaothuonghieu.com%2Fsan-pham%2Fin-bat-ngoai-troi%2F HTTP/2" 404 38569 "-" "Mozilla/5.0 AppleWebKit/537.36 (KHTML, like Gecko; compatible; ClaudeBot/1.0; +claudebot@anthropic.com)"
216.73.216.78 - - [17/Jun/2026:22:14:25 +0700] "GET /san-pham/in-bat-quang-cao-tan-phu/whatsapp:/send?text=in+b%E1%BA%A1t+qu%E1%BA%A3ng+c%C3%A1o+t%C3%A2n+ph%C3%BA+-+https%3A%2Finquangcaothuonghieu.com%2Fsan-pham%2Fin-bat-quang-cao-tan-phu%2F HTTP/2" 404 38547 "-" "Mozilla/5.0 AppleWebKit/537.36 (KHTML, like Gecko; compatible; ClaudeBot/1.0; +claudebot@anthropic.com)"
216.73.216.78 - - [17/Jun/2026:22:14:26 +0700] "GET /san-pham/in-uv-decal-gia-bao-nhieu/whatsapp:/send?text=in+uv+decal+gi%C3%A1+bao+nhi%C3%AAu+-+https%3A%2Finquangcaothuonghieu.com%2Fsan-pham%2Fin-uv-decal-gia-bao-nhieu%2F HTTP/2" 404 38617 "-" "Mozilla/5.0 AppleWebKit/537.36 (KHTML, like Gecko; compatible; ClaudeBot/1.0; +claudebot@anthropic.com)"
176.231.164.99 - - [17/Jun/2026:22:14:27 +0700] "GET /san-pham/cong-ty-in-tem/ HTTP/1.1" 200 52673 "-" "Mozilla/5.0 (Macintosh; Intel Mac OS X 10_14_6) AppleWebKit/537.36 (KHTML, like Gecko) Chrome/99.0.4844.84 Safari/537.36"
216.73.216.78 - - [17/Jun/2026:22:14:28 +0700] "GET /san-pham/dich-vu-in-brochure-quan-3/whatsapp:/send?text=D%E1%BB%8Bch+v%E1%BB%A5+in+brochure+qu%E1%BA%ADn+3+-+https%3A%2Finquangcaothuonghieu.com%2Fsan-pham%2Fdich-vu-in-brochure-quan-3%2F HTTP/2" 404 38545 "-" "Mozilla/5.0 AppleWebKit/537.36 (KHTML, like Gecko; compatible; ClaudeBot/1.0; +claudebot@anthropic.com)"
216.73.216.78 - - [17/Jun/2026:22:14:30 +0700] "GET /san-pham/bao-gia-in-uv-len-mica/whatsapp:/send?text=b%C3%A1o+gi%C3%A1+in+uv+l%C3%AAn+mica+-+https%3A%2Finquangcaothuonghieu.com%2Fsan-pham%2Fbao-gia-in-uv-len-mica%2F HTTP/2" 404 38568 "-" "Mozilla/5.0 AppleWebKit/537.36 (KHTML, like Gecko; compatible; ClaudeBot/1.0; +claudebot@anthropic.com)"
66.249.74.74 - - [17/Jun/2026:22:14:32 +0700] "GET /san-pham/in-ap-phich-gia-re/ HTTP/1.1" 200 45939 "-" "Mozilla/5.0 (Linux; Android 6.0.1; Nexus 5X Build/MMB29P) AppleWebKit/537.36 (KHTML, like Gecko) Chrome/148.0.7778.96 Mobile Safari/537.36 (compatible; Googlebot/2.1; +http://www.google.com/bot.html)"
216.73.216.78 - - [17/Jun/2026:22:14:32 +0700] "GET /san-pham/in-uv-co-phai-mau-khong-2/whatsapp:/send?text=in+uv+c%C3%B3+phai+m%C3%A0u+kh%C3%B4ng+-+https%3A%2Finquangcaothuonghieu.com%2Fsan-pham%2Fin-uv-co-phai-mau-khong-2%2F HTTP/2" 404 38612 "-" "Mozilla/5.0 AppleWebKit/537.36 (KHTML, like Gecko; compatible; ClaudeBot/1.0; +claudebot@anthropic.com)"
83.99.206.155 - - [17/Jun/2026:22:14:33 +0700] "GET /san-pham/in-standee-san-pham-quan-7/ HTTP/1.1" 200 46033 "-" "Mozilla/5.0 (X11; Linux x86_64) AppleWebKit/537.36 (KHTML, like Gecko; GeedoShopProductFinder) Chrome/142.0.0.0 Safari/537.36"
57.141.14.90 - - [17/Jun/2026:22:14:37 +0700] "GET /tu-khoa-san-pham/in-tem-phan-quang/ HTTP/2" 200 199603 "-" "meta-externalagent/1.1 (+https://developers.facebook.com/docs/sharing/webmasters/crawler)"
57.141.14.2 - - [17/Jun/2026:22:14:47 +0700] "GET /tu-khoa-san-pham/in-standee-khai-truong-tan-phu/ HTTP/2" 200 207173 "-" "meta-externalagent/1.1 (+https://developers.facebook.com/docs/sharing/webmasters/crawler)"
57.141.14.20 - - [17/Jun/2026:22:14:47 +0700] "GET /san-pham/in-tranh-canvas-lay-ngay-2/ HTTP/2" 404 197021 "-" "meta-externalagent/1.1 (+https://developers.facebook.com/docs/sharing/webmasters/crawler)"
83.99.206.155 - - [17/Jun/2026:22:14:52 +0700] "GET /san-pham/in-nhua-pvc-lay-lien/ HTTP/1.1" 200 45968 "-" "Mozilla/5.0 (X11; Linux x86_64) AppleWebKit/537.36 (KHTML, like Gecko; GeedoShopProductFinder) Chrome/142.0.0.0 Safari/537.36"
52.167.144.179 - - [17/Jun/2026:22:14:54 +0700] "GET /san-pham/in-uv-phu-bong/ HTTP/2" 200 45905 "-" "Mozilla/5.0 AppleWebKit/537.36 (KHTML, like Gecko; compatible; bingbot/2.0; +http://www.bing.com/bingbot.htm) Chrome/116.0.1938.76 Safari/537.36"
96.62.45.96 - - [17/Jun/2026:22:15:02 +0700] "GET /wp-content/uploads/2025/06/in-pp.png HTTP/1.1" 404 44710 "-" "Mozilla/5.0 (compatible; crawler)"
83.99.206.155 - - [17/Jun/2026:22:15:13 +0700] "GET /san-pham/gia-bat-hiflex-cuon/ HTTP/1.1" 200 45962 "-" "Mozilla/5.0 (X11; Linux x86_64) AppleWebKit/537.36 (KHTML, like Gecko; GeedoShopProductFinder) Chrome/142.0.0.0 Safari/537.36"
216.73.216.78 - - [17/Jun/2026:22:15:15 +0700] "GET /san-pham/in-bat-su-kien-ngoai-troi/whatsapp:/send?text=in+b%E1%BA%A1t+s%E1%BB%B1+ki%E1%BB%87n+ngo%C3%A0i+tr%E1%BB%9Di+-+https%3A%2Finquangcaothuonghieu.com%2Fsan-pham%2Fin-bat-su-kien-ngoai-troi%2F HTTP/2" 404 38582 "-" "Mozilla/5.0 AppleWebKit/537.36 (KHTML, like Gecko; compatible; ClaudeBot/1.0; +claudebot@anthropic.com)"
216.73.216.78 - - [17/Jun/2026:22:15:17 +0700] "GET /san-pham/in-pp-so-luong-it-gia-re/whatsapp:/send?text=in+pp+s%E1%BB%91+l%C6%B0%E1%BB%A3ng+%C3%ADt+gi%C3%A1+r%E1%BA%BB+-+https%3A%2Finquangcaothuonghieu.com%2Fsan-pham%2Fin-pp-so-luong-it-gia-re%2F HTTP/2" 404 38618 "-" "Mozilla/5.0 AppleWebKit/537.36 (KHTML, like Gecko; compatible; ClaudeBot/1.0; +claudebot@anthropic.com)"
216.73.216.78 - - [17/Jun/2026:22:15:19 +0700] "GET /san-pham/in-tem-kim-loai-gia-re/whatsapp:/send?text=in+tem+kim+lo%E1%BA%A1i+gi%C3%A1+r%E1%BA%BB+-+https%3A%2Finquangcaothuonghieu.com%2Fsan-pham%2Fin-tem-kim-loai-gia-re%2F HTTP/2" 404 38557 "-" "Mozilla/5.0 AppleWebKit/537.36 (KHTML, like Gecko; compatible; ClaudeBot/1.0; +claudebot@anthropic.com)"
216.73.216.78 - - [17/Jun/2026:22:15:21 +0700] "GET /san-pham/in-bat-quang-cao-lay-ngay/whatsapp:/send?text=in+b%E1%BA%A1t+qu%E1%BA%A3ng+c%C3%A1o+l%E1%BA%A5y+ngay+-+https%3A%2Finquangcaothuonghieu.com%2Fsan-pham%2Fin-bat-quang-cao-lay-ngay%2F HTTP/2" 404 38566 "-" "Mozilla/5.0 AppleWebKit/537.36 (KHTML, like Gecko; compatible; ClaudeBot/1.0; +claudebot@anthropic.com)"
43.166.247.82 - - [17/Jun/2026:22:15:21 +0700] "GET /danh-muc-san-pham/in-an-uv/ HTTP/1.1" 200 45679 "-" "Mozilla/5.0 (iPhone; CPU iPhone OS 13_2_3 like Mac OS X) AppleWebKit/605.1.15 (KHTML, like Gecko) Version/13.0.3 Mobile/15E148 Safari/604.1"
216.73.216.78 - - [17/Jun/2026:22:15:22 +0700] "GET /san-pham/gia-in-to-roi-a5/whatsapp:/send?text=gi%C3%A1+in+t%E1%BB%9D+r%C6%A1i+a5+-+https%3A%2Finquangcaothuonghieu.com%2Fsan-pham%2Fgia-in-to-roi-a5%2F HTTP/2" 404 38570 "-" "Mozilla/5.0 AppleWebKit/537.36 (KHTML, like Gecko; compatible; ClaudeBot/1.0; +claudebot@anthropic.com)"
66.249.74.74 - - [17/Jun/2026:22:15:31 +0700] "GET /san-pham/in-pp-ngoai-troi-2/ HTTP/1.1" 200 45813 "-" "Mozilla/5.0 (compatible; Googlebot/2.1; +http://www.google.com/bot.html)"
66.249.74.75 - - [17/Jun/2026:22:15:31 +0700] "GET /san-pham/in-decal-phan-quang-3900/ HTTP/1.1" 200 46145 "-" "Mozilla/5.0 (Linux; Android 6.0.1; Nexus 5X Build/MMB29P) AppleWebKit/537.36 (KHTML, like Gecko) Chrome/148.0.7778.96 Mobile Safari/537.36 (compatible; Googlebot/2.1; +http://www.google.com/bot.html)"
83.99.206.155 - - [17/Jun/2026:22:15:32 +0700] "GET /tu-khoa-san-pham/cho-in-hashtag-cam-tay-2/ HTTP/1.1" 200 39817 "-" "Mozilla/5.0 (X11; Linux x86_64) AppleWebKit/537.36 (KHTML, like Gecko; GeedoShopProductFinder) Chrome/142.0.0.0 Safari/537.36"
66.249.71.129 - - [17/Jun/2026:22:15:33 +0700] "GET /san-pham/in-standee-lay-lien-cao-cap/ HTTP/1.1" 200 45968 "-" "Mozilla/5.0 (Linux; Android 6.0.1; Nexus 5X Build/MMB29P) AppleWebKit/537.36 (KHTML, like Gecko) Chrome/148.0.7778.96 Mobile Safari/537.36 (compatible; Googlebot/2.1; +http://www.google.com/bot.html)"
216.73.216.78 - - [17/Jun/2026:22:15:47 +0700] "GET /?p=5338 HTTP/2" 301 0 "-" "Mozilla/5.0 AppleWebKit/537.36 (KHTML, like Gecko; compatible; ClaudeBot/1.0; +claudebot@anthropic.com)"
216.73.216.78 - - [17/Jun/2026:22:15:48 +0700] "GET /san-pham/in-bat-hiflex-3/ HTTP/2" 200 46053 "https://inquangcaothuonghieu.com/?p=5338" "Mozilla/5.0 AppleWebKit/537.36 (KHTML, like Gecko; compatible; ClaudeBot/1.0; +claudebot@anthropic.com)"
216.73.216.78 - - [17/Jun/2026:22:15:51 +0700] "GET /?p=9475 HTTP/2" 301 0 "-" "Mozilla/5.0 AppleWebKit/537.36 (KHTML, like Gecko; compatible; ClaudeBot/1.0; +claudebot@anthropic.com)"
216.73.216.78 - - [17/Jun/2026:22:15:52 +0700] "GET /san-pham/in-bat-hiflex-hcm/ HTTP/2" 200 45968 "https://inquangcaothuonghieu.com/?p=9475" "Mozilla/5.0 AppleWebKit/537.36 (KHTML, like Gecko; compatible; ClaudeBot/1.0; +claudebot@anthropic.com)"
83.99.206.155 - - [17/Jun/2026:22:15:53 +0700] "GET /san-pham/in-tem-nhom-xuoc/ HTTP/1.1" 200 45985 "-" "Mozilla/5.0 (X11; Linux x86_64) AppleWebKit/537.36 (KHTML, like Gecko; GeedoShopProductFinder) Chrome/142.0.0.0 Safari/537.36"
216.73.216.78 - - [17/Jun/2026:22:15:55 +0700] "GET /?p=9530 HTTP/2" 301 0 "-" "Mozilla/5.0 AppleWebKit/537.36 (KHTML, like Gecko; compatible; ClaudeBot/1.0; +claudebot@anthropic.com)"
216.73.216.78 - - [17/Jun/2026:22:15:56 +0700] "GET /san-pham/in-bat-hiflex-lien-tam/ HTTP/2" 200 46044 "https://inquangcaothuonghieu.com/?p=9530" "Mozilla/5.0 AppleWebKit/537.36 (KHTML, like Gecko; compatible; ClaudeBot/1.0; +claudebot@anthropic.com)"
216.73.216.78 - - [17/Jun/2026:22:15:58 +0700] "GET /?p=5162 HTTP/2" 301 0 "-" "Mozilla/5.0 AppleWebKit/537.36 (KHTML, like Gecko; compatible; ClaudeBot/1.0; +claudebot@anthropic.com)"
216.73.216.78 - - [17/Jun/2026:22:16:00 +0700] "GET /san-pham/in-bat-quang-cao-gia-re-tphcm-2/ HTTP/2" 200 46088 "https://inquangcaothuonghieu.com/?p=5162" "Mozilla/5.0 AppleWebKit/537.36 (KHTML, like Gecko; compatible; ClaudeBot/1.0; +claudebot@anthropic.com)"
216.73.216.78 - - [17/Jun/2026:22:16:02 +0700] "GET /?p=4669 HTTP/2" 301 0 "-" "Mozilla/5.0 AppleWebKit/537.36 (KHTML, like Gecko; compatible; ClaudeBot/1.0; +claudebot@anthropic.com)"
216.73.216.78 - - [17/Jun/2026:22:16:03 +0700] "GET /san-pham/in-bat-lay-ngay/ HTTP/2" 200 45912 "https://inquangcaothuonghieu.com/?p=4669" "Mozilla/5.0 AppleWebKit/537.36 (KHTML, like Gecko; compatible; ClaudeBot/1.0; +claudebot@anthropic.com)"
216.73.216.78 - - [17/Jun/2026:22:16:11 +0700] "GET /?p=9510 HTTP/2" 301 0 "-" "Mozilla/5.0 AppleWebKit/537.36 (KHTML, like Gecko; compatible; ClaudeBot/1.0; +claudebot@anthropic.com)"
216.73.216.78 - - [17/Jun/2026:22:16:12 +0700] "GET /san-pham/in-bat-quang-cao-cua-hang/ HTTP/2" 200 45980 "https://inquangcaothuonghieu.com/?p=9510" "Mozilla/5.0 AppleWebKit/537.36 (KHTML, like Gecko; compatible; ClaudeBot/1.0; +claudebot@anthropic.com)"
216.73.216.78 - - [17/Jun/2026:22:16:14 +0700] "GET /?p=9433 HTTP/2" 301 0 "-" "Mozilla/5.0 AppleWebKit/537.36 (KHTML, like Gecko; compatible; ClaudeBot/1.0; +claudebot@anthropic.com)"
216.73.216.78 - - [17/Jun/2026:22:16:15 +0700] "GET /san-pham/in-bat-hiflex-2-da-2/ HTTP/2" 200 45878 "https://inquangcaothuonghieu.com/?p=9433" "Mozilla/5.0 AppleWebKit/537.36 (KHTML, like Gecko; compatible; ClaudeBot/1.0; +claudebot@anthropic.com)"
216.73.216.78 - - [17/Jun/2026:22:16:18 +0700] "GET /?p=9499 HTTP/2" 301 0 "-" "Mozilla/5.0 AppleWebKit/537.36 (KHTML, like Gecko; compatible; ClaudeBot/1.0; +claudebot@anthropic.com)"
216.73.216.78 - - [17/Jun/2026:22:16:19 +0700] "GET /san-pham/in-bat-lay-lien-tphcm/ HTTP/2" 200 45937 "https://inquangcaothuonghieu.com/?p=9499" "Mozilla/5.0 AppleWebKit/537.36 (KHTML, like Gecko; compatible; ClaudeBot/1.0; +claudebot@anthropic.com)"
57.141.14.110 - - [17/Jun/2026:22:16:21 +0700] "GET /san-pham/in-hiflex-5m-tphcm/ HTTP/2" 200 238798 "-" "meta-externalagent/1.1 (+https://developers.facebook.com/docs/sharing/webmasters/crawler)"
216.73.216.78 - - [17/Jun/2026:22:16:22 +0700] "GET /?p=9384 HTTP/2" 301 0 "-" "Mozilla/5.0 AppleWebKit/537.36 (KHTML, like Gecko; compatible; ClaudeBot/1.0; +claudebot@anthropic.com)"
216.73.216.78 - - [17/Jun/2026:22:16:23 +0700] "GET /san-pham/in-bat-hiflex-4/ HTTP/2" 200 45989 "https://inquangcaothuonghieu.com/?p=9384" "Mozilla/5.0 AppleWebKit/537.36 (KHTML, like Gecko; compatible; ClaudeBot/1.0; +claudebot@anthropic.com)"
216.73.216.78 - - [17/Jun/2026:22:16:26 +0700] "GET /?p=9523 HTTP/2" 301 0 "-" "Mozilla/5.0 AppleWebKit/537.36 (KHTML, like Gecko; compatible; ClaudeBot/1.0; +claudebot@anthropic.com)"
57.141.14.89 - - [17/Jun/2026:22:16:25 +0700] "GET /tu-khoa-san-pham/in-standee-lay-ngay-tan-phu/ HTTP/2" 200 207098 "-" "meta-externalagent/1.1 (+https://developers.facebook.com/docs/sharing/webmasters/crawler)"
57.141.14.108 - - [17/Jun/2026:22:16:25 +0700] "GET /san-pham/in-vali-theo-yeu-cau/ HTTP/2" 200 239300 "-" "meta-externalagent/1.1 (+https://developers.facebook.com/docs/sharing/webmasters/crawler)"
216.73.216.78 - - [17/Jun/2026:22:16:27 +0700] "GET /san-pham/in-bat-hoi-nghi/ HTTP/2" 200 45940 "https://inquangcaothuonghieu.com/?p=9523" "Mozilla/5.0 AppleWebKit/537.36 (KHTML, like Gecko; compatible; ClaudeBot/1.0; +claudebot@anthropic.com)"
216.73.216.78 - - [17/Jun/2026:22:16:29 +0700] "GET /?p=9382 HTTP/2" 301 0 "-" "Mozilla/5.0 AppleWebKit/537.36 (KHTML, like Gecko; compatible; ClaudeBot/1.0; +claudebot@anthropic.com)"
216.73.216.78 - - [17/Jun/2026:22:16:30 +0700] "GET /san-pham/in-bat-khong-gan-2/ HTTP/2" 200 45839 "https://inquangcaothuonghieu.com/?p=9382" "Mozilla/5.0 AppleWebKit/537.36 (KHTML, like Gecko; compatible; ClaudeBot/1.0; +claudebot@anthropic.com)"
216.73.216.78 - - [17/Jun/2026:22:16:32 +0700] "GET /?p=9522 HTTP/2" 301 0 "-" "Mozilla/5.0 AppleWebKit/537.36 (KHTML, like Gecko; compatible; ClaudeBot/1.0; +claudebot@anthropic.com)"
216.73.216.78 - - [17/Jun/2026:22:16:33 +0700] "GET /san-pham/in-bat-hoi-cho/ HTTP/2" 200 45972 "https://inquangcaothuonghieu.com/?p=9522" "Mozilla/5.0 AppleWebKit/537.36 (KHTML, like Gecko; compatible; ClaudeBot/1.0; +claudebot@anthropic.com)"
216.73.216.78 - - [17/Jun/2026:22:16:36 +0700] "GET /?p=9443 HTTP/2" 301 0 "-" "Mozilla/5.0 AppleWebKit/537.36 (KHTML, like Gecko; compatible; ClaudeBot/1.0; +claudebot@anthropic.com)"
216.73.216.78 - - [17/Jun/2026:22:16:37 +0700] "GET /san-pham/in-bat-mau-xam/ HTTP/2" 200 45876 "https://inquangcaothuonghieu.com/?p=9443" "Mozilla/5.0 AppleWebKit/537.36 (KHTML, like Gecko; compatible; ClaudeBot/1.0; +claudebot@anthropic.com)"
216.73.216.78 - - [17/Jun/2026:22:16:40 +0700] "GET /?p=9422 HTTP/2" 301 0 "-" "Mozilla/5.0 AppleWebKit/537.36 (KHTML, like Gecko; compatible; ClaudeBot/1.0; +claudebot@anthropic.com)"
216.73.216.78 - - [17/Jun/2026:22:16:41 +0700] "GET /san-pham/in-bat-hiflex-luoi/ HTTP/2" 200 45846 "https://inquangcaothuonghieu.com/?p=9422" "Mozilla/5.0 AppleWebKit/537.36 (KHTML, like Gecko; compatible; ClaudeBot/1.0; +claudebot@anthropic.com)"
216.73.216.78 - - [17/Jun/2026:22:16:44 +0700] "GET /?p=4830 HTTP/2" 301 0 "-" "Mozilla/5.0 AppleWebKit/537.36 (KHTML, like Gecko; compatible; ClaudeBot/1.0; +claudebot@anthropic.com)"
216.73.216.78 - - [17/Jun/2026:22:16:45 +0700] "GET /san-pham/in-bat-kho-lon-2/ HTTP/2" 200 46013 "https://inquangcaothuonghieu.com/?p=4830" "Mozilla/5.0 AppleWebKit/537.36 (KHTML, like Gecko; compatible; ClaudeBot/1.0; +claudebot@anthropic.com)"
216.73.216.78 - - [17/Jun/2026:22:16:49 +0700] "GET /?p=5542 HTTP/2" 301 0 "-" "Mozilla/5.0 AppleWebKit/537.36 (KHTML, like Gecko; compatible; ClaudeBot/1.0; +claudebot@anthropic.com)"
216.73.216.78 - - [17/Jun/2026:22:16:50 +0700] "GET /san-pham/in-bat-gia-re-2/ HTTP/2" 200 45933 "https://inquangcaothuonghieu.com/?p=5542" "Mozilla/5.0 AppleWebKit/537.36 (KHTML, like Gecko; compatible; ClaudeBot/1.0; +claudebot@anthropic.com)"
216.73.216.78 - - [17/Jun/2026:22:16:52 +0700] "GET /?p=5562 HTTP/2" 301 0 "-" "Mozilla/5.0 AppleWebKit/537.36 (KHTML, like Gecko; compatible; ClaudeBot/1.0; +claudebot@anthropic.com)"
57.141.14.42 - - [17/Jun/2026:22:16:52 +0700] "GET /tu-khoa-san-pham/gia-in-decal-pp/ HTTP/2" 200 206705 "-" "meta-externalagent/1.1 (+https://developers.facebook.com/docs/sharing/webmasters/crawler)"
216.73.216.78 - - [17/Jun/2026:22:16:54 +0700] "GET /san-pham/in-bat-kho-5m/ HTTP/2" 200 46048 "https://inquangcaothuonghieu.com/?p=5562" "Mozilla/5.0 AppleWebKit/537.36 (KHTML, like Gecko; compatible; ClaudeBot/1.0; +claudebot@anthropic.com)"
216.73.216.78 - - [17/Jun/2026:22:16:56 +0700] "GET /?p=9498 HTTP/2" 301 0 "-" "Mozilla/5.0 AppleWebKit/537.36 (KHTML, like Gecko; compatible; ClaudeBot/1.0; +claudebot@anthropic.com)"
216.73.216.78 - - [17/Jun/2026:22:16:57 +0700] "GET /san-pham/in-bat-lay-lien/ HTTP/2" 200 45946 "https://inquangcaothuonghieu.com/?p=9498" "Mozilla/5.0 AppleWebKit/537.36 (KHTML, like Gecko; compatible; ClaudeBot/1.0; +claudebot@anthropic.com)"
66.249.71.128 - - [17/Jun/2026:22:16:59 +0700] "GET /san-pham/in-tem-nhan-tren-vai/ HTTP/1.1" 200 46215 "-" "Mozilla/5.0 (Linux; Android 6.0.1; Nexus 5X Build/MMB29P) AppleWebKit/537.36 (KHTML, like Gecko) Chrome/148.0.7778.96 Mobile Safari/537.36 (compatible; Googlebot/2.1; +http://www.google.com/bot.html)"
216.73.216.78 - - [17/Jun/2026:22:17:00 +0700] "GET /?p=5351 HTTP/2" 301 0 "-" "Mozilla/5.0 AppleWebKit/537.36 (KHTML, like Gecko; compatible; ClaudeBot/1.0; +claudebot@anthropic.com)"
216.73.216.78 - - [17/Jun/2026:22:17:01 +0700] "GET /san-pham/in-bat-hiflex-lay-lien-2/ HTTP/2" 200 45948 "https://inquangcaothuonghieu.com/?p=5351" "Mozilla/5.0 AppleWebKit/537.36 (KHTML, like Gecko; compatible; ClaudeBot/1.0; +claudebot@anthropic.com)"
216.73.216.78 - - [17/Jun/2026:22:17:04 +0700] "GET /?p=5156 HTTP/2" 301 0 "-" "Mozilla/5.0 AppleWebKit/537.36 (KHTML, like Gecko; compatible; ClaudeBot/1.0; +claudebot@anthropic.com)"
216.73.216.78 - - [17/Jun/2026:22:17:05 +0700] "GET /san-pham/in-bat-hiflex-gia/ HTTP/2" 200 45937 "https://inquangcaothuonghieu.com/?p=5156" "Mozilla/5.0 AppleWebKit/537.36 (KHTML, like Gecko; compatible; ClaudeBot/1.0; +claudebot@anthropic.com)"
57.141.14.6 - - [17/Jun/2026:22:17:12 +0700] "GET /tu-khoa-san-pham/in-uv-bang-ron/ HTTP/2" 200 206709 "-" "meta-externalagent/1.1 (+https://developers.facebook.com/docs/sharing/webmasters/crawler)"
66.249.74.73 - - [17/Jun/2026:22:17:14 +0700] "GET /san-pham/in-bat-hiflex-gia-re-2/ HTTP/1.1" 200 46012 "-" "Mozilla/5.0 (Linux; Android 6.0.1; Nexus 5X Build/MMB29P) AppleWebKit/537.36 (KHTML, like Gecko) Chrome/148.0.7778.96 Mobile Safari/537.36 (compatible; Googlebot/2.1; +http://www.google.com/bot.html)"
66.249.74.73 - - [17/Jun/2026:22:17:40 +0700] "GET /san-pham/in-uv-logo-thuong-hieu/ HTTP/1.1" 200 45863 "-" "Mozilla/5.0 (Linux; Android 6.0.1; Nexus 5X Build/MMB29P) AppleWebKit/537.36 (KHTML, like Gecko) Chrome/148.0.7778.96 Mobile Safari/537.36 (compatible; Googlebot/2.1; +http://www.google.com/bot.html)"
83.99.206.88 - - [17/Jun/2026:22:17:51 +0700] "GET /tu-khoa-san-pham/in-decal-de-den-ngoai-troi/ HTTP/1.1" 200 39779 "-" "Mozilla/5.0 (X11; Linux x86_64) AppleWebKit/537.36 (KHTML, like Gecko; GeedoShopProductFinder) Chrome/142.0.0.0 Safari/537.36"
57.141.14.47 - - [17/Jun/2026:22:17:59 +0700] "GET /san-pham/in-hiflex/ HTTP/2" 200 238528 "-" "meta-externalagent/1.1 (+https://developers.facebook.com/docs/sharing/webmasters/crawler)"
57.141.14.100 - - [17/Jun/2026:22:18:02 +0700] "GET /tu-khoa-san-pham/in-pano-gia-re/ HTTP/2" 200 206774 "-" "meta-externalagent/1.1 (+https://developers.facebook.com/docs/sharing/webmasters/crawler)"
57.141.14.41 - - [17/Jun/2026:22:18:04 +0700] "GET /tu-khoa-san-pham/in-anh-kho-lon/ HTTP/2" 200 206765 "-" "meta-externalagent/1.1 (+https://developers.facebook.com/docs/sharing/webmasters/crawler)"
83.99.206.91 - - [17/Jun/2026:22:18:12 +0700] "GET /tu-khoa-san-pham/in-uv-gan-day/ HTTP/1.1" 200 39808 "-" "Mozilla/5.0 (X11; Linux x86_64) AppleWebKit/537.36 (KHTML, like Gecko; GeedoShopProductFinder) Chrome/142.0.0.0 Safari/537.36"
66.249.74.73 - - [17/Jun/2026:22:18:12 +0700] "GET /san-pham/in-an-quang-cao-gia-re/ HTTP/1.1" 200 54937 "-" "Mozilla/5.0 (Linux; Android 6.0.1; Nexus 5X Build/MMB29P) AppleWebKit/537.36 (KHTML, like Gecko) Chrome/148.0.7778.96 Mobile Safari/537.36 (compatible; Googlebot/2.1; +http://www.google.com/bot.html)"
57.141.14.75 - - [17/Jun/2026:22:18:14 +0700] "GET /san-pham/in-tem-inox-gia-re/ HTTP/2" 200 237975 "-" "meta-externalagent/1.1 (+https://developers.facebook.com/docs/sharing/webmasters/crawler)"
216.73.216.78 - - [17/Jun/2026:22:18:26 +0700] "GET /?p=9445 HTTP/2" 301 0 "-" "Mozilla/5.0 AppleWebKit/537.36 (KHTML, like Gecko; compatible; ClaudeBot/1.0; +claudebot@anthropic.com)"
216.73.216.78 - - [17/Jun/2026:22:18:27 +0700] "GET /san-pham/in-bat-hiflex-xam/ HTTP/2" 200 46001 "https://inquangcaothuonghieu.com/?p=9445" "Mozilla/5.0 AppleWebKit/537.36 (KHTML, like Gecko; compatible; ClaudeBot/1.0; +claudebot@anthropic.com)"
216.73.216.78 - - [17/Jun/2026:22:18:29 +0700] "GET /?p=9497 HTTP/2" 301 0 "-" "Mozilla/5.0 AppleWebKit/537.36 (KHTML, like Gecko; compatible; ClaudeBot/1.0; +claudebot@anthropic.com)"
216.73.216.78 - - [17/Jun/2026:22:18:31 +0700] "GET /san-pham/in-bat-hop-den/ HTTP/2" 200 45971 "https://inquangcaothuonghieu.com/?p=9497" "Mozilla/5.0 AppleWebKit/537.36 (KHTML, like Gecko; compatible; ClaudeBot/1.0; +claudebot@anthropic.com)"
83.99.206.91 - - [17/Jun/2026:22:18:32 +0700] "GET /san-pham/in-sticker-tron/ HTTP/1.1" 200 45965 "-" "Mozilla/5.0 (X11; Linux x86_64) AppleWebKit/537.36 (KHTML, like Gecko; GeedoShopProductFinder) Chrome/142.0.0.0 Safari/537.36"
216.73.216.78 - - [17/Jun/2026:22:18:33 +0700] "GET /?p=4705 HTTP/2" 301 0 "-" "Mozilla/5.0 AppleWebKit/537.36 (KHTML, like Gecko; compatible; ClaudeBot/1.0; +claudebot@anthropic.com)"
216.73.216.78 - - [17/Jun/2026:22:18:34 +0700] "GET /san-pham/in-bat-hiflex-2/ HTTP/2" 200 46001 "https://inquangcaothuonghieu.com/?p=4705" "Mozilla/5.0 AppleWebKit/537.36 (KHTML, like Gecko; compatible; ClaudeBot/1.0; +claudebot@anthropic.com)"
216.73.216.78 - - [17/Jun/2026:22:18:37 +0700] "GET /?p=9427 HTTP/2" 301 0 "-" "Mozilla/5.0 AppleWebKit/537.36 (KHTML, like Gecko; compatible; ClaudeBot/1.0; +claudebot@anthropic.com)"
216.73.216.78 - - [17/Jun/2026:22:18:38 +0700] "GET /san-pham/in-bat-luoi/ HTTP/2" 200 45957 "https://inquangcaothuonghieu.com/?p=9427" "Mozilla/5.0 AppleWebKit/537.36 (KHTML, like Gecko; compatible; ClaudeBot/1.0; +claudebot@anthropic.com)"
216.73.216.78 - - [17/Jun/2026:22:18:41 +0700] "GET /?p=9509 HTTP/2" 301 0 "-" "Mozilla/5.0 AppleWebKit/537.36 (KHTML, like Gecko; compatible; ClaudeBot/1.0; +claudebot@anthropic.com)"
216.73.216.78 - - [17/Jun/2026:22:18:42 +0700] "GET /san-pham/in-bat-hiflex-lay-lien-3/ HTTP/2" 200 45871 "https://inquangcaothuonghieu.com/?p=9509" "Mozilla/5.0 AppleWebKit/537.36 (KHTML, like Gecko; compatible; ClaudeBot/1.0; +claudebot@anthropic.com)"
57.141.14.110 - - [17/Jun/2026:22:18:46 +0700] "GET /san-pham/in-an-quang-cao-gan-day-4/ HTTP/2" 200 239962 "-" "meta-externalagent/1.1 (+https://developers.facebook.com/docs/sharing/webmasters/crawler)"
216.73.216.78 - - [17/Jun/2026:22:18:49 +0700] "GET /san-pham/in-bat-hiflex-2/feed/ HTTP/2" 200 486 "-" "Mozilla/5.0 AppleWebKit/537.36 (KHTML, like Gecko; compatible; ClaudeBot/1.0; +claudebot@anthropic.com)"
216.73.216.78 - - [17/Jun/2026:22:18:51 +0700] "GET /san-pham/in-bat-lay-lien-tphcm/feed/ HTTP/2" 200 505 "-" "Mozilla/5.0 AppleWebKit/537.36 (KHTML, like Gecko; compatible; ClaudeBot/1.0; +claudebot@anthropic.com)"
83.99.206.91 - - [17/Jun/2026:22:18:51 +0700] "GET /san-pham/in-hiflex-lay-lien-tphcm/ HTTP/1.1" 200 46125 "-" "Mozilla/5.0 (X11; Linux x86_64) AppleWebKit/537.36 (KHTML, like Gecko; GeedoShopProductFinder) Chrome/142.0.0.0 Safari/537.36"
216.73.216.78 - - [17/Jun/2026:22:18:52 +0700] "GET /san-pham/in-bat-lay-ngay/feed/ HTTP/2" 200 492 "-" "Mozilla/5.0 AppleWebKit/537.36 (KHTML, like Gecko; compatible; ClaudeBot/1.0; +claudebot@anthropic.com)"
66.249.74.73 - - [17/Jun/2026:22:18:53 +0700] "GET /san-pham/in-chu-len-go/ HTTP/1.1" 200 45853 "-" "Mozilla/5.0 (Linux; Android 6.0.1; Nexus 5X Build/MMB29P) AppleWebKit/537.36 (KHTML, like Gecko) Chrome/148.0.7778.96 Mobile Safari/537.36 (compatible; Googlebot/2.1; +http://www.google.com/bot.html)"
216.73.216.78 - - [17/Jun/2026:22:18:54 +0700] "GET /san-pham/in-bat-luoi/feed/ HTTP/2" 200 488 "-" "Mozilla/5.0 AppleWebKit/537.36 (KHTML, like Gecko; compatible; ClaudeBot/1.0; +claudebot@anthropic.com)"
216.73.216.78 - - [17/Jun/2026:22:18:56 +0700] "GET /san-pham/in-bat-lay-lien/feed/ HTTP/2" 200 496 "-" "Mozilla/5.0 AppleWebKit/537.36 (KHTML, like Gecko; compatible; ClaudeBot/1.0; +claudebot@anthropic.com)"
57.141.14.26 - - [17/Jun/2026:22:19:10 +0700] "GET /tu-khoa-san-pham/in-an-decal-gia-re/ HTTP/2" 200 206835 "-" "meta-externalagent/1.1 (+https://developers.facebook.com/docs/sharing/webmasters/crawler)"
83.99.206.91 - - [17/Jun/2026:22:19:12 +0700] "GET /san-pham/in-menu-decal-sua/ HTTP/1.1" 200 46351 "-" "Mozilla/5.0 (X11; Linux x86_64) AppleWebKit/537.36 (KHTML, like Gecko; GeedoShopProductFinder) Chrome/142.0.0.0 Safari/537.36"
216.73.216.78 - - [17/Jun/2026:22:19:13 +0700] "GET /san-pham/in-bat-hiflex-4/feed/ HTTP/2" 200 488 "-" "Mozilla/5.0 AppleWebKit/537.36 (KHTML, like Gecko; compatible; ClaudeBot/1.0; +claudebot@anthropic.com)"
216.73.216.78 - - [17/Jun/2026:22:19:15 +0700] "GET /san-pham/in-bat-hiflex-3/feed/ HTTP/2" 200 485 "-" "Mozilla/5.0 AppleWebKit/537.36 (KHTML, like Gecko; compatible; ClaudeBot/1.0; +claudebot@anthropic.com)"
57.141.14.105 - - [17/Jun/2026:22:19:14 +0700] "GET /san-pham/in-nhanh-tan-phu-2/ HTTP/2" 200 239347 "-" "meta-externalagent/1.1 (+https://developers.facebook.com/docs/sharing/webmasters/crawler)"
216.73.216.78 - - [17/Jun/2026:22:19:17 +0700] "GET /san-pham/in-bat-hoi-cho/feed/ HTTP/2" 200 493 "-" "Mozilla/5.0 AppleWebKit/537.36 (KHTML, like Gecko; compatible; ClaudeBot/1.0; +claudebot@anthropic.com)"
66.249.74.73 - - [17/Jun/2026:22:19:17 +0700] "GET /san-pham/can-in-tem-ma-vach/ HTTP/1.1" 200 45890 "-" "Mozilla/5.0 (compatible; Googlebot/2.1; +http://www.google.com/bot.html)"
216.73.216.78 - - [17/Jun/2026:22:19:18 +0700] "GET /san-pham/in-bat-lay-lien/sms:0906348765 HTTP/2" 404 36879 "-" "Mozilla/5.0 AppleWebKit/537.36 (KHTML, like Gecko; compatible; ClaudeBot/1.0; +claudebot@anthropic.com)"
216.73.216.78 - - [17/Jun/2026:22:19:20 +0700] "GET /san-pham/in-bat-kho-5m/feed/ HTTP/2" 200 489 "-" "Mozilla/5.0 AppleWebKit/537.36 (KHTML, like Gecko; compatible; ClaudeBot/1.0; +claudebot@anthropic.com)"
216.73.216.78 - - [17/Jun/2026:22:19:28 +0700] "GET /san-pham/in-bat-gia-re-2/feed/ HTTP/2" 200 491 "-" "Mozilla/5.0 AppleWebKit/537.36 (KHTML, like Gecko; compatible; ClaudeBot/1.0; +claudebot@anthropic.com)"
216.73.216.78 - - [17/Jun/2026:22:19:30 +0700] "GET /san-pham/in-bat-kho-lon-2/feed/ HTTP/2" 200 497 "-" "Mozilla/5.0 AppleWebKit/537.36 (KHTML, like Gecko; compatible; ClaudeBot/1.0; +claudebot@anthropic.com)"
83.99.206.91 - - [17/Jun/2026:22:19:31 +0700] "GET /san-pham/in-to-roi-quang-cao/ HTTP/1.1" 200 45894 "-" "Mozilla/5.0 (X11; Linux x86_64) AppleWebKit/537.36 (KHTML, like Gecko; GeedoShopProductFinder) Chrome/142.0.0.0 Safari/537.36"
216.73.216.78 - - [17/Jun/2026:22:19:32 +0700] "GET /san-pham/in-bat-luoi/sms:0906348765 HTTP/2" 404 36882 "-" "Mozilla/5.0 AppleWebKit/537.36 (KHTML, like Gecko; compatible; ClaudeBot/1.0; +claudebot@anthropic.com)"
57.141.14.109 - - [17/Jun/2026:22:19:32 +0700] "GET /san-pham/xuong-in-bang-hieu-tphcm/ HTTP/2" 200 239363 "-" "meta-externalagent/1.1 (+https://developers.facebook.com/docs/sharing/webmasters/crawler)"
216.73.216.78 - - [17/Jun/2026:22:19:33 +0700] "GET /san-pham/in-bat-gia-re-3/ HTTP/2" 200 45853 "-" "Mozilla/5.0 AppleWebKit/537.36 (KHTML, like Gecko; compatible; ClaudeBot/1.0; +claudebot@anthropic.com)"
216.73.216.78 - - [17/Jun/2026:22:19:37 +0700] "GET /san-pham/in-bat-kho-lon-3/ HTTP/2" 200 45919 "-" "Mozilla/5.0 AppleWebKit/537.36 (KHTML, like Gecko; compatible; ClaudeBot/1.0; +claudebot@anthropic.com)"
57.141.14.31 - - [17/Jun/2026:22:19:42 +0700] "GET /san-pham/in-bang-quang-cao-3/ HTTP/2" 404 197045 "-" "meta-externalagent/1.1 (+https://developers.facebook.com/docs/sharing/webmasters/crawler)"
216.73.216.78 - - [17/Jun/2026:22:19:44 +0700] "GET /san-pham/in-bat-hiflex-hcm/feed/ HTTP/2" 200 494 "-" "Mozilla/5.0 AppleWebKit/537.36 (KHTML, like Gecko; compatible; ClaudeBot/1.0; +claudebot@anthropic.com)"
216.73.216.78 - - [17/Jun/2026:22:19:46 +0700] "GET /san-pham/in-bat-hiflex-lay-lien-2/feed/ HTTP/2" 200 504 "-" "Mozilla/5.0 AppleWebKit/537.36 (KHTML, like Gecko; compatible; ClaudeBot/1.0; +claudebot@anthropic.com)"
216.73.216.78 - - [17/Jun/2026:22:19:48 +0700] "GET /san-pham/in-bat-hiflex-2-da-2/feed/ HTTP/2" 200 493 "-" "Mozilla/5.0 AppleWebKit/537.36 (KHTML, like Gecko; compatible; ClaudeBot/1.0; +claudebot@anthropic.com)"
57.141.14.36 - - [17/Jun/2026:22:19:48 +0700] "GET /san-pham/in-tem-logo/ HTTP/2" 200 238898 "-" "meta-externalagent/1.1 (+https://developers.facebook.com/docs/sharing/webmasters/crawler)"
52.167.144.173 - - [17/Jun/2026:22:19:49 +0700] "GET /san-pham/in-uv-tren-bang-quang-cao/feed/ HTTP/2" 200 505 "-" "Mozilla/5.0 AppleWebKit/537.36 (KHTML, like Gecko; compatible; bingbot/2.0; +http://www.bing.com/bingbot.htm) Chrome/116.0.1938.76 Safari/537.36"
216.73.216.78 - - [17/Jun/2026:22:19:50 +0700] "GET /san-pham/in-bat-hiflex-luoi/feed/ HTTP/2" 200 498 "-" "Mozilla/5.0 AppleWebKit/537.36 (KHTML, like Gecko; compatible; ClaudeBot/1.0; +claudebot@anthropic.com)"
216.73.216.78 - - [17/Jun/2026:22:19:52 +0700] "GET /san-pham/in-bat-mau-xam/feed/ HTTP/2" 200 490 "-" "Mozilla/5.0 AppleWebKit/537.36 (KHTML, like Gecko; compatible; ClaudeBot/1.0; +claudebot@anthropic.com)"
66.249.74.74 - - [17/Jun/2026:22:19:58 +0700] "GET /san-pham/in-bat-2-da-kho-5m/ HTTP/1.1" 200 46069 "-" "Mozilla/5.0 (Linux; Android 6.0.1; Nexus 5X Build/MMB29P) AppleWebKit/537.36 (KHTML, like Gecko) Chrome/148.0.7778.96 Mobile Safari/537.36 (compatible; Googlebot/2.1; +http://www.google.com/bot.html)"
52.167.144.233 - - [17/Jun/2026:22:19:59 +0700] "GET /san-pham/in-tem-nhu-kim-sang-trong/feed/ HTTP/2" 200 507 "-" "Mozilla/5.0 AppleWebKit/537.36 (KHTML, like Gecko; compatible; bingbot/2.0; +http://www.bing.com/bingbot.htm) Chrome/116.0.1938.76 Safari/537.36"
57.141.14.107 - - [17/Jun/2026:22:19:59 +0700] "GET /tu-khoa-san-pham/gia-in-backdrop-quang-cao/ HTTP/2" 200 207076 "-" "meta-externalagent/1.1 (+https://developers.facebook.com/docs/sharing/webmasters/crawler)"
57.141.14.95 - - [17/Jun/2026:22:20:12 +0700] "GET /san-pham/in-decal-trong-gia-re/ HTTP/2" 200 238759 "-" "meta-externalagent/1.1 (+https://developers.facebook.com/docs/sharing/webmasters/crawler)"
85.208.96.210 - - [17/Jun/2026:22:20:19 +0700] "GET /san-pham/dich-vu-in-co/ HTTP/1.1" 200 53538 "-" "Mozilla/5.0 (compatible; SemrushBot/7~bl; +http://www.semrush.com/bot.html)"
57.141.14.91 - - [17/Jun/2026:22:20:19 +0700] "GET /tu-khoa-san-pham/in-tren-mica/ HTTP/2" 200 206628 "-" "meta-externalagent/1.1 (+https://developers.facebook.com/docs/sharing/webmasters/crawler)"
57.141.14.52 - - [17/Jun/2026:22:20:17 +0700] "GET /san-pham/in-vai-polyester/ HTTP/2" 200 240358 "-" "meta-externalagent/1.1 (+https://developers.facebook.com/docs/sharing/webmasters/crawler)"
57.141.14.59 - - [17/Jun/2026:22:20:21 +0700] "GET /san-pham/in-standee-san-pham/ HTTP/2" 200 238854 "-" "meta-externalagent/1.1 (+https://developers.facebook.com/docs/sharing/webmasters/crawler)"
85.208.96.194 - - [17/Jun/2026:22:20:39 +0700] "GET /san-pham/in-catalogue-inkythuatso/ HTTP/1.1" 200 52905 "-" "Mozilla/5.0 (compatible; SemrushBot/7~bl; +http://www.semrush.com/bot.html)"
57.141.14.89 - - [17/Jun/2026:22:21:05 +0700] "GET /tu-khoa-san-pham/in-uv-phang-gan-day/ HTTP/2" 200 206854 "-" "meta-externalagent/1.1 (+https://developers.facebook.com/docs/sharing/webmasters/crawler)"
57.141.14.42 - - [17/Jun/2026:22:21:13 +0700] "GET /san-pham/in-bandana-giao-tan-noi/ HTTP/2" 200 240523 "-" "meta-externalagent/1.1 (+https://developers.facebook.com/docs/sharing/webmasters/crawler)"
57.141.14.101 - - [17/Jun/2026:22:21:18 +0700] "GET /tu-khoa-san-pham/in-poster-treo-tuong/ HTTP/2" 200 206895 "-" "meta-externalagent/1.1 (+https://developers.facebook.com/docs/sharing/webmasters/crawler)"
216.73.216.78 - - [17/Jun/2026:22:21:20 +0700] "GET /robots.txt HTTP/2" 200 208 "-" "Mozilla/5.0 AppleWebKit/537.36 (KHTML, like Gecko; compatible; ClaudeBot/1.0; +claudebot@anthropic.com)"
216.73.216.78 - - [17/Jun/2026:22:21:21 +0700] "GET /san-pham/in-bat-lay-lien-tphcm/sms:0906348765 HTTP/2" 404 36841 "-" "Mozilla/5.0 AppleWebKit/537.36 (KHTML, like Gecko; compatible; ClaudeBot/1.0; +claudebot@anthropic.com)"
66.249.74.75 - - [17/Jun/2026:22:21:23 +0700] "GET /san-pham/in-backdrop-quan-7-2/ HTTP/1.1" 200 46057 "-" "Mozilla/5.0 (Linux; Android 6.0.1; Nexus 5X Build/MMB29P) AppleWebKit/537.36 (KHTML, like Gecko) Chrome/148.0.7778.96 Mobile Safari/537.36 (compatible; Googlebot/2.1; +http://www.google.com/bot.html)"
216.73.216.78 - - [17/Jun/2026:22:21:23 +0700] "GET /san-pham/in-bat-khong-gan-2/feed/ HTTP/2" 200 496 "-" "Mozilla/5.0 AppleWebKit/537.36 (KHTML, like Gecko; compatible; ClaudeBot/1.0; +claudebot@anthropic.com)"
83.99.206.48 - - [17/Jun/2026:22:21:24 +0700] "GET /san-pham/in-co-bao-nhieu-tien/ HTTP/1.1" 200 46578 "-" "Mozilla/5.0 (X11; Linux x86_64) AppleWebKit/537.36 (KHTML, like Gecko; GeedoShopProductFinder) Chrome/142.0.0.0 Safari/537.36"
216.73.216.78 - - [17/Jun/2026:22:21:25 +0700] "GET /san-pham/in-bat-hiflex-lien-tam/feed/ HTTP/2" 200 502 "-" "Mozilla/5.0 AppleWebKit/537.36 (KHTML, like Gecko; compatible; ClaudeBot/1.0; +claudebot@anthropic.com)"
216.73.216.78 - - [17/Jun/2026:22:21:27 +0700] "GET /san-pham/in-bat-hiflex-xam/feed/ HTTP/2" 200 496 "-" "Mozilla/5.0 AppleWebKit/537.36 (KHTML, like Gecko; compatible; ClaudeBot/1.0; +claudebot@anthropic.com)"
216.73.216.78 - - [17/Jun/2026:22:21:29 +0700] "GET /san-pham/in-bat-hiflex-lay-lien-3/feed/ HTTP/2" 200 505 "-" "Mozilla/5.0 AppleWebKit/537.36 (KHTML, like Gecko; compatible; ClaudeBot/1.0; +claudebot@anthropic.com)"
216.73.216.78 - - [17/Jun/2026:22:21:40 +0700] "GET /san-pham/in-bat-hiflex-2/sms:0906348765 HTTP/2" 404 36929 "-" "Mozilla/5.0 AppleWebKit/537.36 (KHTML, like Gecko; compatible; ClaudeBot/1.0; +claudebot@anthropic.com)"
216.73.216.78 - - [17/Jun/2026:22:21:42 +0700] "GET /san-pham/in-bat-hiflex-gia/feed/ HTTP/2" 200 495 "-" "Mozilla/5.0 AppleWebKit/537.36 (KHTML, like Gecko; compatible; ClaudeBot/1.0; +claudebot@anthropic.com)"
216.73.216.78 - - [17/Jun/2026:22:21:44 +0700] "GET /san-pham/in-bat-hop-den/feed/ HTTP/2" 200 495 "-" "Mozilla/5.0 AppleWebKit/537.36 (KHTML, like Gecko; compatible; ClaudeBot/1.0; +claudebot@anthropic.com)"
83.99.206.81 - - [17/Jun/2026:22:21:45 +0700] "GET /tu-khoa-san-pham/xuong-in-pp-tphcm/ HTTP/1.1" 200 39726 "-" "Mozilla/5.0 (X11; Linux x86_64) AppleWebKit/537.36 (KHTML, like Gecko; GeedoShopProductFinder) Chrome/142.0.0.0 Safari/537.36"
216.73.216.78 - - [17/Jun/2026:22:21:45 +0700] "GET /san-pham/in-bat-lay-ngay/sms:0906348765 HTTP/2" 404 36880 "-" "Mozilla/5.0 AppleWebKit/537.36 (KHTML, like Gecko; compatible; ClaudeBot/1.0; +claudebot@anthropic.com)"
66.249.74.74 - - [17/Jun/2026:22:21:47 +0700] "GET /san-pham/in-backdrop-phu-nhuan/ HTTP/1.1" 200 46082 "-" "Mozilla/5.0 (compatible; Googlebot/2.1; +http://www.google.com/bot.html)"
216.73.216.78 - - [17/Jun/2026:22:21:47 +0700] "GET /san-pham/in-bat-hoi-nghi/feed/ HTTP/2" 200 497 "-" "Mozilla/5.0 AppleWebKit/537.36 (KHTML, like Gecko; compatible; ClaudeBot/1.0; +claudebot@anthropic.com)"
57.141.14.12 - - [17/Jun/2026:22:21:51 +0700] "GET /san-pham/in-decal-sieu-trong-suot/ HTTP/2" 200 239628 "-" "meta-externalagent/1.1 (+https://developers.facebook.com/docs/sharing/webmasters/crawler)"
216.73.216.78 - - [17/Jun/2026:22:21:52 +0700] "GET /san-pham/in-standee-khai-truong-cao-cap/whatsapp:/send HTTP/2" 404 38517 "-" "Mozilla/5.0 AppleWebKit/537.36 (KHTML, like Gecko; compatible; ClaudeBot/1.0; +claudebot@anthropic.com)"
57.141.14.12 - - [17/Jun/2026:22:21:52 +0700] "GET /san-pham/in-profile-gia-re-2/ HTTP/2" 200 238260 "-" "meta-externalagent/1.1 (+https://developers.facebook.com/docs/sharing/webmasters/crawler)"
57.141.14.72 - - [17/Jun/2026:22:21:52 +0700] "GET /tu-khoa-san-pham/bao-gia-bang-hieu-mica/ HTTP/2" 200 206966 "-" "meta-externalagent/1.1 (+https://developers.facebook.com/docs/sharing/webmasters/crawler)"
216.73.216.78 - - [17/Jun/2026:22:21:54 +0700] "GET /san-pham/in-bat-hiflex-4/sms:0906348765 HTTP/2" 404 36807 "-" "Mozilla/5.0 AppleWebKit/537.36 (KHTML, like Gecko; compatible; ClaudeBot/1.0; +claudebot@anthropic.com)"
216.73.216.78 - - [17/Jun/2026:22:21:56 +0700] "GET /san-pham/in-bat-hiflex-3/sms:0906348765 HTTP/2" 404 36857 "-" "Mozilla/5.0 AppleWebKit/537.36 (KHTML, like Gecko; compatible; ClaudeBot/1.0; +claudebot@anthropic.com)"
216.73.216.78 - - [17/Jun/2026:22:21:58 +0700] "GET /san-pham/in-bat-hoi-cho/sms:0906348765 HTTP/2" 404 36922 "-" "Mozilla/5.0 AppleWebKit/537.36 (KHTML, like Gecko; compatible; ClaudeBot/1.0; +claudebot@anthropic.com)"
216.73.216.78 - - [17/Jun/2026:22:22:00 +0700] "GET /san-pham/in-bat-kho-5m/sms:0906348765 HTTP/2" 404 36876 "-" "Mozilla/5.0 AppleWebKit/537.36 (KHTML, like Gecko; compatible; ClaudeBot/1.0; +claudebot@anthropic.com)"
83.99.206.81 - - [17/Jun/2026:22:22:04 +0700] "GET /san-pham/in-vai-chuyen-nhiet-2/ HTTP/1.1" 200 46263 "-" "Mozilla/5.0 (X11; Linux x86_64) AppleWebKit/537.36 (KHTML, like Gecko; GeedoShopProductFinder) Chrome/142.0.0.0 Safari/537.36"
216.73.216.78 - - [17/Jun/2026:22:22:06 +0700] "GET /san-pham/in-bat-hiflex-2-da-2/sms:0906348765 HTTP/2" 404 36882 "-" "Mozilla/5.0 AppleWebKit/537.36 (KHTML, like Gecko; compatible; ClaudeBot/1.0; +claudebot@anthropic.com)"
216.73.216.78 - - [17/Jun/2026:22:22:07 +0700] "GET /san-pham/in-bat-mau-xam/sms:0906348765 HTTP/2" 404 36858 "-" "Mozilla/5.0 AppleWebKit/537.36 (KHTML, like Gecko; compatible; ClaudeBot/1.0; +claudebot@anthropic.com)"
216.73.216.78 - - [17/Jun/2026:22:22:09 +0700] "GET /san-pham/in-bat-gia-re-2/sms:0906348765 HTTP/2" 404 36832 "-" "Mozilla/5.0 AppleWebKit/537.36 (KHTML, like Gecko; compatible; ClaudeBot/1.0; +claudebot@anthropic.com)"
216.73.216.78 - - [17/Jun/2026:22:22:11 +0700] "GET /san-pham/in-bat-quang-cao-2/feed/ HTTP/2" 200 494 "-" "Mozilla/5.0 AppleWebKit/537.36 (KHTML, like Gecko; compatible; ClaudeBot/1.0; +claudebot@anthropic.com)"
216.73.216.78 - - [17/Jun/2026:22:22:13 +0700] "GET /san-pham/in-bat-kho-lon-2/sms:0906348765 HTTP/2" 404 36864 "-" "Mozilla/5.0 AppleWebKit/537.36 (KHTML, like Gecko; compatible; ClaudeBot/1.0; +claudebot@anthropic.com)"
47.128.36.46 - - [17/Jun/2026:22:22:16 +0700] "GET /san-pham/in-an-catalogue-tp-hcm/ HTTP/2" 200 45784 "-" "Mozilla/5.0 (Linux; Android 5.0) AppleWebKit/537.36 (KHTML, like Gecko) Mobile Safari/537.36 (compatible; Bytespider; spider-feedback@bytedance.com)"
47.128.36.46 - - [17/Jun/2026:22:22:17 +0700] "GET /wp-content/cache/autoptimize/autoptimize_single_e2d671c403c7e2bd09b3b298c748d0db.php?ver=wc-10.7.0 HTTP/2" 200 2597 "https://inquangcaothuonghieu.com/san-pham/in-an-catalogue-tp-hcm/" "Mozilla/5.0 (Linux; Android 5.0) AppleWebKit/537.36 (KHTML, like Gecko) Mobile Safari/537.36 (compatible; Bytespider; spider-feedback@bytedance.com)"
47.128.36.46 - - [17/Jun/2026:22:22:17 +0700] "GET /wp-content/cache/autoptimize/autoptimize_single_4802d738779367a3330060b8a79bb66f.php?ver=3.15.6 HTTP/2" 200 5579 "https://inquangcaothuonghieu.com/san-pham/in-an-catalogue-tp-hcm/" "Mozilla/5.0 (Linux; Android 5.0) AppleWebKit/537.36 (KHTML, like Gecko) Mobile Safari/537.36 (compatible; Bytespider; spider-feedback@bytedance.com)"
47.128.36.46 - - [17/Jun/2026:22:22:18 +0700] "GET /wp-content/cache/autoptimize/autoptimize_single_ed118ba32d919597ca2f2e4525bb9461.php?ver=3.15.6 HTTP/2" 200 32094 "https://inquangcaothuonghieu.com/san-pham/in-an-catalogue-tp-hcm/" "Mozilla/5.0 (Linux; Android 5.0) AppleWebKit/537.36 (KHTML, like Gecko) Mobile Safari/537.36 (compatible; Bytespider; spider-feedback@bytedance.com)"
47.128.36.46 - - [17/Jun/2026:22:22:18 +0700] "GET /wp-content/cache/autoptimize/autoptimize_single_349504a3690b887532f812a8feac3ee6.php?ver=3.0 HTTP/2" 200 91 "https://inquangcaothuonghieu.com/san-pham/in-an-catalogue-tp-hcm/" "Mozilla/5.0 (Linux; Android 5.0) AppleWebKit/537.36 (KHTML, like Gecko) Mobile Safari/537.36 (compatible; Bytespider; spider-feedback@bytedance.com)"
47.128.36.46 - - [17/Jun/2026:22:22:18 +0700] "GET /wp-content/uploads/2025/11/lien_he_ngay.gif HTTP/2" 206 500 "https://inquangcaothuonghieu.com/san-pham/in-an-catalogue-tp-hcm/" "Mozilla/5.0 (Linux; Android 5.0) AppleWebKit/537.36 (KHTML, like Gecko) Mobile Safari/537.36 (compatible; Bytespider; spider-feedback@bytedance.com)"
216.73.216.78 - - [17/Jun/2026:22:22:17 +0700] "GET /san-pham/in-bat-nhanh-tphcm/sms:0906348765 HTTP/2" 404 36915 "-" "Mozilla/5.0 AppleWebKit/537.36 (KHTML, like Gecko; compatible; ClaudeBot/1.0; +claudebot@anthropic.com)"
47.128.36.46 - - [17/Jun/2026:22:22:18 +0700] "GET /wp-content/uploads/2025/11/4.jpg?v=1762541675 HTTP/2" 206 500 "https://inquangcaothuonghieu.com/san-pham/in-an-catalogue-tp-hcm/" "Mozilla/5.0 (Linux; Android 5.0) AppleWebKit/537.36 (KHTML, like Gecko) Mobile Safari/537.36 (compatible; Bytespider; spider-feedback@bytedance.com)"
47.128.36.46 - - [17/Jun/2026:22:22:18 +0700] "GET /wp-content/uploads/2022/03/The_gioi_in_an_20190809172752477dm_tagsp_v2.png HTTP/2" 206 500 "https://inquangcaothuonghieu.com/san-pham/in-an-catalogue-tp-hcm/" "Mozilla/5.0 (Linux; Android 5.0) AppleWebKit/537.36 (KHTML, like Gecko) Mobile Safari/537.36 (compatible; Bytespider; spider-feedback@bytedance.com)"
47.128.36.46 - - [17/Jun/2026:22:22:18 +0700] "GET /wp-content/uploads/2022/03/The_gioi_in_an_20190910114752241danhmuc_ve.png HTTP/2" 206 500 "https://inquangcaothuonghieu.com/san-pham/in-an-catalogue-tp-hcm/" "Mozilla/5.0 (Linux; Android 5.0) AppleWebKit/537.36 (KHTML, like Gecko) Mobile Safari/537.36 (compatible; Bytespider; spider-feedback@bytedance.com)"
47.128.36.46 - - [17/Jun/2026:22:22:18 +0700] "GET /wp-content/uploads/2022/03/The_gioi_in_an_20190809172416475dm_toroi_v2.png HTTP/2" 206 500 "https://inquangcaothuonghieu.com/san-pham/in-an-catalogue-tp-hcm/" "Mozilla/5.0 (Linux; Android 5.0) AppleWebKit/537.36 (KHTML, like Gecko) Mobile Safari/537.36 (compatible; Bytespider; spider-feedback@bytedance.com)"
47.128.36.46 - - [17/Jun/2026:22:22:19 +0700] "GET /wp-content/uploads/2022/03/logo-9-100x100.png HTTP/2" 206 500 "https://inquangcaothuonghieu.com/san-pham/in-an-catalogue-tp-hcm/" "Mozilla/5.0 (Linux; Android 5.0) AppleWebKit/537.36 (KHTML, like Gecko) Mobile Safari/537.36 (compatible; Bytespider; spider-feedback@bytedance.com)"
47.128.36.46 - - [17/Jun/2026:22:22:19 +0700] "GET /wp-content/uploads/2022/03/logo-10-100x100.png HTTP/2" 206 500 "https://inquangcaothuonghieu.com/san-pham/in-an-catalogue-tp-hcm/" "Mozilla/5.0 (Linux; Android 5.0) AppleWebKit/537.36 (KHTML, like Gecko) Mobile Safari/537.36 (compatible; Bytespider; spider-feedback@bytedance.com)"
216.73.216.78 - - [17/Jun/2026:22:22:19 +0700] "GET /san-pham/in-bat-hiflex-lay-lien-3/sms:0906348765 HTTP/2" 404 36819 "-" "Mozilla/5.0 AppleWebKit/537.36 (KHTML, like Gecko; compatible; ClaudeBot/1.0; +claudebot@anthropic.com)"
