216.73.216.78 - - [17/Jun/2026:20:00:40 +0700] "GET /san-pham/lam-ky-niem-chuong-theo-yeu-cau/feed/ HTTP/2" 200 521 "-" "Mozilla/5.0 AppleWebKit/537.36 (KHTML, like Gecko; compatible; ClaudeBot/1.0; +claudebot@anthropic.com)"
216.73.216.78 - - [17/Jun/2026:20:00:43 +0700] "GET /san-pham/in-tem-nhu-kim-be-theo-hinh/sms:0906348765 HTTP/2" 404 36875 "-" "Mozilla/5.0 AppleWebKit/537.36 (KHTML, like Gecko; compatible; ClaudeBot/1.0; +claudebot@anthropic.com)"
57.141.14.98 - - [17/Jun/2026:20:00:54 +0700] "GET /san-pham/in-ruy-bang-lua/ HTTP/2" 200 239918 "-" "meta-externalagent/1.1 (+https://developers.facebook.com/docs/sharing/webmasters/crawler)"
54.37.23.159 - - [17/Jun/2026:20:01:11 +0700] "GET /wp-content/uploads/2022/03/The_gioi_in_an_20190910114752241danhmuc_ve.png HTTP/1.1" 200 53769 "-" "python-urllib3/1.26.9"
66.249.71.137 - - [17/Jun/2026:20:01:20 +0700] "GET /san-pham/in-tem-inox-cao-cap/ HTTP/1.1" 200 45789 "-" "Mozilla/5.0 (Linux; Android 6.0.1; Nexus 5X Build/MMB29P) AppleWebKit/537.36 (KHTML, like Gecko) Chrome/148.0.7778.96 Mobile Safari/537.36 (compatible; Googlebot/2.1; +http://www.google.com/bot.html)"
216.73.216.78 - - [17/Jun/2026:20:01:24 +0700] "GET /san-pham/xuong-in-uv-decal-uy-tin-tphcm/sms:0906348765 HTTP/2" 404 36890 "-" "Mozilla/5.0 AppleWebKit/537.36 (KHTML, like Gecko; compatible; ClaudeBot/1.0; +claudebot@anthropic.com)"
216.73.216.78 - - [17/Jun/2026:20:01:27 +0700] "GET /san-pham/in-tem-nhu-vang-gia-re/sms:0906348765 HTTP/2" 404 36846 "-" "Mozilla/5.0 AppleWebKit/537.36 (KHTML, like Gecko; compatible; ClaudeBot/1.0; +claudebot@anthropic.com)"
216.73.216.78 - - [17/Jun/2026:20:01:30 +0700] "GET /san-pham/gia-cong-inox-theo-yeu-cau/sms:0906348765 HTTP/2" 404 36899 "-" "Mozilla/5.0 AppleWebKit/537.36 (KHTML, like Gecko; compatible; ClaudeBot/1.0; +claudebot@anthropic.com)"
83.99.206.247 - - [17/Jun/2026:20:01:30 +0700] "GET /san-pham/in-standee-tphcm-hcm/ HTTP/1.1" 200 46129 "-" "Mozilla/5.0 (X11; Linux x86_64) AppleWebKit/537.36 (KHTML, like Gecko; GeedoShopProductFinder) Chrome/142.0.0.0 Safari/537.36"
54.37.23.159 - - [17/Jun/2026:20:01:32 +0700] "GET /wp-content/uploads/2025/11/logo-qc-thuong-hieu.png HTTP/1.1" 200 41325 "-" "python-urllib3/1.26.9"
54.37.23.159 - - [17/Jun/2026:20:01:33 +0700] "GET /wp-content/uploads/2022/03/The_gioi_in_an_20190809172206473dm_danhthiep_v2.png HTTP/1.1" 200 32571 "-" "python-urllib3/1.26.9"
216.73.216.78 - - [17/Jun/2026:20:01:32 +0700] "GET /san-pham/in-tranh-vai-theo-yeu-cau/sms:0906348765 HTTP/2" 404 36879 "-" "Mozilla/5.0 AppleWebKit/537.36 (KHTML, like Gecko; compatible; ClaudeBot/1.0; +claudebot@anthropic.com)"
216.73.216.78 - - [17/Jun/2026:20:01:35 +0700] "GET /san-pham/in-op-dien-thoai-theo-thiet-ke/sms:0906348765 HTTP/2" 404 36865 "-" "Mozilla/5.0 AppleWebKit/537.36 (KHTML, like Gecko; compatible; ClaudeBot/1.0; +claudebot@anthropic.com)"
216.73.216.78 - - [17/Jun/2026:20:01:38 +0700] "GET /san-pham/in-folder-bia-kep-ho-so-gia-re/feed/ HTTP/2" 200 522 "-" "Mozilla/5.0 AppleWebKit/537.36 (KHTML, like Gecko; compatible; ClaudeBot/1.0; +claudebot@anthropic.com)"
216.73.216.78 - - [17/Jun/2026:20:01:43 +0700] "GET /san-pham/xuong-in-hiflex-quang-cao/sms:0906348765 HTTP/2" 404 36898 "-" "Mozilla/5.0 AppleWebKit/537.36 (KHTML, like Gecko; compatible; ClaudeBot/1.0; +claudebot@anthropic.com)"
216.73.216.78 - - [17/Jun/2026:20:01:45 +0700] "GET /san-pham/in-standee-theo-yeu-cau-trong-nha/sms:0906348765 HTTP/2" 404 36914 "-" "Mozilla/5.0 AppleWebKit/537.36 (KHTML, like Gecko; compatible; ClaudeBot/1.0; +claudebot@anthropic.com)"
216.73.216.78 - - [17/Jun/2026:20:01:48 +0700] "GET /san-pham/in-op-airpods-theo-yeu-cau/sms:0906348765 HTTP/2" 404 36887 "-" "Mozilla/5.0 AppleWebKit/537.36 (KHTML, like Gecko; compatible; ClaudeBot/1.0; +claudebot@anthropic.com)"
54.37.23.159 - - [17/Jun/2026:20:01:52 +0700] "GET /wp-content/uploads/2022/03/The_gioi_in_an_20190809172416475dm_toroi_v2.png HTTP/1.1" 200 65099 "-" "python-urllib3/1.26.9"
83.99.206.247 - - [17/Jun/2026:20:01:51 +0700] "GET /san-pham/in-bat-hiflex-lay-lien-2/ HTTP/1.1" 200 46160 "-" "Mozilla/5.0 (X11; Linux x86_64) AppleWebKit/537.36 (KHTML, like Gecko; GeedoShopProductFinder) Chrome/142.0.0.0 Safari/537.36"
57.141.14.53 - - [17/Jun/2026:20:01:58 +0700] "GET /san-pham/in-decal-mau-kho-lon/ HTTP/2" 200 238993 "-" "meta-externalagent/1.1 (+https://developers.facebook.com/docs/sharing/webmasters/crawler)"
57.141.14.99 - - [17/Jun/2026:20:02:06 +0700] "GET /san-pham/dich-vu-in-an-quang-cao-3/ HTTP/2" 200 240456 "-" "meta-externalagent/1.1 (+https://developers.facebook.com/docs/sharing/webmasters/crawler)"
57.141.14.33 - - [17/Jun/2026:20:02:07 +0700] "GET /san-pham/in-decal-trong-muc-trang-2/ HTTP/2" 200 239739 "-" "meta-externalagent/1.1 (+https://developers.facebook.com/docs/sharing/webmasters/crawler)"
83.99.206.247 - - [17/Jun/2026:20:02:10 +0700] "GET /san-pham/in-menu-dep/ HTTP/1.1" 200 46086 "-" "Mozilla/5.0 (X11; Linux x86_64) AppleWebKit/537.36 (KHTML, like Gecko; GeedoShopProductFinder) Chrome/142.0.0.0 Safari/537.36"
54.37.23.159 - - [17/Jun/2026:20:02:12 +0700] "GET /wp-content/uploads/2022/03/The_gioi_in_an_20190809172752477dm_tagsp_v2.png HTTP/1.1" 200 64964 "-" "python-urllib3/1.26.9"
216.73.216.78 - - [17/Jun/2026:20:02:17 +0700] "GET /san-pham/lam-ky-niem-chuong-theo-yeu-cau/sms:0906348765 HTTP/2" 404 36860 "-" "Mozilla/5.0 AppleWebKit/537.36 (KHTML, like Gecko; compatible; ClaudeBot/1.0; +claudebot@anthropic.com)"
216.73.216.78 - - [17/Jun/2026:20:02:19 +0700] "GET /san-pham/in-phu-kien-may-tinh-theo-yeu-cau/sms:0906348765 HTTP/2" 404 36877 "-" "Mozilla/5.0 AppleWebKit/537.36 (KHTML, like Gecko; compatible; ClaudeBot/1.0; +claudebot@anthropic.com)"
57.141.14.79 - - [17/Jun/2026:20:02:19 +0700] "GET /tu-khoa-san-pham/in-formex-tphcm/ HTTP/2" 200 208059 "-" "meta-externalagent/1.1 (+https://developers.facebook.com/docs/sharing/webmasters/crawler)"
216.73.216.78 - - [17/Jun/2026:20:02:21 +0700] "GET /san-pham/in-folder-bia-kep-ho-so-gia-re/sms:0906348765 HTTP/2" 404 36862 "-" "Mozilla/5.0 AppleWebKit/537.36 (KHTML, like Gecko; compatible; ClaudeBot/1.0; +claudebot@anthropic.com)"
216.73.216.78 - - [17/Jun/2026:20:02:24 +0700] "GET /san-pham/in-uv-cuon-5m/whatsapp:/send?text=in+uv+cu%E1%BB%99n+5m+-+https%3A%2Finquangcaothuonghieu.com%2Fsan-pham%2Fin-uv-cuon-5m%2F HTTP/2" 404 38534 "-" "Mozilla/5.0 AppleWebKit/537.36 (KHTML, like Gecko; compatible; ClaudeBot/1.0; +claudebot@anthropic.com)"
216.73.216.78 - - [17/Jun/2026:20:02:27 +0700] "GET /san-pham/xuong-in-gia-cong-tai-tphcm/sms:0906348765 HTTP/2" 404 36860 "-" "Mozilla/5.0 AppleWebKit/537.36 (KHTML, like Gecko; compatible; ClaudeBot/1.0; +claudebot@anthropic.com)"
66.249.74.75 - - [17/Jun/2026:20:02:28 +0700] "GET /san-pham/in-pp-dan-cua-hang/ HTTP/1.1" 200 45763 "-" "Mozilla/5.0 (Linux; Android 6.0.1; Nexus 5X Build/MMB29P) AppleWebKit/537.36 (KHTML, like Gecko) Chrome/148.0.7778.96 Mobile Safari/537.36 (compatible; Googlebot/2.1; +http://www.google.com/bot.html)"
216.73.216.78 - - [17/Jun/2026:20:02:30 +0700] "GET /san-pham/in-canvas-thu-duc/whatsapp:/send?text=In+canvas+Th%E1%BB%A7+%C4%90%E1%BB%A9c+-+https%3A%2Finquangcaothuonghieu.com%2Fsan-pham%2Fin-canvas-thu-duc%2F HTTP/2" 404 38548 "-" "Mozilla/5.0 AppleWebKit/537.36 (KHTML, like Gecko; compatible; ClaudeBot/1.0; +claudebot@anthropic.com)"
83.99.206.247 - - [17/Jun/2026:20:02:30 +0700] "GET /tu-khoa-san-pham/in-standee-san-pham-go-vap/ HTTP/1.1" 200 39850 "-" "Mozilla/5.0 (X11; Linux x86_64) AppleWebKit/537.36 (KHTML, like Gecko; GeedoShopProductFinder) Chrome/142.0.0.0 Safari/537.36"
54.37.23.159 - - [17/Jun/2026:20:02:34 +0700] "GET /wp-content/uploads/2022/03/zalo-mobi-icon-300x300.png HTTP/1.1" 200 70056 "-" "python-urllib3/1.26.9"
216.73.216.78 - - [17/Jun/2026:20:02:35 +0700] "GET /san-pham/in-tem-chu-trang-nen-trong-gia-re/sms:0906348765 HTTP/2" 404 36923 "-" "Mozilla/5.0 AppleWebKit/537.36 (KHTML, like Gecko; compatible; ClaudeBot/1.0; +claudebot@anthropic.com)"
57.141.14.103 - - [17/Jun/2026:20:02:36 +0700] "GET /san-pham/in-ap-phich-tphcm/ HTTP/2" 200 239355 "-" "meta-externalagent/1.1 (+https://developers.facebook.com/docs/sharing/webmasters/crawler)"
216.73.216.78 - - [17/Jun/2026:20:02:37 +0700] "GET /san-pham/in-qua-tang-doanh-nghiep-can-bao-lau/ HTTP/2" 200 46111 "-" "Mozilla/5.0 AppleWebKit/537.36 (KHTML, like Gecko; compatible; ClaudeBot/1.0; +claudebot@anthropic.com)"
216.73.216.78 - - [17/Jun/2026:20:02:40 +0700] "GET /san-pham/in-tem-logo-nhu-kim/whatsapp:/send?text=in+tem+logo+nh%C5%A9+kim+-+https%3A%2Finquangcaothuonghieu.com%2Fsan-pham%2Fin-tem-logo-nhu-kim%2F HTTP/2" 404 38537 "-" "Mozilla/5.0 AppleWebKit/537.36 (KHTML, like Gecko; compatible; ClaudeBot/1.0; +claudebot@anthropic.com)"
83.99.206.247 - - [17/Jun/2026:20:02:51 +0700] "GET /danh-muc-san-pham/in-standee-chu-x-banner-cuon-khung-sat/page/5/ HTTP/1.1" 200 42500 "-" "Mozilla/5.0 (X11; Linux x86_64) AppleWebKit/537.36 (KHTML, like Gecko; GeedoShopProductFinder) Chrome/142.0.0.0 Safari/537.36"
57.141.14.44 - - [17/Jun/2026:20:02:50 +0700] "GET /san-pham/in-de-can-logo/ HTTP/2" 200 238492 "-" "meta-externalagent/1.1 (+https://developers.facebook.com/docs/sharing/webmasters/crawler)"
54.37.23.159 - - [17/Jun/2026:20:03:03 +0700] "GET /wp-content/uploads/2025/11/pixefy-01-768x431-1.jpg HTTP/1.1" 200 21212 "-" "python-urllib3/1.26.9"
216.73.216.78 - - [17/Jun/2026:20:03:05 +0700] "GET /san-pham/in-uv-co-phai-mau-khong/whatsapp:/send?text=in+uv+c%C3%B3+phai+m%C3%A0u+kh%C3%B4ng+-+https%3A%2Finquangcaothuonghieu.com%2Fsan-pham%2Fin-uv-co-phai-mau-khong%2F HTTP/2" 404 38609 "-" "Mozilla/5.0 AppleWebKit/537.36 (KHTML, like Gecko; compatible; ClaudeBot/1.0; +claudebot@anthropic.com)"
57.141.14.56 - - [17/Jun/2026:20:03:06 +0700] "GET /tu-khoa-san-pham/in-uv-tren-pvc/ HTTP/2" 200 208129 "-" "meta-externalagent/1.1 (+https://developers.facebook.com/docs/sharing/webmasters/crawler)"
66.249.71.129 - - [17/Jun/2026:20:03:07 +0700] "GET /san-pham/in-uv-bat-khong-gan-han-quoc/ HTTP/1.1" 200 46043 "-" "Mozilla/5.0 (compatible; Googlebot/2.1; +http://www.google.com/bot.html)"
216.73.216.78 - - [17/Jun/2026:20:03:08 +0700] "GET /san-pham/in-sticker-uv-gia-re/whatsapp:/send?text=in+sticker+uv+gi%C3%A1+r%E1%BA%BB+-+https%3A%2Finquangcaothuonghieu.com%2Fsan-pham%2Fin-sticker-uv-gia-re%2F HTTP/2" 404 38565 "-" "Mozilla/5.0 AppleWebKit/537.36 (KHTML, like Gecko; compatible; ClaudeBot/1.0; +claudebot@anthropic.com)"
198.244.226.149 - - [17/Jun/2026:20:03:08 +0700] "GET /san-pham/in-uv-inox-lay-lien/feed/ HTTP/2" 200 497 "-" "Mozilla/5.0 (compatible; AhrefsBot/7.0; +http://ahrefs.com/robot/)"
83.99.206.247 - - [17/Jun/2026:20:03:10 +0700] "GET /san-pham/in-tem-nhan-gia-bao-nhieu/ HTTP/1.1" 200 46158 "-" "Mozilla/5.0 (X11; Linux x86_64) AppleWebKit/537.36 (KHTML, like Gecko; GeedoShopProductFinder) Chrome/142.0.0.0 Safari/537.36"
216.73.216.78 - - [17/Jun/2026:20:03:11 +0700] "GET /san-pham/in-canvas-chong-phai-mau/whatsapp:/send?text=in+canvas+ch%E1%BB%91ng+phai+m%C3%A0u+-+https%3A%2Finquangcaothuonghieu.com%2Fsan-pham%2Fin-canvas-chong-phai-mau%2F HTTP/2" 404 38595 "-" "Mozilla/5.0 AppleWebKit/537.36 (KHTML, like Gecko; compatible; ClaudeBot/1.0; +claudebot@anthropic.com)"
216.73.216.78 - - [17/Jun/2026:20:03:13 +0700] "GET /san-pham/in-uv-dtf-ben-mau/whatsapp:/send?text=in+uv+dtf+b%E1%BB%81n+m%C3%A0u+-+https%3A%2Finquangcaothuonghieu.com%2Fsan-pham%2Fin-uv-dtf-ben-mau%2F HTTP/2" 404 38540 "-" "Mozilla/5.0 AppleWebKit/537.36 (KHTML, like Gecko; compatible; ClaudeBot/1.0; +claudebot@anthropic.com)"
216.73.216.78 - - [17/Jun/2026:20:03:16 +0700] "GET /san-pham/may-in-uv-op-lung/whatsapp:/send?text=m%C3%A1y+in+uv+%E1%BB%91p+l%C6%B0ng+-+https%3A%2Finquangcaothuonghieu.com%2Fsan-pham%2Fmay-in-uv-op-lung%2F HTTP/2" 404 38610 "-" "Mozilla/5.0 AppleWebKit/537.36 (KHTML, like Gecko; compatible; ClaudeBot/1.0; +claudebot@anthropic.com)"
216.73.216.78 - - [17/Jun/2026:20:03:19 +0700] "GET /san-pham/in-tem-decal-kim-loai/whatsapp:/send?text=in+tem+decal+kim+lo%E1%BA%A1i+-+https%3A%2Finquangcaothuonghieu.com%2Fsan-pham%2Fin-tem-decal-kim-loai%2F HTTP/2" 404 38556 "-" "Mozilla/5.0 AppleWebKit/537.36 (KHTML, like Gecko; compatible; ClaudeBot/1.0; +claudebot@anthropic.com)"
66.249.74.73 - - [17/Jun/2026:20:03:20 +0700] "GET /san-pham/decal-can-formex-gia/ HTTP/1.1" 200 45937 "-" "Mozilla/5.0 (Linux; Android 6.0.1; Nexus 5X Build/MMB29P) AppleWebKit/537.36 (KHTML, like Gecko) Chrome/148.0.7778.96 Mobile Safari/537.36 (compatible; Googlebot/2.1; +http://www.google.com/bot.html)"
54.37.23.159 - - [17/Jun/2026:20:03:22 +0700] "GET /wp-content/uploads/woocommerce-placeholder-247x296.png HTTP/1.1" 200 10012 "-" "python-urllib3/1.26.9"
54.37.23.159 - - [17/Jun/2026:20:03:22 +0700] "GET /wp-content/uploads/2025/11/bao-hanh-uv_.png HTTP/1.1" 200 39608 "-" "python-urllib3/1.26.9"
54.37.23.159 - - [17/Jun/2026:20:03:22 +0700] "GET /wp-content/uploads/2022/03/The_gioi_in_an_20200429095112160icon-1.png HTTP/1.1" 200 63228 "-" "python-urllib3/1.26.9"
216.73.216.78 - - [17/Jun/2026:20:03:23 +0700] "GET /san-pham/in-uv-hiflex-khong-dan-noi/whatsapp:/send?text=in+uv+hiflex+kh%C3%B4ng+d%C3%A1n+n%E1%BB%91i+-+https%3A%2Finquangcaothuonghieu.com%2Fsan-pham%2Fin-uv-hiflex-khong-dan-noi%2F HTTP/2" 404 38574 "-" "Mozilla/5.0 AppleWebKit/537.36 (KHTML, like Gecko; compatible; ClaudeBot/1.0; +claudebot@anthropic.com)"
57.141.14.98 - - [17/Jun/2026:20:03:23 +0700] "GET /san-pham/gia-in-banner-kho-lon/ HTTP/2" 200 238975 "-" "meta-externalagent/1.1 (+https://developers.facebook.com/docs/sharing/webmasters/crawler)"
216.73.216.78 - - [17/Jun/2026:20:03:25 +0700] "GET /san-pham/in-standee-san-pham-gia-re/whatsapp:/send?text=in+standee+s%E1%BA%A3n+ph%E1%BA%A9m+gi%C3%A1+r%E1%BA%BB+-+https%3A%2Finquangcaothuonghieu.com%2Fsan-pham%2Fin-standee-san-pham-gia-re%2F HTTP/2" 404 38556 "-" "Mozilla/5.0 AppleWebKit/537.36 (KHTML, like Gecko; compatible; ClaudeBot/1.0; +claudebot@anthropic.com)"
216.73.216.78 - - [17/Jun/2026:20:03:28 +0700] "GET /san-pham/in-uv-alu-quang-cao/whatsapp:/send?text=in+uv+alu+qu%E1%BA%A3ng+c%C3%A1o+-+https%3A%2Finquangcaothuonghieu.com%2Fsan-pham%2Fin-uv-alu-quang-cao%2F HTTP/2" 404 38536 "-" "Mozilla/5.0 AppleWebKit/537.36 (KHTML, like Gecko; compatible; ClaudeBot/1.0; +claudebot@anthropic.com)"
57.141.14.3 - - [17/Jun/2026:20:03:38 +0700] "GET /tu-khoa-san-pham/in-decal-gia-cong/ HTTP/2" 200 210232 "-" "meta-externalagent/1.1 (+https://developers.facebook.com/docs/sharing/webmasters/crawler)"
54.37.23.159 - - [17/Jun/2026:20:03:40 +0700] "GET /wp-content/uploads/2025/11/LOGO-1-1.png HTTP/1.1" 200 99500 "-" "python-urllib3/1.26.9"
57.141.14.88 - - [17/Jun/2026:20:03:40 +0700] "GET /san-pham/in-standee-lay-ngay-ngoai-troi/ HTTP/2" 200 239960 "-" "meta-externalagent/1.1 (+https://developers.facebook.com/docs/sharing/webmasters/crawler)"
57.141.14.91 - - [17/Jun/2026:20:03:41 +0700] "GET /san-pham/in-mieng-dan-logo/ HTTP/2" 200 239211 "-" "meta-externalagent/1.1 (+https://developers.facebook.com/docs/sharing/webmasters/crawler)"
66.249.74.73 - - [17/Jun/2026:20:03:44 +0700] "GET /san-pham/in-canvas-ngoai-troi/ HTTP/1.1" 200 46240 "-" "Mozilla/5.0 (compatible; Googlebot/2.1; +http://www.google.com/bot.html)"
119.12.201.49 - admin [17/Jun/2026:20:03:44 +0700] "POST /wp-json/wp/v2/posts HTTP/1.1" 201 7135 "-" "Mozilla/5.0 (Macintosh; Intel Mac OS X 10_15_7) AppleWebKit/537.36 (KHTML, like Gecko) Chrome/142.0.0.0 Safari/537.36"
45.82.98.142 - admin [17/Jun/2026:20:03:47 +0700] "GET /wp-json/wp/v2/posts/14358?context=edit HTTP/1.1" 200 7135 "-" "Mozilla/5.0 (Macintosh; Intel Mac OS X 10_15_7) AppleWebKit/537.36 (KHTML, like Gecko) Chrome/142.0.0.0 Safari/537.36"
216.73.216.78 - - [17/Jun/2026:20:03:48 +0700] "GET /san-pham/in-to-roi-quang-cao-5/whatsapp:/send?text=in+to+r%C6%A1i+qu%E1%BA%A3ng+c%C3%A1o+-+https%3A%2Finquangcaothuonghieu.com%2Fsan-pham%2Fin-to-roi-quang-cao-5%2F HTTP/2" 404 38551 "-" "Mozilla/5.0 AppleWebKit/537.36 (KHTML, like Gecko; compatible; ClaudeBot/1.0; +claudebot@anthropic.com)"
216.73.216.78 - - [17/Jun/2026:20:03:50 +0700] "GET /san-pham/bao-gia-in-to-roi-a3-2/whatsapp:/send?text=b%C3%A1o+gi%C3%A1+in+t%E1%BB%9D+r%C6%A1i+a3+-+https%3A%2Finquangcaothuonghieu.com%2Fsan-pham%2Fbao-gia-in-to-roi-a3-2%2F HTTP/2" 404 38597 "-" "Mozilla/5.0 AppleWebKit/537.36 (KHTML, like Gecko; compatible; ClaudeBot/1.0; +claudebot@anthropic.com)"
216.73.216.78 - - [17/Jun/2026:20:03:53 +0700] "GET /san-pham/in-uv-phang-tren-vat-lieu/whatsapp:/send?text=in+uv+ph%E1%BA%B3ng+tr%C3%AAn+v%E1%BA%ADt+li%E1%BB%87u+-+https%3A%2Finquangcaothuonghieu.com%2Fsan-pham%2Fin-uv-phang-tren-vat-lieu%2F HTTP/2" 404 38553 "-" "Mozilla/5.0 AppleWebKit/537.36 (KHTML, like Gecko; compatible; ClaudeBot/1.0; +claudebot@anthropic.com)"
216.73.216.78 - - [17/Jun/2026:20:03:56 +0700] "GET /san-pham/in-tem-nhan-hinh-chu-nhat/whatsapp:/send?text=in+tem+nh%C3%A3n+h%C3%ACnh+ch%E1%BB%AF+nh%E1%BA%ADt+-+https%3A%2Finquangcaothuonghieu.com%2Fsan-pham%2Fin-tem-nhan-hinh-chu-nhat%2F HTTP/2" 404 38571 "-" "Mozilla/5.0 AppleWebKit/537.36 (KHTML, like Gecko; compatible; ClaudeBot/1.0; +claudebot@anthropic.com)"
54.37.23.159 - - [17/Jun/2026:20:03:58 +0700] "GET /wp-content/uploads/2022/03/The_gioi_in_an_20190809172741477dm_thenhua_v2.png HTTP/1.1" 200 82360 "-" "python-urllib3/1.26.9"
216.73.216.78 - - [17/Jun/2026:20:03:59 +0700] "GET /san-pham/in-tem-bao-hanh-so-luong-it/whatsapp:/send?text=in+tem+b%E1%BA%A3o+h%C3%A0nh+s%E1%BB%91+l%C6%B0%E1%BB%A3ng+%C3%ADt+-+https%3A%2Finquangcaothuonghieu.com%2Fsan-pham%2Fin-tem-bao-hanh-so-luong-it%2F HTTP/2" 404 38561 "-" "Mozilla/5.0 AppleWebKit/537.36 (KHTML, like Gecko; compatible; ClaudeBot/1.0; +claudebot@anthropic.com)"
216.73.216.78 - - [17/Jun/2026:20:04:02 +0700] "GET /san-pham/in-giay-theo-yeu-cau-tphcm/whatsapp:/send?text=in+gi%C3%A0y+theo+y%C3%AAu+c%E1%BA%A7u+tphcm+-+https%3A%2Finquangcaothuonghieu.com%2Fsan-pham%2Fin-giay-theo-yeu-cau-tphcm%2F HTTP/2" 404 38591 "-" "Mozilla/5.0 AppleWebKit/537.36 (KHTML, like Gecko; compatible; ClaudeBot/1.0; +claudebot@anthropic.com)"
57.141.14.111 - - [17/Jun/2026:20:04:04 +0700] "GET /blocks/in-an-quang-cao/ HTTP/2" 200 0 "-" "meta-externalagent/1.1 (+https://developers.facebook.com/docs/sharing/webmasters/crawler)"
216.73.216.78 - - [17/Jun/2026:20:04:08 +0700] "GET /san-pham/in-tem-inox-ben-ngoai-troi/whatsapp:/send?text=in+tem+inox+b%E1%BB%81n+ngo%C3%A0i+tr%E1%BB%9Di+-+https%3A%2Finquangcaothuonghieu.com%2Fsan-pham%2Fin-tem-inox-ben-ngoai-troi%2F HTTP/2" 404 38607 "-" "Mozilla/5.0 AppleWebKit/537.36 (KHTML, like Gecko; compatible; ClaudeBot/1.0; +claudebot@anthropic.com)"
216.73.216.78 - - [17/Jun/2026:20:04:10 +0700] "GET /san-pham/in-uv-alu-theo-yeu-cau/whatsapp:/send?text=in+uv+alu+theo+y%C3%AAu+c%E1%BA%A7u+-+https%3A%2Finquangcaothuonghieu.com%2Fsan-pham%2Fin-uv-alu-theo-yeu-cau%2F HTTP/2" 404 38645 "-" "Mozilla/5.0 AppleWebKit/537.36 (KHTML, like Gecko; compatible; ClaudeBot/1.0; +claudebot@anthropic.com)"
57.141.14.39 - - [17/Jun/2026:20:04:10 +0700] "GET /tu-khoa-san-pham/in-standee-chong-nuoc/ HTTP/2" 200 206591 "-" "meta-externalagent/1.1 (+https://developers.facebook.com/docs/sharing/webmasters/crawler)"
57.141.14.7 - - [17/Jun/2026:20:04:10 +0700] "GET /tu-khoa-san-pham/in-decal-giay/ HTTP/2" 200 210065 "-" "meta-externalagent/1.1 (+https://developers.facebook.com/docs/sharing/webmasters/crawler)"
216.73.216.78 - - [17/Jun/2026:20:04:13 +0700] "GET /san-pham/in-tranh-vai-theo-yeu-cau/whatsapp:/send?text=In+tranh+v%E1%BA%A3i+theo+y%C3%AAu+c%E1%BA%A7u+-+https%3A%2Finquangcaothuonghieu.com%2Fsan-pham%2Fin-tranh-vai-theo-yeu-cau%2F HTTP/2" 404 38564 "-" "Mozilla/5.0 AppleWebKit/537.36 (KHTML, like Gecko; compatible; ClaudeBot/1.0; +claudebot@anthropic.com)"
54.37.23.159 - - [17/Jun/2026:20:04:16 +0700] "GET /wp-content/uploads/2025/11/LOGO-scaled.png HTTP/1.1" 200 27047 "-" "python-urllib3/1.26.9"
216.73.216.78 - - [17/Jun/2026:20:04:16 +0700] "GET /san-pham/in-standee-hoi-thao-gia-re/whatsapp:/send?text=in+standee+h%E1%BB%99i+th%E1%BA%A3o+gi%C3%A1+r%E1%BA%BB+-+https%3A%2Finquangcaothuonghieu.com%2Fsan-pham%2Fin-standee-hoi-thao-gia-re%2F HTTP/2" 404 38563 "-" "Mozilla/5.0 AppleWebKit/537.36 (KHTML, like Gecko; compatible; ClaudeBot/1.0; +claudebot@anthropic.com)"
216.73.216.78 - - [17/Jun/2026:20:04:19 +0700] "GET /san-pham/in-uv-bat-quang-cao-go-vap/whatsapp:/send?text=in+uv+b%E1%BA%A1t+qu%E1%BA%A3ng+c%C3%A1o+g%C3%B2+v%E1%BA%A5p+-+https%3A%2Finquangcaothuonghieu.com%2Fsan-pham%2Fin-uv-bat-quang-cao-go-vap%2F HTTP/2" 404 38552 "-" "Mozilla/5.0 AppleWebKit/537.36 (KHTML, like Gecko; compatible; ClaudeBot/1.0; +claudebot@anthropic.com)"
57.141.14.100 - - [17/Jun/2026:20:04:31 +0700] "GET /san-pham/bang-cam-tay-check-in-dam-cuoi/ HTTP/2" 200 240129 "-" "meta-externalagent/1.1 (+https://developers.facebook.com/docs/sharing/webmasters/crawler)"
216.73.216.78 - - [17/Jun/2026:20:04:42 +0700] "GET /san-pham/in-op-airpods-theo-yeu-cau/whatsapp:/send?text=in+%E1%BB%91p+airpods+theo+y%C3%AAu+c%E1%BA%A7u+-+https%3A%2Finquangcaothuonghieu.com%2Fsan-pham%2Fin-op-airpods-theo-yeu-cau%2F HTTP/2" 404 38580 "-" "Mozilla/5.0 AppleWebKit/537.36 (KHTML, like Gecko; compatible; ClaudeBot/1.0; +claudebot@anthropic.com)"
216.73.216.78 - - [17/Jun/2026:20:04:44 +0700] "GET /san-pham/gia-cong-inox-theo-yeu-cau/whatsapp:/send?text=gia+c%C3%B4ng+inox+theo+y%C3%AAu+c%E1%BA%A7u+-+https%3A%2Finquangcaothuonghieu.com%2Fsan-pham%2Fgia-cong-inox-theo-yeu-cau%2F HTTP/2" 404 38570 "-" "Mozilla/5.0 AppleWebKit/537.36 (KHTML, like Gecko; compatible; ClaudeBot/1.0; +claudebot@anthropic.com)"
216.73.216.78 - - [17/Jun/2026:20:04:48 +0700] "GET /san-pham/in-op-tai-nghe-gia-re/whatsapp:/send?text=in+%E1%BB%91p+tai+nghe+gi%C3%A1+r%E1%BA%BB+-+https%3A%2Finquangcaothuonghieu.com%2Fsan-pham%2Fin-op-tai-nghe-gia-re%2F HTTP/2" 404 38583 "-" "Mozilla/5.0 AppleWebKit/537.36 (KHTML, like Gecko; compatible; ClaudeBot/1.0; +claudebot@anthropic.com)"
216.73.216.78 - - [17/Jun/2026:20:04:50 +0700] "GET /san-pham/xuong-in-gia-cong-tai-tphcm/whatsapp:/send?text=X%C6%B0%E1%BB%9Fng+in+gia+c%C3%B4ng+t%E1%BA%A1i+TPHCM+-+https%3A%2Finquangcaothuonghieu.com%2Fsan-pham%2Fxuong-in-gia-cong-tai-tphcm%2F HTTP/2" 404 38574 "-" "Mozilla/5.0 AppleWebKit/537.36 (KHTML, like Gecko; compatible; ClaudeBot/1.0; +claudebot@anthropic.com)"
216.73.216.78 - - [17/Jun/2026:20:04:53 +0700] "GET /san-pham/xuong-in-hiflex-quang-cao/whatsapp:/send?text=x%C6%B0%E1%BB%9Fng+in+hiflex+qu%E1%BA%A3ng+c%C3%A1o+-+https%3A%2Finquangcaothuonghieu.com%2Fsan-pham%2Fxuong-in-hiflex-quang-cao%2F HTTP/2" 404 38556 "-" "Mozilla/5.0 AppleWebKit/537.36 (KHTML, like Gecko; compatible; ClaudeBot/1.0; +claudebot@anthropic.com)"
216.73.216.78 - - [17/Jun/2026:20:04:56 +0700] "GET /san-pham/in-bia-ho-so-xin-viec-2/whatsapp:/send?text=In+b%C3%ACa+h%E1%BB%93+s%C6%A1+xin+vi%E1%BB%87c+-+https%3A%2Finquangcaothuonghieu.com%2Fsan-pham%2Fin-bia-ho-so-xin-viec-2%2F HTTP/2" 404 38567 "-" "Mozilla/5.0 AppleWebKit/537.36 (KHTML, like Gecko; compatible; ClaudeBot/1.0; +claudebot@anthropic.com)"
57.141.14.24 - - [17/Jun/2026:20:04:59 +0700] "GET /san-pham/in-bang-ron-gia-bao-nhieu-2/ HTTP/2" 200 239119 "-" "meta-externalagent/1.1 (+https://developers.facebook.com/docs/sharing/webmasters/crawler)"
216.73.216.78 - - [17/Jun/2026:20:05:00 +0700] "GET /san-pham/in-standee-khai-truong-tan-phu/feed/ HTTP/2" 200 510 "-" "Mozilla/5.0 AppleWebKit/537.36 (KHTML, like Gecko; compatible; ClaudeBot/1.0; +claudebot@anthropic.com)"
216.73.216.78 - - [17/Jun/2026:20:05:03 +0700] "GET /san-pham/lam-ky-niem-chuong-theo-yeu-cau/whatsapp:/send HTTP/2" 404 38515 "-" "Mozilla/5.0 AppleWebKit/537.36 (KHTML, like Gecko; compatible; ClaudeBot/1.0; +claudebot@anthropic.com)"
216.73.216.78 - - [17/Jun/2026:20:05:06 +0700] "GET /san-pham/in-uv-decal-bao-lau-lay-duoc/feed/ HTTP/2" 200 514 "-" "Mozilla/5.0 AppleWebKit/537.36 (KHTML, like Gecko; compatible; ClaudeBot/1.0; +claudebot@anthropic.com)"
57.141.14.77 - - [17/Jun/2026:20:05:12 +0700] "GET /tu-khoa-san-pham/in-decal-3m/ HTTP/2" 200 206596 "-" "meta-externalagent/1.1 (+https://developers.facebook.com/docs/sharing/webmasters/crawler)"
83.99.206.61 - - [17/Jun/2026:20:05:25 +0700] "GET /san-pham/in-bat-quang-cao-hcm-3/ HTTP/1.1" 200 46064 "-" "Mozilla/5.0 (X11; Linux x86_64) AppleWebKit/537.36 (KHTML, like Gecko; GeedoShopProductFinder) Chrome/142.0.0.0 Safari/537.36"
66.249.74.75 - - [17/Jun/2026:20:05:26 +0700] "GET /san-pham/in-uv-decal-24h/ HTTP/1.1" 200 46089 "-" "Mozilla/5.0 (compatible; Googlebot/2.1; +http://www.google.com/bot.html)"
197.79.55.48 - - [17/Jun/2026:20:05:29 +0700] "GET /san-pham/in-backdrop-gia-re-hcm/ HTTP/1.1" 200 52709 "-" "Mozilla/5.0 (Windows NT 6.1; Win64; x64) AppleWebKit/537.36 (KHTML, like Gecko) Chrome/81.0.4044.122 Safari/537.36"
216.73.216.78 - - [17/Jun/2026:20:05:35 +0700] "GET /san-pham/in-tranh-canvas-3/whatsapp:/send?text=in+tranh+canvas+-+https%3A%2Finquangcaothuonghieu.com%2Fsan-pham%2Fin-tranh-canvas-3%2F HTTP/2" 404 38558 "-" "Mozilla/5.0 AppleWebKit/537.36 (KHTML, like Gecko; compatible; ClaudeBot/1.0; +claudebot@anthropic.com)"
216.73.216.78 - - [17/Jun/2026:20:05:37 +0700] "GET /san-pham/in-tem-nhan-hinh-chu-nhat/feed/ HTTP/2" 200 503 "-" "Mozilla/5.0 AppleWebKit/537.36 (KHTML, like Gecko; compatible; ClaudeBot/1.0; +claudebot@anthropic.com)"
216.73.216.78 - - [17/Jun/2026:20:05:40 +0700] "GET /san-pham/in-standee-khai-truong-quan-1/feed/ HTTP/2" 200 505 "-" "Mozilla/5.0 AppleWebKit/537.36 (KHTML, like Gecko; compatible; ClaudeBot/1.0; +claudebot@anthropic.com)"
141.94.76.134 - - [17/Jun/2026:20:05:42 +0700] "GET /san-pham/in-voucher-gan-day/ HTTP/1.1" 200 45904 "-" "Mozilla/5.0 (Windows NT 10.0; Win64; x64) AppleWebKit/537.36 (KHTML, like Gecko) Chrome/139.0.0.0 Safari/537.36"
216.73.216.78 - - [17/Jun/2026:20:05:43 +0700] "GET /san-pham/in-standee-hoi-thao-ngoai-troi/feed/ HTTP/2" 200 515 "-" "Mozilla/5.0 AppleWebKit/537.36 (KHTML, like Gecko; compatible; ClaudeBot/1.0; +claudebot@anthropic.com)"
66.249.71.137 - - [17/Jun/2026:20:05:43 +0700] "GET /san-pham/in-standee-check-in-go-vap/ HTTP/1.1" 200 46018 "-" "Mozilla/5.0 (compatible; Googlebot/2.1; +http://www.google.com/bot.html)"
216.73.216.78 - - [17/Jun/2026:20:05:46 +0700] "GET /san-pham/in-tem-kim-loai-gia-re/feed/ HTTP/2" 200 502 "-" "Mozilla/5.0 AppleWebKit/537.36 (KHTML, like Gecko; compatible; ClaudeBot/1.0; +claudebot@anthropic.com)"
83.99.206.61 - - [17/Jun/2026:20:05:46 +0700] "GET /san-pham/in-hinh-dan-sticker/ HTTP/1.1" 200 45917 "-" "Mozilla/5.0 (X11; Linux x86_64) AppleWebKit/537.36 (KHTML, like Gecko; GeedoShopProductFinder) Chrome/142.0.0.0 Safari/537.36"
216.73.216.78 - - [17/Jun/2026:20:05:49 +0700] "GET /san-pham/in-vali-in-thuong-hieu-cao-cap/feed/ HTTP/2" 200 516 "-" "Mozilla/5.0 AppleWebKit/537.36 (KHTML, like Gecko; compatible; ClaudeBot/1.0; +claudebot@anthropic.com)"
85.208.96.200 - - [17/Jun/2026:20:05:50 +0700] "GET /san-pham/in-an-giay/ HTTP/1.1" 200 53401 "-" "Mozilla/5.0 (compatible; SemrushBot/7~bl; +http://www.semrush.com/bot.html)"
216.73.216.78 - - [17/Jun/2026:20:05:53 +0700] "GET /?p=7285 HTTP/2" 301 0 "-" "Mozilla/5.0 AppleWebKit/537.36 (KHTML, like Gecko; compatible; ClaudeBot/1.0; +claudebot@anthropic.com)"
216.73.216.78 - - [17/Jun/2026:20:05:54 +0700] "GET /san-pham/in-pp-ko-keo/ HTTP/2" 200 45570 "https://inquangcaothuonghieu.com/?p=7285" "Mozilla/5.0 AppleWebKit/537.36 (KHTML, like Gecko; compatible; ClaudeBot/1.0; +claudebot@anthropic.com)"
216.73.216.78 - - [17/Jun/2026:20:05:56 +0700] "GET /?p=7299 HTTP/2" 301 0 "-" "Mozilla/5.0 AppleWebKit/537.36 (KHTML, like Gecko; compatible; ClaudeBot/1.0; +claudebot@anthropic.com)"
216.73.216.78 - - [17/Jun/2026:20:05:57 +0700] "GET /san-pham/in-pp-lay-lien-tphcm/ HTTP/2" 200 45748 "https://inquangcaothuonghieu.com/?p=7299" "Mozilla/5.0 AppleWebKit/537.36 (KHTML, like Gecko; compatible; ClaudeBot/1.0; +claudebot@anthropic.com)"
216.73.216.78 - - [17/Jun/2026:20:06:02 +0700] "GET /?p=1967 HTTP/2" 301 0 "-" "Mozilla/5.0 AppleWebKit/537.36 (KHTML, like Gecko; compatible; ClaudeBot/1.0; +claudebot@anthropic.com)"
216.73.216.78 - - [17/Jun/2026:20:06:03 +0700] "GET /san-pham/gia-in-to-roi-a5/ HTTP/2" 200 45972 "https://inquangcaothuonghieu.com/?p=1967" "Mozilla/5.0 AppleWebKit/537.36 (KHTML, like Gecko; compatible; ClaudeBot/1.0; +claudebot@anthropic.com)"
83.99.206.57 - - [17/Jun/2026:20:06:04 +0700] "GET /tu-khoa-san-pham/in-bat-2-da-quang-cao/ HTTP/1.1" 200 39726 "-" "Mozilla/5.0 (X11; Linux x86_64) AppleWebKit/537.36 (KHTML, like Gecko; GeedoShopProductFinder) Chrome/142.0.0.0 Safari/537.36"
216.73.216.78 - - [17/Jun/2026:20:06:08 +0700] "GET /?p=8441 HTTP/2" 301 0 "-" "Mozilla/5.0 AppleWebKit/537.36 (KHTML, like Gecko; compatible; ClaudeBot/1.0; +claudebot@anthropic.com)"
216.73.216.78 - - [17/Jun/2026:20:06:09 +0700] "GET /san-pham/in-bang-ron-binh-thanh/ HTTP/2" 200 45948 "https://inquangcaothuonghieu.com/?p=8441" "Mozilla/5.0 AppleWebKit/537.36 (KHTML, like Gecko; compatible; ClaudeBot/1.0; +claudebot@anthropic.com)"
216.73.216.78 - - [17/Jun/2026:20:06:13 +0700] "GET /?p=5601 HTTP/2" 301 0 "-" "Mozilla/5.0 AppleWebKit/537.36 (KHTML, like Gecko; compatible; ClaudeBot/1.0; +claudebot@anthropic.com)"
216.73.216.78 - - [17/Jun/2026:20:06:15 +0700] "GET /san-pham/in-bat-quang-cao-lay-ngay/ HTTP/2" 200 45902 "https://inquangcaothuonghieu.com/?p=5601" "Mozilla/5.0 AppleWebKit/537.36 (KHTML, like Gecko; compatible; ClaudeBot/1.0; +claudebot@anthropic.com)"
216.73.216.78 - - [17/Jun/2026:20:06:19 +0700] "GET /?p=5151 HTTP/2" 301 0 "-" "Mozilla/5.0 AppleWebKit/537.36 (KHTML, like Gecko; compatible; ClaudeBot/1.0; +claudebot@anthropic.com)"
216.73.216.78 - - [17/Jun/2026:20:06:20 +0700] "GET /san-pham/in-bat-quang-cao-tphcm/ HTTP/2" 200 46176 "https://inquangcaothuonghieu.com/?p=5151" "Mozilla/5.0 AppleWebKit/537.36 (KHTML, like Gecko; compatible; ClaudeBot/1.0; +claudebot@anthropic.com)"
83.99.206.61 - - [17/Jun/2026:20:06:23 +0700] "GET /tu-khoa-san-pham/in-decal-luoi-ben-mau/ HTTP/1.1" 200 39738 "-" "Mozilla/5.0 (X11; Linux x86_64) AppleWebKit/537.36 (KHTML, like Gecko; GeedoShopProductFinder) Chrome/142.0.0.0 Safari/537.36"
216.73.216.78 - - [17/Jun/2026:20:06:25 +0700] "GET /?p=4841 HTTP/2" 301 0 "-" "Mozilla/5.0 AppleWebKit/537.36 (KHTML, like Gecko; compatible; ClaudeBot/1.0; +claudebot@anthropic.com)"
216.73.216.78 - - [17/Jun/2026:20:06:26 +0700] "GET /san-pham/in-bat-quang-cao-4/ HTTP/2" 200 45953 "https://inquangcaothuonghieu.com/?p=4841" "Mozilla/5.0 AppleWebKit/537.36 (KHTML, like Gecko; compatible; ClaudeBot/1.0; +claudebot@anthropic.com)"
216.73.216.78 - - [17/Jun/2026:20:06:31 +0700] "GET /?p=9502 HTTP/2" 301 0 "-" "Mozilla/5.0 AppleWebKit/537.36 (KHTML, like Gecko; compatible; ClaudeBot/1.0; +claudebot@anthropic.com)"
216.73.216.78 - - [17/Jun/2026:20:06:32 +0700] "GET /san-pham/in-bat-sieu-toc/ HTTP/2" 200 45853 "https://inquangcaothuonghieu.com/?p=9502" "Mozilla/5.0 AppleWebKit/537.36 (KHTML, like Gecko; compatible; ClaudeBot/1.0; +claudebot@anthropic.com)"
216.73.216.78 - - [17/Jun/2026:20:06:34 +0700] "GET /?p=9518 HTTP/2" 301 0 "-" "Mozilla/5.0 AppleWebKit/537.36 (KHTML, like Gecko; compatible; ClaudeBot/1.0; +claudebot@anthropic.com)"
216.73.216.78 - - [17/Jun/2026:20:06:35 +0700] "GET /san-pham/in-bat-sieu-thi/ HTTP/2" 200 45904 "https://inquangcaothuonghieu.com/?p=9518" "Mozilla/5.0 AppleWebKit/537.36 (KHTML, like Gecko; compatible; ClaudeBot/1.0; +claudebot@anthropic.com)"
216.73.216.78 - - [17/Jun/2026:20:06:37 +0700] "GET /?p=7313 HTTP/2" 301 0 "-" "Mozilla/5.0 AppleWebKit/537.36 (KHTML, like Gecko; compatible; ClaudeBot/1.0; +claudebot@anthropic.com)"
216.73.216.78 - - [17/Jun/2026:20:06:39 +0700] "GET /san-pham/in-pp-dan-van-phong/ HTTP/2" 200 45725 "https://inquangcaothuonghieu.com/?p=7313" "Mozilla/5.0 AppleWebKit/537.36 (KHTML, like Gecko; compatible; ClaudeBot/1.0; +claudebot@anthropic.com)"
216.73.216.78 - - [17/Jun/2026:20:06:43 +0700] "GET /?p=8346 HTTP/2" 301 0 "-" "Mozilla/5.0 AppleWebKit/537.36 (KHTML, like Gecko; compatible; ClaudeBot/1.0; +claudebot@anthropic.com)"
83.99.206.215 - - [17/Jun/2026:20:06:44 +0700] "GET /tu-khoa-san-pham/in-phu-kien-may-tinh-theo-yeu-cau/ HTTP/1.1" 200 39813 "-" "Mozilla/5.0 (X11; Linux x86_64) AppleWebKit/537.36 (KHTML, like Gecko; GeedoShopProductFinder) Chrome/142.0.0.0 Safari/537.36"
216.73.216.78 - - [17/Jun/2026:20:06:45 +0700] "GET /san-pham/in-banner-decal/ HTTP/2" 200 45928 "https://inquangcaothuonghieu.com/?p=8346" "Mozilla/5.0 AppleWebKit/537.36 (KHTML, like Gecko; compatible; ClaudeBot/1.0; +claudebot@anthropic.com)"
216.73.216.78 - - [17/Jun/2026:20:06:47 +0700] "GET /?p=9520 HTTP/2" 301 0 "-" "Mozilla/5.0 AppleWebKit/537.36 (KHTML, like Gecko; compatible; ClaudeBot/1.0; +claudebot@anthropic.com)"
216.73.216.78 - - [17/Jun/2026:20:06:48 +0700] "GET /san-pham/in-bat-su-kien-ngoai-troi/ HTTP/2" 200 45898 "https://inquangcaothuonghieu.com/?p=9520" "Mozilla/5.0 AppleWebKit/537.36 (KHTML, like Gecko; compatible; ClaudeBot/1.0; +claudebot@anthropic.com)"
216.73.216.78 - - [17/Jun/2026:20:06:52 +0700] "GET /?p=7308 HTTP/2" 301 0 "-" "Mozilla/5.0 AppleWebKit/537.36 (KHTML, like Gecko; compatible; ClaudeBot/1.0; +claudebot@anthropic.com)"
216.73.216.78 - - [17/Jun/2026:20:06:53 +0700] "GET /san-pham/in-pp-standee-2/ HTTP/2" 200 45704 "https://inquangcaothuonghieu.com/?p=7308" "Mozilla/5.0 AppleWebKit/537.36 (KHTML, like Gecko; compatible; ClaudeBot/1.0; +claudebot@anthropic.com)"
216.73.216.78 - - [17/Jun/2026:20:06:57 +0700] "GET /?p=7970 HTTP/2" 301 0 "-" "Mozilla/5.0 AppleWebKit/537.36 (KHTML, like Gecko; compatible; ClaudeBot/1.0; +claudebot@anthropic.com)"
216.73.216.78 - - [17/Jun/2026:20:06:59 +0700] "GET /san-pham/in-standee-theo-yeu-cau-cao-cap/ HTTP/2" 200 45982 "https://inquangcaothuonghieu.com/?p=7970" "Mozilla/5.0 AppleWebKit/537.36 (KHTML, like Gecko; compatible; ClaudeBot/1.0; +claudebot@anthropic.com)"
83.99.206.61 - - [17/Jun/2026:20:07:02 +0700] "GET /tu-khoa-san-pham/in-pp-formex/ HTTP/1.1" 200 39739 "-" "Mozilla/5.0 (X11; Linux x86_64) AppleWebKit/537.36 (KHTML, like Gecko; GeedoShopProductFinder) Chrome/142.0.0.0 Safari/537.36"
216.73.216.78 - - [17/Jun/2026:20:07:03 +0700] "GET /?p=5972 HTTP/2" 301 0 "-" "Mozilla/5.0 AppleWebKit/537.36 (KHTML, like Gecko; compatible; ClaudeBot/1.0; +claudebot@anthropic.com)"
57.141.14.32 - - [17/Jun/2026:20:07:03 +0700] "GET /san-pham/in-logo-airpods/ HTTP/2" 200 239013 "-" "meta-externalagent/1.1 (+https://developers.facebook.com/docs/sharing/webmasters/crawler)"
216.73.216.78 - - [17/Jun/2026:20:07:04 +0700] "GET /san-pham/in-catalogue-chuyen-nghiep/ HTTP/2" 200 45804 "https://inquangcaothuonghieu.com/?p=5972" "Mozilla/5.0 AppleWebKit/537.36 (KHTML, like Gecko; compatible; ClaudeBot/1.0; +claudebot@anthropic.com)"
47.79.201.132 - - [17/Jun/2026:20:07:08 +0700] "GET /san-pham/in-nhan-dan-san-pham HTTP/1.1" 301 0 "https://www.google.com/" "Mozilla/5.0 (Linux; Android 10; K) AppleWebKit/537.36 (KHTML, like Gecko) Chrome/133.0.0.0 Mobile Safari/537.36"
216.73.216.78 - - [17/Jun/2026:20:07:08 +0700] "GET /?p=4835 HTTP/2" 301 0 "-" "Mozilla/5.0 AppleWebKit/537.36 (KHTML, like Gecko; compatible; ClaudeBot/1.0; +claudebot@anthropic.com)"
47.79.201.132 - - [17/Jun/2026:20:07:09 +0700] "GET /san-pham/in-nhan-dan-san-pham/ HTTP/1.1" 200 53164 "https://www.google.com/" "Mozilla/5.0 (Linux; Android 10; K) AppleWebKit/537.36 (KHTML, like Gecko) Chrome/133.0.0.0 Mobile Safari/537.36"
216.73.216.78 - - [17/Jun/2026:20:07:10 +0700] "GET /san-pham/in-bat-ngoai-troi/ HTTP/2" 200 45949 "https://inquangcaothuonghieu.com/?p=4835" "Mozilla/5.0 AppleWebKit/537.36 (KHTML, like Gecko; compatible; ClaudeBot/1.0; +claudebot@anthropic.com)"
216.73.216.78 - - [17/Jun/2026:20:07:17 +0700] "GET /?p=7316 HTTP/2" 301 0 "-" "Mozilla/5.0 AppleWebKit/537.36 (KHTML, like Gecko; compatible; ClaudeBot/1.0; +claudebot@anthropic.com)"
216.73.216.78 - - [17/Jun/2026:20:07:19 +0700] "GET /san-pham/in-pp-so-luong-it-gia-re/ HTTP/2" 200 45935 "https://inquangcaothuonghieu.com/?p=7316" "Mozilla/5.0 AppleWebKit/537.36 (KHTML, like Gecko; compatible; ClaudeBot/1.0; +claudebot@anthropic.com)"
216.73.216.78 - - [17/Jun/2026:20:07:23 +0700] "GET /?p=7287 HTTP/2" 301 0 "-" "Mozilla/5.0 AppleWebKit/537.36 (KHTML, like Gecko; compatible; ClaudeBot/1.0; +claudebot@anthropic.com)"
216.73.216.78 - - [17/Jun/2026:20:07:24 +0700] "GET /san-pham/in-pp-ngoai-troi-2/ HTTP/2" 200 45728 "https://inquangcaothuonghieu.com/?p=7287" "Mozilla/5.0 AppleWebKit/537.36 (KHTML, like Gecko; compatible; ClaudeBot/1.0; +claudebot@anthropic.com)"
216.73.216.78 - - [17/Jun/2026:20:07:26 +0700] "GET /?p=9514 HTTP/2" 301 0 "-" "Mozilla/5.0 AppleWebKit/537.36 (KHTML, like Gecko; compatible; ClaudeBot/1.0; +claudebot@anthropic.com)"
216.73.216.78 - - [17/Jun/2026:20:07:28 +0700] "GET /san-pham/in-bat-spa/ HTTP/2" 200 45808 "https://inquangcaothuonghieu.com/?p=9514" "Mozilla/5.0 AppleWebKit/537.36 (KHTML, like Gecko; compatible; ClaudeBot/1.0; +claudebot@anthropic.com)"
66.249.74.75 - - [17/Jun/2026:20:07:28 +0700] "GET /san-pham/in-decal-da-quang/ HTTP/1.1" 200 45949 "-" "Mozilla/5.0 (compatible; Googlebot/2.1; +http://www.google.com/bot.html)"
66.249.71.137 - - [17/Jun/2026:20:07:29 +0700] "GET /danh-muc-san-pham/in-an-quang-cao/in-vai-silk-co-banner-bang-ron-ruy-bang/ HTTP/1.1" 200 42286 "-" "Mozilla/5.0 (Linux; Android 6.0.1; Nexus 5X Build/MMB29P) AppleWebKit/537.36 (KHTML, like Gecko) Chrome/148.0.7778.96 Mobile Safari/537.36 (compatible; Googlebot/2.1; +http://www.google.com/bot.html)"
216.73.216.78 - - [17/Jun/2026:20:07:31 +0700] "GET /?p=9417 HTTP/2" 301 0 "-" "Mozilla/5.0 AppleWebKit/537.36 (KHTML, like Gecko; compatible; ClaudeBot/1.0; +claudebot@anthropic.com)"
216.73.216.78 - - [17/Jun/2026:20:07:32 +0700] "GET /san-pham/in-bat-quang-cao-tan-phu/ HTTP/2" 200 45933 "https://inquangcaothuonghieu.com/?p=9417" "Mozilla/5.0 AppleWebKit/537.36 (KHTML, like Gecko; compatible; ClaudeBot/1.0; +claudebot@anthropic.com)"
216.73.216.78 - - [17/Jun/2026:20:07:38 +0700] "GET /?p=7309 HTTP/2" 301 0 "-" "Mozilla/5.0 AppleWebKit/537.36 (KHTML, like Gecko; compatible; ClaudeBot/1.0; +claudebot@anthropic.com)"
216.73.216.78 - - [17/Jun/2026:20:07:39 +0700] "GET /san-pham/in-pp-dan-tuong-2/ HTTP/2" 200 45758 "https://inquangcaothuonghieu.com/?p=7309" "Mozilla/5.0 AppleWebKit/537.36 (KHTML, like Gecko; compatible; ClaudeBot/1.0; +claudebot@anthropic.com)"
57.141.14.111 - - [17/Jun/2026:20:07:43 +0700] "GET /tu-khoa-san-pham/in-be-decal/ HTTP/2" 200 206619 "-" "meta-externalagent/1.1 (+https://developers.facebook.com/docs/sharing/webmasters/crawler)"
57.141.14.76 - - [17/Jun/2026:20:07:46 +0700] "GET /san-pham/in-op-lung-ipad/ HTTP/2" 200 239073 "-" "meta-externalagent/1.1 (+https://developers.facebook.com/docs/sharing/webmasters/crawler)"
216.73.216.78 - - [17/Jun/2026:20:07:51 +0700] "GET /?p=7272 HTTP/2" 301 0 "-" "Mozilla/5.0 AppleWebKit/537.36 (KHTML, like Gecko; compatible; ClaudeBot/1.0; +claudebot@anthropic.com)"
216.73.216.78 - - [17/Jun/2026:20:07:52 +0700] "GET /san-pham/in-pp-gia-re-3/ HTTP/2" 200 45717 "https://inquangcaothuonghieu.com/?p=7272" "Mozilla/5.0 AppleWebKit/537.36 (KHTML, like Gecko; compatible; ClaudeBot/1.0; +claudebot@anthropic.com)"
66.249.74.73 - - [17/Jun/2026:20:07:54 +0700] "GET /san-pham/in-bang-hieu-mica-hut-noi/ HTTP/1.1" 200 46039 "-" "Mozilla/5.0 (Linux; Android 6.0.1; Nexus 5X Build/MMB29P) AppleWebKit/537.36 (KHTML, like Gecko) Chrome/148.0.7778.96 Mobile Safari/537.36 (compatible; Googlebot/2.1; +http://www.google.com/bot.html)"
216.73.216.78 - - [17/Jun/2026:20:07:58 +0700] "GET /?p=8410 HTTP/2" 301 0 "-" "Mozilla/5.0 AppleWebKit/537.36 (KHTML, like Gecko; compatible; ClaudeBot/1.0; +claudebot@anthropic.com)"
216.73.216.78 - - [17/Jun/2026:20:07:59 +0700] "GET /san-pham/in-bang-ron-tphcm-2/ HTTP/2" 200 46030 "https://inquangcaothuonghieu.com/?p=8410" "Mozilla/5.0 AppleWebKit/537.36 (KHTML, like Gecko; compatible; ClaudeBot/1.0; +claudebot@anthropic.com)"
66.249.74.74 - - [17/Jun/2026:20:08:02 +0700] "GET /san-pham/in-decal-re/ HTTP/1.1" 200 45825 "-" "Mozilla/5.0 (Linux; Android 6.0.1; Nexus 5X Build/MMB29P) AppleWebKit/537.36 (KHTML, like Gecko) Chrome/148.0.7778.96 Mobile Safari/537.36 (compatible; Googlebot/2.1; +http://www.google.com/bot.html)"
216.73.216.78 - - [17/Jun/2026:20:08:06 +0700] "GET /?p=9515 HTTP/2" 301 0 "-" "Mozilla/5.0 AppleWebKit/537.36 (KHTML, like Gecko; compatible; ClaudeBot/1.0; +claudebot@anthropic.com)"
216.73.216.78 - - [17/Jun/2026:20:08:07 +0700] "GET /san-pham/in-bat-my-pham/ HTTP/2" 200 45871 "https://inquangcaothuonghieu.com/?p=9515" "Mozilla/5.0 AppleWebKit/537.36 (KHTML, like Gecko; compatible; ClaudeBot/1.0; +claudebot@anthropic.com)"
66.249.74.74 - - [17/Jun/2026:20:08:10 +0700] "GET /san-pham/gia-in-bat-3m/ HTTP/1.1" 200 45962 "-" "Mozilla/5.0 (Linux; Android 6.0.1; Nexus 5X Build/MMB29P) AppleWebKit/537.36 (KHTML, like Gecko) Chrome/148.0.7778.96 Mobile Safari/537.36 (compatible; Googlebot/2.1; +http://www.google.com/bot.html)"
216.73.216.78 - - [17/Jun/2026:20:08:17 +0700] "GET /?p=9492 HTTP/2" 301 0 "-" "Mozilla/5.0 AppleWebKit/537.36 (KHTML, like Gecko; compatible; ClaudeBot/1.0; +claudebot@anthropic.com)"
216.73.216.78 - - [17/Jun/2026:20:08:19 +0700] "GET /san-pham/in-bat-tan-phu/ HTTP/2" 200 45940 "https://inquangcaothuonghieu.com/?p=9492" "Mozilla/5.0 AppleWebKit/537.36 (KHTML, like Gecko; compatible; ClaudeBot/1.0; +claudebot@anthropic.com)"
216.73.216.78 - - [17/Jun/2026:20:08:23 +0700] "GET /?p=9383 HTTP/2" 301 0 "-" "Mozilla/5.0 AppleWebKit/537.36 (KHTML, like Gecko; compatible; ClaudeBot/1.0; +claudebot@anthropic.com)"
216.73.216.78 - - [17/Jun/2026:20:08:25 +0700] "GET /san-pham/in-bat-quang-cao-2/ HTTP/2" 200 45915 "https://inquangcaothuonghieu.com/?p=9383" "Mozilla/5.0 AppleWebKit/537.36 (KHTML, like Gecko; compatible; ClaudeBot/1.0; +claudebot@anthropic.com)"
66.249.74.73 - - [17/Jun/2026:20:08:30 +0700] "GET /san-pham/in-formex-theo-yeu-cau/ HTTP/1.1" 200 45849 "-" "Mozilla/5.0 (Linux; Android 6.0.1; Nexus 5X Build/MMB29P) AppleWebKit/537.36 (KHTML, like Gecko) Chrome/148.0.7778.96 Mobile Safari/537.36 (compatible; Googlebot/2.1; +http://www.google.com/bot.html)"
216.73.216.78 - - [17/Jun/2026:20:08:31 +0700] "GET /?p=8862 HTTP/2" 301 0 "-" "Mozilla/5.0 AppleWebKit/537.36 (KHTML, like Gecko; compatible; ClaudeBot/1.0; +claudebot@anthropic.com)"
216.73.216.78 - - [17/Jun/2026:20:08:33 +0700] "GET /san-pham/in-bang-hieu-shop/ HTTP/2" 200 46092 "https://inquangcaothuonghieu.com/?p=8862" "Mozilla/5.0 AppleWebKit/537.36 (KHTML, like Gecko; compatible; ClaudeBot/1.0; +claudebot@anthropic.com)"
216.73.216.78 - - [17/Jun/2026:20:08:39 +0700] "GET /?p=2101 HTTP/2" 301 0 "-" "Mozilla/5.0 AppleWebKit/537.36 (KHTML, like Gecko; compatible; ClaudeBot/1.0; +claudebot@anthropic.com)"
216.73.216.78 - - [17/Jun/2026:20:08:40 +0700] "GET /san-pham/dich-vu-in-brochure-quan-3/ HTTP/2" 200 45884 "https://inquangcaothuonghieu.com/?p=2101" "Mozilla/5.0 AppleWebKit/537.36 (KHTML, like Gecko; compatible; ClaudeBot/1.0; +claudebot@anthropic.com)"
216.73.216.78 - - [17/Jun/2026:20:08:47 +0700] "GET /?p=9411 HTTP/2" 301 0 "-" "Mozilla/5.0 AppleWebKit/537.36 (KHTML, like Gecko; compatible; ClaudeBot/1.0; +claudebot@anthropic.com)"
216.73.216.78 - - [17/Jun/2026:20:08:48 +0700] "GET /san-pham/in-bat-quang-cao-hcm-3/ HTTP/2" 200 45979 "https://inquangcaothuonghieu.com/?p=9411" "Mozilla/5.0 AppleWebKit/537.36 (KHTML, like Gecko; compatible; ClaudeBot/1.0; +claudebot@anthropic.com)"
66.249.74.73 - - [17/Jun/2026:20:08:53 +0700] "GET /san-pham/in-backdrop-quan-1/ HTTP/1.1" 200 46152 "-" "Mozilla/5.0 (Linux; Android 6.0.1; Nexus 5X Build/MMB29P) AppleWebKit/537.36 (KHTML, like Gecko) Chrome/148.0.7778.96 Mobile Safari/537.36 (compatible; Googlebot/2.1; +http://www.google.com/bot.html)"
216.73.216.78 - - [17/Jun/2026:20:08:55 +0700] "GET /?p=5414 HTTP/2" 301 0 "-" "Mozilla/5.0 AppleWebKit/537.36 (KHTML, like Gecko; compatible; ClaudeBot/1.0; +claudebot@anthropic.com)"
216.73.216.78 - - [17/Jun/2026:20:08:56 +0700] "GET /san-pham/in-bat-quang-cao-ngoai-troi/ HTTP/2" 200 45935 "https://inquangcaothuonghieu.com/?p=5414" "Mozilla/5.0 AppleWebKit/537.36 (KHTML, like Gecko; compatible; ClaudeBot/1.0; +claudebot@anthropic.com)"
216.73.216.78 - - [17/Jun/2026:20:09:03 +0700] "GET /?p=9414 HTTP/2" 301 0 "-" "Mozilla/5.0 AppleWebKit/537.36 (KHTML, like Gecko; compatible; ClaudeBot/1.0; +claudebot@anthropic.com)"
83.99.206.218 - - [17/Jun/2026:20:09:04 +0700] "GET /tu-khoa-san-pham/in-qua-tang-so-luong-it/ HTTP/1.1" 200 39796 "-" "Mozilla/5.0 (X11; Linux x86_64) AppleWebKit/537.36 (KHTML, like Gecko; GeedoShopProductFinder) Chrome/142.0.0.0 Safari/537.36"
216.73.216.78 - - [17/Jun/2026:20:09:05 +0700] "GET /san-pham/in-bat-quang-cao-thu-duc/ HTTP/2" 200 46111 "https://inquangcaothuonghieu.com/?p=9414" "Mozilla/5.0 AppleWebKit/537.36 (KHTML, like Gecko; compatible; ClaudeBot/1.0; +claudebot@anthropic.com)"
216.73.216.78 - - [17/Jun/2026:20:09:14 +0700] "GET /san-pham/in-pp-muc-dau/ HTTP/2" 200 45729 "-" "Mozilla/5.0 AppleWebKit/537.36 (KHTML, like Gecko; compatible; ClaudeBot/1.0; +claudebot@anthropic.com)"
216.73.216.78 - - [17/Jun/2026:20:09:22 +0700] "GET /san-pham/in-pp-gan-day/ HTTP/2" 200 45832 "-" "Mozilla/5.0 AppleWebKit/537.36 (KHTML, like Gecko; compatible; ClaudeBot/1.0; +claudebot@anthropic.com)"
83.99.206.218 - - [17/Jun/2026:20:09:24 +0700] "GET /san-pham/gia-in-bat-hiflex-1m2/ HTTP/1.1" 200 45938 "-" "Mozilla/5.0 (X11; Linux x86_64) AppleWebKit/537.36 (KHTML, like Gecko; GeedoShopProductFinder) Chrome/142.0.0.0 Safari/537.36"
57.141.14.62 - - [17/Jun/2026:20:09:25 +0700] "GET /san-pham/in-uv-bat-khong-gan/ HTTP/2" 200 238220 "-" "meta-externalagent/1.1 (+https://developers.facebook.com/docs/sharing/webmasters/crawler)"
57.141.14.16 - - [17/Jun/2026:20:09:29 +0700] "GET /tu-khoa-san-pham/in-uv-cuon-tphcm/ HTTP/2" 200 206748 "-" "meta-externalagent/1.1 (+https://developers.facebook.com/docs/sharing/webmasters/crawler)"
57.141.14.76 - - [17/Jun/2026:20:09:30 +0700] "GET /tu-khoa-san-pham/in-uv-bong/ HTTP/2" 200 206578 "-" "meta-externalagent/1.1 (+https://developers.facebook.com/docs/sharing/webmasters/crawler)"
216.73.216.78 - - [17/Jun/2026:20:09:30 +0700] "GET /san-pham/in-bat-sinh-nhat/ HTTP/2" 200 46040 "-" "Mozilla/5.0 AppleWebKit/537.36 (KHTML, like Gecko; compatible; ClaudeBot/1.0; +claudebot@anthropic.com)"
216.73.216.78 - - [17/Jun/2026:20:09:39 +0700] "GET /san-pham/in-pp-quan-7/ HTTP/2" 200 45726 "-" "Mozilla/5.0 AppleWebKit/537.36 (KHTML, like Gecko; compatible; ClaudeBot/1.0; +claudebot@anthropic.com)"
83.99.206.218 - - [17/Jun/2026:20:09:43 +0700] "GET /san-pham/in-bang-hieu-alu/ HTTP/1.1" 200 46042 "-" "Mozilla/5.0 (X11; Linux x86_64) AppleWebKit/537.36 (KHTML, like Gecko; GeedoShopProductFinder) Chrome/142.0.0.0 Safari/537.36"
216.73.216.78 - - [17/Jun/2026:20:09:48 +0700] "GET /san-pham/in-pp-gia-si/ HTTP/2" 200 45782 "-" "Mozilla/5.0 AppleWebKit/537.36 (KHTML, like Gecko; compatible; ClaudeBot/1.0; +claudebot@anthropic.com)"
103.135.253.187 - - [17/Jun/2026:20:09:48 +0700] "GET /san-pham/in-an-gan-day-3/ HTTP/1.1" 200 53374 "-" "Mozilla/5.0 (Windows NT 10.0; WOW64) AppleWebKit/537.36 (KHTML, like Gecko) Chrome/97.0.4692.71 Safari/537.36"
216.73.216.78 - - [17/Jun/2026:20:09:56 +0700] "GET /san-pham/in-pp-co-keo-2/ HTTP/2" 200 45754 "-" "Mozilla/5.0 AppleWebKit/537.36 (KHTML, like Gecko; compatible; ClaudeBot/1.0; +claudebot@anthropic.com)"
83.99.206.86 - - [17/Jun/2026:20:10:03 +0700] "GET /san-pham/in-pp-poster/ HTTP/1.1" 200 45694 "-" "Mozilla/5.0 (X11; Linux x86_64) AppleWebKit/537.36 (KHTML, like Gecko; GeedoShopProductFinder) Chrome/142.0.0.0 Safari/537.36"
216.73.216.78 - - [17/Jun/2026:20:10:05 +0700] "GET /san-pham/in-banner-decal/feed/ HTTP/2" 200 483 "-" "Mozilla/5.0 AppleWebKit/537.36 (KHTML, like Gecko; compatible; ClaudeBot/1.0; +claudebot@anthropic.com)"
161.142.144.187 - - [17/Jun/2026:20:10:06 +0700] "GET /san-pham/in-voucher-so-luong-it/ HTTP/2" 200 45818 "-" "Mozilla/5.0 (iPhone; CPU iPhone OS 11_0 like Mac OS X) AppleWebKit/537.36 (KHTML, like Gecko) Chrome/42.0.6667.1737 Mobile Safari/537.36"
202.76.174.178 - - [17/Jun/2026:20:10:07 +0700] "GET /san-pham/in-tem-nhan-dan-do-uong500https-inquangcaothuonghieu-com-wp-content-uploads-2026-04-in-tem-nha-mac-jpgdich-vu-in-tem-nhan-decal-sticker-chat-luong-cao-lay-lien-tai-tphcm-gia-xuong-tem-nha/ HTTP/1.1" 301 0 "-" "Mozilla/5.0 (Macintosh; Intel Mac OS X 14_4_0) AppleWebKit/537.36 (KHTML, like Gecko) Chrome/128.0.6613.84 Safari/537.36"
202.76.174.178 - - [17/Jun/2026:20:10:08 +0700] "GET /san-pham/in-tem-nhan-dan-do-uong/ HTTP/1.1" 200 53198 "-" "Mozilla/5.0 (Macintosh; Intel Mac OS X 14_4_0) AppleWebKit/537.36 (KHTML, like Gecko) Chrome/128.0.6613.84 Safari/537.36"
151.244.68.119 - - [17/Jun/2026:20:10:12 +0700] "GET /wp-content/uploads/2022/03/The_gioi_in_an_20190809172206473dm_danhthiep_v2.png HTTP/2" 206 500 "https://inquangcaothuonghieu.com/san-pham/in-voucher-so-luong-it/" "Mozilla/5.0 (iPhone; CPU iPhone OS 11_0 like Mac OS X) AppleWebKit/537.36 (KHTML, like Gecko) Chrome/42.0.6667.1737 Mobile Safari/537.36"
151.244.68.119 - - [17/Jun/2026:20:10:12 +0700] "GET /wp-content/uploads/2025/11/decal-in-uv.jpg?v=1762541397 HTTP/2" 206 500 "https://inquangcaothuonghieu.com/san-pham/in-voucher-so-luong-it/" "Mozilla/5.0 (iPhone; CPU iPhone OS 11_0 like Mac OS X) AppleWebKit/537.36 (KHTML, like Gecko) Chrome/42.0.6667.1737 Mobile Safari/537.36"
151.244.68.119 - - [17/Jun/2026:20:10:12 +0700] "GET /wp-content/uploads/2025/11/Untitled-1.jpg?v=1762541413 HTTP/2" 206 500 "https://inquangcaothuonghieu.com/san-pham/in-voucher-so-luong-it/" "Mozilla/5.0 (iPhone; CPU iPhone OS 11_0 like Mac OS X) AppleWebKit/537.36 (KHTML, like Gecko) Chrome/42.0.6667.1737 Mobile Safari/537.36"
151.244.68.119 - - [17/Jun/2026:20:10:12 +0700] "GET /wp-content/uploads/2025/11/temdft.jpg?v=1762541405 HTTP/2" 206 500 "https://inquangcaothuonghieu.com/san-pham/in-voucher-so-luong-it/" "Mozilla/5.0 (iPhone; CPU iPhone OS 11_0 like Mac OS X) AppleWebKit/537.36 (KHTML, like Gecko) Chrome/42.0.6667.1737 Mobile Safari/537.36"
