216.73.216.78 - - [17/Jun/2026:23:31:30 +0700] "GET /san-pham/in-standee-tphcm-tphcm/sms:0906348765 HTTP/2" 404 36876 "-" "Mozilla/5.0 AppleWebKit/537.36 (KHTML, like Gecko; compatible; ClaudeBot/1.0; +claudebot@anthropic.com)"
216.73.216.78 - - [17/Jun/2026:23:31:36 +0700] "GET /san-pham/in-uv-tren-decal-luoi/feed/ HTTP/2" 200 504 "-" "Mozilla/5.0 AppleWebKit/537.36 (KHTML, like Gecko; compatible; ClaudeBot/1.0; +claudebot@anthropic.com)"
83.99.206.61 - - [17/Jun/2026:23:31:41 +0700] "GET /tu-khoa-san-pham/in-uv-decal-gan-toi/ HTTP/1.1" 200 39762 "-" "Mozilla/5.0 (X11; Linux x86_64) AppleWebKit/537.36 (KHTML, like Gecko; GeedoShopProductFinder) Chrome/142.0.0.0 Safari/537.36"
57.141.14.86 - - [17/Jun/2026:23:31:58 +0700] "GET /san-pham/lam-tem-logo/ HTTP/2" 200 238526 "-" "meta-externalagent/1.1 (+https://developers.facebook.com/docs/sharing/webmasters/crawler)"
83.99.206.61 - - [17/Jun/2026:23:32:02 +0700] "GET /san-pham/in-decal-phan-quang-3m-2/ HTTP/1.1" 200 45883 "-" "Mozilla/5.0 (X11; Linux x86_64) AppleWebKit/537.36 (KHTML, like Gecko; GeedoShopProductFinder) Chrome/142.0.0.0 Safari/537.36"
66.249.74.74 - - [17/Jun/2026:23:32:04 +0700] "GET /san-pham/in-backlit-film-chat-luong-cao/ HTTP/1.1" 200 46179 "-" "Mozilla/5.0 (compatible; Googlebot/2.1; +http://www.google.com/bot.html)"
83.99.206.23 - - [17/Jun/2026:23:32:22 +0700] "GET /tu-khoa-san-pham/xuong-in-decal-uv/ HTTP/1.1" 200 39751 "-" "Mozilla/5.0 (X11; Linux x86_64) AppleWebKit/537.36 (KHTML, like Gecko; GeedoShopProductFinder) Chrome/142.0.0.0 Safari/537.36"
216.73.216.78 - - [17/Jun/2026:23:32:46 +0700] "GET /san-pham/in-bang-ron-treo-duong/feed/ HTTP/2" 200 509 "-" "Mozilla/5.0 AppleWebKit/537.36 (KHTML, like Gecko; compatible; ClaudeBot/1.0; +claudebot@anthropic.com)"
216.73.216.78 - - [17/Jun/2026:23:32:46 +0700] "GET /san-pham/in-standee-san-pham-nhanh/feed/ HTTP/2" 200 501 "-" "Mozilla/5.0 AppleWebKit/537.36 (KHTML, like Gecko; compatible; ClaudeBot/1.0; +claudebot@anthropic.com)"
216.73.216.78 - - [17/Jun/2026:23:32:48 +0700] "GET /san-pham/in-standee-hoi-cho-trong-nha/whatsapp:/send HTTP/2" 404 38576 "-" "Mozilla/5.0 AppleWebKit/537.36 (KHTML, like Gecko; compatible; ClaudeBot/1.0; +claudebot@anthropic.com)"
51.195.244.129 - - [17/Jun/2026:23:33:07 +0700] "GET /san-pham/in-decal-theo-mau/feed/ HTTP/2" 200 490 "-" "Mozilla/5.0 (compatible; AhrefsBot/7.0; +http://ahrefs.com/robot/)"
57.141.14.76 - - [17/Jun/2026:23:33:10 +0700] "GET /san-pham/dich-vu-in-catalogue/ HTTP/2" 200 238217 "-" "meta-externalagent/1.1 (+https://developers.facebook.com/docs/sharing/webmasters/crawler)"
216.73.216.78 - - [17/Jun/2026:23:33:19 +0700] "GET /san-pham/in-poster-nhanh-tphcm/sms:0906348765 HTTP/2" 404 36906 "-" "Mozilla/5.0 AppleWebKit/537.36 (KHTML, like Gecko; compatible; ClaudeBot/1.0; +claudebot@anthropic.com)"
216.73.216.78 - - [17/Jun/2026:23:33:19 +0700] "GET /san-pham/in-tem-inox-so-luong-it/sms:0906348765 HTTP/2" 404 36956 "-" "Mozilla/5.0 AppleWebKit/537.36 (KHTML, like Gecko; compatible; ClaudeBot/1.0; +claudebot@anthropic.com)"
114.119.139.207 - - [17/Jun/2026:23:33:20 +0700] "GET /san-pham/in-anh-dan-tuong/ HTTP/1.1" 200 46131 "https://inquangcaothuonghieu.com/san-pham/tranh-pvc-gia-da/" "Mozilla/5.0 (Linux; Android 7.0;) AppleWebKit/537.36 (HTML, like Gecko) Mobile Safari/537.36 (compatible; PetalBot;+https://webmaster.petalsearch.com/site/petalbot)"
216.73.216.78 - - [17/Jun/2026:23:33:21 +0700] "GET /san-pham/in-tranh-canvas-phong-khach/feed/ HTTP/2" 200 505 "-" "Mozilla/5.0 AppleWebKit/537.36 (KHTML, like Gecko; compatible; ClaudeBot/1.0; +claudebot@anthropic.com)"
66.249.71.137 - - [17/Jun/2026:23:33:32 +0700] "GET /san-pham/in-bang-hieu-inox/ HTTP/1.1" 200 45979 "-" "Mozilla/5.0 (compatible; Googlebot/2.1; +http://www.google.com/bot.html)"
216.73.216.78 - - [17/Jun/2026:23:33:34 +0700] "GET /san-pham/in-standee-tphcm-tan-binh/sms:0906348765 HTTP/2" 404 36903 "-" "Mozilla/5.0 AppleWebKit/537.36 (KHTML, like Gecko; compatible; ClaudeBot/1.0; +claudebot@anthropic.com)"
216.73.216.78 - - [17/Jun/2026:23:33:34 +0700] "GET /san-pham/in-uv-alu-tphcm/sms:0906348765 HTTP/2" 404 36928 "-" "Mozilla/5.0 AppleWebKit/537.36 (KHTML, like Gecko; compatible; ClaudeBot/1.0; +claudebot@anthropic.com)"
216.73.216.78 - - [17/Jun/2026:23:33:36 +0700] "GET /san-pham/in-uv-tren-nhua-pp/feed/ HTTP/2" 200 496 "-" "Mozilla/5.0 AppleWebKit/537.36 (KHTML, like Gecko; compatible; ClaudeBot/1.0; +claudebot@anthropic.com)"
57.141.14.59 - - [17/Jun/2026:23:33:55 +0700] "GET /san-pham/in-decal-dan-showroom/ HTTP/2" 200 240240 "-" "meta-externalagent/1.1 (+https://developers.facebook.com/docs/sharing/webmasters/crawler)"
216.73.216.78 - - [17/Jun/2026:23:34:02 +0700] "GET /san-pham/in-catalogue-ho-chi-minh-3/feed/ HTTP/2" 200 504 "-" "Mozilla/5.0 AppleWebKit/537.36 (KHTML, like Gecko; compatible; ClaudeBot/1.0; +claudebot@anthropic.com)"
216.73.216.78 - - [17/Jun/2026:23:34:02 +0700] "GET /san-pham/xuong-in-catalogue-2/sms:0906348765 HTTP/2" 404 36878 "-" "Mozilla/5.0 AppleWebKit/537.36 (KHTML, like Gecko; compatible; ClaudeBot/1.0; +claudebot@anthropic.com)"
216.73.216.78 - - [17/Jun/2026:23:34:04 +0700] "GET /san-pham/in-co-vai-co-vu-bong-da/feed/ HTTP/2" 200 512 "-" "Mozilla/5.0 AppleWebKit/537.36 (KHTML, like Gecko; compatible; ClaudeBot/1.0; +claudebot@anthropic.com)"
83.99.206.81 - - [17/Jun/2026:23:34:15 +0700] "GET /san-pham/in-an-quan-10-2/ HTTP/1.1" 200 46101 "-" "Mozilla/5.0 (X11; Linux x86_64) AppleWebKit/537.36 (KHTML, like Gecko; GeedoShopProductFinder) Chrome/142.0.0.0 Safari/537.36"
57.141.14.99 - - [17/Jun/2026:23:34:17 +0700] "GET /san-pham/in-pano-quang-cao-ngoai-troi-2/ HTTP/2" 200 239458 "-" "meta-externalagent/1.1 (+https://developers.facebook.com/docs/sharing/webmasters/crawler)"
57.141.14.20 - - [17/Jun/2026:23:34:24 +0700] "GET /tu-khoa-san-pham/in-tem-phu-gia-re/ HTTP/2" 200 199609 "-" "meta-externalagent/1.1 (+https://developers.facebook.com/docs/sharing/webmasters/crawler)"
83.99.206.81 - - [17/Jun/2026:23:34:35 +0700] "GET /san-pham/in-tem-uv-dtf-so-luong-it/ HTTP/1.1" 200 46018 "-" "Mozilla/5.0 (X11; Linux x86_64) AppleWebKit/537.36 (KHTML, like Gecko; GeedoShopProductFinder) Chrome/142.0.0.0 Safari/537.36"
57.141.14.71 - - [17/Jun/2026:23:34:35 +0700] "GET /sitemap.html HTTP/2" 404 197010 "-" "meta-externalagent/1.1 (+https://developers.facebook.com/docs/sharing/webmasters/crawler)"
216.73.216.78 - - [17/Jun/2026:23:34:45 +0700] "GET /san-pham/in-uv-tren-moi-chat-lieu-3/feed/ HTTP/2" 200 510 "-" "Mozilla/5.0 AppleWebKit/537.36 (KHTML, like Gecko; compatible; ClaudeBot/1.0; +claudebot@anthropic.com)"
216.73.216.78 - - [17/Jun/2026:23:34:45 +0700] "GET /san-pham/in-vali-uv-chong-tray/sms:0906348765 HTTP/2" 404 36870 "-" "Mozilla/5.0 AppleWebKit/537.36 (KHTML, like Gecko; compatible; ClaudeBot/1.0; +claudebot@anthropic.com)"
216.73.216.78 - - [17/Jun/2026:23:34:46 +0700] "GET /san-pham/in-uv-decal-mo-dan-cua-kinh/feed/ HTTP/2" 200 514 "-" "Mozilla/5.0 AppleWebKit/537.36 (KHTML, like Gecko; compatible; ClaudeBot/1.0; +claudebot@anthropic.com)"
52.167.144.172 - - [17/Jun/2026:23:34:51 +0700] "GET /san-pham/bang-gia-in-banner/ HTTP/2" 200 45927 "-" "Mozilla/5.0 AppleWebKit/537.36 (KHTML, like Gecko; compatible; bingbot/2.0; +http://www.bing.com/bingbot.htm) Chrome/116.0.1938.76 Safari/537.36"
83.99.206.81 - - [17/Jun/2026:23:34:55 +0700] "GET /san-pham/bang-inox-an-mon/ HTTP/1.1" 200 46016 "-" "Mozilla/5.0 (X11; Linux x86_64) AppleWebKit/537.36 (KHTML, like Gecko; GeedoShopProductFinder) Chrome/142.0.0.0 Safari/537.36"
216.73.216.78 - - [17/Jun/2026:23:35:01 +0700] "GET /san-pham/in-vali-xach-tay-in-logo/feed/ HTTP/2" 200 501 "-" "Mozilla/5.0 AppleWebKit/537.36 (KHTML, like Gecko; compatible; ClaudeBot/1.0; +claudebot@anthropic.com)"
216.73.216.78 - - [17/Jun/2026:23:35:01 +0700] "GET /san-pham/in-uv-decal-phan-quang-xanh-la/whatsapp:/send HTTP/2" 404 38543 "-" "Mozilla/5.0 AppleWebKit/537.36 (KHTML, like Gecko; compatible; ClaudeBot/1.0; +claudebot@anthropic.com)"
216.73.216.78 - - [17/Jun/2026:23:35:03 +0700] "GET /san-pham/in-uv-tren-decal-luoi/sms:0906348765 HTTP/2" 404 36880 "-" "Mozilla/5.0 AppleWebKit/537.36 (KHTML, like Gecko; compatible; ClaudeBot/1.0; +claudebot@anthropic.com)"
66.249.71.128 - - [17/Jun/2026:23:35:12 +0700] "GET /product-sitemap5.xml HTTP/1.1" 200 9751 "-" "Mozilla/5.0 (compatible; Googlebot/2.1; +http://www.google.com/bot.html)"
83.99.206.232 - - [17/Jun/2026:23:35:15 +0700] "GET /tu-khoa-san-pham/in-airpods-gia-re/ HTTP/1.1" 200 39726 "-" "Mozilla/5.0 (X11; Linux x86_64) AppleWebKit/537.36 (KHTML, like Gecko; GeedoShopProductFinder) Chrome/142.0.0.0 Safari/537.36"
57.141.14.96 - - [17/Jun/2026:23:35:33 +0700] "GET /san-pham/in-tem-re/ HTTP/2" 200 238896 "-" "meta-externalagent/1.1 (+https://developers.facebook.com/docs/sharing/webmasters/crawler)"
83.99.206.81 - - [17/Jun/2026:23:35:34 +0700] "GET /tu-khoa-san-pham/in-uv-logo-thuong-hieu/ HTTP/1.1" 200 39768 "-" "Mozilla/5.0 (X11; Linux x86_64) AppleWebKit/537.36 (KHTML, like Gecko; GeedoShopProductFinder) Chrome/142.0.0.0 Safari/537.36"
66.249.74.73 - - [17/Jun/2026:23:35:51 +0700] "GET /san-pham/in-standee-chu-x/ HTTP/1.1" 200 46003 "-" "Mozilla/5.0 (Linux; Android 6.0.1; Nexus 5X Build/MMB29P) AppleWebKit/537.36 (KHTML, like Gecko) Chrome/148.0.7778.96 Mobile Safari/537.36 (compatible; Googlebot/2.1; +http://www.google.com/bot.html)"
83.99.206.81 - - [17/Jun/2026:23:35:54 +0700] "GET /san-pham/in-decal-quang-cao-ngoai-troi/ HTTP/1.1" 200 45947 "-" "Mozilla/5.0 (X11; Linux x86_64) AppleWebKit/537.36 (KHTML, like Gecko; GeedoShopProductFinder) Chrome/142.0.0.0 Safari/537.36"
216.73.216.78 - - [17/Jun/2026:23:36:00 +0700] "GET /san-pham/in-catalogue-ho-chi-minh-3/sms:0906348765 HTTP/2" 404 36884 "-" "Mozilla/5.0 AppleWebKit/537.36 (KHTML, like Gecko; compatible; ClaudeBot/1.0; +claudebot@anthropic.com)"
216.73.216.78 - - [17/Jun/2026:23:36:00 +0700] "GET /san-pham/in-co-vai-co-vu-bong-da/sms:0906348765 HTTP/2" 404 36887 "-" "Mozilla/5.0 AppleWebKit/537.36 (KHTML, like Gecko; compatible; ClaudeBot/1.0; +claudebot@anthropic.com)"
51.195.215.208 - - [17/Jun/2026:23:36:01 +0700] "GET /mify-i-pravda-ob-igrakh-v-onlain-kazino-pinko/ HTTP/2" 200 46365 "-" "Mozilla/5.0 (compatible; AhrefsBot/7.0; +http://ahrefs.com/robot/)"
216.73.216.78 - - [17/Jun/2026:23:36:02 +0700] "GET /san-pham/in-uv-tren-nhua-pp/sms:0906348765 HTTP/2" 404 36862 "-" "Mozilla/5.0 AppleWebKit/537.36 (KHTML, like Gecko; compatible; ClaudeBot/1.0; +claudebot@anthropic.com)"
216.73.216.78 - - [17/Jun/2026:23:36:11 +0700] "GET /san-pham/in-uv-tren-moi-chat-lieu-3/sms:0906348765 HTTP/2" 404 36937 "-" "Mozilla/5.0 AppleWebKit/537.36 (KHTML, like Gecko; compatible; ClaudeBot/1.0; +claudebot@anthropic.com)"
216.73.216.78 - - [17/Jun/2026:23:36:11 +0700] "GET /san-pham/in-uv-decal-mo-dan-cua-kinh/sms:0906348765 HTTP/2" 404 36848 "-" "Mozilla/5.0 AppleWebKit/537.36 (KHTML, like Gecko; compatible; ClaudeBot/1.0; +claudebot@anthropic.com)"
57.141.14.84 - - [17/Jun/2026:23:36:22 +0700] "GET /tu-khoa-san-pham/in-standee-ban-hang-cao-cap/ HTTP/2" 200 207059 "-" "meta-externalagent/1.1 (+https://developers.facebook.com/docs/sharing/webmasters/crawler)"
57.141.14.34 - - [17/Jun/2026:23:36:32 +0700] "GET /tu-khoa-san-pham/in-standee-cap-toc-cao-cap/ HTTP/2" 200 207074 "-" "meta-externalagent/1.1 (+https://developers.facebook.com/docs/sharing/webmasters/crawler)"
101.32.52.164 - - [17/Jun/2026:23:36:49 +0700] "GET /wp-json/wp/v2/product/1562 HTTP/1.1" 200 3132 "-" "Mozilla/5.0 (iPhone; CPU iPhone OS 13_2_3 like Mac OS X) AppleWebKit/605.1.15 (KHTML, like Gecko) Version/13.0.3 Mobile/15E148 Safari/604.1"
216.73.216.78 - - [17/Jun/2026:23:36:56 +0700] "GET /san-pham/in-bang-ron-khai-truong-2/feed/ HTTP/2" 200 509 "-" "Mozilla/5.0 AppleWebKit/537.36 (KHTML, like Gecko; compatible; ClaudeBot/1.0; +claudebot@anthropic.com)"
216.73.216.78 - - [17/Jun/2026:23:36:56 +0700] "GET /san-pham/in-tranh-canvas-phong-khach/sms:0906348765 HTTP/2" 404 36810 "-" "Mozilla/5.0 AppleWebKit/537.36 (KHTML, like Gecko; compatible; ClaudeBot/1.0; +claudebot@anthropic.com)"
216.73.216.78 - - [17/Jun/2026:23:37:00 +0700] "GET /san-pham/in-bang-ron-treo-duong/sms:0906348765 HTTP/2" 404 36857 "-" "Mozilla/5.0 AppleWebKit/537.36 (KHTML, like Gecko; compatible; ClaudeBot/1.0; +claudebot@anthropic.com)"
66.249.71.137 - - [17/Jun/2026:23:37:02 +0700] "GET /san-pham/in-pano-bang-hieu-lon/ HTTP/1.1" 200 46013 "-" "Mozilla/5.0 (Linux; Android 6.0.1; Nexus 5X Build/MMB29P) AppleWebKit/537.36 (KHTML, like Gecko) Chrome/148.0.7778.96 Mobile Safari/537.36 (compatible; Googlebot/2.1; +http://www.google.com/bot.html)"
57.141.14.102 - - [17/Jun/2026:23:37:18 +0700] "GET /tu-khoa-san-pham/in-decal-khong-keo/ HTTP/2" 200 206828 "-" "meta-externalagent/1.1 (+https://developers.facebook.com/docs/sharing/webmasters/crawler)"
57.141.14.98 - - [17/Jun/2026:23:37:27 +0700] "GET /tu-khoa-san-pham/in-standee-cuon-nhom/ HTTP/2" 200 206890 "-" "meta-externalagent/1.1 (+https://developers.facebook.com/docs/sharing/webmasters/crawler)"
216.73.216.78 - - [17/Jun/2026:23:37:36 +0700] "GET /san-pham/in-banner-ngang/whatsapp:/send?text=in+banner+ngang+-+https%3A%2Finquangcaothuonghieu.com%2Fsan-pham%2Fin-banner-ngang%2F HTTP/2" 404 38541 "-" "Mozilla/5.0 AppleWebKit/537.36 (KHTML, like Gecko; compatible; ClaudeBot/1.0; +claudebot@anthropic.com)"
216.73.216.78 - - [17/Jun/2026:23:37:36 +0700] "GET /san-pham/in-vali-xach-tay-in-logo/sms:0906348765 HTTP/2" 404 36860 "-" "Mozilla/5.0 AppleWebKit/537.36 (KHTML, like Gecko; compatible; ClaudeBot/1.0; +claudebot@anthropic.com)"
57.141.14.73 - - [17/Jun/2026:23:37:41 +0700] "GET /san-pham/in-pp-can-format-gia-re-tphcm/ HTTP/2" 200 239200 "-" "meta-externalagent/1.1 (+https://developers.facebook.com/docs/sharing/webmasters/crawler)"
57.141.14.76 - - [17/Jun/2026:23:37:52 +0700] "GET /tu-khoa-san-pham/in-bat-hiflex-ngoai-troi/ HTTP/2" 200 207597 "-" "meta-externalagent/1.1 (+https://developers.facebook.com/docs/sharing/webmasters/crawler)"
51.195.183.162 - - [17/Jun/2026:23:38:03 +0700] "GET /wp-content/plugins/easy-table-of-contents/vendor/sticky-kit/jquery.sticky-kit.min.js?ver=1.9.2 HTTP/2" 200 1180 "-" "Mozilla/5.0 (compatible; AhrefsBot/7.0; +http://ahrefs.com/robot/)"
198.244.242.172 - - [17/Jun/2026:23:38:04 +0700] "GET /wp-content/plugins/easy-table-of-contents/vendor/js-cookie/js.cookie.min.js?ver=2.2.1 HTTP/2" 200 995 "-" "Mozilla/5.0 (compatible; AhrefsBot/7.0; +http://ahrefs.com/robot/)"
47.128.36.46 - - [17/Jun/2026:23:38:03 +0700] "GET /san-pham/in-standee-ban-hang/ HTTP/2" 200 45949 "-" "Mozilla/5.0 (Linux; Android 5.0) AppleWebKit/537.36 (KHTML, like Gecko) Mobile Safari/537.36 (compatible; Bytespider; spider-feedback@bytedance.com)"
198.244.242.229 - - [17/Jun/2026:23:38:04 +0700] "GET /san-pham/in-uv-logo-cong-ty-2/feed/ HTTP/2" 200 494 "-" "Mozilla/5.0 (compatible; AhrefsBot/7.0; +http://ahrefs.com/robot/)"
216.73.216.78 - - [17/Jun/2026:23:38:04 +0700] "GET /san-pham/in-uv-decal-phan-quang-xanh-la/feed/ HTTP/2" 200 511 "-" "Mozilla/5.0 AppleWebKit/537.36 (KHTML, like Gecko; compatible; ClaudeBot/1.0; +claudebot@anthropic.com)"
47.128.36.46 - - [17/Jun/2026:23:38:06 +0700] "GET /wp-content/cache/autoptimize/autoptimize_single_349504a3690b887532f812a8feac3ee6.php?ver=3.0 HTTP/2" 200 91 "https://inquangcaothuonghieu.com/san-pham/in-standee-ban-hang/" "Mozilla/5.0 (Linux; Android 5.0) AppleWebKit/537.36 (KHTML, like Gecko) Mobile Safari/537.36 (compatible; Bytespider; spider-feedback@bytedance.com)"
47.128.36.46 - - [17/Jun/2026:23:38:06 +0700] "GET /wp-content/uploads/2022/03/walls-kem.jpg?v=1762541419 HTTP/2" 206 500 "https://inquangcaothuonghieu.com/san-pham/in-standee-ban-hang/" "Mozilla/5.0 (Linux; Android 5.0) AppleWebKit/537.36 (KHTML, like Gecko) Mobile Safari/537.36 (compatible; Bytespider; spider-feedback@bytedance.com)"
216.73.216.78 - - [17/Jun/2026:23:38:04 +0700] "GET /san-pham/in-standee-hoi-cho-trong-nha/sms:0906348765 HTTP/2" 404 36862 "-" "Mozilla/5.0 AppleWebKit/537.36 (KHTML, like Gecko; compatible; ClaudeBot/1.0; +claudebot@anthropic.com)"
47.128.36.46 - - [17/Jun/2026:23:38:07 +0700] "GET /wp-content/uploads/2022/03/logo-8-100x100.png HTTP/2" 206 500 "https://inquangcaothuonghieu.com/san-pham/in-standee-ban-hang/" "Mozilla/5.0 (Linux; Android 5.0) AppleWebKit/537.36 (KHTML, like Gecko) Mobile Safari/537.36 (compatible; Bytespider; spider-feedback@bytedance.com)"
47.128.36.46 - - [17/Jun/2026:23:38:07 +0700] "GET /wp-content/uploads/2022/03/logo-12-100x100.png HTTP/2" 206 500 "https://inquangcaothuonghieu.com/san-pham/in-standee-ban-hang/" "Mozilla/5.0 (Linux; Android 5.0) AppleWebKit/537.36 (KHTML, like Gecko) Mobile Safari/537.36 (compatible; Bytespider; spider-feedback@bytedance.com)"
57.141.14.52 - - [17/Jun/2026:23:38:18 +0700] "GET /san-pham/in-tem-kim-loai-gia-re/ HTTP/2" 200 238285 "-" "meta-externalagent/1.1 (+https://developers.facebook.com/docs/sharing/webmasters/crawler)"
57.141.14.86 - - [17/Jun/2026:23:38:39 +0700] "GET /san-pham/in-decal-laptop/ HTTP/2" 200 238659 "-" "meta-externalagent/1.1 (+https://developers.facebook.com/docs/sharing/webmasters/crawler)"
216.73.216.78 - - [17/Jun/2026:23:38:41 +0700] "GET /san-pham/in-standee-tphcm-tphcm/whatsapp:/send?text=in+standee+tphcm+tphcm+-+https%3A%2Finquangcaothuonghieu.com%2Fsan-pham%2Fin-standee-tphcm-tphcm%2F HTTP/2" 404 38585 "-" "Mozilla/5.0 AppleWebKit/537.36 (KHTML, like Gecko; compatible; ClaudeBot/1.0; +claudebot@anthropic.com)"
216.73.216.78 - - [17/Jun/2026:23:38:41 +0700] "GET /san-pham/in-bang-ron-khai-truong-2/sms:0906348765 HTTP/2" 404 36853 "-" "Mozilla/5.0 AppleWebKit/537.36 (KHTML, like Gecko; compatible; ClaudeBot/1.0; +claudebot@anthropic.com)"
57.129.69.52 - - [17/Jun/2026:23:38:51 +0700] "GET /wp-content/uploads/2025/11/menu1.jpg?v=1764414896 HTTP/1.1" 200 148395 "-" "Mozilla/5.0 (Windows NT 10.0; Win64; x64) AppleWebKit/537.36 (KHTML, like Gecko) Chrome/139.0.0.0 Safari/537.36"
216.73.216.78 - - [17/Jun/2026:23:38:52 +0700] "GET /san-pham/in-uv-bang-hieu-quang-cao/feed/ HTTP/2" 200 504 "-" "Mozilla/5.0 AppleWebKit/537.36 (KHTML, like Gecko; compatible; ClaudeBot/1.0; +claudebot@anthropic.com)"
216.73.216.78 - - [17/Jun/2026:23:38:52 +0700] "GET /san-pham/in-uv-decal-phan-quang-xanh-la/sms:0906348765 HTTP/2" 404 36892 "-" "Mozilla/5.0 AppleWebKit/537.36 (KHTML, like Gecko; compatible; ClaudeBot/1.0; +claudebot@anthropic.com)"
141.95.54.59 - - [17/Jun/2026:23:38:56 +0700] "GET /wp-content/uploads/2025/11/fomat.jpg?v=1764414865 HTTP/1.1" 200 133781 "-" "Mozilla/5.0 (Windows NT 10.0; Win64; x64) AppleWebKit/537.36 (KHTML, like Gecko) Chrome/139.0.0.0 Safari/537.36"
57.141.14.80 - - [17/Jun/2026:23:39:05 +0700] "GET /san-pham/bao-gia-in-backlit-film/ HTTP/2" 200 239630 "-" "meta-externalagent/1.1 (+https://developers.facebook.com/docs/sharing/webmasters/crawler)"
216.73.216.78 - - [17/Jun/2026:23:39:11 +0700] "GET /san-pham/in-uv-hoc-mon/whatsapp:/send?text=in+uv+h%C3%B3c+m%C3%B4n+-+https%3A%2Finquangcaothuonghieu.com%2Fsan-pham%2Fin-uv-hoc-mon%2F HTTP/2" 404 38553 "-" "Mozilla/5.0 AppleWebKit/537.36 (KHTML, like Gecko; compatible; ClaudeBot/1.0; +claudebot@anthropic.com)"
216.73.216.78 - - [17/Jun/2026:23:39:11 +0700] "GET /san-pham/in-standee-go-vap/whatsapp:/send?text=in+standee+g%C3%B2+v%E1%BA%A5p+-+https%3A%2Finquangcaothuonghieu.com%2Fsan-pham%2Fin-standee-go-vap%2F HTTP/2" 404 38542 "-" "Mozilla/5.0 AppleWebKit/537.36 (KHTML, like Gecko; compatible; ClaudeBot/1.0; +claudebot@anthropic.com)"
57.141.14.74 - - [17/Jun/2026:23:39:29 +0700] "GET /tu-khoa-san-pham/bao-gia-in-kho-lon-5m/ HTTP/2" 200 207007 "-" "meta-externalagent/1.1 (+https://developers.facebook.com/docs/sharing/webmasters/crawler)"
66.249.74.73 - - [17/Jun/2026:23:39:41 +0700] "GET /san-pham/in-bat-su-kien-ngoai-troi/ HTTP/1.1" 200 45885 "-" "Mozilla/5.0 (compatible; Googlebot/2.1; +http://www.google.com/bot.html)"
216.73.216.78 - - [17/Jun/2026:23:39:57 +0700] "GET /san-pham/in-uv-alu-tphcm/whatsapp:/send?text=in+uv+alu+tphcm+-+https%3A%2Finquangcaothuonghieu.com%2Fsan-pham%2Fin-uv-alu-tphcm%2F HTTP/2" 404 38531 "-" "Mozilla/5.0 AppleWebKit/537.36 (KHTML, like Gecko; compatible; ClaudeBot/1.0; +claudebot@anthropic.com)"
216.73.216.78 - - [17/Jun/2026:23:39:58 +0700] "GET /san-pham/in-banner-dung/whatsapp:/send?text=in+banner+%C4%91%E1%BB%A9ng+-+https%3A%2Finquangcaothuonghieu.com%2Fsan-pham%2Fin-banner-dung%2F HTTP/2" 404 38618 "-" "Mozilla/5.0 AppleWebKit/537.36 (KHTML, like Gecko; compatible; ClaudeBot/1.0; +claudebot@anthropic.com)"
57.141.14.72 - - [17/Jun/2026:23:40:15 +0700] "GET /san-pham/bien-alu-in-uv/ HTTP/2" 200 238485 "-" "meta-externalagent/1.1 (+https://developers.facebook.com/docs/sharing/webmasters/crawler)"
66.249.74.75 - - [17/Jun/2026:23:40:17 +0700] "GET /san-pham/in-standee-hoi-cho/ HTTP/1.1" 200 46084 "-" "Mozilla/5.0 (compatible; Googlebot/2.1; +http://www.google.com/bot.html)"
57.141.14.111 - - [17/Jun/2026:23:41:09 +0700] "GET /san-pham/in-hinh-len-airpods/ HTTP/2" 200 239221 "-" "meta-externalagent/1.1 (+https://developers.facebook.com/docs/sharing/webmasters/crawler)"
57.141.14.95 - - [17/Jun/2026:23:41:18 +0700] "GET /tu-khoa-san-pham/in-pp-can-formex/ HTTP/2" 200 206753 "-" "meta-externalagent/1.1 (+https://developers.facebook.com/docs/sharing/webmasters/crawler)"
66.249.71.128 - - [17/Jun/2026:23:41:33 +0700] "GET /san-pham/in-profile-ky-thuat-so/ HTTP/1.1" 200 45989 "-" "Mozilla/5.0 (compatible; Googlebot/2.1; +http://www.google.com/bot.html)"
216.73.216.78 - - [17/Jun/2026:23:41:34 +0700] "GET /san-pham/in-poster-nhanh-tphcm/whatsapp:/send?text=in+poster+nhanh+tphcm+-+https%3A%2Finquangcaothuonghieu.com%2Fsan-pham%2Fin-poster-nhanh-tphcm%2F HTTP/2" 404 38574 "-" "Mozilla/5.0 AppleWebKit/537.36 (KHTML, like Gecko; compatible; ClaudeBot/1.0; +claudebot@anthropic.com)"
216.73.216.78 - - [17/Jun/2026:23:41:34 +0700] "GET /san-pham/in-tem-nhu-bac/whatsapp:/send?text=in+tem+nh%C5%A9+b%E1%BA%A1c+-+https%3A%2Finquangcaothuonghieu.com%2Fsan-pham%2Fin-tem-nhu-bac%2F HTTP/2" 404 38546 "-" "Mozilla/5.0 AppleWebKit/537.36 (KHTML, like Gecko; compatible; ClaudeBot/1.0; +claudebot@anthropic.com)"
57.141.14.80 - - [17/Jun/2026:23:41:33 +0700] "GET /san-pham/in-standee-ngoai-troi-quan-7/ HTTP/2" 200 239384 "-" "meta-externalagent/1.1 (+https://developers.facebook.com/docs/sharing/webmasters/crawler)"
57.141.14.111 - - [17/Jun/2026:23:41:43 +0700] "GET /san-pham/in-sash-theo-yeu-cau/ HTTP/2" 200 240840 "-" "meta-externalagent/1.1 (+https://developers.facebook.com/docs/sharing/webmasters/crawler)"
47.128.37.0 - - [17/Jun/2026:23:41:45 +0700] "GET /san-pham/xuong-in-an-quang-cao-tphcm/ HTTP/2" 200 46304 "-" "Mozilla/5.0 (Linux; Android 5.0) AppleWebKit/537.36 (KHTML, like Gecko) Mobile Safari/537.36 (compatible; Bytespider; spider-feedback@bytedance.com)"
47.128.37.0 - - [17/Jun/2026:23:41:47 +0700] "GET /wp-content/cache/autoptimize/autoptimize_single_e2d671c403c7e2bd09b3b298c748d0db.php?ver=wc-10.7.0 HTTP/2" 200 2597 "https://inquangcaothuonghieu.com/san-pham/xuong-in-an-quang-cao-tphcm/" "Mozilla/5.0 (Linux; Android 5.0) AppleWebKit/537.36 (KHTML, like Gecko) Mobile Safari/537.36 (compatible; Bytespider; spider-feedback@bytedance.com)"
47.128.37.0 - - [17/Jun/2026:23:41:47 +0700] "GET /wp-content/cache/autoptimize/autoptimize_single_349504a3690b887532f812a8feac3ee6.php?ver=3.0 HTTP/2" 200 91 "https://inquangcaothuonghieu.com/san-pham/xuong-in-an-quang-cao-tphcm/" "Mozilla/5.0 (Linux; Android 5.0) AppleWebKit/537.36 (KHTML, like Gecko) Mobile Safari/537.36 (compatible; Bytespider; spider-feedback@bytedance.com)"
47.128.37.0 - - [17/Jun/2026:23:41:49 +0700] "GET /wp-content/uploads/2025/11/icon-zalo.png HTTP/2" 206 500 "https://inquangcaothuonghieu.com/san-pham/xuong-in-an-quang-cao-tphcm/" "Mozilla/5.0 (Linux; Android 5.0) AppleWebKit/537.36 (KHTML, like Gecko) Mobile Safari/537.36 (compatible; Bytespider; spider-feedback@bytedance.com)"
47.128.37.0 - - [17/Jun/2026:23:41:49 +0700] "GET /wp-content/uploads/2022/03/logo-6-100x100.png HTTP/2" 206 500 "https://inquangcaothuonghieu.com/san-pham/xuong-in-an-quang-cao-tphcm/" "Mozilla/5.0 (Linux; Android 5.0) AppleWebKit/537.36 (KHTML, like Gecko) Mobile Safari/537.36 (compatible; Bytespider; spider-feedback@bytedance.com)"
47.128.37.0 - - [17/Jun/2026:23:41:49 +0700] "GET /wp-content/uploads/2022/03/logo-12-100x100.png HTTP/2" 206 500 "https://inquangcaothuonghieu.com/san-pham/xuong-in-an-quang-cao-tphcm/" "Mozilla/5.0 (Linux; Android 5.0) AppleWebKit/537.36 (KHTML, like Gecko) Mobile Safari/537.36 (compatible; Bytespider; spider-feedback@bytedance.com)"
83.99.206.191 - - [17/Jun/2026:23:41:51 +0700] "GET /san-pham/in-menu-giay-couche/ HTTP/1.1" 200 46520 "-" "Mozilla/5.0 (X11; Linux x86_64) AppleWebKit/537.36 (KHTML, like Gecko; GeedoShopProductFinder) Chrome/142.0.0.0 Safari/537.36"
216.73.216.78 - - [17/Jun/2026:23:41:55 +0700] "GET /san-pham/in-standee-tphcm-tan-binh/whatsapp:/send?text=in+standee+tphcm+t%C3%A2n+b%C3%ACnh+-+https%3A%2Finquangcaothuonghieu.com%2Fsan-pham%2Fin-standee-tphcm-tan-binh%2F HTTP/2" 404 38503 "-" "Mozilla/5.0 AppleWebKit/537.36 (KHTML, like Gecko; compatible; ClaudeBot/1.0; +claudebot@anthropic.com)"
216.73.216.78 - - [17/Jun/2026:23:41:55 +0700] "GET /san-pham/in-hinh-len-vali/whatsapp:/send?text=in+h%C3%ACnh+l%C3%AAn+vali+-+https%3A%2Finquangcaothuonghieu.com%2Fsan-pham%2Fin-hinh-len-vali%2F HTTP/2" 404 38526 "-" "Mozilla/5.0 AppleWebKit/537.36 (KHTML, like Gecko; compatible; ClaudeBot/1.0; +claudebot@anthropic.com)"
66.249.74.74 - - [17/Jun/2026:23:42:07 +0700] "GET /san-pham/in-tem-decal-nhua/ HTTP/1.1" 200 45838 "-" "Mozilla/5.0 (Linux; Android 6.0.1; Nexus 5X Build/MMB29P) AppleWebKit/537.36 (KHTML, like Gecko) Chrome/148.0.7778.96 Mobile Safari/537.36 (compatible; Googlebot/2.1; +http://www.google.com/bot.html)"
216.73.216.78 - - [17/Jun/2026:23:42:08 +0700] "GET /san-pham/gia-in-backdrop-thu-duc/whatsapp:/send?text=gi%C3%A1+in+backdrop+th%E1%BB%A7+%C4%91%E1%BB%A9c+-+https%3A%2Finquangcaothuonghieu.com%2Fsan-pham%2Fgia-in-backdrop-thu-duc%2F HTTP/2" 404 38591 "-" "Mozilla/5.0 AppleWebKit/537.36 (KHTML, like Gecko; compatible; ClaudeBot/1.0; +claudebot@anthropic.com)"
216.73.216.78 - - [17/Jun/2026:23:42:08 +0700] "GET /san-pham/in-standee-tphcm-quan-1/whatsapp:/send?text=in+standee+tphcm+qu%E1%BA%ADn+1+-+https%3A%2Finquangcaothuonghieu.com%2Fsan-pham%2Fin-standee-tphcm-quan-1%2F HTTP/2" 404 38589 "-" "Mozilla/5.0 AppleWebKit/537.36 (KHTML, like Gecko; compatible; ClaudeBot/1.0; +claudebot@anthropic.com)"
66.249.71.128 - - [17/Jun/2026:23:42:22 +0700] "GET /san-pham/dich-vu-in-co-vai-tphcm/ HTTP/1.1" 200 46566 "-" "Mozilla/5.0 (compatible; Googlebot/2.1; +http://www.google.com/bot.html)"
57.141.14.78 - - [17/Jun/2026:23:42:31 +0700] "GET /tu-khoa-san-pham/in-uv-bat-gan-toi/ HTTP/2" 200 206886 "-" "meta-externalagent/1.1 (+https://developers.facebook.com/docs/sharing/webmasters/crawler)"
37.37.36.133 - - [17/Jun/2026:23:42:33 +0700] "GET /san-pham/in-uv-bat-hiflex-kho-5m/ HTTP/1.1" 200 53054 "-" "Mozilla/5.0 (Windows NT 6.1; WOW64) AppleWebKit/537.17 (KHTML, like Gecko) Chrome/24.0.1312.60 Safari/537.17"
216.73.216.78 - - [17/Jun/2026:23:42:35 +0700] "GET /san-pham/in-uv-tren-nhua-pp/whatsapp:/send?text=in+uv+tr%C3%AAn+nh%E1%BB%B1a+pp+-+https%3A%2Finquangcaothuonghieu.com%2Fsan-pham%2Fin-uv-tren-nhua-pp%2F HTTP/2" 404 38548 "-" "Mozilla/5.0 AppleWebKit/537.36 (KHTML, like Gecko; compatible; ClaudeBot/1.0; +claudebot@anthropic.com)"
216.73.216.78 - - [17/Jun/2026:23:42:35 +0700] "GET /san-pham/in-vali-xach-tay-in-logo/whatsapp:/send?text=in+vali+x%C3%A1ch+tay+in+logo+-+https%3A%2Finquangcaothuonghieu.com%2Fsan-pham%2Fin-vali-xach-tay-in-logo%2F HTTP/2" 404 38593 "-" "Mozilla/5.0 AppleWebKit/537.36 (KHTML, like Gecko; compatible; ClaudeBot/1.0; +claudebot@anthropic.com)"
66.249.71.137 - - [17/Jun/2026:23:42:59 +0700] "GET /san-pham/in-decal-nhan-vo/ HTTP/1.1" 200 46013 "-" "Mozilla/5.0 (Linux; Android 6.0.1; Nexus 5X Build/MMB29P) AppleWebKit/537.36 (KHTML, like Gecko) Chrome/148.0.7778.96 Mobile Safari/537.36 (compatible; Googlebot/2.1; +http://www.google.com/bot.html)"
57.141.14.59 - - [17/Jun/2026:23:43:10 +0700] "GET /san-pham/in-uv-vali-so-luong-it/ HTTP/2" 200 239528 "-" "meta-externalagent/1.1 (+https://developers.facebook.com/docs/sharing/webmasters/crawler)"
57.141.14.20 - - [17/Jun/2026:23:43:13 +0700] "GET /san-pham/in-canvas-gia-re-2/ HTTP/2" 200 240215 "-" "meta-externalagent/1.1 (+https://developers.facebook.com/docs/sharing/webmasters/crawler)"
57.141.14.30 - - [17/Jun/2026:23:43:13 +0700] "GET /san-pham/in-tem-trong-chu-trang-cao-cap/ HTTP/2" 200 239731 "-" "meta-externalagent/1.1 (+https://developers.facebook.com/docs/sharing/webmasters/crawler)"
57.141.14.31 - - [17/Jun/2026:23:43:18 +0700] "GET /san-pham/in-pano-bat-hiflex/ HTTP/2" 200 239292 "-" "meta-externalagent/1.1 (+https://developers.facebook.com/docs/sharing/webmasters/crawler)"
57.141.14.11 - - [17/Jun/2026:23:43:22 +0700] "GET /san-pham/xuong-in-tem-trong-chu-trang/ HTTP/2" 200 239831 "-" "meta-externalagent/1.1 (+https://developers.facebook.com/docs/sharing/webmasters/crawler)"
66.249.74.73 - - [17/Jun/2026:23:43:22 +0700] "GET /san-pham/in-uv-dtf-thu-duc/ HTTP/1.1" 200 46077 "-" "Mozilla/5.0 (Linux; Android 6.0.1; Nexus 5X Build/MMB29P) AppleWebKit/537.36 (KHTML, like Gecko) Chrome/148.0.7778.96 Mobile Safari/537.36 (compatible; Googlebot/2.1; +http://www.google.com/bot.html)"
66.249.74.73 - - [17/Jun/2026:23:43:30 +0700] "GET /san-pham/in-backdrop-tat-nien-2026/ HTTP/1.1" 200 46318 "-" "Mozilla/5.0 (Linux; Android 6.0.1; Nexus 5X Build/MMB29P) AppleWebKit/537.36 (KHTML, like Gecko) Chrome/148.0.7778.96 Mobile Safari/537.36 (compatible; Googlebot/2.1; +http://www.google.com/bot.html)"
216.73.216.78 - - [17/Jun/2026:23:43:34 +0700] "GET /san-pham/bao-gia-in-uv-len-mica/whatsapp:/send?text=b%C3%A1o+gi%C3%A1+in+uv+l%C3%AAn+mica+-+https%3A%2Finquangcaothuonghieu.com%2Fsan-pham%2Fbao-gia-in-uv-len-mica%2F HTTP/2" 404 38575 "-" "Mozilla/5.0 AppleWebKit/537.36 (KHTML, like Gecko; compatible; ClaudeBot/1.0; +claudebot@anthropic.com)"
216.73.216.78 - - [17/Jun/2026:23:43:34 +0700] "GET /san-pham/in-tem-inox-so-luong-it/whatsapp:/send?text=in+tem+inox+s%E1%BB%91+l%C6%B0%E1%BB%A3ng+%C3%ADt+-+https%3A%2Finquangcaothuonghieu.com%2Fsan-pham%2Fin-tem-inox-so-luong-it%2F HTTP/2" 404 38602 "-" "Mozilla/5.0 AppleWebKit/537.36 (KHTML, like Gecko; compatible; ClaudeBot/1.0; +claudebot@anthropic.com)"
216.73.216.78 - - [17/Jun/2026:23:43:47 +0700] "GET /san-pham/in-bang-ron-khai-truong-2/whatsapp:/send?text=in+b%C4%83ng+r%C3%B4n+khai+tr%C6%B0%C6%A1ng+-+https%3A%2Finquangcaothuonghieu.com%2Fsan-pham%2Fin-bang-ron-khai-truong-2%2F HTTP/2" 404 38544 "-" "Mozilla/5.0 AppleWebKit/537.36 (KHTML, like Gecko; compatible; ClaudeBot/1.0; +claudebot@anthropic.com)"
216.73.216.78 - - [17/Jun/2026:23:43:48 +0700] "GET /san-pham/in-uv-decal-mo-dan-cua-kinh/whatsapp:/send?text=In+UV+decal+m%E1%BB%9D+d%C3%A1n+c%E1%BB%ADa+k%C3%ADnh+-+https%3A%2Finquangcaothuonghieu.com%2Fsan-pham%2Fin-uv-decal-mo-dan-cua-kinh%2F HTTP/2" 404 38598 "-" "Mozilla/5.0 AppleWebKit/537.36 (KHTML, like Gecko; compatible; ClaudeBot/1.0; +claudebot@anthropic.com)"
57.141.14.3 - - [17/Jun/2026:23:43:47 +0700] "GET /tu-khoa-san-pham/in-standee-hoi-cho-hcm/ HTTP/2" 200 206952 "-" "meta-externalagent/1.1 (+https://developers.facebook.com/docs/sharing/webmasters/crawler)"
57.141.14.85 - - [17/Jun/2026:23:43:54 +0700] "GET /tu-khoa-san-pham/in-uv-bat-gan-day/ HTTP/2" 200 206907 "-" "meta-externalagent/1.1 (+https://developers.facebook.com/docs/sharing/webmasters/crawler)"
185.152.251.35 - - [17/Jun/2026:23:44:05 +0700] "GET /wp-content/uploads/2026/04/in-uv.jpg?v=1775827765 HTTP/2" 200 220778 "https://inquangcaothuonghieu.com/san-pham/in-uv-tay-ninh/" "Mozilla/5.0 (Macintosh; Intel Mac OS X 10_15_7) AppleWebKit/537.36 (KHTML, like Gecko) Chrome/130.0.0.0 Safari/537.36"
66.249.71.129 - - [17/Jun/2026:23:44:07 +0700] "GET /san-pham/in-nhanh-lay-ngay/ HTTP/1.1" 200 46023 "-" "Mozilla/5.0 (compatible; Googlebot/2.1; +http://www.google.com/bot.html)"
116.254.97.182 - - [17/Jun/2026:23:44:08 +0700] "GET /sitemap_index.xml HTTP/1.1" 200 565 "-" "Mozilla/5.0 (Macintosh; Intel Mac OS X 15.2; rv:133.0) Gecko/20100101 Firefox/133.0"
216.73.216.78 - - [17/Jun/2026:23:44:25 +0700] "GET /san-pham/in-bang-ron-treo-duong/whatsapp:/send?text=in+b%C4%83ng+r%C3%B4n+treo+%C4%91%C6%B0%E1%BB%9Dng+-+https%3A%2Finquangcaothuonghieu.com%2Fsan-pham%2Fin-bang-ron-treo-duong%2F HTTP/2" 404 38605 "-" "Mozilla/5.0 AppleWebKit/537.36 (KHTML, like Gecko; compatible; ClaudeBot/1.0; +claudebot@anthropic.com)"
216.73.216.78 - - [17/Jun/2026:23:44:25 +0700] "GET /san-pham/in-uv-tren-moi-chat-lieu-3/whatsapp:/send?text=in+uv+tr%C3%AAn+m%E1%BB%8Di+ch%E1%BA%A5t+li%E1%BB%87u+-+https%3A%2Finquangcaothuonghieu.com%2Fsan-pham%2Fin-uv-tren-moi-chat-lieu-3%2F HTTP/2" 404 38567 "-" "Mozilla/5.0 AppleWebKit/537.36 (KHTML, like Gecko; compatible; ClaudeBot/1.0; +claudebot@anthropic.com)"
85.208.96.209 - - [17/Jun/2026:23:44:26 +0700] "GET /san-pham/in-an-binh-thanh-2/ HTTP/1.1" 200 53279 "-" "Mozilla/5.0 (compatible; SemrushBot/7~bl; +http://www.semrush.com/bot.html)"
66.249.74.73 - - [17/Jun/2026:23:44:35 +0700] "GET /san-pham/bao-gia-in-bang-hieu/ HTTP/1.1" 200 45958 "-" "Mozilla/5.0 (Linux; Android 6.0.1; Nexus 5X Build/MMB29P) AppleWebKit/537.36 (KHTML, like Gecko) Chrome/148.0.7778.96 Mobile Safari/537.36 (compatible; Googlebot/2.1; +http://www.google.com/bot.html)"
57.141.14.27 - - [17/Jun/2026:23:44:43 +0700] "GET /san-pham/in-formex-gan-day-4/ HTTP/2" 404 197029 "-" "meta-externalagent/1.1 (+https://developers.facebook.com/docs/sharing/webmasters/crawler)"
57.141.14.14 - - [17/Jun/2026:23:44:43 +0700] "GET /san-pham/in-bang-trao-giai/ HTTP/2" 200 239577 "-" "meta-externalagent/1.1 (+https://developers.facebook.com/docs/sharing/webmasters/crawler)"
216.73.216.78 - - [17/Jun/2026:23:44:46 +0700] "GET /san-pham/in-co-vai-co-vu-bong-da/whatsapp:/send?text=in+c%E1%BB%9D+v%E1%BA%A3i+c%E1%BB%95+v%C5%A9+b%C3%B3ng+%C4%91%C3%A1+-+https%3A%2Finquangcaothuonghieu.com%2Fsan-pham%2Fin-co-vai-co-vu-bong-da%2F HTTP/2" 404 38605 "-" "Mozilla/5.0 AppleWebKit/537.36 (KHTML, like Gecko; compatible; ClaudeBot/1.0; +claudebot@anthropic.com)"
216.73.216.78 - - [17/Jun/2026:23:44:46 +0700] "GET /san-pham/in-uv-bang-hieu-quang-cao/whatsapp:/send?text=in+uv+b%E1%BA%A3ng+hi%E1%BB%87u+qu%E1%BA%A3ng+c%C3%A1o+-+https%3A%2Finquangcaothuonghieu.com%2Fsan-pham%2Fin-uv-bang-hieu-quang-cao%2F HTTP/2" 404 38565 "-" "Mozilla/5.0 AppleWebKit/537.36 (KHTML, like Gecko; compatible; ClaudeBot/1.0; +claudebot@anthropic.com)"
57.141.14.73 - - [17/Jun/2026:23:44:48 +0700] "GET /san-pham/in-uv-bat-5m-tphcm/ HTTP/2" 200 239520 "-" "meta-externalagent/1.1 (+https://developers.facebook.com/docs/sharing/webmasters/crawler)"
57.141.14.48 - - [17/Jun/2026:23:44:49 +0700] "GET /san-pham/in-decal-uv-dan-kinh/ HTTP/2" 200 238748 "-" "meta-externalagent/1.1 (+https://developers.facebook.com/docs/sharing/webmasters/crawler)"
57.141.14.2 - - [17/Jun/2026:23:44:54 +0700] "GET /san-pham/in-co-vai-cong-ty/ HTTP/2" 200 240739 "-" "meta-externalagent/1.1 (+https://developers.facebook.com/docs/sharing/webmasters/crawler)"
216.73.216.78 - - [17/Jun/2026:23:45:00 +0700] "GET /san-pham/in-standee-hoi-cho-trong-nha/feed/ HTTP/2" 200 511 "-" "Mozilla/5.0 AppleWebKit/537.36 (KHTML, like Gecko; compatible; ClaudeBot/1.0; +claudebot@anthropic.com)"
216.73.216.78 - - [17/Jun/2026:23:45:00 +0700] "GET /san-pham/in-standee-san-pham-nhanh/sms:0906348765 HTTP/2" 404 36923 "-" "Mozilla/5.0 AppleWebKit/537.36 (KHTML, like Gecko; compatible; ClaudeBot/1.0; +claudebot@anthropic.com)"
216.73.216.78 - - [17/Jun/2026:23:45:03 +0700] "GET /san-pham/gia-in-banner-bat-hiflex/feed/ HTTP/2" 200 502 "-" "Mozilla/5.0 AppleWebKit/537.36 (KHTML, like Gecko; compatible; ClaudeBot/1.0; +claudebot@anthropic.com)"
66.249.74.73 - - [17/Jun/2026:23:45:03 +0700] "GET /san-pham/in-catalogue-inkythuatso/ HTTP/1.1" 200 45972 "-" "Mozilla/5.0 (Linux; Android 6.0.1; Nexus 5X Build/MMB29P) AppleWebKit/537.36 (KHTML, like Gecko) Chrome/148.0.7778.96 Mobile Safari/537.36 (compatible; Googlebot/2.1; +http://www.google.com/bot.html)"
57.141.14.102 - - [17/Jun/2026:23:45:05 +0700] "GET /san-pham/gia-in-backdrop-quan-1/ HTTP/2" 200 239079 "-" "meta-externalagent/1.1 (+https://developers.facebook.com/docs/sharing/webmasters/crawler)"
57.141.14.90 - - [17/Jun/2026:23:45:23 +0700] "GET /san-pham/gia-in-bien-quang-cao/ HTTP/2" 200 239673 "-" "meta-externalagent/1.1 (+https://developers.facebook.com/docs/sharing/webmasters/crawler)"
66.249.74.73 - - [17/Jun/2026:23:45:26 +0700] "GET /san-pham/in-tem-logo-nhu-bac/ HTTP/1.1" 200 46025 "-" "Mozilla/5.0 (Linux; Android 6.0.1; Nexus 5X Build/MMB29P) AppleWebKit/537.36 (KHTML, like Gecko) Chrome/148.0.7778.96 Mobile Safari/537.36 (compatible; Googlebot/2.1; +http://www.google.com/bot.html)"
47.128.36.65 - - [17/Jun/2026:23:45:28 +0700] "GET /san-pham/in-tem-chong-gia-san-pham/ HTTP/2" 200 46077 "-" "Mozilla/5.0 (Linux; Android 5.0) AppleWebKit/537.36 (KHTML, like Gecko) Mobile Safari/537.36 (compatible; Bytespider; spider-feedback@bytedance.com)"
47.128.36.65 - - [17/Jun/2026:23:45:30 +0700] "GET /wp-content/cache/autoptimize/autoptimize_single_349504a3690b887532f812a8feac3ee6.php?ver=3.0 HTTP/2" 200 91 "https://inquangcaothuonghieu.com/san-pham/in-tem-chong-gia-san-pham/" "Mozilla/5.0 (Linux; Android 5.0) AppleWebKit/537.36 (KHTML, like Gecko) Mobile Safari/537.36 (compatible; Bytespider; spider-feedback@bytedance.com)"
216.73.216.78 - - [17/Jun/2026:23:45:29 +0700] "GET /san-pham/in-standee-san-pham-nhanh/whatsapp:/send?text=in+standee+s%E1%BA%A3n+ph%E1%BA%A9m+nhanh+-+https%3A%2Finquangcaothuonghieu.com%2Fsan-pham%2Fin-standee-san-pham-nhanh%2F HTTP/2" 404 38582 "-" "Mozilla/5.0 AppleWebKit/537.36 (KHTML, like Gecko; compatible; ClaudeBot/1.0; +claudebot@anthropic.com)"
216.73.216.78 - - [17/Jun/2026:23:45:29 +0700] "GET /san-pham/in-uv-tren-decal-luoi/whatsapp:/send?text=In+UV+tr%C3%AAn+Decal+l%C6%B0%E1%BB%9Bi+-+https%3A%2Finquangcaothuonghieu.com%2Fsan-pham%2Fin-uv-tren-decal-luoi%2F HTTP/2" 404 38562 "-" "Mozilla/5.0 AppleWebKit/537.36 (KHTML, like Gecko; compatible; ClaudeBot/1.0; +claudebot@anthropic.com)"
216.73.216.78 - - [17/Jun/2026:23:45:48 +0700] "GET /san-pham/in-tranh-canvas-phong-khach/whatsapp:/send?text=in+tranh+canvas+ph%C3%B2ng+kh%C3%A1ch+-+https%3A%2Finquangcaothuonghieu.com%2Fsan-pham%2Fin-tranh-canvas-phong-khach%2F HTTP/2" 404 38582 "-" "Mozilla/5.0 AppleWebKit/537.36 (KHTML, like Gecko; compatible; ClaudeBot/1.0; +claudebot@anthropic.com)"
216.73.216.78 - - [17/Jun/2026:23:45:48 +0700] "GET /san-pham/in-bat-backdrop-su-kien/whatsapp:/send?text=in+b%E1%BA%A1t+backdrop+s%E1%BB%B1+ki%E1%BB%87n+-+https%3A%2Finquangcaothuonghieu.com%2Fsan-pham%2Fin-bat-backdrop-su-kien%2F HTTP/2" 404 38526 "-" "Mozilla/5.0 AppleWebKit/537.36 (KHTML, like Gecko; compatible; ClaudeBot/1.0; +claudebot@anthropic.com)"
66.249.74.73 - - [17/Jun/2026:23:45:49 +0700] "GET /san-pham/in-vai-cotton/ HTTP/1.1" 200 46133 "-" "Mozilla/5.0 (Linux; Android 6.0.1; Nexus 5X Build/MMB29P) AppleWebKit/537.36 (KHTML, like Gecko) Chrome/148.0.7778.96 Mobile Safari/537.36 (compatible; Googlebot/2.1; +http://www.google.com/bot.html)"
216.73.216.78 - - [17/Jun/2026:23:46:13 +0700] "GET /?p=9516 HTTP/2" 301 0 "-" "Mozilla/5.0 AppleWebKit/537.36 (KHTML, like Gecko; compatible; ClaudeBot/1.0; +claudebot@anthropic.com)"
216.73.216.78 - - [17/Jun/2026:23:46:13 +0700] "GET /?p=7310 HTTP/2" 301 0 "-" "Mozilla/5.0 AppleWebKit/537.36 (KHTML, like Gecko; compatible; ClaudeBot/1.0; +claudebot@anthropic.com)"
216.73.216.78 - - [17/Jun/2026:23:46:14 +0700] "GET /san-pham/in-bat-salon-toc/ HTTP/2" 200 45973 "https://inquangcaothuonghieu.com/?p=9516" "Mozilla/5.0 AppleWebKit/537.36 (KHTML, like Gecko; compatible; ClaudeBot/1.0; +claudebot@anthropic.com)"
216.73.216.78 - - [17/Jun/2026:23:46:14 +0700] "GET /san-pham/in-pp-su-kien/ HTTP/2" 200 45780 "https://inquangcaothuonghieu.com/?p=7310" "Mozilla/5.0 AppleWebKit/537.36 (KHTML, like Gecko; compatible; ClaudeBot/1.0; +claudebot@anthropic.com)"
43.166.244.192 - - [17/Jun/2026:23:46:16 +0700] "GET /san-pham/in-bang-quang-cao HTTP/1.1" 301 0 "-" "Mozilla/5.0 (iPhone; CPU iPhone OS 13_2_3 like Mac OS X) AppleWebKit/605.1.15 (KHTML, like Gecko) Version/13.0.3 Mobile/15E148 Safari/604.1"
216.73.216.78 - - [17/Jun/2026:23:46:16 +0700] "GET /?p=7312 HTTP/2" 301 0 "-" "Mozilla/5.0 AppleWebKit/537.36 (KHTML, like Gecko; compatible; ClaudeBot/1.0; +claudebot@anthropic.com)"
216.73.216.78 - - [17/Jun/2026:23:46:17 +0700] "GET /san-pham/in-pp-dan-cua-hang/ HTTP/2" 200 45706 "https://inquangcaothuonghieu.com/?p=7312" "Mozilla/5.0 AppleWebKit/537.36 (KHTML, like Gecko; compatible; ClaudeBot/1.0; +claudebot@anthropic.com)"
57.141.14.36 - - [17/Jun/2026:23:46:18 +0700] "GET /san-pham/in-pp-gia-re-3/ HTTP/2" 200 237804 "-" "meta-externalagent/1.1 (+https://developers.facebook.com/docs/sharing/webmasters/crawler)"
57.141.14.59 - - [17/Jun/2026:23:46:17 +0700] "GET /tu-khoa-san-pham/in-khung-chup-anh/ HTTP/2" 200 206808 "-" "meta-externalagent/1.1 (+https://developers.facebook.com/docs/sharing/webmasters/crawler)"
43.166.244.192 - - [17/Jun/2026:23:46:22 +0700] "GET /san-pham/in-bang-quang-cao/ HTTP/1.1" 200 53024 "https://inquangcaothuonghieu.com/san-pham/in-bang-quang-cao" "Mozilla/5.0 (iPhone; CPU iPhone OS 13_2_3 like Mac OS X) AppleWebKit/605.1.15 (KHTML, like Gecko) Version/13.0.3 Mobile/15E148 Safari/604.1"
83.99.206.142 - - [17/Jun/2026:23:46:33 +0700] "GET /tu-khoa-san-pham/in-decal-luoi-uv/ HTTP/1.1" 200 39741 "-" "Mozilla/5.0 (X11; Linux x86_64) AppleWebKit/537.36 (KHTML, like Gecko; GeedoShopProductFinder) Chrome/142.0.0.0 Safari/537.36"
57.141.14.19 - - [17/Jun/2026:23:46:43 +0700] "GET /tu-khoa-san-pham/in-bat-hiflex-5m-tphcm/ HTTP/2" 200 206979 "-" "meta-externalagent/1.1 (+https://developers.facebook.com/docs/sharing/webmasters/crawler)"
83.99.206.142 - - [17/Jun/2026:23:46:53 +0700] "GET /tu-khoa-san-pham/in-standee-hcm-ngoai-troi/ HTTP/1.1" 200 39760 "-" "Mozilla/5.0 (X11; Linux x86_64) AppleWebKit/537.36 (KHTML, like Gecko; GeedoShopProductFinder) Chrome/142.0.0.0 Safari/537.36"
57.141.14.80 - - [17/Jun/2026:23:47:06 +0700] "GET /tu-khoa-san-pham/gia-in-bang-ron-ngoai-troi/ HTTP/2" 200 207072 "-" "meta-externalagent/1.1 (+https://developers.facebook.com/docs/sharing/webmasters/crawler)"
57.141.14.17 - - [17/Jun/2026:23:47:08 +0700] "GET /san-pham/in-kho-lon-5m-tphcm/ HTTP/2" 200 238906 "-" "meta-externalagent/1.1 (+https://developers.facebook.com/docs/sharing/webmasters/crawler)"
83.99.206.142 - - [17/Jun/2026:23:47:12 +0700] "GET /san-pham/in-vali-lam-qua-tang-doanh-nghiep/ HTTP/1.1" 200 46173 "-" "Mozilla/5.0 (X11; Linux x86_64) AppleWebKit/537.36 (KHTML, like Gecko; GeedoShopProductFinder) Chrome/142.0.0.0 Safari/537.36"
57.141.14.73 - - [17/Jun/2026:23:47:21 +0700] "GET /san-pham/in-poster-theo-yeu-cau/ HTTP/2" 200 238452 "-" "meta-externalagent/1.1 (+https://developers.facebook.com/docs/sharing/webmasters/crawler)"
57.141.14.102 - - [17/Jun/2026:23:47:21 +0700] "GET /san-pham/in-an-nhan-mac/ HTTP/2" 200 238690 "-" "meta-externalagent/1.1 (+https://developers.facebook.com/docs/sharing/webmasters/crawler)"
57.141.14.55 - - [17/Jun/2026:23:47:22 +0700] "GET /tu-khoa-san-pham/in-nhan-decal/ HTTP/2" 200 206663 "-" "meta-externalagent/1.1 (+https://developers.facebook.com/docs/sharing/webmasters/crawler)"
66.249.71.137 - - [17/Jun/2026:23:47:25 +0700] "GET /san-pham/xuong-in-uv-hiflex-quang-cao/ HTTP/1.1" 200 45882 "-" "Mozilla/5.0 (Linux; Android 6.0.1; Nexus 5X Build/MMB29P) AppleWebKit/537.36 (KHTML, like Gecko) Chrome/148.0.7778.96 Mobile Safari/537.36 (compatible; Googlebot/2.1; +http://www.google.com/bot.html)"
216.73.216.78 - - [17/Jun/2026:23:47:33 +0700] "GET /?p=9517 HTTP/2" 301 0 "-" "Mozilla/5.0 AppleWebKit/537.36 (KHTML, like Gecko; compatible; ClaudeBot/1.0; +claudebot@anthropic.com)"
216.73.216.78 - - [17/Jun/2026:23:47:33 +0700] "GET /?p=7295 HTTP/2" 301 0 "-" "Mozilla/5.0 AppleWebKit/537.36 (KHTML, like Gecko; compatible; ClaudeBot/1.0; +claudebot@anthropic.com)"
83.99.206.142 - - [17/Jun/2026:23:47:33 +0700] "GET /san-pham/in-bat-gia-re/ HTTP/1.1" 200 45872 "-" "Mozilla/5.0 (X11; Linux x86_64) AppleWebKit/537.36 (KHTML, like Gecko; GeedoShopProductFinder) Chrome/142.0.0.0 Safari/537.36"
216.73.216.78 - - [17/Jun/2026:23:47:34 +0700] "GET /san-pham/in-pp-quan-7/ HTTP/2" 200 45731 "https://inquangcaothuonghieu.com/?p=7295" "Mozilla/5.0 AppleWebKit/537.36 (KHTML, like Gecko; compatible; ClaudeBot/1.0; +claudebot@anthropic.com)"
216.73.216.78 - - [17/Jun/2026:23:47:34 +0700] "GET /san-pham/in-bat-showroom/ HTTP/2" 200 45863 "https://inquangcaothuonghieu.com/?p=9517" "Mozilla/5.0 AppleWebKit/537.36 (KHTML, like Gecko; compatible; ClaudeBot/1.0; +claudebot@anthropic.com)"
216.73.216.78 - - [17/Jun/2026:23:47:36 +0700] "GET /?p=5246 HTTP/2" 301 0 "-" "Mozilla/5.0 AppleWebKit/537.36 (KHTML, like Gecko; compatible; ClaudeBot/1.0; +claudebot@anthropic.com)"
216.73.216.78 - - [17/Jun/2026:23:47:38 +0700] "GET /san-pham/in-pp-dan-tuong/ HTTP/2" 200 45856 "https://inquangcaothuonghieu.com/?p=5246" "Mozilla/5.0 AppleWebKit/537.36 (KHTML, like Gecko; compatible; ClaudeBot/1.0; +claudebot@anthropic.com)"
83.99.206.142 - - [17/Jun/2026:23:47:52 +0700] "GET /tu-khoa-san-pham/in-uv-lay-ngay/ HTTP/1.1" 200 39737 "-" "Mozilla/5.0 (X11; Linux x86_64) AppleWebKit/537.36 (KHTML, like Gecko; GeedoShopProductFinder) Chrome/142.0.0.0 Safari/537.36"
57.141.14.82 - - [17/Jun/2026:23:48:08 +0700] "GET /tu-khoa-san-pham/in-tem-decal-gia-re/ HTTP/2" 200 206843 "-" "meta-externalagent/1.1 (+https://developers.facebook.com/docs/sharing/webmasters/crawler)"
83.99.206.142 - - [17/Jun/2026:23:48:12 +0700] "GET /san-pham/in-tem-decal-bac/ HTTP/1.1" 200 45932 "-" "Mozilla/5.0 (X11; Linux x86_64) AppleWebKit/537.36 (KHTML, like Gecko; GeedoShopProductFinder) Chrome/142.0.0.0 Safari/537.36"
216.73.216.78 - - [17/Jun/2026:23:48:15 +0700] "GET /?p=8859 HTTP/2" 301 0 "-" "Mozilla/5.0 AppleWebKit/537.36 (KHTML, like Gecko; compatible; ClaudeBot/1.0; +claudebot@anthropic.com)"
216.73.216.78 - - [17/Jun/2026:23:48:15 +0700] "GET /?p=9513 HTTP/2" 301 0 "-" "Mozilla/5.0 AppleWebKit/537.36 (KHTML, like Gecko; compatible; ClaudeBot/1.0; +claudebot@anthropic.com)"
216.73.216.78 - - [17/Jun/2026:23:48:16 +0700] "GET /san-pham/in-bang-hieu-cong-ty/ HTTP/2" 200 45981 "https://inquangcaothuonghieu.com/?p=8859" "Mozilla/5.0 AppleWebKit/537.36 (KHTML, like Gecko; compatible; ClaudeBot/1.0; +claudebot@anthropic.com)"
216.73.216.78 - - [17/Jun/2026:23:48:16 +0700] "GET /san-pham/in-bat-nha-hang/ HTTP/2" 200 46007 "https://inquangcaothuonghieu.com/?p=9513" "Mozilla/5.0 AppleWebKit/537.36 (KHTML, like Gecko; compatible; ClaudeBot/1.0; +claudebot@anthropic.com)"
216.73.216.78 - - [17/Jun/2026:23:48:18 +0700] "GET /?p=6731 HTTP/2" 301 0 "-" "Mozilla/5.0 AppleWebKit/537.36 (KHTML, like Gecko; compatible; ClaudeBot/1.0; +claudebot@anthropic.com)"
216.73.216.78 - - [17/Jun/2026:23:48:19 +0700] "GET /san-pham/in-chuyen-nhiet-gia-re/ HTTP/2" 200 46417 "https://inquangcaothuonghieu.com/?p=6731" "Mozilla/5.0 AppleWebKit/537.36 (KHTML, like Gecko; compatible; ClaudeBot/1.0; +claudebot@anthropic.com)"
216.73.216.78 - - [17/Jun/2026:23:48:32 +0700] "GET /?p=7317 HTTP/2" 301 0 "-" "Mozilla/5.0 AppleWebKit/537.36 (KHTML, like Gecko; compatible; ClaudeBot/1.0; +claudebot@anthropic.com)"
216.73.216.78 - - [17/Jun/2026:23:48:32 +0700] "GET /san-pham/in-bat-salon-toc/feed/ HTTP/2" 200 495 "-" "Mozilla/5.0 AppleWebKit/537.36 (KHTML, like Gecko; compatible; ClaudeBot/1.0; +claudebot@anthropic.com)"
216.73.216.78 - - [17/Jun/2026:23:48:33 +0700] "GET /?p=11600 HTTP/2" 301 0 "-" "Mozilla/5.0 AppleWebKit/537.36 (KHTML, like Gecko; compatible; ClaudeBot/1.0; +claudebot@anthropic.com)"
216.73.216.78 - - [17/Jun/2026:23:48:33 +0700] "GET /san-pham/in-pp-poster-kho-lon-tphcm/ HTTP/2" 200 45802 "https://inquangcaothuonghieu.com/?p=7317" "Mozilla/5.0 AppleWebKit/537.36 (KHTML, like Gecko; compatible; ClaudeBot/1.0; +claudebot@anthropic.com)"
216.73.216.78 - - [17/Jun/2026:23:48:34 +0700] "GET /san-pham/in-tem-kim-loai-theo-yeu-cau/ HTTP/2" 200 45789 "https://inquangcaothuonghieu.com/?p=11600" "Mozilla/5.0 AppleWebKit/537.36 (KHTML, like Gecko; compatible; ClaudeBot/1.0; +claudebot@anthropic.com)"
216.73.216.78 - - [17/Jun/2026:23:48:39 +0700] "GET /san-pham/in-pp-muc-dau/feed/ HTTP/2" 200 487 "-" "Mozilla/5.0 AppleWebKit/537.36 (KHTML, like Gecko; compatible; ClaudeBot/1.0; +claudebot@anthropic.com)"
216.73.216.78 - - [17/Jun/2026:23:48:39 +0700] "GET /san-pham/in-bat-showroom/feed/ HTTP/2" 200 488 "-" "Mozilla/5.0 AppleWebKit/537.36 (KHTML, like Gecko; compatible; ClaudeBot/1.0; +claudebot@anthropic.com)"
216.73.216.78 - - [17/Jun/2026:23:48:40 +0700] "GET /san-pham/in-pp-su-kien/feed/ HTTP/2" 200 490 "-" "Mozilla/5.0 AppleWebKit/537.36 (KHTML, like Gecko; compatible; ClaudeBot/1.0; +claudebot@anthropic.com)"
57.141.14.27 - - [17/Jun/2026:23:48:56 +0700] "GET /tu-khoa-san-pham/in-standee-ban-hang-quan-1/ HTTP/2" 200 207051 "-" "meta-externalagent/1.1 (+https://developers.facebook.com/docs/sharing/webmasters/crawler)"
57.141.14.18 - - [17/Jun/2026:23:49:09 +0700] "GET /tu-khoa-san-pham/in-dtf-lay-lien/ HTTP/2" 200 206796 "-" "meta-externalagent/1.1 (+https://developers.facebook.com/docs/sharing/webmasters/crawler)"
216.73.216.78 - - [17/Jun/2026:23:49:11 +0700] "GET /san-pham/in-pp-quan-7/feed/ HTTP/2" 200 482 "-" "Mozilla/5.0 AppleWebKit/537.36 (KHTML, like Gecko; compatible; ClaudeBot/1.0; +claudebot@anthropic.com)"
216.73.216.78 - - [17/Jun/2026:23:49:11 +0700] "GET /san-pham/in-bat-sinh-nhat/feed/ HTTP/2" 200 490 "-" "Mozilla/5.0 AppleWebKit/537.36 (KHTML, like Gecko; compatible; ClaudeBot/1.0; +claudebot@anthropic.com)"
