151.244.68.119 - - [17/Jun/2026:20:10:12 +0700] "GET /wp-content/cache/autoptimize/autoptimize_single_349504a3690b887532f812a8feac3ee6.php?ver=3.0 HTTP/2" 200 91 "https://inquangcaothuonghieu.com/san-pham/in-voucher-so-luong-it/" "Mozilla/5.0 (iPhone; CPU iPhone OS 11_0 like Mac OS X) AppleWebKit/537.36 (KHTML, like Gecko) Chrome/42.0.6667.1737 Mobile Safari/537.36"
66.249.71.129 - - [17/Jun/2026:20:10:11 +0700] "GET /san-pham/xuong-in-op-lung-tphcm/ HTTP/1.1" 200 45955 "-" "Mozilla/5.0 (Linux; Android 6.0.1; Nexus 5X Build/MMB29P) AppleWebKit/537.36 (KHTML, like Gecko) Chrome/148.0.7778.96 Mobile Safari/537.36 (compatible; Googlebot/2.1; +http://www.google.com/bot.html)"
57.141.14.59 - - [17/Jun/2026:20:10:13 +0700] "GET /san-pham/in-uv-bat-gan-toi/ HTTP/2" 200 239461 "-" "meta-externalagent/1.1 (+https://developers.facebook.com/docs/sharing/webmasters/crawler)"
216.73.216.78 - - [17/Jun/2026:20:10:14 +0700] "GET /san-pham/in-pp-ko-keo/feed/ HTTP/2" 200 482 "-" "Mozilla/5.0 AppleWebKit/537.36 (KHTML, like Gecko; compatible; ClaudeBot/1.0; +claudebot@anthropic.com)"
151.244.68.119 - - [17/Jun/2026:20:10:16 +0700] "GET /wp-content/uploads/2022/03/logo-12-100x100.png HTTP/2" 206 500 "https://inquangcaothuonghieu.com/san-pham/in-voucher-so-luong-it/" "Mozilla/5.0 (iPhone; CPU iPhone OS 11_0 like Mac OS X) AppleWebKit/537.36 (KHTML, like Gecko) Chrome/42.0.6667.1737 Mobile Safari/537.36"
151.244.68.119 - - [17/Jun/2026:20:10:16 +0700] "GET /wp-content/uploads/2025/11/avatar-100x100.png HTTP/2" 206 500 "https://inquangcaothuonghieu.com/san-pham/in-voucher-so-luong-it/" "Mozilla/5.0 (iPhone; CPU iPhone OS 11_0 like Mac OS X) AppleWebKit/537.36 (KHTML, like Gecko) Chrome/42.0.6667.1737 Mobile Safari/537.36"
66.249.71.128 - - [17/Jun/2026:20:10:21 +0700] "GET /san-pham/in-backdrop-theo-yeu-cau/ HTTP/1.1" 200 46161 "-" "Mozilla/5.0 (compatible; Googlebot/2.1; +http://www.google.com/bot.html)"
40.77.167.131 - - [17/Jun/2026:20:10:22 +0700] "GET /comment-eviter-les-pieges-courants-sur-haz-casino/ HTTP/2" 200 44551 "-" "Mozilla/5.0 AppleWebKit/537.36 (KHTML, like Gecko; compatible; bingbot/2.0; +http://www.bing.com/bingbot.htm) Chrome/116.0.1938.76 Safari/537.36"
216.73.216.78 - - [17/Jun/2026:20:10:23 +0700] "GET /san-pham/in-pp-lay-lien-tphcm/feed/ HTTP/2" 200 498 "-" "Mozilla/5.0 AppleWebKit/537.36 (KHTML, like Gecko; compatible; ClaudeBot/1.0; +claudebot@anthropic.com)"
83.99.206.218 - - [17/Jun/2026:20:10:24 +0700] "GET /tu-khoa-san-pham/may-in-op-lung/ HTTP/1.1" 200 39817 "-" "Mozilla/5.0 (X11; Linux x86_64) AppleWebKit/537.36 (KHTML, like Gecko; GeedoShopProductFinder) Chrome/142.0.0.0 Safari/537.36"
216.73.216.78 - - [17/Jun/2026:20:10:27 +0700] "GET /san-pham/in-pp-can-mo-2/sms:0906348765 HTTP/2" 404 36872 "-" "Mozilla/5.0 AppleWebKit/537.36 (KHTML, like Gecko; compatible; ClaudeBot/1.0; +claudebot@anthropic.com)"
66.249.74.73 - - [17/Jun/2026:20:10:27 +0700] "GET /san-pham/in-tag-giay-hcm-2/ HTTP/1.1" 200 46164 "-" "Mozilla/5.0 (Linux; Android 6.0.1; Nexus 5X Build/MMB29P) AppleWebKit/537.36 (KHTML, like Gecko) Chrome/148.0.7778.96 Mobile Safari/537.36 (compatible; Googlebot/2.1; +http://www.google.com/bot.html)"
216.73.216.78 - - [17/Jun/2026:20:10:35 +0700] "GET /san-pham/in-bat-sieu-toc/sms:0906348765 HTTP/2" 404 36894 "-" "Mozilla/5.0 AppleWebKit/537.36 (KHTML, like Gecko; compatible; ClaudeBot/1.0; +claudebot@anthropic.com)"
216.73.216.78 - - [17/Jun/2026:20:10:44 +0700] "GET /san-pham/in-pp-gia-re-3/feed/ HTTP/2" 200 487 "-" "Mozilla/5.0 AppleWebKit/537.36 (KHTML, like Gecko; compatible; ClaudeBot/1.0; +claudebot@anthropic.com)"
83.99.206.86 - - [17/Jun/2026:20:10:44 +0700] "GET /san-pham/gia-in-decal-can-bong/ HTTP/1.1" 200 45965 "-" "Mozilla/5.0 (X11; Linux x86_64) AppleWebKit/537.36 (KHTML, like Gecko; GeedoShopProductFinder) Chrome/142.0.0.0 Safari/537.36"
216.73.216.78 - - [17/Jun/2026:20:10:53 +0700] "GET /san-pham/in-pp-menu-quan-an/feed/ HTTP/2" 200 493 "-" "Mozilla/5.0 AppleWebKit/537.36 (KHTML, like Gecko; compatible; ClaudeBot/1.0; +claudebot@anthropic.com)"
216.73.216.78 - - [17/Jun/2026:20:11:02 +0700] "GET /san-pham/in-bat-mung-tho/feed/ HTTP/2" 200 496 "-" "Mozilla/5.0 AppleWebKit/537.36 (KHTML, like Gecko; compatible; ClaudeBot/1.0; +claudebot@anthropic.com)"
216.73.216.78 - - [17/Jun/2026:20:11:11 +0700] "GET /san-pham/in-pp-dan-tuong-2/feed/ HTTP/2" 200 493 "-" "Mozilla/5.0 AppleWebKit/537.36 (KHTML, like Gecko; compatible; ClaudeBot/1.0; +claudebot@anthropic.com)"
57.141.14.19 - - [17/Jun/2026:20:11:18 +0700] "GET /tu-khoa-san-pham/in-phong-bat-hop-lop/ HTTP/2" 200 206945 "-" "meta-externalagent/1.1 (+https://developers.facebook.com/docs/sharing/webmasters/crawler)"
185.191.171.9 - - [17/Jun/2026:20:11:39 +0700] "GET /san-pham/dich-vu-in-khan-bandana/ HTTP/1.1" 200 53590 "-" "Mozilla/5.0 (compatible; SemrushBot/7~bl; +http://www.semrush.com/bot.html)"
57.141.14.7 - - [17/Jun/2026:20:11:48 +0700] "GET /san-pham/in-formex-tan-phu/ HTTP/2" 200 238333 "-" "meta-externalagent/1.1 (+https://developers.facebook.com/docs/sharing/webmasters/crawler)"
216.73.216.78 - - [17/Jun/2026:20:11:58 +0700] "GET /san-pham/in-pp-ko-keo/sms:0906348765 HTTP/2" 404 36887 "-" "Mozilla/5.0 AppleWebKit/537.36 (KHTML, like Gecko; compatible; ClaudeBot/1.0; +claudebot@anthropic.com)"
216.73.216.78 - - [17/Jun/2026:20:12:07 +0700] "GET /san-pham/in-bat-nhanh-tphcm/feed/ HTTP/2" 200 493 "-" "Mozilla/5.0 AppleWebKit/537.36 (KHTML, like Gecko; compatible; ClaudeBot/1.0; +claudebot@anthropic.com)"
216.73.216.78 - - [17/Jun/2026:20:12:15 +0700] "GET /san-pham/in-pp-lay-lien-tphcm/sms:0906348765 HTTP/2" 404 36892 "-" "Mozilla/5.0 AppleWebKit/537.36 (KHTML, like Gecko; compatible; ClaudeBot/1.0; +claudebot@anthropic.com)"
57.141.14.54 - - [17/Jun/2026:20:12:19 +0700] "GET /san-pham/in-uv-len-nhua/ HTTP/2" 200 237845 "-" "meta-externalagent/1.1 (+https://developers.facebook.com/docs/sharing/webmasters/crawler)"
216.73.216.78 - - [17/Jun/2026:20:12:24 +0700] "GET /san-pham/in-pp-dan-van-phong/sms:0906348765 HTTP/2" 404 36888 "-" "Mozilla/5.0 AppleWebKit/537.36 (KHTML, like Gecko; compatible; ClaudeBot/1.0; +claudebot@anthropic.com)"
66.249.74.73 - - [17/Jun/2026:20:12:24 +0700] "GET /san-pham/in-tem-kim-loai-logo/ HTTP/1.1" 200 45874 "-" "Mozilla/5.0 (Linux; Android 6.0.1; Nexus 5X Build/MMB29P) AppleWebKit/537.36 (KHTML, like Gecko) Chrome/148.0.7778.96 Mobile Safari/537.36 (compatible; Googlebot/2.1; +http://www.google.com/bot.html)"
66.249.74.75 - - [17/Jun/2026:20:12:27 +0700] "GET /san-pham/in-tem-thuong-hieu/ HTTP/1.1" 200 46028 "-" "Mozilla/5.0 (Linux; Android 6.0.1; Nexus 5X Build/MMB29P) AppleWebKit/537.36 (KHTML, like Gecko) Chrome/148.0.7778.96 Mobile Safari/537.36 (compatible; Googlebot/2.1; +http://www.google.com/bot.html)"
216.73.216.78 - - [17/Jun/2026:20:12:33 +0700] "GET /san-pham/in-bang-ron-tphcm-2/feed/ HTTP/2" 200 494 "-" "Mozilla/5.0 AppleWebKit/537.36 (KHTML, like Gecko; compatible; ClaudeBot/1.0; +claudebot@anthropic.com)"
57.141.14.73 - - [17/Jun/2026:20:12:34 +0700] "GET /tu-khoa-san-pham/in-tem-dan-tra-sua/ HTTP/2" 200 199667 "-" "meta-externalagent/1.1 (+https://developers.facebook.com/docs/sharing/webmasters/crawler)"
57.141.14.106 - - [17/Jun/2026:20:12:37 +0700] "GET /san-pham/xuong-in-bang-ron/ HTTP/2" 200 239762 "-" "meta-externalagent/1.1 (+https://developers.facebook.com/docs/sharing/webmasters/crawler)"
216.73.216.78 - - [17/Jun/2026:20:12:38 +0700] "GET /san-pham/in-bat-my-pham/sms:0906348765 HTTP/2" 404 36827 "-" "Mozilla/5.0 AppleWebKit/537.36 (KHTML, like Gecko; compatible; ClaudeBot/1.0; +claudebot@anthropic.com)"
83.99.206.81 - - [17/Jun/2026:20:12:43 +0700] "GET /san-pham/gia-in-hashtag-cam-tay-5/ HTTP/1.1" 200 45890 "-" "Mozilla/5.0 (X11; Linux x86_64) AppleWebKit/537.36 (KHTML, like Gecko; GeedoShopProductFinder) Chrome/142.0.0.0 Safari/537.36"
216.73.216.78 - - [17/Jun/2026:20:12:46 +0700] "GET /san-pham/in-bat-quan-cafe/sms:0906348765 HTTP/2" 404 36883 "-" "Mozilla/5.0 AppleWebKit/537.36 (KHTML, like Gecko; compatible; ClaudeBot/1.0; +claudebot@anthropic.com)"
57.141.14.74 - - [17/Jun/2026:20:12:47 +0700] "GET /tu-khoa-san-pham/in-bat-dam-cuoi/ HTTP/2" 200 206803 "-" "meta-externalagent/1.1 (+https://developers.facebook.com/docs/sharing/webmasters/crawler)"
216.73.216.78 - - [17/Jun/2026:20:12:54 +0700] "GET /san-pham/in-bang-ron-quan-3/feed/ HTTP/2" 200 496 "-" "Mozilla/5.0 AppleWebKit/537.36 (KHTML, like Gecko; compatible; ClaudeBot/1.0; +claudebot@anthropic.com)"
83.99.206.5 - - [17/Jun/2026:20:13:03 +0700] "GET /san-pham/in-decal-sieu-trong-suot/ HTTP/1.1" 200 45929 "-" "Mozilla/5.0 (X11; Linux x86_64) AppleWebKit/537.36 (KHTML, like Gecko; GeedoShopProductFinder) Chrome/142.0.0.0 Safari/537.36"
216.73.216.78 - - [17/Jun/2026:20:13:03 +0700] "GET /san-pham/in-bat-sieu-thi/sms:0906348765 HTTP/2" 404 36854 "-" "Mozilla/5.0 AppleWebKit/537.36 (KHTML, like Gecko; compatible; ClaudeBot/1.0; +claudebot@anthropic.com)"
57.141.14.76 - - [17/Jun/2026:20:13:10 +0700] "GET /san-pham/in-uv-decal-trong-chu-trang/ HTTP/2" 200 239722 "-" "meta-externalagent/1.1 (+https://developers.facebook.com/docs/sharing/webmasters/crawler)"
216.73.216.78 - - [17/Jun/2026:20:13:12 +0700] "GET /san-pham/in-pp-standee-2/whatsapp:/send?text=in+pp+standee+-+https%3A%2Finquangcaothuonghieu.com%2Fsan-pham%2Fin-pp-standee-2%2F HTTP/2" 404 38555 "-" "Mozilla/5.0 AppleWebKit/537.36 (KHTML, like Gecko; compatible; ClaudeBot/1.0; +claudebot@anthropic.com)"
216.73.216.78 - - [17/Jun/2026:20:13:18 +0700] "GET /san-pham/in-bat-quang-cao-thu-duc/feed/ HTTP/2" 200 510 "-" "Mozilla/5.0 AppleWebKit/537.36 (KHTML, like Gecko; compatible; ClaudeBot/1.0; +claudebot@anthropic.com)"
57.141.14.79 - - [17/Jun/2026:20:13:20 +0700] "GET /san-pham/in-tem-decal-trong-suot/ HTTP/2" 200 239007 "-" "meta-externalagent/1.1 (+https://developers.facebook.com/docs/sharing/webmasters/crawler)"
83.99.206.81 - - [17/Jun/2026:20:13:22 +0700] "GET /san-pham/in-pp-boi-format-2/ HTTP/1.1" 200 45996 "-" "Mozilla/5.0 (X11; Linux x86_64) AppleWebKit/537.36 (KHTML, like Gecko; GeedoShopProductFinder) Chrome/142.0.0.0 Safari/537.36"
216.73.216.78 - - [17/Jun/2026:20:13:24 +0700] "GET /san-pham/in-pp-gia-re-3/sms:0906348765 HTTP/2" 404 36907 "-" "Mozilla/5.0 AppleWebKit/537.36 (KHTML, like Gecko; compatible; ClaudeBot/1.0; +claudebot@anthropic.com)"
57.141.14.66 - - [17/Jun/2026:20:13:31 +0700] "GET /tu-khoa-san-pham/in-uv-dtf-ben-mau/ HTTP/2" 200 206780 "-" "meta-externalagent/1.1 (+https://developers.facebook.com/docs/sharing/webmasters/crawler)"
216.73.216.78 - - [17/Jun/2026:20:13:32 +0700] "GET /san-pham/in-bang-ron-tphcm-2/sms:0906348765 HTTP/2" 404 36861 "-" "Mozilla/5.0 AppleWebKit/537.36 (KHTML, like Gecko; compatible; ClaudeBot/1.0; +claudebot@anthropic.com)"
114.119.137.237 - - [17/Jun/2026:20:13:34 +0700] "GET /san-pham/in-decal-noi-3d/ HTTP/1.1" 200 46050 "https://inquangcaothuonghieu.com/san-pham/in-decal-noi-3d/" "Mozilla/5.0 (Linux; Android 7.0;) AppleWebKit/537.36 (HTML, like Gecko) Mobile Safari/537.36 (compatible; PetalBot;+https://webmaster.petalsearch.com/site/petalbot)"
57.141.14.26 - - [17/Jun/2026:20:13:38 +0700] "GET /tu-khoa-san-pham/in-decal-de-den-dan-len-nhua-hoac-kim-loai/ HTTP/2" 200 207559 "-" "meta-externalagent/1.1 (+https://developers.facebook.com/docs/sharing/webmasters/crawler)"
216.73.216.78 - - [17/Jun/2026:20:13:40 +0700] "GET /san-pham/dich-vu-in-brochure-quan-3/feed/ HTTP/2" 200 508 "-" "Mozilla/5.0 AppleWebKit/537.36 (KHTML, like Gecko; compatible; ClaudeBot/1.0; +claudebot@anthropic.com)"
83.99.206.81 - - [17/Jun/2026:20:13:43 +0700] "GET /san-pham/in-quang-cao-gan-toi/ HTTP/1.1" 200 46186 "-" "Mozilla/5.0 (X11; Linux x86_64) AppleWebKit/537.36 (KHTML, like Gecko; GeedoShopProductFinder) Chrome/142.0.0.0 Safari/537.36"
216.73.216.78 - - [17/Jun/2026:20:13:49 +0700] "GET /san-pham/in-bat-quang-cao-4/feed/ HTTP/2" 200 496 "-" "Mozilla/5.0 AppleWebKit/537.36 (KHTML, like Gecko; compatible; ClaudeBot/1.0; +claudebot@anthropic.com)"
216.73.216.78 - - [17/Jun/2026:20:13:58 +0700] "GET /san-pham/in-bat-san-khau/sms:0906348765 HTTP/2" 404 36872 "-" "Mozilla/5.0 AppleWebKit/537.36 (KHTML, like Gecko; compatible; ClaudeBot/1.0; +claudebot@anthropic.com)"
83.99.206.81 - - [17/Jun/2026:20:14:02 +0700] "GET /san-pham/gia-in-format/ HTTP/1.1" 200 45861 "-" "Mozilla/5.0 (X11; Linux x86_64) AppleWebKit/537.36 (KHTML, like Gecko; GeedoShopProductFinder) Chrome/142.0.0.0 Safari/537.36"
216.73.216.78 - - [17/Jun/2026:20:14:06 +0700] "GET /san-pham/in-bat-quang-cao-lay-lien/feed/ HTTP/2" 200 509 "-" "Mozilla/5.0 AppleWebKit/537.36 (KHTML, like Gecko; compatible; ClaudeBot/1.0; +claudebot@anthropic.com)"
57.141.14.66 - - [17/Jun/2026:20:14:08 +0700] "GET /san-pham/gia-cong-go-theo-yeu-cau/ HTTP/2" 200 239065 "-" "meta-externalagent/1.1 (+https://developers.facebook.com/docs/sharing/webmasters/crawler)"
57.141.14.24 - - [17/Jun/2026:20:14:10 +0700] "GET /san-pham/in-pp-tphcm/ HTTP/2" 200 237530 "-" "meta-externalagent/1.1 (+https://developers.facebook.com/docs/sharing/webmasters/crawler)"
66.249.74.73 - - [17/Jun/2026:20:14:14 +0700] "GET /san-pham/in-nhua-pvc-so-luong-lon/ HTTP/1.1" 200 46017 "-" "Mozilla/5.0 (Linux; Android 6.0.1; Nexus 5X Build/MMB29P) AppleWebKit/537.36 (KHTML, like Gecko) Chrome/148.0.7778.96 Mobile Safari/537.36 (compatible; Googlebot/2.1; +http://www.google.com/bot.html)"
216.73.216.78 - - [17/Jun/2026:20:14:15 +0700] "GET /san-pham/in-bang-ron-binh-thanh/sms:0906348765 HTTP/2" 404 36856 "-" "Mozilla/5.0 AppleWebKit/537.36 (KHTML, like Gecko; compatible; ClaudeBot/1.0; +claudebot@anthropic.com)"
216.73.216.78 - - [17/Jun/2026:20:14:23 +0700] "GET /san-pham/in-pp-ngoai-troi-2/sms:0906348765 HTTP/2" 404 36876 "-" "Mozilla/5.0 AppleWebKit/537.36 (KHTML, like Gecko; compatible; ClaudeBot/1.0; +claudebot@anthropic.com)"
83.99.206.81 - - [17/Jun/2026:20:14:23 +0700] "GET /san-pham/in-tem-decal-so-luong-it/ HTTP/1.1" 200 45985 "-" "Mozilla/5.0 (X11; Linux x86_64) AppleWebKit/537.36 (KHTML, like Gecko; GeedoShopProductFinder) Chrome/142.0.0.0 Safari/537.36"
216.73.216.78 - - [17/Jun/2026:20:14:31 +0700] "GET /san-pham/in-banner-bat-hiflex/sms:0906348765 HTTP/2" 404 36826 "-" "Mozilla/5.0 AppleWebKit/537.36 (KHTML, like Gecko; compatible; ClaudeBot/1.0; +claudebot@anthropic.com)"
216.73.216.78 - - [17/Jun/2026:20:14:42 +0700] "GET /san-pham/in-pp-so-luong-it-gia-re/feed/ HTTP/2" 200 510 "-" "Mozilla/5.0 AppleWebKit/537.36 (KHTML, like Gecko; compatible; ClaudeBot/1.0; +claudebot@anthropic.com)"
57.141.14.26 - - [17/Jun/2026:20:14:44 +0700] "GET /san-pham/in-pp-va-in-decal-2/ HTTP/2" 200 237838 "-" "meta-externalagent/1.1 (+https://developers.facebook.com/docs/sharing/webmasters/crawler)"
216.73.216.78 - - [17/Jun/2026:20:14:50 +0700] "GET /san-pham/in-bat-spa/whatsapp:/send?text=in+b%E1%BA%A1t+spa+-+https%3A%2Finquangcaothuonghieu.com%2Fsan-pham%2Fin-bat-spa%2F HTTP/2" 404 38514 "-" "Mozilla/5.0 AppleWebKit/537.36 (KHTML, like Gecko; compatible; ClaudeBot/1.0; +claudebot@anthropic.com)"
57.141.14.99 - - [17/Jun/2026:20:14:56 +0700] "GET /san-pham/in-decal-dan-van-phong/ HTTP/2" 200 240060 "-" "meta-externalagent/1.1 (+https://developers.facebook.com/docs/sharing/webmasters/crawler)"
216.73.216.78 - - [17/Jun/2026:20:14:59 +0700] "GET /san-pham/in-bang-hieu-shop/sms:0906348765 HTTP/2" 404 36884 "-" "Mozilla/5.0 AppleWebKit/537.36 (KHTML, like Gecko; compatible; ClaudeBot/1.0; +claudebot@anthropic.com)"
216.73.216.78 - - [17/Jun/2026:20:15:07 +0700] "GET /san-pham/in-bang-ron-quan-7/sms:0906348765 HTTP/2" 404 36831 "-" "Mozilla/5.0 AppleWebKit/537.36 (KHTML, like Gecko; compatible; ClaudeBot/1.0; +claudebot@anthropic.com)"
216.73.216.78 - - [17/Jun/2026:20:15:16 +0700] "GET /san-pham/in-bang-ron-quan-3/sms:0906348765 HTTP/2" 404 36893 "-" "Mozilla/5.0 AppleWebKit/537.36 (KHTML, like Gecko; compatible; ClaudeBot/1.0; +claudebot@anthropic.com)"
216.73.216.78 - - [17/Jun/2026:20:15:21 +0700] "GET /san-pham/in-vali-uv-khong-bong-troc/feed/ HTTP/2" 200 507 "-" "Mozilla/5.0 AppleWebKit/537.36 (KHTML, like Gecko; compatible; ClaudeBot/1.0; +claudebot@anthropic.com)"
66.249.71.137 - - [17/Jun/2026:20:15:21 +0700] "GET /san-pham/in-de-can-nhua/ HTTP/1.1" 200 45962 "-" "Mozilla/5.0 (compatible; Googlebot/2.1; +http://www.google.com/bot.html)"
52.167.144.177 - - [17/Jun/2026:20:15:24 +0700] "GET /san-pham/in-catalogue-nhanh/ HTTP/2" 200 45978 "-" "Mozilla/5.0 AppleWebKit/537.36 (KHTML, like Gecko; compatible; bingbot/2.0; +http://www.bing.com/bingbot.htm) Chrome/116.0.1938.76 Safari/537.36"
57.141.14.37 - - [17/Jun/2026:20:15:26 +0700] "GET /tu-khoa-san-pham/bao-gia-thiet-ke-catalogue/ HTTP/2" 200 207110 "-" "meta-externalagent/1.1 (+https://developers.facebook.com/docs/sharing/webmasters/crawler)"
216.73.216.78 - - [17/Jun/2026:20:15:28 +0700] "GET /san-pham/in-bat-quang-cao-4/sms:0906348765 HTTP/2" 404 36871 "-" "Mozilla/5.0 AppleWebKit/537.36 (KHTML, like Gecko; compatible; ClaudeBot/1.0; +claudebot@anthropic.com)"
57.141.14.22 - - [17/Jun/2026:20:15:31 +0700] "GET /tu-khoa-san-pham/in-standee-cap-toc/ HTTP/2" 200 206847 "-" "meta-externalagent/1.1 (+https://developers.facebook.com/docs/sharing/webmasters/crawler)"
216.73.216.78 - - [17/Jun/2026:20:15:36 +0700] "GET /san-pham/dich-vu-in-brochure-quan-3/sms:0906348765 HTTP/2" 404 36910 "-" "Mozilla/5.0 AppleWebKit/537.36 (KHTML, like Gecko; compatible; ClaudeBot/1.0; +claudebot@anthropic.com)"
40.77.167.12 - - [17/Jun/2026:20:15:37 +0700] "GET /san-pham/bien-quang-cao/feed/ HTTP/2" 200 490 "-" "Mozilla/5.0 AppleWebKit/537.36 (KHTML, like Gecko; compatible; bingbot/2.0; +http://www.bing.com/bingbot.htm) Chrome/116.0.1938.76 Safari/537.36"
216.73.216.78 - - [17/Jun/2026:20:15:45 +0700] "GET /san-pham/in-banner-decal/whatsapp:/send?text=in+banner+decal+-+https%3A%2Finquangcaothuonghieu.com%2Fsan-pham%2Fin-banner-decal%2F HTTP/2" 404 38536 "-" "Mozilla/5.0 AppleWebKit/537.36 (KHTML, like Gecko; compatible; ClaudeBot/1.0; +claudebot@anthropic.com)"
216.73.216.78 - - [17/Jun/2026:20:15:53 +0700] "GET /robots.txt HTTP/2" 200 208 "-" "Mozilla/5.0 AppleWebKit/537.36 (KHTML, like Gecko; compatible; ClaudeBot/1.0; +claudebot@anthropic.com)"
216.73.216.78 - - [17/Jun/2026:20:15:54 +0700] "GET /san-pham/in-bat-quang-cao-lay-lien/sms:0906348765 HTTP/2" 404 36890 "-" "Mozilla/5.0 AppleWebKit/537.36 (KHTML, like Gecko; compatible; ClaudeBot/1.0; +claudebot@anthropic.com)"
216.73.216.78 - - [17/Jun/2026:20:16:03 +0700] "GET /san-pham/in-bat-su-kien-ngoai-troi/feed/ HTTP/2" 200 514 "-" "Mozilla/5.0 AppleWebKit/537.36 (KHTML, like Gecko; compatible; ClaudeBot/1.0; +claudebot@anthropic.com)"
216.73.216.78 - - [17/Jun/2026:20:16:07 +0700] "GET /san-pham/in-bat-quang-cao-tphcm/sms:0906348765 HTTP/2" 404 36892 "-" "Mozilla/5.0 AppleWebKit/537.36 (KHTML, like Gecko; compatible; ClaudeBot/1.0; +claudebot@anthropic.com)"
216.73.216.78 - - [17/Jun/2026:20:16:15 +0700] "GET /san-pham/in-bat-quang-cao-thu-duc/sms:0906348765 HTTP/2" 404 36854 "-" "Mozilla/5.0 AppleWebKit/537.36 (KHTML, like Gecko; compatible; ClaudeBot/1.0; +claudebot@anthropic.com)"
57.141.14.106 - - [17/Jun/2026:20:16:20 +0700] "GET /tu-khoa-san-pham/in-bat-3m/ HTTP/2" 200 208303 "-" "meta-externalagent/1.1 (+https://developers.facebook.com/docs/sharing/webmasters/crawler)"
83.99.206.81 - - [17/Jun/2026:20:16:22 +0700] "GET /san-pham/in-banner-quang-cao-2/ HTTP/1.1" 200 45973 "-" "Mozilla/5.0 (X11; Linux x86_64) AppleWebKit/537.36 (KHTML, like Gecko; GeedoShopProductFinder) Chrome/142.0.0.0 Safari/537.36"
216.73.216.78 - - [17/Jun/2026:20:16:24 +0700] "GET /san-pham/in-pp-la-gi-2/whatsapp:/send?text=In+PP+l%C3%A0+g%C3%AC+-+https%3A%2Finquangcaothuonghieu.com%2Fsan-pham%2Fin-pp-la-gi-2%2F HTTP/2" 404 38558 "-" "Mozilla/5.0 AppleWebKit/537.36 (KHTML, like Gecko; compatible; ClaudeBot/1.0; +claudebot@anthropic.com)"
216.73.216.78 - - [17/Jun/2026:20:16:33 +0700] "GET /san-pham/in-bat-quang-cao-tan-phu/feed/ HTTP/2" 200 503 "-" "Mozilla/5.0 AppleWebKit/537.36 (KHTML, like Gecko; compatible; ClaudeBot/1.0; +claudebot@anthropic.com)"
83.99.206.81 - - [17/Jun/2026:20:16:41 +0700] "GET /san-pham/in-backdrop-go-vap/ HTTP/1.1" 200 45766 "-" "Mozilla/5.0 (X11; Linux x86_64) AppleWebKit/537.36 (KHTML, like Gecko; GeedoShopProductFinder) Chrome/142.0.0.0 Safari/537.36"
216.73.216.78 - - [17/Jun/2026:20:16:41 +0700] "GET /san-pham/gia-in-to-roi-a5/sms:0906348765 HTTP/2" 404 36864 "-" "Mozilla/5.0 AppleWebKit/537.36 (KHTML, like Gecko; compatible; ClaudeBot/1.0; +claudebot@anthropic.com)"
216.73.216.78 - - [17/Jun/2026:20:16:46 +0700] "GET /san-pham/in-pp-gia-re-theo-so-luong/sms:0906348765 HTTP/2" 404 36886 "-" "Mozilla/5.0 AppleWebKit/537.36 (KHTML, like Gecko; compatible; ClaudeBot/1.0; +claudebot@anthropic.com)"
216.73.216.78 - - [17/Jun/2026:20:16:54 +0700] "GET /san-pham/in-standee-khai-truong-cao-cap/sms:0906348765 HTTP/2" 404 36874 "-" "Mozilla/5.0 AppleWebKit/537.36 (KHTML, like Gecko; compatible; ClaudeBot/1.0; +claudebot@anthropic.com)"
83.99.206.81 - - [17/Jun/2026:20:17:01 +0700] "GET /tu-khoa-san-pham/in-uv-dtf-quan-7/ HTTP/1.1" 200 39780 "-" "Mozilla/5.0 (X11; Linux x86_64) AppleWebKit/537.36 (KHTML, like Gecko; GeedoShopProductFinder) Chrome/142.0.0.0 Safari/537.36"
216.73.216.78 - - [17/Jun/2026:20:17:03 +0700] "GET /san-pham/in-bat-quang-cao-gan-day-2/feed/ HTTP/2" 200 510 "-" "Mozilla/5.0 AppleWebKit/537.36 (KHTML, like Gecko; compatible; ClaudeBot/1.0; +claudebot@anthropic.com)"
112.197.73.197 - - [17/Jun/2026:20:17:04 +0700] "GET /wp-content/plugins/woocommerce/assets/js/js-cookie/js.cookie.min.js?ver=2.1.4-wc.10.7.0 HTTP/2" 200 760 "https://inquangcaothuonghieu.com/" "Mozilla/5.0 (iPhone; CPU iPhone OS 16_0 like Mac OS X) AppleWebKit/605.1.15 (KHTML, like Gecko) Version/16.0 Mobile/15E148 Safari/604.1"
112.197.73.197 - - [17/Jun/2026:20:17:04 +0700] "GET /wp-content/plugins/link-whisper-premium/js/frontend.min.js?ver=1776320993 HTTP/2" 200 1483 "https://inquangcaothuonghieu.com/" "Mozilla/5.0 (iPhone; CPU iPhone OS 16_0 like Mac OS X) AppleWebKit/605.1.15 (KHTML, like Gecko) Version/16.0 Mobile/15E148 Safari/604.1"
112.197.73.197 - - [17/Jun/2026:20:17:04 +0700] "GET /wp-content/cache/autoptimize/autoptimize_single_4802d738779367a3330060b8a79bb66f.php?ver=3.15.6 HTTP/2" 200 5579 "https://inquangcaothuonghieu.com/" "Mozilla/5.0 (iPhone; CPU iPhone OS 16_0 like Mac OS X) AppleWebKit/605.1.15 (KHTML, like Gecko) Version/16.0 Mobile/15E148 Safari/604.1"
112.197.73.197 - - [17/Jun/2026:20:17:04 +0700] "GET /wp-content/cache/autoptimize/autoptimize_single_ed118ba32d919597ca2f2e4525bb9461.php?ver=3.15.6 HTTP/2" 200 32094 "https://inquangcaothuonghieu.com/" "Mozilla/5.0 (iPhone; CPU iPhone OS 16_0 like Mac OS X) AppleWebKit/605.1.15 (KHTML, like Gecko) Version/16.0 Mobile/15E148 Safari/604.1"
112.197.73.197 - - [17/Jun/2026:20:17:05 +0700] "GET /wp-content/uploads/2025/11/bao-hanh-uv_-768x249.png HTTP/2" 200 46925 "https://inquangcaothuonghieu.com/" "Mozilla/5.0 (iPhone; CPU iPhone OS 16_0 like Mac OS X) AppleWebKit/605.1.15 (KHTML, like Gecko) Version/16.0 Mobile/15E148 Safari/604.1"
112.197.73.197 - - [17/Jun/2026:20:17:05 +0700] "GET /wp-content/uploads/2025/11/in-uv-ten-vai.jpg?v=1762541412 HTTP/2" 200 32328 "https://inquangcaothuonghieu.com/" "Mozilla/5.0 (iPhone; CPU iPhone OS 16_0 like Mac OS X) AppleWebKit/605.1.15 (KHTML, like Gecko) Version/16.0 Mobile/15E148 Safari/604.1"
112.197.73.197 - - [17/Jun/2026:20:17:05 +0700] "GET /wp-content/uploads/2025/11/Untitled-1.jpg?v=1762541413 HTTP/2" 200 32908 "https://inquangcaothuonghieu.com/" "Mozilla/5.0 (iPhone; CPU iPhone OS 16_0 like Mac OS X) AppleWebKit/605.1.15 (KHTML, like Gecko) Version/16.0 Mobile/15E148 Safari/604.1"
112.197.73.197 - - [17/Jun/2026:20:17:05 +0700] "GET /wp-content/uploads/2025/11/decal-in-uv.jpg?v=1762541397 HTTP/2" 200 25955 "https://inquangcaothuonghieu.com/" "Mozilla/5.0 (iPhone; CPU iPhone OS 16_0 like Mac OS X) AppleWebKit/605.1.15 (KHTML, like Gecko) Version/16.0 Mobile/15E148 Safari/604.1"
112.197.73.197 - - [17/Jun/2026:20:17:05 +0700] "GET /wp-content/uploads/2022/03/walls-kem.jpg?v=1762541419 HTTP/2" 200 15263 "https://inquangcaothuonghieu.com/" "Mozilla/5.0 (iPhone; CPU iPhone OS 16_0 like Mac OS X) AppleWebKit/605.1.15 (KHTML, like Gecko) Version/16.0 Mobile/15E148 Safari/604.1"
112.197.73.197 - - [17/Jun/2026:20:17:05 +0700] "GET /wp-content/uploads/2025/11/gianh-sinh1.jpg?v=1762541409 HTTP/2" 200 28371 "https://inquangcaothuonghieu.com/" "Mozilla/5.0 (iPhone; CPU iPhone OS 16_0 like Mac OS X) AppleWebKit/605.1.15 (KHTML, like Gecko) Version/16.0 Mobile/15E148 Safari/604.1"
112.197.73.197 - - [17/Jun/2026:20:17:05 +0700] "GET /wp-content/uploads/2025/11/can-fomax.jpg?v=1762541688 HTTP/2" 200 35317 "https://inquangcaothuonghieu.com/" "Mozilla/5.0 (iPhone; CPU iPhone OS 16_0 like Mac OS X) AppleWebKit/605.1.15 (KHTML, like Gecko) Version/16.0 Mobile/15E148 Safari/604.1"
112.197.73.197 - - [17/Jun/2026:20:17:05 +0700] "GET /wp-content/uploads/2025/11/1-3.jpg?v=1762541670 HTTP/2" 200 29129 "https://inquangcaothuonghieu.com/" "Mozilla/5.0 (iPhone; CPU iPhone OS 16_0 like Mac OS X) AppleWebKit/605.1.15 (KHTML, like Gecko) Version/16.0 Mobile/15E148 Safari/604.1"
112.197.73.197 - - [17/Jun/2026:20:17:05 +0700] "GET /wp-content/uploads/2022/03/The_gioi_in_an_20190809172707477dm_catalogue_v2.png HTTP/2" 200 84183 "https://inquangcaothuonghieu.com/" "Mozilla/5.0 (iPhone; CPU iPhone OS 16_0 like Mac OS X) AppleWebKit/605.1.15 (KHTML, like Gecko) Version/16.0 Mobile/15E148 Safari/604.1"
112.197.73.197 - - [17/Jun/2026:20:17:05 +0700] "GET /wp-includes/js/wp-emoji-release.min.js?ver=7.0 HTTP/2" 200 4949 "https://inquangcaothuonghieu.com/" "Mozilla/5.0 (iPhone; CPU iPhone OS 16_0 like Mac OS X) AppleWebKit/605.1.15 (KHTML, like Gecko) Version/16.0 Mobile/15E148 Safari/604.1"
112.197.73.197 - - [17/Jun/2026:20:17:05 +0700] "GET /wp-content/themes/flatsome/assets/css/icons/fl-icons.woff2?v=3.15.6 HTTP/2" 200 6752 "https://inquangcaothuonghieu.com/" "Mozilla/5.0 (iPhone; CPU iPhone OS 16_0 like Mac OS X) AppleWebKit/605.1.15 (KHTML, like Gecko) Version/16.0 Mobile/15E148 Safari/604.1"
112.197.73.197 - - [17/Jun/2026:20:17:05 +0700] "GET /wp-content/uploads/2022/03/The_gioi_in_an_20200429095112160icon-1.png HTTP/2" 200 63228 "https://inquangcaothuonghieu.com/" "Mozilla/5.0 (iPhone; CPU iPhone OS 16_0 like Mac OS X) AppleWebKit/605.1.15 (KHTML, like Gecko) Version/16.0 Mobile/15E148 Safari/604.1"
112.197.73.197 - - [17/Jun/2026:20:17:05 +0700] "GET /wp-content/uploads/2022/03/The_gioi_in_an_20190809172206473dm_danhthiep_v2.png HTTP/2" 200 32571 "https://inquangcaothuonghieu.com/" "Mozilla/5.0 (iPhone; CPU iPhone OS 16_0 like Mac OS X) AppleWebKit/605.1.15 (KHTML, like Gecko) Version/16.0 Mobile/15E148 Safari/604.1"
112.197.73.197 - - [17/Jun/2026:20:17:05 +0700] "GET /wp-content/uploads/2025/11/ghep-768x432.jpg?v=1762677779 HTTP/2" 200 67496 "https://inquangcaothuonghieu.com/" "Mozilla/5.0 (iPhone; CPU iPhone OS 16_0 like Mac OS X) AppleWebKit/605.1.15 (KHTML, like Gecko) Version/16.0 Mobile/15E148 Safari/604.1"
112.197.73.197 - - [17/Jun/2026:20:17:05 +0700] "GET /wp-content/uploads/2025/11/ghep-30-768x538.jpg?v=1762678647 HTTP/2" 200 73216 "https://inquangcaothuonghieu.com/" "Mozilla/5.0 (iPhone; CPU iPhone OS 16_0 like Mac OS X) AppleWebKit/605.1.15 (KHTML, like Gecko) Version/16.0 Mobile/15E148 Safari/604.1"
112.197.73.197 - - [17/Jun/2026:20:17:05 +0700] "GET /wp-content/uploads/2025/11/ghep-29-768x575.jpg?v=1762682359 HTTP/2" 200 86355 "https://inquangcaothuonghieu.com/" "Mozilla/5.0 (iPhone; CPU iPhone OS 16_0 like Mac OS X) AppleWebKit/605.1.15 (KHTML, like Gecko) Version/16.0 Mobile/15E148 Safari/604.1"
112.197.73.197 - - [17/Jun/2026:20:17:05 +0700] "GET /wp-content/uploads/2025/11/icon-register.png HTTP/2" 200 16651 "https://inquangcaothuonghieu.com/" "Mozilla/5.0 (iPhone; CPU iPhone OS 16_0 like Mac OS X) AppleWebKit/605.1.15 (KHTML, like Gecko) Version/16.0 Mobile/15E148 Safari/604.1"
112.197.73.197 - - [17/Jun/2026:20:17:05 +0700] "GET /wp-content/uploads/2025/11/icon-zalo.png HTTP/2" 200 3895 "https://inquangcaothuonghieu.com/" "Mozilla/5.0 (iPhone; CPU iPhone OS 16_0 like Mac OS X) AppleWebKit/605.1.15 (KHTML, like Gecko) Version/16.0 Mobile/15E148 Safari/604.1"
112.197.73.197 - - [17/Jun/2026:20:17:05 +0700] "GET /wp-content/uploads/2025/11/icon-phone.png HTTP/2" 200 2250 "https://inquangcaothuonghieu.com/" "Mozilla/5.0 (iPhone; CPU iPhone OS 16_0 like Mac OS X) AppleWebKit/605.1.15 (KHTML, like Gecko) Version/16.0 Mobile/15E148 Safari/604.1"
112.197.73.197 - - [17/Jun/2026:20:17:06 +0700] "GET /wp-content/uploads/2025/11/logo-1-100x100.png HTTP/2" 304 0 "https://inquangcaothuonghieu.com/" "Mozilla/5.0 (iPhone; CPU iPhone OS 16_0 like Mac OS X) AppleWebKit/605.1.15 (KHTML, like Gecko) Version/16.0 Mobile/15E148 Safari/604.1"
112.197.73.197 - - [17/Jun/2026:20:17:06 +0700] "GET /wp-content/uploads/2025/11/logo-1-300x300.png HTTP/2" 304 0 "https://inquangcaothuonghieu.com/" "Mozilla/5.0 (iPhone; CPU iPhone OS 16_0 like Mac OS X) AppleWebKit/605.1.15 (KHTML, like Gecko) Version/16.0 Mobile/15E148 Safari/604.1"
173.252.82.16 - - [17/Jun/2026:20:17:08 +0700] "GET /images/san%20pham%20moi/thanh%20cuon/4.jpg HTTP/2" 404 98304 "-" "facebookexternalhit/1.1 (+http://www.facebook.com/externalhit_uatext.php)"
173.252.109.113 - - [17/Jun/2026:20:17:09 +0700] "GET /images/san%20pham%20moi/dung%20cu%20co%20vu/1.jpg HTTP/2" 301 0 "-" "facebookexternalhit/1.1 (+http://www.facebook.com/externalhit_uatext.php)"
69.171.249.8 - - [17/Jun/2026:20:17:08 +0700] "GET /images/hinh%20trang%20menu/27.jpg HTTP/2" 404 98304 "-" "facebookexternalhit/1.1 (+http://www.facebook.com/externalhit_uatext.php)"
173.252.109.113 - - [17/Jun/2026:20:17:11 +0700] "GET /images/san%20pham%20moi/dung%20cu%20co%20vu/1.jpg HTTP/2" 404 98304 "-" "facebookexternalhit/1.1 (+http://www.facebook.com/externalhit_uatext.php)"
216.73.216.78 - - [17/Jun/2026:20:17:12 +0700] "GET /san-pham/in-bat-quang-cao-binh-tan/sms:0906348765 HTTP/2" 404 36898 "-" "Mozilla/5.0 AppleWebKit/537.36 (KHTML, like Gecko; compatible; ClaudeBot/1.0; +claudebot@anthropic.com)"
66.249.74.74 - - [17/Jun/2026:20:17:17 +0700] "GET /san-pham/in-standee-hcm-trong-nha/ HTTP/1.1" 200 46033 "-" "Mozilla/5.0 (Linux; Android 6.0.1; Nexus 5X Build/MMB29P) AppleWebKit/537.36 (KHTML, like Gecko) Chrome/148.0.7778.96 Mobile Safari/537.36 (compatible; Googlebot/2.1; +http://www.google.com/bot.html)"
66.249.74.73 - - [17/Jun/2026:20:17:17 +0700] "GET /san-pham/ky-niem-chuong-trao-thuong/ HTTP/1.1" 200 45972 "-" "Mozilla/5.0 (Linux; Android 6.0.1; Nexus 5X Build/MMB29P) AppleWebKit/537.36 (KHTML, like Gecko) Chrome/148.0.7778.96 Mobile Safari/537.36 (compatible; Googlebot/2.1; +http://www.google.com/bot.html)"
216.73.216.78 - - [17/Jun/2026:20:17:20 +0700] "GET /san-pham/in-bat-quang-cao-hcm-2/sms:0906348765 HTTP/2" 404 36908 "-" "Mozilla/5.0 AppleWebKit/537.36 (KHTML, like Gecko; compatible; ClaudeBot/1.0; +claudebot@anthropic.com)"
83.99.206.138 - - [17/Jun/2026:20:17:21 +0700] "GET /tu-khoa-san-pham/xuong-in-an-quang-cao-gan-day/ HTTP/1.1" 200 39827 "-" "Mozilla/5.0 (X11; Linux x86_64) AppleWebKit/537.36 (KHTML, like Gecko; GeedoShopProductFinder) Chrome/142.0.0.0 Safari/537.36"
66.249.71.128 - - [17/Jun/2026:20:17:22 +0700] "GET /san-pham/in-catalogue-ban-hang/ HTTP/1.1" 200 45862 "-" "Mozilla/5.0 (compatible; Googlebot/2.1; +http://www.google.com/bot.html)"
216.73.216.78 - - [17/Jun/2026:20:17:26 +0700] "GET /san-pham/in-pp-can-mo-2/whatsapp:/send?text=In+PP+c%C3%A1n+m%E1%BB%9D+-+https%3A%2Finquangcaothuonghieu.com%2Fsan-pham%2Fin-pp-can-mo-2%2F HTTP/2" 404 38621 "-" "Mozilla/5.0 AppleWebKit/537.36 (KHTML, like Gecko; compatible; ClaudeBot/1.0; +claudebot@anthropic.com)"
216.73.216.78 - - [17/Jun/2026:20:17:34 +0700] "GET /san-pham/in-bat-quang-cao-tan-phu/sms:0906348765 HTTP/2" 404 36843 "-" "Mozilla/5.0 AppleWebKit/537.36 (KHTML, like Gecko; compatible; ClaudeBot/1.0; +claudebot@anthropic.com)"
83.99.206.81 - - [17/Jun/2026:20:17:42 +0700] "GET /tu-khoa-san-pham/in-pp-boi-formex-la-gi/ HTTP/1.1" 200 39756 "-" "Mozilla/5.0 (X11; Linux x86_64) AppleWebKit/537.36 (KHTML, like Gecko; GeedoShopProductFinder) Chrome/142.0.0.0 Safari/537.36"
216.73.216.78 - - [17/Jun/2026:20:17:43 +0700] "GET /san-pham/in-bat-quang-cao-gan-day-4/feed/ HTTP/2" 200 510 "-" "Mozilla/5.0 AppleWebKit/537.36 (KHTML, like Gecko; compatible; ClaudeBot/1.0; +claudebot@anthropic.com)"
57.141.14.106 - - [17/Jun/2026:20:17:44 +0700] "GET /tu-khoa-san-pham/in-bat-sieu-kho-5m/ HTTP/2" 200 206911 "-" "meta-externalagent/1.1 (+https://developers.facebook.com/docs/sharing/webmasters/crawler)"
216.73.216.78 - - [17/Jun/2026:20:17:52 +0700] "GET /san-pham/in-bat-su-kien-ngoai-troi/sms:0906348765 HTTP/2" 404 36867 "-" "Mozilla/5.0 AppleWebKit/537.36 (KHTML, like Gecko; compatible; ClaudeBot/1.0; +claudebot@anthropic.com)"
66.249.71.137 - - [17/Jun/2026:20:17:59 +0700] "GET /san-pham/xuong-in-lay-lien/ HTTP/1.1" 200 45799 "-" "Mozilla/5.0 (Linux; Android 6.0.1; Nexus 5X Build/MMB29P) AppleWebKit/537.36 (KHTML, like Gecko) Chrome/148.0.7778.96 Mobile Safari/537.36 (compatible; Googlebot/2.1; +http://www.google.com/bot.html)"
216.73.216.78 - - [17/Jun/2026:20:18:00 +0700] "GET /san-pham/in-uv-theo-yeu-cau-tphcm/sms:0906348765 HTTP/2" 404 36823 "-" "Mozilla/5.0 AppleWebKit/537.36 (KHTML, like Gecko; compatible; ClaudeBot/1.0; +claudebot@anthropic.com)"
83.99.206.81 - - [17/Jun/2026:20:18:01 +0700] "GET /san-pham/in-logo-tem-dan-uv-dtf/ HTTP/1.1" 200 46022 "-" "Mozilla/5.0 (X11; Linux x86_64) AppleWebKit/537.36 (KHTML, like Gecko; GeedoShopProductFinder) Chrome/142.0.0.0 Safari/537.36"
185.191.171.16 - - [17/Jun/2026:20:18:04 +0700] "GET /san-pham/in-qua-tang/ HTTP/1.1" 200 53028 "-" "Mozilla/5.0 (compatible; SemrushBot/7~bl; +http://www.semrush.com/bot.html)"
216.73.216.78 - - [17/Jun/2026:20:18:06 +0700] "GET /san-pham/in-bat-quang-cao-gan-day-2/sms:0906348765 HTTP/2" 404 36913 "-" "Mozilla/5.0 AppleWebKit/537.36 (KHTML, like Gecko; compatible; ClaudeBot/1.0; +claudebot@anthropic.com)"
216.73.216.78 - - [17/Jun/2026:20:18:14 +0700] "GET /san-pham/in-vali-lam-qua-tang-doanh-nghiep/whatsapp:/send HTTP/2" 404 38527 "-" "Mozilla/5.0 AppleWebKit/537.36 (KHTML, like Gecko; compatible; ClaudeBot/1.0; +claudebot@anthropic.com)"
57.141.14.73 - - [17/Jun/2026:20:18:21 +0700] "GET /san-pham/in-binh-giu-nhiet/ HTTP/2" 200 239064 "-" "meta-externalagent/1.1 (+https://developers.facebook.com/docs/sharing/webmasters/crawler)"
216.73.216.78 - - [17/Jun/2026:20:18:23 +0700] "GET /san-pham/in-bat-quang-cao-bao-nhieu-tien-1m2/whatsapp:/send HTTP/2" 404 38564 "-" "Mozilla/5.0 AppleWebKit/537.36 (KHTML, like Gecko; compatible; ClaudeBot/1.0; +claudebot@anthropic.com)"
66.249.74.73 - - [17/Jun/2026:20:18:25 +0700] "GET /san-pham/in-uv-bat-hiflex-gan-day/ HTTP/1.1" 200 46049 "-" "Mozilla/5.0 (compatible; Googlebot/2.1; +http://www.google.com/bot.html)"
216.73.216.78 - - [17/Jun/2026:20:18:31 +0700] "GET /san-pham/in-bat-quang-cao-ngoai-troi/feed/ HTTP/2" 200 511 "-" "Mozilla/5.0 AppleWebKit/537.36 (KHTML, like Gecko; compatible; ClaudeBot/1.0; +claudebot@anthropic.com)"
66.249.74.73 - - [17/Jun/2026:20:18:35 +0700] "GET /san-pham/qua-tang-hoi-nghi-khach-hang/ HTTP/1.1" 200 46022 "-" "Mozilla/5.0 (compatible; Googlebot/2.1; +http://www.google.com/bot.html)"
216.73.216.78 - - [17/Jun/2026:20:18:40 +0700] "GET /san-pham/in-ky-niem-chuong-gia-bao-nhieu/whatsapp:/send HTTP/2" 404 38531 "-" "Mozilla/5.0 AppleWebKit/537.36 (KHTML, like Gecko; compatible; ClaudeBot/1.0; +claudebot@anthropic.com)"
216.73.216.78 - - [17/Jun/2026:20:18:45 +0700] "GET /san-pham/in-pp-khong-keo-2/whatsapp:/send?text=in+pp+kh%C3%B4ng+keo+-+https%3A%2Finquangcaothuonghieu.com%2Fsan-pham%2Fin-pp-khong-keo-2%2F HTTP/2" 404 38540 "-" "Mozilla/5.0 AppleWebKit/537.36 (KHTML, like Gecko; compatible; ClaudeBot/1.0; +claudebot@anthropic.com)"
216.73.216.78 - - [17/Jun/2026:20:18:53 +0700] "GET /san-pham/in-bat-sieu-toc/whatsapp:/send?text=in+b%E1%BA%A1t+si%C3%AAu+t%E1%BB%91c+-+https%3A%2Finquangcaothuonghieu.com%2Fsan-pham%2Fin-bat-sieu-toc%2F HTTP/2" 404 38596 "-" "Mozilla/5.0 AppleWebKit/537.36 (KHTML, like Gecko; compatible; ClaudeBot/1.0; +claudebot@anthropic.com)"
216.73.216.78 - - [17/Jun/2026:20:19:02 +0700] "GET /san-pham/in-bat-tan-phu/whatsapp:/send?text=in+b%E1%BA%A1t+t%C3%A2n+ph%C3%BA+-+https%3A%2Finquangcaothuonghieu.com%2Fsan-pham%2Fin-bat-tan-phu%2F HTTP/2" 404 38546 "-" "Mozilla/5.0 AppleWebKit/537.36 (KHTML, like Gecko; compatible; ClaudeBot/1.0; +claudebot@anthropic.com)"
66.249.74.74 - - [17/Jun/2026:20:19:09 +0700] "GET /san-pham/in-bat-xam-chong-xuyen-sang/ HTTP/1.1" 200 45947 "-" "Mozilla/5.0 (Linux; Android 6.0.1; Nexus 5X Build/MMB29P) AppleWebKit/537.36 (KHTML, like Gecko) Chrome/148.0.7778.96 Mobile Safari/537.36 (compatible; Googlebot/2.1; +http://www.google.com/bot.html)"
216.73.216.78 - - [17/Jun/2026:20:19:11 +0700] "GET /san-pham/xuong-in-bat-hiflex-quang-cao/feed/ HTTP/2" 200 510 "-" "Mozilla/5.0 AppleWebKit/537.36 (KHTML, like Gecko; compatible; ClaudeBot/1.0; +claudebot@anthropic.com)"
216.73.216.78 - - [17/Jun/2026:20:19:20 +0700] "GET /san-pham/in-bat-quang-cao-gan-day-4/sms:0906348765 HTTP/2" 404 36867 "-" "Mozilla/5.0 AppleWebKit/537.36 (KHTML, like Gecko; compatible; ClaudeBot/1.0; +claudebot@anthropic.com)"
216.73.216.78 - - [17/Jun/2026:20:19:25 +0700] "GET /san-pham/in-pp-dan-tuong-2/whatsapp:/send?text=in+pp+d%C3%A1n+t%C6%B0%E1%BB%9Dng+-+https%3A%2Finquangcaothuonghieu.com%2Fsan-pham%2Fin-pp-dan-tuong-2%2F HTTP/2" 404 38526 "-" "Mozilla/5.0 AppleWebKit/537.36 (KHTML, like Gecko; compatible; ClaudeBot/1.0; +claudebot@anthropic.com)"
216.73.216.78 - - [17/Jun/2026:20:19:35 +0700] "GET /san-pham/in-bat-my-pham/whatsapp:/send?text=in+b%E1%BA%A1t+m%E1%BB%B9+ph%E1%BA%A9m+-+https%3A%2Finquangcaothuonghieu.com%2Fsan-pham%2Fin-bat-my-pham%2F HTTP/2" 404 38570 "-" "Mozilla/5.0 AppleWebKit/537.36 (KHTML, like Gecko; compatible; ClaudeBot/1.0; +claudebot@anthropic.com)"
57.141.14.52 - - [17/Jun/2026:20:19:36 +0700] "GET /san-pham/gia-bat-hiflex-cuon/ HTTP/2" 200 238798 "-" "meta-externalagent/1.1 (+https://developers.facebook.com/docs/sharing/webmasters/crawler)"
216.73.216.78 - - [17/Jun/2026:20:19:43 +0700] "GET /san-pham/in-vali-lam-qua-tang-doanh-nghiep/feed/ HTTP/2" 200 522 "-" "Mozilla/5.0 AppleWebKit/537.36 (KHTML, like Gecko; compatible; ClaudeBot/1.0; +claudebot@anthropic.com)"
57.141.14.11 - - [17/Jun/2026:20:19:44 +0700] "GET /san-pham/in-bat-quang-cao-gia-re/ HTTP/2" 200 239326 "-" "meta-externalagent/1.1 (+https://developers.facebook.com/docs/sharing/webmasters/crawler)"
66.249.74.74 - - [17/Jun/2026:20:19:48 +0700] "GET /san-pham/in-tem-be-2/ HTTP/1.1" 404 36845 "-" "Mozilla/5.0 (Linux; Android 6.0.1; Nexus 5X Build/MMB29P) AppleWebKit/537.36 (KHTML, like Gecko) Chrome/148.0.7778.96 Mobile Safari/537.36 (compatible; Googlebot/2.1; +http://www.google.com/bot.html)"
66.249.74.73 - - [17/Jun/2026:20:19:48 +0700] "GET /san-pham/in-tem-be-2/ HTTP/1.1" 404 36814 "-" "Mozilla/5.0 (compatible; Googlebot/2.1; +http://www.google.com/bot.html)"
216.73.216.78 - - [17/Jun/2026:20:19:52 +0700] "GET /san-pham/in-bat-quang-cao-bao-nhieu-tien-1m2/feed/ HTTP/2" 200 521 "-" "Mozilla/5.0 AppleWebKit/537.36 (KHTML, like Gecko; compatible; ClaudeBot/1.0; +claudebot@anthropic.com)"
216.73.216.78 - - [17/Jun/2026:20:20:00 +0700] "GET /san-pham/xuong-in-bat-hiflex-quang-cao/sms:0906348765 HTTP/2" 404 36849 "-" "Mozilla/5.0 AppleWebKit/537.36 (KHTML, like Gecko; compatible; ClaudeBot/1.0; +claudebot@anthropic.com)"
83.99.206.83 - - [17/Jun/2026:20:20:02 +0700] "GET /san-pham/in-nhanh-thu-duc/ HTTP/1.1" 200 45999 "-" "Mozilla/5.0 (X11; Linux x86_64) AppleWebKit/537.36 (KHTML, like Gecko; GeedoShopProductFinder) Chrome/142.0.0.0 Safari/537.36"
216.73.216.78 - - [17/Jun/2026:20:20:14 +0700] "GET /san-pham/in-pp-gia-re-3/whatsapp:/send?text=in+pp+gi%C3%A1+r%E1%BA%BB+-+https%3A%2Finquangcaothuonghieu.com%2Fsan-pham%2Fin-pp-gia-re-3%2F HTTP/2" 404 38548 "-" "Mozilla/5.0 AppleWebKit/537.36 (KHTML, like Gecko; compatible; ClaudeBot/1.0; +claudebot@anthropic.com)"
83.99.206.139 - - [17/Jun/2026:20:20:22 +0700] "GET /san-pham/in-decal-de-den-dan-len-nhua-hoac-kim-loai/ HTTP/1.1" 200 46001 "-" "Mozilla/5.0 (X11; Linux x86_64) AppleWebKit/537.36 (KHTML, like Gecko; GeedoShopProductFinder) Chrome/142.0.0.0 Safari/537.36"
216.73.216.78 - - [17/Jun/2026:20:20:22 +0700] "GET /san-pham/in-bat-quang-cao-bao-nhieu-tien-1m2/sms:0906348765 HTTP/2" 404 36901 "-" "Mozilla/5.0 AppleWebKit/537.36 (KHTML, like Gecko; compatible; ClaudeBot/1.0; +claudebot@anthropic.com)"
216.73.216.78 - - [17/Jun/2026:20:20:31 +0700] "GET /san-pham/in-bat-sieu-thi/whatsapp:/send?text=in+b%E1%BA%A1t+si%C3%AAu+th%E1%BB%8B+-+https%3A%2Finquangcaothuonghieu.com%2Fsan-pham%2Fin-bat-sieu-thi%2F HTTP/2" 404 38552 "-" "Mozilla/5.0 AppleWebKit/537.36 (KHTML, like Gecko; compatible; ClaudeBot/1.0; +claudebot@anthropic.com)"
66.249.71.129 - - [17/Jun/2026:20:20:38 +0700] "GET /san-pham/in-an-gia-re-tphcm/ HTTP/1.1" 200 46075 "-" "Mozilla/5.0 (compatible; Googlebot/2.1; +http://www.google.com/bot.html)"
216.73.216.78 - - [17/Jun/2026:20:20:39 +0700] "GET /san-pham/in-ky-niem-chuong-gia-bao-nhieu/sms:0906348765 HTTP/2" 404 36870 "-" "Mozilla/5.0 AppleWebKit/537.36 (KHTML, like Gecko; compatible; ClaudeBot/1.0; +claudebot@anthropic.com)"
83.99.206.139 - - [17/Jun/2026:20:20:41 +0700] "GET /san-pham/in-uv-decal-gia-bao-nhieu/ HTTP/1.1" 200 46132 "-" "Mozilla/5.0 (X11; Linux x86_64) AppleWebKit/537.36 (KHTML, like Gecko; GeedoShopProductFinder) Chrome/142.0.0.0 Safari/537.36"
216.73.216.78 - - [17/Jun/2026:20:20:45 +0700] "GET /san-pham/in-catalogue-gia-re-hcm-in-nhanh-lay-nhanh/sms:0906348765 HTTP/2" 404 36889 "-" "Mozilla/5.0 AppleWebKit/537.36 (KHTML, like Gecko; compatible; ClaudeBot/1.0; +claudebot@anthropic.com)"
216.73.216.78 - - [17/Jun/2026:20:20:53 +0700] "GET /san-pham/in-pp-ngoai-troi-2/whatsapp:/send?text=in+pp+ngo%C3%A0i+tr%E1%BB%9Di+-+https%3A%2Finquangcaothuonghieu.com%2Fsan-pham%2Fin-pp-ngoai-troi-2%2F HTTP/2" 404 38581 "-" "Mozilla/5.0 AppleWebKit/537.36 (KHTML, like Gecko; compatible; ClaudeBot/1.0; +claudebot@anthropic.com)"
94.139.231.97 - admin [17/Jun/2026:20:20:55 +0700] "POST /wp-json/wp/v2/posts HTTP/1.1" 201 7134 "-" "Mozilla/5.0 (Macintosh; Intel Mac OS X 10_15_7) AppleWebKit/537.36 (KHTML, like Gecko) Chrome/142.0.0.0 Safari/537.36"
66.249.74.74 - - [17/Jun/2026:20:20:56 +0700] "GET /san-pham/in-nhan/ HTTP/1.1" 200 46083 "-" "Mozilla/5.0 (compatible; Googlebot/2.1; +http://www.google.com/bot.html)"
57.141.14.100 - - [17/Jun/2026:20:20:57 +0700] "GET /tu-khoa-san-pham/in-standee-cap-toc-lay-lien/ HTTP/2" 200 207101 "-" "meta-externalagent/1.1 (+https://developers.facebook.com/docs/sharing/webmasters/crawler)"
176.119.9.105 - admin [17/Jun/2026:20:20:58 +0700] "GET /wp-json/wp/v2/posts/14359?context=edit HTTP/1.1" 200 7134 "-" "Mozilla/5.0 (Macintosh; Intel Mac OS X 10_15_7) AppleWebKit/537.36 (KHTML, like Gecko) Chrome/142.0.0.0 Safari/537.36"
83.99.206.139 - - [17/Jun/2026:20:21:01 +0700] "GET /san-pham/in-tem-decal-chu-trang-trong-suot/ HTTP/1.1" 200 46126 "-" "Mozilla/5.0 (X11; Linux x86_64) AppleWebKit/537.36 (KHTML, like Gecko; GeedoShopProductFinder) Chrome/142.0.0.0 Safari/537.36"
216.73.216.78 - - [17/Jun/2026:20:21:02 +0700] "GET /san-pham/in-bat-san-khau/whatsapp:/send?text=in+b%E1%BA%A1t+s%C3%A2n+kh%E1%BA%A5u+-+https%3A%2Finquangcaothuonghieu.com%2Fsan-pham%2Fin-bat-san-khau%2F HTTP/2" 404 38544 "-" "Mozilla/5.0 AppleWebKit/537.36 (KHTML, like Gecko; compatible; ClaudeBot/1.0; +claudebot@anthropic.com)"
216.73.216.78 - - [17/Jun/2026:20:21:11 +0700] "GET /san-pham/in-bat-mung-tho/whatsapp:/send?text=in+b%E1%BA%A1t+m%E1%BB%ABng+th%E1%BB%8D+-+https%3A%2Finquangcaothuonghieu.com%2Fsan-pham%2Fin-bat-mung-tho%2F HTTP/2" 404 38584 "-" "Mozilla/5.0 AppleWebKit/537.36 (KHTML, like Gecko; compatible; ClaudeBot/1.0; +claudebot@anthropic.com)"
216.73.216.78 - - [17/Jun/2026:20:21:19 +0700] "GET /san-pham/in-bang-ron-tphcm-2/whatsapp:/send?text=in+b%C4%83ng+r%C3%B4n+tphcm+-+https%3A%2Finquangcaothuonghieu.com%2Fsan-pham%2Fin-bang-ron-tphcm-2%2F HTTP/2" 404 38558 "-" "Mozilla/5.0 AppleWebKit/537.36 (KHTML, like Gecko; compatible; ClaudeBot/1.0; +claudebot@anthropic.com)"
83.99.206.139 - - [17/Jun/2026:20:21:22 +0700] "GET /tu-khoa-san-pham/in-decal-xe-o-to/ HTTP/1.1" 200 39811 "-" "Mozilla/5.0 (X11; Linux x86_64) AppleWebKit/537.36 (KHTML, like Gecko; GeedoShopProductFinder) Chrome/142.0.0.0 Safari/537.36"
216.73.216.78 - - [17/Jun/2026:20:21:26 +0700] "GET /san-pham/in-bang-hieu-shop/whatsapp:/send?text=in+b%E1%BA%A3ng+hi%E1%BB%87u+shop+-+https%3A%2Finquangcaothuonghieu.com%2Fsan-pham%2Fin-bang-hieu-shop%2F HTTP/2" 404 38489 "-" "Mozilla/5.0 AppleWebKit/537.36 (KHTML, like Gecko; compatible; ClaudeBot/1.0; +claudebot@anthropic.com)"
85.208.96.209 - - [17/Jun/2026:20:21:28 +0700] "GET /lien-he/ HTTP/1.1" 200 45350 "-" "Mozilla/5.0 (compatible; SemrushBot/7~bl; +http://www.semrush.com/bot.html)"
216.73.216.78 - - [17/Jun/2026:20:21:33 +0700] "GET /san-pham/in-bat-ngoai-troi/whatsapp:/send?text=in+b%E1%BA%A1t+ngo%C3%A0i+tr%E1%BB%9Di+-+https%3A%2Finquangcaothuonghieu.com%2Fsan-pham%2Fin-bat-ngoai-troi%2F HTTP/2" 404 38582 "-" "Mozilla/5.0 AppleWebKit/537.36 (KHTML, like Gecko; compatible; ClaudeBot/1.0; +claudebot@anthropic.com)"
57.141.14.83 - - [17/Jun/2026:20:21:36 +0700] "GET /san-pham/in-decal-ep-kim/ HTTP/2" 200 240710 "-" "meta-externalagent/1.1 (+https://developers.facebook.com/docs/sharing/webmasters/crawler)"
57.141.14.62 - - [17/Jun/2026:20:21:38 +0700] "GET /tu-khoa-san-pham/in-mica-uv/ HTTP/2" 200 206593 "-" "meta-externalagent/1.1 (+https://developers.facebook.com/docs/sharing/webmasters/crawler)"
83.99.206.139 - - [17/Jun/2026:20:21:41 +0700] "GET /san-pham/in-pano-cap-toc/ HTTP/1.1" 200 46136 "-" "Mozilla/5.0 (X11; Linux x86_64) AppleWebKit/537.36 (KHTML, like Gecko; GeedoShopProductFinder) Chrome/142.0.0.0 Safari/537.36"
216.73.216.78 - - [17/Jun/2026:20:21:42 +0700] "GET /san-pham/in-bang-ron-quan-7/whatsapp:/send?text=in+b%C4%83ng+r%C3%B4n+qu%E1%BA%ADn+7+-+https%3A%2Finquangcaothuonghieu.com%2Fsan-pham%2Fin-bang-ron-quan-7%2F HTTP/2" 404 38511 "-" "Mozilla/5.0 AppleWebKit/537.36 (KHTML, like Gecko; compatible; ClaudeBot/1.0; +claudebot@anthropic.com)"
216.73.216.78 - - [17/Jun/2026:20:21:50 +0700] "GET /san-pham/in-bang-ron-quan-5/whatsapp:/send?text=in+b%C4%83ng+r%C3%B4n+qu%E1%BA%ADn+5+-+https%3A%2Finquangcaothuonghieu.com%2Fsan-pham%2Fin-bang-ron-quan-5%2F HTTP/2" 404 38590 "-" "Mozilla/5.0 AppleWebKit/537.36 (KHTML, like Gecko; compatible; ClaudeBot/1.0; +claudebot@anthropic.com)"
57.141.14.20 - - [17/Jun/2026:20:21:57 +0700] "GET /tu-khoa-san-pham/in-banner-chong-nuoc/ HTTP/2" 200 206904 "-" "meta-externalagent/1.1 (+https://developers.facebook.com/docs/sharing/webmasters/crawler)"
216.73.216.78 - - [17/Jun/2026:20:21:59 +0700] "GET /san-pham/in-bang-ron-quan-3/whatsapp:/send?text=in+b%C4%83ng+r%C3%B4n+qu%E1%BA%ADn+3+-+https%3A%2Finquangcaothuonghieu.com%2Fsan-pham%2Fin-bang-ron-quan-3%2F HTTP/2" 404 38559 "-" "Mozilla/5.0 AppleWebKit/537.36 (KHTML, like Gecko; compatible; ClaudeBot/1.0; +claudebot@anthropic.com)"
216.73.216.78 - - [17/Jun/2026:20:22:07 +0700] "GET /san-pham/in-bat-quang-cao-lay-lien/whatsapp:/send?text=in+b%E1%BA%A1t+qu%E1%BA%A3ng+c%C3%A1o+l%E1%BA%A5y+li%E1%BB%81n+-+https%3A%2Finquangcaothuonghieu.com%2Fsan-pham%2Fin-bat-quang-cao-lay-lien%2F HTTP/2" 404 38614 "-" "Mozilla/5.0 AppleWebKit/537.36 (KHTML, like Gecko; compatible; ClaudeBot/1.0; +claudebot@anthropic.com)"
57.141.14.107 - - [17/Jun/2026:20:22:10 +0700] "GET /tu-khoa-san-pham/gia-in-hashtag/ HTTP/2" 200 206707 "-" "meta-externalagent/1.1 (+https://developers.facebook.com/docs/sharing/webmasters/crawler)"
216.73.216.78 - - [17/Jun/2026:20:22:15 +0700] "GET /san-pham/in-bat-quang-cao-lay-ngay/whatsapp:/send?text=in+b%E1%BA%A1t+qu%E1%BA%A3ng+c%C3%A1o+l%E1%BA%A5y+ngay+-+https%3A%2Finquangcaothuonghieu.com%2Fsan-pham%2Fin-bat-quang-cao-lay-ngay%2F HTTP/2" 404 38590 "-" "Mozilla/5.0 AppleWebKit/537.36 (KHTML, like Gecko; compatible; ClaudeBot/1.0; +claudebot@anthropic.com)"
57.141.14.82 - - [17/Jun/2026:20:22:23 +0700] "GET /san-pham/in-uv-hcm/ HTTP/2" 200 237801 "-" "meta-externalagent/1.1 (+https://developers.facebook.com/docs/sharing/webmasters/crawler)"
216.73.216.78 - - [17/Jun/2026:20:22:24 +0700] "GET /san-pham/in-bat-quang-cao-gan-day-2/whatsapp:/send?text=in+b%E1%BA%A1t+qu%E1%BA%A3ng+c%C3%A1o+g%E1%BA%A7n+%C4%91%C3%A2y+-+https%3A%2Finquangcaothuonghieu.com%2Fsan-pham%2Fin-bat-quang-cao-gan-day-2%2F HTTP/2" 404 38607 "-" "Mozilla/5.0 AppleWebKit/537.36 (KHTML, like Gecko; compatible; ClaudeBot/1.0; +claudebot@anthropic.com)"
216.73.216.78 - - [17/Jun/2026:20:22:33 +0700] "GET /san-pham/in-bat-quang-cao-thu-duc/whatsapp:/send?text=in+b%E1%BA%A1t+qu%E1%BA%A3ng+c%C3%A1o+th%E1%BB%A7+%C4%91%E1%BB%A9c+-+https%3A%2Finquangcaothuonghieu.com%2Fsan-pham%2Fin-bat-quang-cao-thu-duc%2F HTTP/2" 404 38608 "-" "Mozilla/5.0 AppleWebKit/537.36 (KHTML, like Gecko; compatible; ClaudeBot/1.0; +claudebot@anthropic.com)"
57.141.14.105 - - [17/Jun/2026:20:22:33 +0700] "GET /tu-khoa-san-pham/gia-in-catalogue-so-luong-it/ HTTP/2" 200 207167 "-" "meta-externalagent/1.1 (+https://developers.facebook.com/docs/sharing/webmasters/crawler)"
216.73.216.78 - - [17/Jun/2026:20:22:41 +0700] "GET /san-pham/in-uv-theo-yeu-cau-tphcm/whatsapp:/send?text=in+uv+theo+y%C3%AAu+c%E1%BA%A7u+tphcm+-+https%3A%2Finquangcaothuonghieu.com%2Fsan-pham%2Fin-uv-theo-yeu-cau-tphcm%2F HTTP/2" 404 38563 "-" "Mozilla/5.0 AppleWebKit/537.36 (KHTML, like Gecko; compatible; ClaudeBot/1.0; +claudebot@anthropic.com)"
216.73.216.78 - - [17/Jun/2026:20:22:50 +0700] "GET /san-pham/gia-in-to-roi-a5/whatsapp:/send?text=gi%C3%A1+in+t%E1%BB%9D+r%C6%A1i+a5+-+https%3A%2Finquangcaothuonghieu.com%2Fsan-pham%2Fgia-in-to-roi-a5%2F HTTP/2" 404 38563 "-" "Mozilla/5.0 AppleWebKit/537.36 (KHTML, like Gecko; compatible; ClaudeBot/1.0; +claudebot@anthropic.com)"
