42.112.134.226 - - [17/Jun/2026:23:01:10 +0700] "GET /wp-content/plugins/woocommerce/assets/js/js-cookie/js.cookie.min.js?ver=2.1.4-wc.10.7.0 HTTP/3" 200 760 "https://inquangcaothuonghieu.com/san-pham/in-op-ipad-lay-lien/" "Mozilla/5.0 (Windows NT 10.0; Win64; x64) AppleWebKit/537.36 (KHTML, like Gecko) Chrome/147.0.0.0 Safari/537.36"
42.112.134.226 - - [17/Jun/2026:23:01:10 +0700] "GET /wp-content/uploads/2025/11/lien_he_ngay.gif HTTP/3" 200 57355 "https://inquangcaothuonghieu.com/san-pham/in-op-ipad-lay-lien/" "Mozilla/5.0 (Windows NT 10.0; Win64; x64) AppleWebKit/537.36 (KHTML, like Gecko) Chrome/147.0.0.0 Safari/537.36"
42.112.134.226 - - [17/Jun/2026:23:01:10 +0700] "GET /wp-content/uploads/2025/11/logo-qc-thuong-hieu.png HTTP/3" 200 41325 "https://inquangcaothuonghieu.com/san-pham/in-op-ipad-lay-lien/" "Mozilla/5.0 (Windows NT 10.0; Win64; x64) AppleWebKit/537.36 (KHTML, like Gecko) Chrome/147.0.0.0 Safari/537.36"
42.112.134.226 - - [17/Jun/2026:23:01:10 +0700] "GET /wp-content/uploads/2022/03/The_gioi_in_an_banner_20191101160722421icon_5ngaydoitra_fix.png HTTP/3" 200 50857 "https://inquangcaothuonghieu.com/san-pham/in-op-ipad-lay-lien/" "Mozilla/5.0 (Windows NT 10.0; Win64; x64) AppleWebKit/537.36 (KHTML, like Gecko) Chrome/147.0.0.0 Safari/537.36"
42.112.134.226 - - [17/Jun/2026:23:01:10 +0700] "GET /wp-content/uploads/2025/11/ghep-05-1.jpg?v=1762676732 HTTP/3" 200 44240 "https://inquangcaothuonghieu.com/san-pham/in-op-ipad-lay-lien/" "Mozilla/5.0 (Windows NT 10.0; Win64; x64) AppleWebKit/537.36 (KHTML, like Gecko) Chrome/147.0.0.0 Safari/537.36"
42.112.134.226 - - [17/Jun/2026:23:01:10 +0700] "GET /wp-content/themes/flatsome/assets/css/icons/fl-icons.woff2?v=3.15.6 HTTP/3" 200 6752 "https://inquangcaothuonghieu.com/san-pham/in-op-ipad-lay-lien/" "Mozilla/5.0 (Windows NT 10.0; Win64; x64) AppleWebKit/537.36 (KHTML, like Gecko) Chrome/147.0.0.0 Safari/537.36"
42.112.134.226 - - [17/Jun/2026:23:01:10 +0700] "GET /wp-content/uploads/2025/11/in-uv-ten-vai.jpg?v=1762541412 HTTP/3" 200 32328 "https://inquangcaothuonghieu.com/san-pham/in-op-ipad-lay-lien/" "Mozilla/5.0 (Windows NT 10.0; Win64; x64) AppleWebKit/537.36 (KHTML, like Gecko) Chrome/147.0.0.0 Safari/537.36"
42.112.134.226 - - [17/Jun/2026:23:01:10 +0700] "GET /wp-content/uploads/2025/11/Untitled-1.jpg?v=1762541413 HTTP/3" 200 32908 "https://inquangcaothuonghieu.com/san-pham/in-op-ipad-lay-lien/" "Mozilla/5.0 (Windows NT 10.0; Win64; x64) AppleWebKit/537.36 (KHTML, like Gecko) Chrome/147.0.0.0 Safari/537.36"
42.112.134.226 - - [17/Jun/2026:23:01:10 +0700] "GET /wp-content/uploads/2025/11/temdft.jpg?v=1762541405 HTTP/3" 200 72872 "https://inquangcaothuonghieu.com/san-pham/in-op-ipad-lay-lien/" "Mozilla/5.0 (Windows NT 10.0; Win64; x64) AppleWebKit/537.36 (KHTML, like Gecko) Chrome/147.0.0.0 Safari/537.36"
42.112.134.226 - - [17/Jun/2026:23:01:10 +0700] "GET /wp-content/uploads/2025/11/In-Tem-UV-DTF.jpg?v=1762541404 HTTP/3" 200 54927 "https://inquangcaothuonghieu.com/san-pham/in-op-ipad-lay-lien/" "Mozilla/5.0 (Windows NT 10.0; Win64; x64) AppleWebKit/537.36 (KHTML, like Gecko) Chrome/147.0.0.0 Safari/537.36"
42.112.134.226 - - [17/Jun/2026:23:01:10 +0700] "GET /wp-content/uploads/2025/11/decal-in-uv.jpg?v=1762541397 HTTP/3" 200 25955 "https://inquangcaothuonghieu.com/san-pham/in-op-ipad-lay-lien/" "Mozilla/5.0 (Windows NT 10.0; Win64; x64) AppleWebKit/537.36 (KHTML, like Gecko) Chrome/147.0.0.0 Safari/537.36"
42.112.134.226 - - [17/Jun/2026:23:01:10 +0700] "GET /wp-content/uploads/2022/03/walls-kem.jpg?v=1762541419 HTTP/3" 200 15263 "https://inquangcaothuonghieu.com/san-pham/in-op-ipad-lay-lien/" "Mozilla/5.0 (Windows NT 10.0; Win64; x64) AppleWebKit/537.36 (KHTML, like Gecko) Chrome/147.0.0.0 Safari/537.36"
42.112.134.226 - - [17/Jun/2026:23:01:10 +0700] "GET /wp-content/uploads/2025/11/trong-nha.jpg?v=1762541677 HTTP/3" 200 64485 "https://inquangcaothuonghieu.com/san-pham/in-op-ipad-lay-lien/" "Mozilla/5.0 (Windows NT 10.0; Win64; x64) AppleWebKit/537.36 (KHTML, like Gecko) Chrome/147.0.0.0 Safari/537.36"
42.112.134.226 - - [17/Jun/2026:23:01:10 +0700] "GET /wp-content/uploads/2025/11/gianh-sinh1.jpg?v=1762541409 HTTP/3" 200 28371 "https://inquangcaothuonghieu.com/san-pham/in-op-ipad-lay-lien/" "Mozilla/5.0 (Windows NT 10.0; Win64; x64) AppleWebKit/537.36 (KHTML, like Gecko) Chrome/147.0.0.0 Safari/537.36"
42.112.134.226 - - [17/Jun/2026:23:01:10 +0700] "GET /wp-content/uploads/2025/11/thanh-chu-x.jpg?v=1762541685 HTTP/3" 200 26835 "https://inquangcaothuonghieu.com/san-pham/in-op-ipad-lay-lien/" "Mozilla/5.0 (Windows NT 10.0; Win64; x64) AppleWebKit/537.36 (KHTML, like Gecko) Chrome/147.0.0.0 Safari/537.36"
42.112.134.226 - - [17/Jun/2026:23:01:10 +0700] "GET /wp-content/uploads/2025/11/In-bat-3M.jpg?v=1762541392 HTTP/3" 200 35251 "https://inquangcaothuonghieu.com/san-pham/in-op-ipad-lay-lien/" "Mozilla/5.0 (Windows NT 10.0; Win64; x64) AppleWebKit/537.36 (KHTML, like Gecko) Chrome/147.0.0.0 Safari/537.36"
42.112.134.226 - - [17/Jun/2026:23:01:10 +0700] "GET /wp-content/uploads/2025/11/can-fomax.jpg?v=1762541688 HTTP/3" 200 35317 "https://inquangcaothuonghieu.com/san-pham/in-op-ipad-lay-lien/" "Mozilla/5.0 (Windows NT 10.0; Win64; x64) AppleWebKit/537.36 (KHTML, like Gecko) Chrome/147.0.0.0 Safari/537.36"
42.112.134.226 - - [17/Jun/2026:23:01:11 +0700] "GET /wp-content/uploads/2025/11/1-3.jpg?v=1762541670 HTTP/3" 200 29129 "https://inquangcaothuonghieu.com/san-pham/in-op-ipad-lay-lien/" "Mozilla/5.0 (Windows NT 10.0; Win64; x64) AppleWebKit/537.36 (KHTML, like Gecko) Chrome/147.0.0.0 Safari/537.36"
40.77.167.20 - - [17/Jun/2026:23:01:09 +0700] "GET /san-pham/gia-in-decal-a3/ HTTP/2" 200 45983 "-" "Mozilla/5.0 AppleWebKit/537.36 (KHTML, like Gecko; compatible; bingbot/2.0; +http://www.bing.com/bingbot.htm) Chrome/116.0.1938.76 Safari/537.36"
42.112.134.226 - - [17/Jun/2026:23:01:11 +0700] "GET /wp-content/uploads/2025/11/In-bat-3M-1.jpg?v=1762541664 HTTP/3" 200 45715 "https://inquangcaothuonghieu.com/san-pham/in-op-ipad-lay-lien/" "Mozilla/5.0 (Windows NT 10.0; Win64; x64) AppleWebKit/537.36 (KHTML, like Gecko) Chrome/147.0.0.0 Safari/537.36"
42.112.134.226 - - [17/Jun/2026:23:01:11 +0700] "GET /wp-content/uploads/2025/11/in-banner-du-lich.jpg?v=1762541653 HTTP/3" 200 56725 "https://inquangcaothuonghieu.com/san-pham/in-op-ipad-lay-lien/" "Mozilla/5.0 (Windows NT 10.0; Win64; x64) AppleWebKit/537.36 (KHTML, like Gecko) Chrome/147.0.0.0 Safari/537.36"
42.112.134.226 - - [17/Jun/2026:23:01:11 +0700] "GET /wp-content/uploads/2025/11/3.jpg?v=1762541672 HTTP/3" 200 32044 "https://inquangcaothuonghieu.com/san-pham/in-op-ipad-lay-lien/" "Mozilla/5.0 (Windows NT 10.0; Win64; x64) AppleWebKit/537.36 (KHTML, like Gecko) Chrome/147.0.0.0 Safari/537.36"
42.112.134.226 - - [17/Jun/2026:23:01:11 +0700] "GET /wp-content/uploads/2025/11/Untitled-2.jpg?v=1762541417 HTTP/3" 200 54457 "https://inquangcaothuonghieu.com/san-pham/in-op-ipad-lay-lien/" "Mozilla/5.0 (Windows NT 10.0; Win64; x64) AppleWebKit/537.36 (KHTML, like Gecko) Chrome/147.0.0.0 Safari/537.36"
42.112.134.226 - - [17/Jun/2026:23:01:11 +0700] "GET /wp-content/uploads/2022/03/The_gioi_in_an_20190809172348474dm_hopgiay_v2.png HTTP/3" 200 34617 "https://inquangcaothuonghieu.com/san-pham/in-op-ipad-lay-lien/" "Mozilla/5.0 (Windows NT 10.0; Win64; x64) AppleWebKit/537.36 (KHTML, like Gecko) Chrome/147.0.0.0 Safari/537.36"
42.112.134.226 - - [17/Jun/2026:23:01:11 +0700] "GET /wp-content/uploads/2022/03/The_gioi_in_an_20190809172752477dm_tagsp_v2.png HTTP/3" 200 64964 "https://inquangcaothuonghieu.com/san-pham/in-op-ipad-lay-lien/" "Mozilla/5.0 (Windows NT 10.0; Win64; x64) AppleWebKit/537.36 (KHTML, like Gecko) Chrome/147.0.0.0 Safari/537.36"
42.112.134.226 - - [17/Jun/2026:23:01:11 +0700] "GET /wp-content/uploads/2025/11/4.jpg?v=1762541675 HTTP/3" 200 85778 "https://inquangcaothuonghieu.com/san-pham/in-op-ipad-lay-lien/" "Mozilla/5.0 (Windows NT 10.0; Win64; x64) AppleWebKit/537.36 (KHTML, like Gecko) Chrome/147.0.0.0 Safari/537.36"
42.112.134.226 - - [17/Jun/2026:23:01:11 +0700] "GET /wp-content/uploads/2022/03/The_gioi_in_an_20190809172416475dm_toroi_v2.png HTTP/3" 200 65099 "https://inquangcaothuonghieu.com/san-pham/in-op-ipad-lay-lien/" "Mozilla/5.0 (Windows NT 10.0; Win64; x64) AppleWebKit/537.36 (KHTML, like Gecko) Chrome/147.0.0.0 Safari/537.36"
42.112.134.226 - - [17/Jun/2026:23:01:11 +0700] "GET /wp-content/uploads/2022/03/The_gioi_in_an_20190910114752241danhmuc_ve.png HTTP/3" 200 53769 "https://inquangcaothuonghieu.com/san-pham/in-op-ipad-lay-lien/" "Mozilla/5.0 (Windows NT 10.0; Win64; x64) AppleWebKit/537.36 (KHTML, like Gecko) Chrome/147.0.0.0 Safari/537.36"
42.112.134.226 - - [17/Jun/2026:23:01:11 +0700] "GET /wp-content/uploads/2022/03/The_gioi_in_an_20190809172741477dm_thenhua_v2.png HTTP/3" 200 82360 "https://inquangcaothuonghieu.com/san-pham/in-op-ipad-lay-lien/" "Mozilla/5.0 (Windows NT 10.0; Win64; x64) AppleWebKit/537.36 (KHTML, like Gecko) Chrome/147.0.0.0 Safari/537.36"
42.112.134.226 - - [17/Jun/2026:23:01:11 +0700] "GET /wp-content/uploads/2022/03/The_gioi_in_an_20190809172707477dm_catalogue_v2.png HTTP/3" 200 84183 "https://inquangcaothuonghieu.com/san-pham/in-op-ipad-lay-lien/" "Mozilla/5.0 (Windows NT 10.0; Win64; x64) AppleWebKit/537.36 (KHTML, like Gecko) Chrome/147.0.0.0 Safari/537.36"
42.112.134.226 - - [17/Jun/2026:23:01:11 +0700] "GET /wp-content/uploads/2022/03/The_gioi_in_an_20200429095112160icon-1.png HTTP/3" 200 63228 "https://inquangcaothuonghieu.com/san-pham/in-op-ipad-lay-lien/" "Mozilla/5.0 (Windows NT 10.0; Win64; x64) AppleWebKit/537.36 (KHTML, like Gecko) Chrome/147.0.0.0 Safari/537.36"
42.112.134.226 - - [17/Jun/2026:23:01:11 +0700] "GET /wp-content/uploads/2022/03/The_gioi_in_an_20190809172812477dm_menu_v2.png HTTP/3" 200 82774 "https://inquangcaothuonghieu.com/san-pham/in-op-ipad-lay-lien/" "Mozilla/5.0 (Windows NT 10.0; Win64; x64) AppleWebKit/537.36 (KHTML, like Gecko) Chrome/147.0.0.0 Safari/537.36"
42.112.134.226 - - [17/Jun/2026:23:01:11 +0700] "GET /wp-content/uploads/2022/03/The_gioi_in_an_20190809172206473dm_danhthiep_v2.png HTTP/3" 200 32571 "https://inquangcaothuonghieu.com/san-pham/in-op-ipad-lay-lien/" "Mozilla/5.0 (Windows NT 10.0; Win64; x64) AppleWebKit/537.36 (KHTML, like Gecko) Chrome/147.0.0.0 Safari/537.36"
42.112.134.226 - - [17/Jun/2026:23:01:11 +0700] "GET /wp-content/uploads/woocommerce-placeholder-247x296.png HTTP/3" 200 10012 "https://inquangcaothuonghieu.com/san-pham/in-op-ipad-lay-lien/" "Mozilla/5.0 (Windows NT 10.0; Win64; x64) AppleWebKit/537.36 (KHTML, like Gecko) Chrome/147.0.0.0 Safari/537.36"
42.112.134.226 - - [17/Jun/2026:23:01:11 +0700] "GET /wp-content/uploads/2025/11/ghep.jpg?v=1762677779 HTTP/3" 200 40322 "https://inquangcaothuonghieu.com/san-pham/in-op-ipad-lay-lien/" "Mozilla/5.0 (Windows NT 10.0; Win64; x64) AppleWebKit/537.36 (KHTML, like Gecko) Chrome/147.0.0.0 Safari/537.36"
42.112.134.226 - - [17/Jun/2026:23:01:11 +0700] "GET /wp-content/uploads/2025/11/ghep-30.jpg?v=1762678647 HTTP/3" 200 43335 "https://inquangcaothuonghieu.com/san-pham/in-op-ipad-lay-lien/" "Mozilla/5.0 (Windows NT 10.0; Win64; x64) AppleWebKit/537.36 (KHTML, like Gecko) Chrome/147.0.0.0 Safari/537.36"
42.112.134.226 - - [17/Jun/2026:23:01:11 +0700] "GET /wp-content/uploads/2025/11/ghep-29.jpg?v=1762682359 HTTP/3" 200 51216 "https://inquangcaothuonghieu.com/san-pham/in-op-ipad-lay-lien/" "Mozilla/5.0 (Windows NT 10.0; Win64; x64) AppleWebKit/537.36 (KHTML, like Gecko) Chrome/147.0.0.0 Safari/537.36"
42.112.134.226 - - [17/Jun/2026:23:01:11 +0700] "GET /wp-content/uploads/2025/11/quytrinh.png HTTP/3" 200 18942 "https://inquangcaothuonghieu.com/san-pham/in-op-ipad-lay-lien/" "Mozilla/5.0 (Windows NT 10.0; Win64; x64) AppleWebKit/537.36 (KHTML, like Gecko) Chrome/147.0.0.0 Safari/537.36"
42.112.134.226 - - [17/Jun/2026:23:01:11 +0700] "GET /wp-content/uploads/2025/11/in_an_cymk.jpg HTTP/3" 200 14141 "https://inquangcaothuonghieu.com/san-pham/in-op-ipad-lay-lien/" "Mozilla/5.0 (Windows NT 10.0; Win64; x64) AppleWebKit/537.36 (KHTML, like Gecko) Chrome/147.0.0.0 Safari/537.36"
42.112.134.226 - - [17/Jun/2026:23:01:11 +0700] "GET /wp-content/uploads/2025/11/icon-register.png HTTP/3" 200 16651 "https://inquangcaothuonghieu.com/san-pham/in-op-ipad-lay-lien/" "Mozilla/5.0 (Windows NT 10.0; Win64; x64) AppleWebKit/537.36 (KHTML, like Gecko) Chrome/147.0.0.0 Safari/537.36"
42.112.134.226 - - [17/Jun/2026:23:01:11 +0700] "GET /wp-content/uploads/2025/11/icon-phone.png HTTP/3" 200 2250 "https://inquangcaothuonghieu.com/san-pham/in-op-ipad-lay-lien/" "Mozilla/5.0 (Windows NT 10.0; Win64; x64) AppleWebKit/537.36 (KHTML, like Gecko) Chrome/147.0.0.0 Safari/537.36"
42.112.134.226 - - [17/Jun/2026:23:01:11 +0700] "GET /wp-content/uploads/2025/11/icon-zalo.png HTTP/3" 200 3895 "https://inquangcaothuonghieu.com/san-pham/in-op-ipad-lay-lien/" "Mozilla/5.0 (Windows NT 10.0; Win64; x64) AppleWebKit/537.36 (KHTML, like Gecko) Chrome/147.0.0.0 Safari/537.36"
42.112.134.226 - - [17/Jun/2026:23:01:11 +0700] "GET /wp-content/uploads/2025/11/icon-sms.png HTTP/3" 200 2419 "https://inquangcaothuonghieu.com/san-pham/in-op-ipad-lay-lien/" "Mozilla/5.0 (Windows NT 10.0; Win64; x64) AppleWebKit/537.36 (KHTML, like Gecko) Chrome/147.0.0.0 Safari/537.36"
42.112.134.226 - - [17/Jun/2026:23:01:11 +0700] "GET /wp-content/plugins/link-whisper-premium/js/frontend.min.js?ver=1776320993 HTTP/3" 200 1483 "https://inquangcaothuonghieu.com/san-pham/in-op-ipad-lay-lien/" "Mozilla/5.0 (Windows NT 10.0; Win64; x64) AppleWebKit/537.36 (KHTML, like Gecko) Chrome/147.0.0.0 Safari/537.36"
42.112.134.226 - - [17/Jun/2026:23:01:11 +0700] "GET /wp-content/plugins/woocommerce/assets/js/frontend/woocommerce.min.js?ver=10.7.0 HTTP/3" 200 1332 "https://inquangcaothuonghieu.com/san-pham/in-op-ipad-lay-lien/" "Mozilla/5.0 (Windows NT 10.0; Win64; x64) AppleWebKit/537.36 (KHTML, like Gecko) Chrome/147.0.0.0 Safari/537.36"
42.112.134.226 - - [17/Jun/2026:23:01:11 +0700] "GET /wp-content/plugins/easy-table-of-contents/assets/js/smooth_scroll.min.js?ver=2.0.82.2 HTTP/3" 200 478 "https://inquangcaothuonghieu.com/san-pham/in-op-ipad-lay-lien/" "Mozilla/5.0 (Windows NT 10.0; Win64; x64) AppleWebKit/537.36 (KHTML, like Gecko) Chrome/147.0.0.0 Safari/537.36"
42.112.134.226 - - [17/Jun/2026:23:01:11 +0700] "GET /wp-content/plugins/easy-table-of-contents/vendor/js-cookie/js.cookie.min.js?ver=2.2.1 HTTP/3" 200 995 "https://inquangcaothuonghieu.com/san-pham/in-op-ipad-lay-lien/" "Mozilla/5.0 (Windows NT 10.0; Win64; x64) AppleWebKit/537.36 (KHTML, like Gecko) Chrome/147.0.0.0 Safari/537.36"
42.112.134.226 - - [17/Jun/2026:23:01:11 +0700] "GET /wp-content/plugins/easy-table-of-contents/vendor/sticky-kit/jquery.sticky-kit.min.js?ver=1.9.2 HTTP/3" 200 1180 "https://inquangcaothuonghieu.com/san-pham/in-op-ipad-lay-lien/" "Mozilla/5.0 (Windows NT 10.0; Win64; x64) AppleWebKit/537.36 (KHTML, like Gecko) Chrome/147.0.0.0 Safari/537.36"
42.112.134.226 - - [17/Jun/2026:23:01:11 +0700] "GET /wp-content/plugins/easy-table-of-contents/assets/js/front.min.js?ver=2.0.82.2-1774704709 HTTP/3" 200 1531 "https://inquangcaothuonghieu.com/san-pham/in-op-ipad-lay-lien/" "Mozilla/5.0 (Windows NT 10.0; Win64; x64) AppleWebKit/537.36 (KHTML, like Gecko) Chrome/147.0.0.0 Safari/537.36"
42.112.134.226 - - [17/Jun/2026:23:01:11 +0700] "GET /wp-content/plugins/woocommerce/assets/js/sourcebuster/sourcebuster.min.js?ver=10.7.0 HTTP/3" 200 4609 "https://inquangcaothuonghieu.com/san-pham/in-op-ipad-lay-lien/" "Mozilla/5.0 (Windows NT 10.0; Win64; x64) AppleWebKit/537.36 (KHTML, like Gecko) Chrome/147.0.0.0 Safari/537.36"
42.112.134.226 - - [17/Jun/2026:23:01:11 +0700] "GET /wp-content/cache/autoptimize/autoptimize_single_dbfc65337a326c1c5b7a720becb486cd.php?ver=1.2.1 HTTP/3" 200 849 "https://inquangcaothuonghieu.com/san-pham/in-op-ipad-lay-lien/" "Mozilla/5.0 (Windows NT 10.0; Win64; x64) AppleWebKit/537.36 (KHTML, like Gecko) Chrome/147.0.0.0 Safari/537.36"
42.112.134.226 - - [17/Jun/2026:23:01:11 +0700] "GET /wp-content/plugins/woocommerce/assets/js/frontend/order-attribution.min.js?ver=10.7.0 HTTP/3" 200 1020 "https://inquangcaothuonghieu.com/san-pham/in-op-ipad-lay-lien/" "Mozilla/5.0 (Windows NT 10.0; Win64; x64) AppleWebKit/537.36 (KHTML, like Gecko) Chrome/147.0.0.0 Safari/537.36"
42.112.134.226 - - [17/Jun/2026:23:01:11 +0700] "GET /wp-includes/js/dist/vendor/wp-polyfill.min.js?ver=3.15.0 HTTP/3" 200 11581 "https://inquangcaothuonghieu.com/san-pham/in-op-ipad-lay-lien/" "Mozilla/5.0 (Windows NT 10.0; Win64; x64) AppleWebKit/537.36 (KHTML, like Gecko) Chrome/147.0.0.0 Safari/537.36"
42.112.134.226 - - [17/Jun/2026:23:01:11 +0700] "GET /wp-content/cache/autoptimize/autoptimize_single_718b32a9971ad4fb3a1e8320aa21b88a.php HTTP/3" 200 1090 "https://inquangcaothuonghieu.com/san-pham/in-op-ipad-lay-lien/" "Mozilla/5.0 (Windows NT 10.0; Win64; x64) AppleWebKit/537.36 (KHTML, like Gecko) Chrome/147.0.0.0 Safari/537.36"
42.112.134.226 - - [17/Jun/2026:23:01:11 +0700] "GET /wp-includes/js/hoverIntent.min.js?ver=1.10.2 HTTP/3" 200 668 "https://inquangcaothuonghieu.com/san-pham/in-op-ipad-lay-lien/" "Mozilla/5.0 (Windows NT 10.0; Win64; x64) AppleWebKit/537.36 (KHTML, like Gecko) Chrome/147.0.0.0 Safari/537.36"
42.112.134.226 - - [17/Jun/2026:23:01:11 +0700] "GET /wp-content/cache/autoptimize/autoptimize_single_30bef76f6c5678740a4b7c4b1e0ca3b5.php?ver=3.15.6 HTTP/3" 200 504 "https://inquangcaothuonghieu.com/san-pham/in-op-ipad-lay-lien/" "Mozilla/5.0 (Windows NT 10.0; Win64; x64) AppleWebKit/537.36 (KHTML, like Gecko) Chrome/147.0.0.0 Safari/537.36"
42.112.134.226 - - [17/Jun/2026:23:01:11 +0700] "GET /wp-content/cache/autoptimize/autoptimize_single_b7a41fa550d6215865ba0f4b26bcb4a4.php?ver=7a63f7aa2c4bbf851812535d8e4e7958 HTTP/3" 200 6103 "https://inquangcaothuonghieu.com/san-pham/in-op-ipad-lay-lien/" "Mozilla/5.0 (Windows NT 10.0; Win64; x64) AppleWebKit/537.36 (KHTML, like Gecko) Chrome/147.0.0.0 Safari/537.36"
42.112.134.226 - - [17/Jun/2026:23:01:11 +0700] "GET /wp-content/cache/autoptimize/autoptimize_single_1cee40912bbb17cc7b173715fde716bc.php?ver=8d32fe071187c00e5c8eae51dcdefdd9 HTTP/3" 200 15917 "https://inquangcaothuonghieu.com/san-pham/in-op-ipad-lay-lien/" "Mozilla/5.0 (Windows NT 10.0; Win64; x64) AppleWebKit/537.36 (KHTML, like Gecko) Chrome/147.0.0.0 Safari/537.36"
42.112.134.226 - - [17/Jun/2026:23:01:11 +0700] "GET /wp-includes/js/comment-reply.min.js?ver=7.0 HTTP/3" 200 1247 "https://inquangcaothuonghieu.com/san-pham/in-op-ipad-lay-lien/" "Mozilla/5.0 (Windows NT 10.0; Win64; x64) AppleWebKit/537.36 (KHTML, like Gecko) Chrome/147.0.0.0 Safari/537.36"
42.112.134.226 - - [17/Jun/2026:23:01:11 +0700] "GET /wp-content/themes/flatsome/assets/js/chunk.tooltips.29144c1c.js HTTP/3" 200 4651 "https://inquangcaothuonghieu.com/san-pham/in-op-ipad-lay-lien/" "Mozilla/5.0 (Windows NT 10.0; Win64; x64) AppleWebKit/537.36 (KHTML, like Gecko) Chrome/147.0.0.0 Safari/537.36"
42.112.134.226 - - [17/Jun/2026:23:01:11 +0700] "GET /wp-content/themes/flatsome/assets/js/chunk.vendors-popups.947eca5c.js HTTP/3" 200 6872 "https://inquangcaothuonghieu.com/san-pham/in-op-ipad-lay-lien/" "Mozilla/5.0 (Windows NT 10.0; Win64; x64) AppleWebKit/537.36 (KHTML, like Gecko) Chrome/147.0.0.0 Safari/537.36"
42.112.134.226 - - [17/Jun/2026:23:01:11 +0700] "GET /wp-content/themes/flatsome/assets/js/chunk.vendors-slider.f0d2cbc9.js HTTP/3" 200 12808 "https://inquangcaothuonghieu.com/san-pham/in-op-ipad-lay-lien/" "Mozilla/5.0 (Windows NT 10.0; Win64; x64) AppleWebKit/537.36 (KHTML, like Gecko) Chrome/147.0.0.0 Safari/537.36"
42.112.134.226 - - [17/Jun/2026:23:01:11 +0700] "GET /wp-content/uploads/2022/03/left-quote.svg HTTP/3" 200 1142 "https://inquangcaothuonghieu.com/san-pham/in-op-ipad-lay-lien/" "Mozilla/5.0 (Windows NT 10.0; Win64; x64) AppleWebKit/537.36 (KHTML, like Gecko) Chrome/147.0.0.0 Safari/537.36"
42.112.134.226 - - [17/Jun/2026:23:01:11 +0700] "GET /wp-content/uploads/2022/03/right-quote.svg HTTP/3" 200 1177 "https://inquangcaothuonghieu.com/san-pham/in-op-ipad-lay-lien/" "Mozilla/5.0 (Windows NT 10.0; Win64; x64) AppleWebKit/537.36 (KHTML, like Gecko) Chrome/147.0.0.0 Safari/537.36"
42.112.134.226 - - [17/Jun/2026:23:01:11 +0700] "GET /wp-content/uploads/2025/11/avatar-a-300x300.png HTTP/3" 200 56687 "https://inquangcaothuonghieu.com/san-pham/in-op-ipad-lay-lien/" "Mozilla/5.0 (Windows NT 10.0; Win64; x64) AppleWebKit/537.36 (KHTML, like Gecko) Chrome/147.0.0.0 Safari/537.36"
42.112.134.226 - - [17/Jun/2026:23:01:11 +0700] "GET /wp-content/uploads/2025/11/avatar-300x300.png HTTP/3" 200 58187 "https://inquangcaothuonghieu.com/san-pham/in-op-ipad-lay-lien/" "Mozilla/5.0 (Windows NT 10.0; Win64; x64) AppleWebKit/537.36 (KHTML, like Gecko) Chrome/147.0.0.0 Safari/537.36"
42.112.134.226 - - [17/Jun/2026:23:01:12 +0700] "GET /wp-includes/js/wp-emoji-release.min.js?ver=7.0 HTTP/3" 200 4949 "https://inquangcaothuonghieu.com/san-pham/in-op-ipad-lay-lien/" "Mozilla/5.0 (Windows NT 10.0; Win64; x64) AppleWebKit/537.36 (KHTML, like Gecko) Chrome/147.0.0.0 Safari/537.36"
42.112.134.226 - - [17/Jun/2026:23:01:14 +0700] "GET /wp-content/uploads/2025/11/logo-1-100x100.png HTTP/3" 200 12314 "https://inquangcaothuonghieu.com/san-pham/in-op-ipad-lay-lien/" "Mozilla/5.0 (Windows NT 10.0; Win64; x64) AppleWebKit/537.36 (KHTML, like Gecko) Chrome/147.0.0.0 Safari/537.36"
173.252.107.113 - - [17/Jun/2026:23:01:17 +0700] "GET /images/san%20pham%20moi/dung%20cu%20co%20vu/1.jpg HTTP/2" 301 0 "-" "facebookexternalhit/1.1 (+http://www.facebook.com/externalhit_uatext.php)"
173.252.109.2 - - [17/Jun/2026:23:01:17 +0700] "GET /images/hinh%20trang%20menu/27.jpg HTTP/2" 404 201898 "-" "facebookexternalhit/1.1 (+http://www.facebook.com/externalhit_uatext.php)"
173.252.107.113 - - [17/Jun/2026:23:01:20 +0700] "GET /images/san%20pham%20moi/dung%20cu%20co%20vu/1.jpg HTTP/2" 404 201910 "-" "facebookexternalhit/1.1 (+http://www.facebook.com/externalhit_uatext.php)"
173.252.70.25 - - [17/Jun/2026:23:01:20 +0700] "GET /images/san%20pham%20moi/thanh%20cuon/4.jpg HTTP/2" 404 201907 "-" "facebookexternalhit/1.1 (+http://www.facebook.com/externalhit_uatext.php)"
47.128.36.69 - - [17/Jun/2026:23:01:21 +0700] "GET /in-uv-cuon.html HTTP/2" 301 0 "-" "Mozilla/5.0 (Linux; Android 5.0) AppleWebKit/537.36 (KHTML, like Gecko) Mobile Safari/537.36 (compatible; Bytespider; spider-feedback@bytedance.com)"
57.141.14.49 - - [17/Jun/2026:23:01:21 +0700] "GET /san-pham/in-poster-kho-nho/ HTTP/2" 200 238689 "-" "meta-externalagent/1.1 (+https://developers.facebook.com/docs/sharing/webmasters/crawler)"
47.128.36.69 - - [17/Jun/2026:23:01:23 +0700] "GET /in-uv-cuon.html HTTP/2" 404 36905 "-" "Mozilla/5.0 (Linux; Android 5.0) AppleWebKit/537.36 (KHTML, like Gecko) Mobile Safari/537.36 (compatible; Bytespider; spider-feedback@bytedance.com)"
47.128.36.69 - - [17/Jun/2026:23:01:24 +0700] "GET /wp-content/cache/autoptimize/autoptimize_single_349504a3690b887532f812a8feac3ee6.php?ver=3.0 HTTP/2" 200 91 "https://inquangcaothuonghieu.com/in-uv-cuon.html" "Mozilla/5.0 (Linux; Android 5.0) AppleWebKit/537.36 (KHTML, like Gecko) Mobile Safari/537.36 (compatible; Bytespider; spider-feedback@bytedance.com)"
47.128.36.69 - - [17/Jun/2026:23:01:25 +0700] "GET /wp-content/uploads/2025/11/bao-hanh-uv_.png HTTP/2" 206 500 "https://inquangcaothuonghieu.com/in-uv-cuon.html" "Mozilla/5.0 (Linux; Android 5.0) AppleWebKit/537.36 (KHTML, like Gecko) Mobile Safari/537.36 (compatible; Bytespider; spider-feedback@bytedance.com)"
47.128.36.69 - - [17/Jun/2026:23:01:25 +0700] "GET /wp-content/uploads/2025/11/decal-in-uv.jpg?v=1762541397 HTTP/2" 206 500 "https://inquangcaothuonghieu.com/in-uv-cuon.html" "Mozilla/5.0 (Linux; Android 5.0) AppleWebKit/537.36 (KHTML, like Gecko) Mobile Safari/537.36 (compatible; Bytespider; spider-feedback@bytedance.com)"
47.128.36.69 - - [17/Jun/2026:23:01:25 +0700] "GET /wp-content/uploads/2025/11/thanh-chu-x.jpg?v=1762541685 HTTP/2" 206 500 "https://inquangcaothuonghieu.com/in-uv-cuon.html" "Mozilla/5.0 (Linux; Android 5.0) AppleWebKit/537.36 (KHTML, like Gecko) Mobile Safari/537.36 (compatible; Bytespider; spider-feedback@bytedance.com)"
47.128.36.69 - - [17/Jun/2026:23:01:25 +0700] "GET /wp-content/uploads/2025/11/1-3.jpg?v=1762541670 HTTP/2" 206 500 "https://inquangcaothuonghieu.com/in-uv-cuon.html" "Mozilla/5.0 (Linux; Android 5.0) AppleWebKit/537.36 (KHTML, like Gecko) Mobile Safari/537.36 (compatible; Bytespider; spider-feedback@bytedance.com)"
47.128.36.69 - - [17/Jun/2026:23:01:25 +0700] "GET /wp-content/uploads/2022/03/The_gioi_in_an_20190809172812477dm_menu_v2.png HTTP/2" 206 500 "https://inquangcaothuonghieu.com/in-uv-cuon.html" "Mozilla/5.0 (Linux; Android 5.0) AppleWebKit/537.36 (KHTML, like Gecko) Mobile Safari/537.36 (compatible; Bytespider; spider-feedback@bytedance.com)"
47.128.36.69 - - [17/Jun/2026:23:01:26 +0700] "GET /wp-content/uploads/2025/11/ghep.jpg?v=1762677779 HTTP/2" 206 500 "https://inquangcaothuonghieu.com/in-uv-cuon.html" "Mozilla/5.0 (Linux; Android 5.0) AppleWebKit/537.36 (KHTML, like Gecko) Mobile Safari/537.36 (compatible; Bytespider; spider-feedback@bytedance.com)"
47.128.36.69 - - [17/Jun/2026:23:01:26 +0700] "GET /wp-content/uploads/2025/11/icon-sms.png HTTP/2" 206 500 "https://inquangcaothuonghieu.com/in-uv-cuon.html" "Mozilla/5.0 (Linux; Android 5.0) AppleWebKit/537.36 (KHTML, like Gecko) Mobile Safari/537.36 (compatible; Bytespider; spider-feedback@bytedance.com)"
47.128.36.69 - - [17/Jun/2026:23:01:26 +0700] "GET /wp-content/uploads/2022/03/logo-10-100x100.png HTTP/2" 206 500 "https://inquangcaothuonghieu.com/in-uv-cuon.html" "Mozilla/5.0 (Linux; Android 5.0) AppleWebKit/537.36 (KHTML, like Gecko) Mobile Safari/537.36 (compatible; Bytespider; spider-feedback@bytedance.com)"
47.128.36.69 - - [17/Jun/2026:23:01:27 +0700] "GET /wp-content/uploads/2025/11/avatar-100x100.png HTTP/2" 206 500 "https://inquangcaothuonghieu.com/in-uv-cuon.html" "Mozilla/5.0 (Linux; Android 5.0) AppleWebKit/537.36 (KHTML, like Gecko) Mobile Safari/537.36 (compatible; Bytespider; spider-feedback@bytedance.com)"
47.128.36.69 - - [17/Jun/2026:23:01:27 +0700] "GET /wp-content/uploads/2025/11/pixefy-02-768x431-1.jpg HTTP/2" 206 500 "https://inquangcaothuonghieu.com/in-uv-cuon.html" "Mozilla/5.0 (Linux; Android 5.0) AppleWebKit/537.36 (KHTML, like Gecko) Mobile Safari/537.36 (compatible; Bytespider; spider-feedback@bytedance.com)"
114.119.139.207 - - [17/Jun/2026:23:01:29 +0700] "GET /san-pham/in-backdrop-tat-nien-2025/ HTTP/1.1" 200 46020 "https://inquangcaothuonghieu.com/san-pham/in-backdrop-tat-nien-2025/" "Mozilla/5.0 (Linux; Android 7.0;) AppleWebKit/537.36 (HTML, like Gecko) Mobile Safari/537.36 (compatible; PetalBot;+https://webmaster.petalsearch.com/site/petalbot)"
57.141.14.94 - - [17/Jun/2026:23:01:42 +0700] "GET /san-pham/in-gift-card-2/ HTTP/2" 200 238770 "-" "meta-externalagent/1.1 (+https://developers.facebook.com/docs/sharing/webmasters/crawler)"
83.99.206.91 - - [17/Jun/2026:23:01:52 +0700] "GET /tu-khoa-san-pham/in-ten-dan-xe/ HTTP/1.1" 200 39758 "-" "Mozilla/5.0 (X11; Linux x86_64) AppleWebKit/537.36 (KHTML, like Gecko; GeedoShopProductFinder) Chrome/142.0.0.0 Safari/537.36"
83.99.206.91 - - [17/Jun/2026:23:02:12 +0700] "GET /san-pham/in-poster-quan-1/ HTTP/1.1" 200 46122 "-" "Mozilla/5.0 (X11; Linux x86_64) AppleWebKit/537.36 (KHTML, like Gecko; GeedoShopProductFinder) Chrome/142.0.0.0 Safari/537.36"
83.99.206.91 - - [17/Jun/2026:23:02:31 +0700] "GET /san-pham/in-bat-hiflex-lien-tam/ HTTP/1.1" 200 45842 "-" "Mozilla/5.0 (X11; Linux x86_64) AppleWebKit/537.36 (KHTML, like Gecko; GeedoShopProductFinder) Chrome/142.0.0.0 Safari/537.36"
42.112.134.226 - - [17/Jun/2026:23:02:36 +0700] "GET /wp-content/uploads/2022/03/giaohang.png HTTP/3" 200 8663 "https://inquangcaothuonghieu.com/san-pham/in-op-ipad-lay-lien/" "Mozilla/5.0 (Windows NT 10.0; Win64; x64) AppleWebKit/537.36 (KHTML, like Gecko) Chrome/147.0.0.0 Safari/537.36"
42.112.134.226 - - [17/Jun/2026:23:02:36 +0700] "GET /wp-content/uploads/2022/03/printnow.png HTTP/3" 200 8598 "https://inquangcaothuonghieu.com/san-pham/in-op-ipad-lay-lien/" "Mozilla/5.0 (Windows NT 10.0; Win64; x64) AppleWebKit/537.36 (KHTML, like Gecko) Chrome/147.0.0.0 Safari/537.36"
42.112.134.226 - - [17/Jun/2026:23:02:36 +0700] "GET /wp-content/uploads/2022/03/5ngay.png HTTP/3" 200 8797 "https://inquangcaothuonghieu.com/san-pham/in-op-ipad-lay-lien/" "Mozilla/5.0 (Windows NT 10.0; Win64; x64) AppleWebKit/537.36 (KHTML, like Gecko) Chrome/147.0.0.0 Safari/537.36"
42.112.134.226 - - [17/Jun/2026:23:02:36 +0700] "GET /wp-content/uploads/2025/11/avatar-100x100.png HTTP/3" 200 9071 "https://inquangcaothuonghieu.com/san-pham/in-op-ipad-lay-lien/" "Mozilla/5.0 (Windows NT 10.0; Win64; x64) AppleWebKit/537.36 (KHTML, like Gecko) Chrome/147.0.0.0 Safari/537.36"
42.112.134.226 - - [17/Jun/2026:23:02:36 +0700] "GET /wp-content/uploads/2025/11/avatar-a-100x100.png HTTP/3" 200 8565 "https://inquangcaothuonghieu.com/san-pham/in-op-ipad-lay-lien/" "Mozilla/5.0 (Windows NT 10.0; Win64; x64) AppleWebKit/537.36 (KHTML, like Gecko) Chrome/147.0.0.0 Safari/537.36"
42.112.134.226 - - [17/Jun/2026:23:02:36 +0700] "GET /wp-content/uploads/2026/04/in-op-dt1-510x304.jpg?v=1775909684 HTTP/3" 200 70023 "https://inquangcaothuonghieu.com/san-pham/in-op-ipad-lay-lien/" "Mozilla/5.0 (Windows NT 10.0; Win64; x64) AppleWebKit/537.36 (KHTML, like Gecko) Chrome/147.0.0.0 Safari/537.36"
42.112.134.226 - - [17/Jun/2026:23:02:36 +0700] "GET /wp-content/uploads/2026/04/in-op-dt1.jpg?v=1775909684 HTTP/3" 200 208440 "https://inquangcaothuonghieu.com/san-pham/in-op-ipad-lay-lien/" "Mozilla/5.0 (Windows NT 10.0; Win64; x64) AppleWebKit/537.36 (KHTML, like Gecko) Chrome/147.0.0.0 Safari/537.36"
42.112.134.226 - - [17/Jun/2026:23:02:39 +0700] "GET /wp-content/uploads/2022/03/logo-1-150x150.png HTTP/3" 200 13517 "https://inquangcaothuonghieu.com/san-pham/in-op-ipad-lay-lien/" "Mozilla/5.0 (Windows NT 10.0; Win64; x64) AppleWebKit/537.36 (KHTML, like Gecko) Chrome/147.0.0.0 Safari/537.36"
42.112.134.226 - - [17/Jun/2026:23:02:39 +0700] "GET /wp-content/uploads/2022/03/logo-4-150x150.png HTTP/3" 200 19587 "https://inquangcaothuonghieu.com/san-pham/in-op-ipad-lay-lien/" "Mozilla/5.0 (Windows NT 10.0; Win64; x64) AppleWebKit/537.36 (KHTML, like Gecko) Chrome/147.0.0.0 Safari/537.36"
42.112.134.226 - - [17/Jun/2026:23:02:39 +0700] "GET /wp-content/uploads/2022/03/logo-2-150x150.png HTTP/3" 200 16109 "https://inquangcaothuonghieu.com/san-pham/in-op-ipad-lay-lien/" "Mozilla/5.0 (Windows NT 10.0; Win64; x64) AppleWebKit/537.36 (KHTML, like Gecko) Chrome/147.0.0.0 Safari/537.36"
42.112.134.226 - - [17/Jun/2026:23:02:39 +0700] "GET /wp-content/uploads/2022/03/logo-3-150x150.png HTTP/3" 200 15570 "https://inquangcaothuonghieu.com/san-pham/in-op-ipad-lay-lien/" "Mozilla/5.0 (Windows NT 10.0; Win64; x64) AppleWebKit/537.36 (KHTML, like Gecko) Chrome/147.0.0.0 Safari/537.36"
42.112.134.226 - - [17/Jun/2026:23:02:39 +0700] "GET /wp-content/uploads/2026/04/in-uv-qua-tang-247x296.jpg?v=1775908639 HTTP/3" 200 47980 "https://inquangcaothuonghieu.com/san-pham/in-op-ipad-lay-lien/" "Mozilla/5.0 (Windows NT 10.0; Win64; x64) AppleWebKit/537.36 (KHTML, like Gecko) Chrome/147.0.0.0 Safari/537.36"
42.112.134.226 - - [17/Jun/2026:23:02:39 +0700] "GET /wp-content/uploads/2025/11/In-Tem-UV-DTF-1-247x296.jpg?v=1762567536 HTTP/3" 200 600314 "https://inquangcaothuonghieu.com/san-pham/in-op-ipad-lay-lien/" "Mozilla/5.0 (Windows NT 10.0; Win64; x64) AppleWebKit/537.36 (KHTML, like Gecko) Chrome/147.0.0.0 Safari/537.36"
42.112.134.226 - - [17/Jun/2026:23:02:39 +0700] "GET /wp-content/uploads/2022/03/logo-5-150x150.png HTTP/3" 200 25652 "https://inquangcaothuonghieu.com/san-pham/in-op-ipad-lay-lien/" "Mozilla/5.0 (Windows NT 10.0; Win64; x64) AppleWebKit/537.36 (KHTML, like Gecko) Chrome/147.0.0.0 Safari/537.36"
42.112.134.226 - - [17/Jun/2026:23:02:39 +0700] "GET /wp-content/uploads/2022/03/logo-7-150x150.png HTTP/3" 200 13889 "https://inquangcaothuonghieu.com/san-pham/in-op-ipad-lay-lien/" "Mozilla/5.0 (Windows NT 10.0; Win64; x64) AppleWebKit/537.36 (KHTML, like Gecko) Chrome/147.0.0.0 Safari/537.36"
42.112.134.226 - - [17/Jun/2026:23:02:39 +0700] "GET /wp-content/uploads/2022/03/logo-6-150x150.png HTTP/3" 200 9742 "https://inquangcaothuonghieu.com/san-pham/in-op-ipad-lay-lien/" "Mozilla/5.0 (Windows NT 10.0; Win64; x64) AppleWebKit/537.36 (KHTML, like Gecko) Chrome/147.0.0.0 Safari/537.36"
42.112.134.226 - - [17/Jun/2026:23:02:39 +0700] "GET /wp-content/uploads/2022/03/logo-8-150x150.png HTTP/3" 200 10677 "https://inquangcaothuonghieu.com/san-pham/in-op-ipad-lay-lien/" "Mozilla/5.0 (Windows NT 10.0; Win64; x64) AppleWebKit/537.36 (KHTML, like Gecko) Chrome/147.0.0.0 Safari/537.36"
42.112.134.226 - - [17/Jun/2026:23:02:39 +0700] "GET /wp-content/uploads/2022/03/logo-9-150x150.png HTTP/3" 200 13658 "https://inquangcaothuonghieu.com/san-pham/in-op-ipad-lay-lien/" "Mozilla/5.0 (Windows NT 10.0; Win64; x64) AppleWebKit/537.36 (KHTML, like Gecko) Chrome/147.0.0.0 Safari/537.36"
42.112.134.226 - - [17/Jun/2026:23:02:39 +0700] "GET /wp-content/uploads/2022/03/logo-10-150x150.png HTTP/3" 200 11216 "https://inquangcaothuonghieu.com/san-pham/in-op-ipad-lay-lien/" "Mozilla/5.0 (Windows NT 10.0; Win64; x64) AppleWebKit/537.36 (KHTML, like Gecko) Chrome/147.0.0.0 Safari/537.36"
42.112.134.226 - - [17/Jun/2026:23:02:39 +0700] "GET /wp-content/uploads/2022/03/logo-11-150x150.png HTTP/3" 200 16729 "https://inquangcaothuonghieu.com/san-pham/in-op-ipad-lay-lien/" "Mozilla/5.0 (Windows NT 10.0; Win64; x64) AppleWebKit/537.36 (KHTML, like Gecko) Chrome/147.0.0.0 Safari/537.36"
42.112.134.226 - - [17/Jun/2026:23:02:39 +0700] "GET /wp-content/uploads/2022/03/icon-2-1.png HTTP/3" 200 11138 "https://inquangcaothuonghieu.com/san-pham/in-op-ipad-lay-lien/" "Mozilla/5.0 (Windows NT 10.0; Win64; x64) AppleWebKit/537.36 (KHTML, like Gecko) Chrome/147.0.0.0 Safari/537.36"
42.112.134.226 - - [17/Jun/2026:23:02:39 +0700] "GET /wp-content/uploads/2022/03/logo-12-150x150.png HTTP/3" 200 13184 "https://inquangcaothuonghieu.com/san-pham/in-op-ipad-lay-lien/" "Mozilla/5.0 (Windows NT 10.0; Win64; x64) AppleWebKit/537.36 (KHTML, like Gecko) Chrome/147.0.0.0 Safari/537.36"
42.112.134.226 - - [17/Jun/2026:23:02:39 +0700] "GET /wp-content/uploads/2022/03/icon-1.png HTTP/3" 200 10929 "https://inquangcaothuonghieu.com/san-pham/in-op-ipad-lay-lien/" "Mozilla/5.0 (Windows NT 10.0; Win64; x64) AppleWebKit/537.36 (KHTML, like Gecko) Chrome/147.0.0.0 Safari/537.36"
42.112.134.226 - - [17/Jun/2026:23:02:39 +0700] "GET /wp-content/uploads/2022/03/icon-3.png HTTP/3" 200 9096 "https://inquangcaothuonghieu.com/san-pham/in-op-ipad-lay-lien/" "Mozilla/5.0 (Windows NT 10.0; Win64; x64) AppleWebKit/537.36 (KHTML, like Gecko) Chrome/147.0.0.0 Safari/537.36"
198.244.183.167 - - [17/Jun/2026:23:02:41 +0700] "GET /san-pham/in-tem-uv-chong-nuoc500https-inquangcaothuonghieu-com-wp-content-uploads-2026-04-in-tem-nha-mac-jpgdich-vu-in-tem-nhan-decal-sticker-chat-luong-cao-lay-lien-tai-tphcm-gia-xuong-tem-nhan/feed/ HTTP/2" 200 743 "-" "Mozilla/5.0 (compatible; AhrefsBot/7.0; +http://ahrefs.com/robot/)"
57.141.14.11 - - [17/Jun/2026:23:02:41 +0700] "GET /san-pham/in-formex-gan-day-3/ HTTP/2" 200 238640 "-" "meta-externalagent/1.1 (+https://developers.facebook.com/docs/sharing/webmasters/crawler)"
57.141.14.108 - - [17/Jun/2026:23:02:42 +0700] "GET /tu-khoa-san-pham/giay-decal-in-ma-vach/ HTTP/2" 200 206913 "-" "meta-externalagent/1.1 (+https://developers.facebook.com/docs/sharing/webmasters/crawler)"
57.141.14.48 - - [17/Jun/2026:23:02:43 +0700] "GET /tu-khoa-san-pham/in-poster-kho-nho/ HTTP/2" 200 206825 "-" "meta-externalagent/1.1 (+https://developers.facebook.com/docs/sharing/webmasters/crawler)"
83.99.206.91 - - [17/Jun/2026:23:02:52 +0700] "GET /danh-muc-san-pham/an-pham-van-phong/in-git-voucher-phieu-qua-tang-phieu-bao-hanh/page/3/ HTTP/1.1" 200 41256 "-" "Mozilla/5.0 (X11; Linux x86_64) AppleWebKit/537.36 (KHTML, like Gecko; GeedoShopProductFinder) Chrome/142.0.0.0 Safari/537.36"
57.141.14.16 - - [17/Jun/2026:23:03:11 +0700] "GET /san-pham/in-ruy-bang-deo-tay/ HTTP/2" 200 239811 "-" "meta-externalagent/1.1 (+https://developers.facebook.com/docs/sharing/webmasters/crawler)"
83.99.206.91 - - [17/Jun/2026:23:03:11 +0700] "GET /tu-khoa-san-pham/in-uv-cap-toc/ HTTP/1.1" 200 39759 "-" "Mozilla/5.0 (X11; Linux x86_64) AppleWebKit/537.36 (KHTML, like Gecko; GeedoShopProductFinder) Chrome/142.0.0.0 Safari/537.36"
83.99.206.109 - - [17/Jun/2026:23:03:32 +0700] "GET /san-pham/gia-in-decal-mau-kho-lon-2/ HTTP/1.1" 200 45955 "-" "Mozilla/5.0 (X11; Linux x86_64) AppleWebKit/537.36 (KHTML, like Gecko; GeedoShopProductFinder) Chrome/142.0.0.0 Safari/537.36"
57.141.14.11 - - [17/Jun/2026:23:03:58 +0700] "GET /SiteMap.aspx HTTP/2" 404 197028 "-" "meta-externalagent/1.1 (+https://developers.facebook.com/docs/sharing/webmasters/crawler)"
43.131.26.226 - - [17/Jun/2026:23:04:20 +0700] "GET /danh-muc-san-pham/in-bat-hiflex-bat-2-da-xuyen-sang-khong-gan/ HTTP/1.1" 200 49145 "-" "Mozilla/5.0 (iPhone; CPU iPhone OS 13_2_3 like Mac OS X) AppleWebKit/605.1.15 (KHTML, like Gecko) Version/13.0.3 Mobile/15E148 Safari/604.1"
57.141.14.37 - - [17/Jun/2026:23:04:52 +0700] "GET /tu-khoa-san-pham/cong-ty-in-an-va-quang-cao/ HTTP/2" 200 207235 "-" "meta-externalagent/1.1 (+https://developers.facebook.com/docs/sharing/webmasters/crawler)"
57.141.14.9 - - [17/Jun/2026:23:04:52 +0700] "GET /san-pham/in-giay-nhan/ HTTP/2" 200 238877 "-" "meta-externalagent/1.1 (+https://developers.facebook.com/docs/sharing/webmasters/crawler)"
57.141.14.74 - - [17/Jun/2026:23:04:56 +0700] "GET /tu-khoa-san-pham/in-banner-trong-nha/ HTTP/2" 200 206829 "-" "meta-externalagent/1.1 (+https://developers.facebook.com/docs/sharing/webmasters/crawler)"
57.141.14.91 - - [17/Jun/2026:23:05:02 +0700] "GET /tu-khoa-san-pham/in-bat-hoi-nghi/ HTTP/2" 200 207383 "-" "meta-externalagent/1.1 (+https://developers.facebook.com/docs/sharing/webmasters/crawler)"
57.141.14.2 - - [17/Jun/2026:23:05:11 +0700] "GET /tu-khoa-san-pham/in-standee-lay-lien-tphcm/ HTTP/2" 200 207023 "-" "meta-externalagent/1.1 (+https://developers.facebook.com/docs/sharing/webmasters/crawler)"
57.141.14.60 - - [17/Jun/2026:23:05:16 +0700] "GET /san-pham/bang-quang-cao/ HTTP/2" 200 238683 "-" "meta-externalagent/1.1 (+https://developers.facebook.com/docs/sharing/webmasters/crawler)"
83.99.206.42 - - [17/Jun/2026:23:05:26 +0700] "GET /san-pham/in-an-quang-cao-gia-re-3/ HTTP/1.1" 200 46130 "-" "Mozilla/5.0 (X11; Linux x86_64) AppleWebKit/537.36 (KHTML, like Gecko; GeedoShopProductFinder) Chrome/142.0.0.0 Safari/537.36"
57.141.14.53 - - [17/Jun/2026:23:05:27 +0700] "GET /tu-khoa-san-pham/in-logo-sticker/ HTTP/2" 200 199558 "-" "meta-externalagent/1.1 (+https://developers.facebook.com/docs/sharing/webmasters/crawler)"
114.119.137.237 - - [17/Jun/2026:23:05:29 +0700] "GET /san-pham/in-backdrop-nhanh/ HTTP/1.1" 200 45976 "https://inquangcaothuonghieu.com/san-pham/in-backdrop-nhanh/" "Mozilla/5.0 (Linux; Android 7.0;) AppleWebKit/537.36 (HTML, like Gecko) Mobile Safari/537.36 (compatible; PetalBot;+https://webmaster.petalsearch.com/site/petalbot)"
57.141.14.60 - - [17/Jun/2026:23:05:43 +0700] "GET /tu-khoa-san-pham/dich-vu-in-decal/ HTTP/2" 200 206782 "-" "meta-externalagent/1.1 (+https://developers.facebook.com/docs/sharing/webmasters/crawler)"
66.249.74.75 - - [17/Jun/2026:23:05:45 +0700] "GET /san-pham/in-poster-quan-10/ HTTP/1.1" 200 45965 "-" "Mozilla/5.0 (Linux; Android 6.0.1; Nexus 5X Build/MMB29P) AppleWebKit/537.36 (KHTML, like Gecko) Chrome/148.0.7778.96 Mobile Safari/537.36 (compatible; Googlebot/2.1; +http://www.google.com/bot.html)"
83.99.206.42 - - [17/Jun/2026:23:05:45 +0700] "GET /san-pham/in-bang-ron-lay-lien/ HTTP/1.1" 200 45998 "-" "Mozilla/5.0 (X11; Linux x86_64) AppleWebKit/537.36 (KHTML, like Gecko; GeedoShopProductFinder) Chrome/142.0.0.0 Safari/537.36"
83.99.206.42 - - [17/Jun/2026:23:06:05 +0700] "GET /san-pham/in-uv-len-formex/ HTTP/1.1" 200 45980 "-" "Mozilla/5.0 (X11; Linux x86_64) AppleWebKit/537.36 (KHTML, like Gecko; GeedoShopProductFinder) Chrome/142.0.0.0 Safari/537.36"
52.167.144.137 - - [17/Jun/2026:23:06:13 +0700] "GET /san-pham/in-tem-phu-san-pham HTTP/2" 301 0 "-" "Mozilla/5.0 AppleWebKit/537.36 (KHTML, like Gecko; compatible; bingbot/2.0; +http://www.bing.com/bingbot.htm) Chrome/116.0.1938.76 Safari/537.36"
52.167.144.137 - - [17/Jun/2026:23:06:16 +0700] "GET /san-pham/in-tem-phu-san-pham/ HTTP/2" 200 46061 "-" "Mozilla/5.0 AppleWebKit/537.36 (KHTML, like Gecko; compatible; bingbot/2.0; +http://www.bing.com/bingbot.htm) Chrome/116.0.1938.76 Safari/537.36"
83.99.206.17 - - [17/Jun/2026:23:06:26 +0700] "GET /san-pham/in-phong-nen-chup-anh/ HTTP/1.1" 200 46033 "-" "Mozilla/5.0 (X11; Linux x86_64) AppleWebKit/537.36 (KHTML, like Gecko; GeedoShopProductFinder) Chrome/142.0.0.0 Safari/537.36"
66.249.74.74 - - [17/Jun/2026:23:06:35 +0700] "GET /san-pham/xuong-in-tem-mac-quan-ao/ HTTP/1.1" 200 45985 "-" "Mozilla/5.0 (Linux; Android 6.0.1; Nexus 5X Build/MMB29P) AppleWebKit/537.36 (KHTML, like Gecko) Chrome/148.0.7778.96 Mobile Safari/537.36 (compatible; Googlebot/2.1; +http://www.google.com/bot.html)"
83.99.206.126 - - [17/Jun/2026:23:06:45 +0700] "GET /san-pham/in-card-visit-ep-kim/ HTTP/1.1" 200 45870 "-" "Mozilla/5.0 (X11; Linux x86_64) AppleWebKit/537.36 (KHTML, like Gecko; GeedoShopProductFinder) Chrome/142.0.0.0 Safari/537.36"
57.141.14.5 - - [17/Jun/2026:23:06:47 +0700] "GET /san-pham/in-decal-sieu-toc/ HTTP/2" 200 238656 "-" "meta-externalagent/1.1 (+https://developers.facebook.com/docs/sharing/webmasters/crawler)"
57.141.14.80 - - [17/Jun/2026:23:06:49 +0700] "GET /san-pham/in-standee-sieu-toc-trong-nha/ HTTP/2" 200 239419 "-" "meta-externalagent/1.1 (+https://developers.facebook.com/docs/sharing/webmasters/crawler)"
83.99.206.42 - - [17/Jun/2026:23:07:06 +0700] "GET /san-pham/gia-in-decal-mau/ HTTP/1.1" 200 46023 "-" "Mozilla/5.0 (X11; Linux x86_64) AppleWebKit/537.36 (KHTML, like Gecko; GeedoShopProductFinder) Chrome/142.0.0.0 Safari/537.36"
40.77.167.75 - - [17/Jun/2026:23:07:06 +0700] "GET /san-pham/in-tren-decal-trong/ HTTP/2" 200 45891 "-" "Mozilla/5.0 AppleWebKit/537.36 (KHTML, like Gecko; compatible; bingbot/2.0; +http://www.bing.com/bingbot.htm) Chrome/116.0.1938.76 Safari/537.36"
66.249.74.74 - - [17/Jun/2026:23:07:12 +0700] "GET /san-pham/in-tem-nhan-mac-quan-ao/ HTTP/1.1" 200 46208 "-" "Mozilla/5.0 (Linux; Android 6.0.1; Nexus 5X Build/MMB29P) AppleWebKit/537.36 (KHTML, like Gecko) Chrome/148.0.7778.96 Mobile Safari/537.36 (compatible; Googlebot/2.1; +http://www.google.com/bot.html)"
57.141.14.39 - - [17/Jun/2026:23:07:12 +0700] "GET /san-pham/can-in-tem-ma-vach/ HTTP/2" 200 238044 "-" "meta-externalagent/1.1 (+https://developers.facebook.com/docs/sharing/webmasters/crawler)"
57.141.14.63 - - [17/Jun/2026:23:07:13 +0700] "GET /san-pham/in-card-cam-on-dam-cuoi-2/ HTTP/2" 200 239325 "-" "meta-externalagent/1.1 (+https://developers.facebook.com/docs/sharing/webmasters/crawler)"
66.249.74.73 - - [17/Jun/2026:23:07:33 +0700] "GET /san-pham/in-catalogue-dong-lo-xo/ HTTP/1.1" 200 45797 "-" "Mozilla/5.0 (Linux; Android 6.0.1; Nexus 5X Build/MMB29P) AppleWebKit/537.36 (KHTML, like Gecko) Chrome/148.0.7778.96 Mobile Safari/537.36 (compatible; Googlebot/2.1; +http://www.google.com/bot.html)"
66.249.74.73 - - [17/Jun/2026:23:07:41 +0700] "GET /san-pham/in-bang-formex-2/ HTTP/1.1" 200 45910 "-" "Mozilla/5.0 (Linux; Android 6.0.1; Nexus 5X Build/MMB29P) AppleWebKit/537.36 (KHTML, like Gecko) Chrome/148.0.7778.96 Mobile Safari/537.36 (compatible; Googlebot/2.1; +http://www.google.com/bot.html)"
52.167.144.137 - - [17/Jun/2026:23:07:43 +0700] "GET /gioi-thieu/ HTTP/2" 200 41586 "-" "Mozilla/5.0 AppleWebKit/537.36 (KHTML, like Gecko; compatible; bingbot/2.0; +http://www.bing.com/bingbot.htm) Chrome/116.0.1938.76 Safari/537.36"
66.249.74.73 - - [17/Jun/2026:23:07:55 +0700] "GET /san-pham/in-voucher-dap-noi/ HTTP/1.1" 200 45963 "-" "Mozilla/5.0 (Linux; Android 6.0.1; Nexus 5X Build/MMB29P) AppleWebKit/537.36 (KHTML, like Gecko) Chrome/148.0.7778.96 Mobile Safari/537.36 (compatible; Googlebot/2.1; +http://www.google.com/bot.html)"
57.141.14.77 - - [17/Jun/2026:23:07:57 +0700] "GET /tu-khoa-san-pham/xuong-in-uv-bat-quang-cao/ HTTP/2" 200 207153 "-" "meta-externalagent/1.1 (+https://developers.facebook.com/docs/sharing/webmasters/crawler)"
66.249.74.74 - - [17/Jun/2026:23:08:01 +0700] "GET /san-pham/in-decal-nhanh-gia-re/ HTTP/1.1" 200 46041 "-" "Mozilla/5.0 (Linux; Android 6.0.1; Nexus 5X Build/MMB29P) AppleWebKit/537.36 (KHTML, like Gecko) Chrome/148.0.7778.96 Mobile Safari/537.36 (compatible; Googlebot/2.1; +http://www.google.com/bot.html)"
57.141.14.83 - - [17/Jun/2026:23:08:07 +0700] "GET /tu-khoa-san-pham/in-uv-decal-mo-dan-kinh/ HTTP/2" 200 206997 "-" "meta-externalagent/1.1 (+https://developers.facebook.com/docs/sharing/webmasters/crawler)"
52.167.144.137 - - [17/Jun/2026:23:08:43 +0700] "GET /in-uv-cuon/ HTTP/2" 200 50138 "-" "Mozilla/5.0 AppleWebKit/537.36 (KHTML, like Gecko; compatible; bingbot/2.0; +http://www.bing.com/bingbot.htm) Chrome/116.0.1938.76 Safari/537.36"
57.141.14.48 - - [17/Jun/2026:23:08:53 +0700] "GET /san-pham/gia-in-uv-decal-phan-quang-3m/ HTTP/2" 200 239897 "-" "meta-externalagent/1.1 (+https://developers.facebook.com/docs/sharing/webmasters/crawler)"
66.249.74.73 - - [17/Jun/2026:23:08:56 +0700] "GET /san-pham/in-bat-quang-cao-tphcm/ HTTP/1.1" 200 45920 "-" "Mozilla/5.0 (Linux; Android 6.0.1; Nexus 5X Build/MMB29P) AppleWebKit/537.36 (KHTML, like Gecko) Chrome/148.0.7778.96 Mobile Safari/537.36 (compatible; Googlebot/2.1; +http://www.google.com/bot.html)"
83.99.206.200 - - [17/Jun/2026:23:09:01 +0700] "GET /san-pham/in-the-card/ HTTP/1.1" 200 45920 "-" "Mozilla/5.0 (X11; Linux x86_64) AppleWebKit/537.36 (KHTML, like Gecko; GeedoShopProductFinder) Chrome/142.0.0.0 Safari/537.36"
57.141.14.38 - - [17/Jun/2026:23:09:01 +0700] "GET /san-pham/in-folder-gia-re-2/ HTTP/2" 200 238353 "-" "meta-externalagent/1.1 (+https://developers.facebook.com/docs/sharing/webmasters/crawler)"
66.249.74.74 - - [17/Jun/2026:23:09:13 +0700] "GET /san-pham/in-quang-cao-24h/ HTTP/1.1" 200 45969 "-" "Mozilla/5.0 (Linux; Android 6.0.1; Nexus 5X Build/MMB29P) AppleWebKit/537.36 (KHTML, like Gecko) Chrome/148.0.7778.96 Mobile Safari/537.36 (compatible; Googlebot/2.1; +http://www.google.com/bot.html)"
83.99.206.200 - - [17/Jun/2026:23:09:22 +0700] "GET /san-pham/bien-quang-cao/ HTTP/1.1" 200 46013 "-" "Mozilla/5.0 (X11; Linux x86_64) AppleWebKit/537.36 (KHTML, like Gecko; GeedoShopProductFinder) Chrome/142.0.0.0 Safari/537.36"
57.141.14.32 - - [17/Jun/2026:23:09:33 +0700] "GET /san-pham/in-catalogue-quan-7/ HTTP/2" 200 238225 "-" "meta-externalagent/1.1 (+https://developers.facebook.com/docs/sharing/webmasters/crawler)"
66.249.71.129 - - [17/Jun/2026:23:09:39 +0700] "GET /san-pham/in-bat-hiflex-kho-lon/ HTTP/1.1" 200 45887 "-" "Mozilla/5.0 (Linux; Android 6.0.1; Nexus 5X Build/MMB29P) AppleWebKit/537.36 (KHTML, like Gecko) Chrome/148.0.7778.96 Mobile Safari/537.36 (compatible; Googlebot/2.1; +http://www.google.com/bot.html)"
83.99.206.200 - - [17/Jun/2026:23:09:42 +0700] "GET /san-pham/in-bang-trao-giai-thuong-tai-tphcm-2/ HTTP/1.1" 200 46029 "-" "Mozilla/5.0 (X11; Linux x86_64) AppleWebKit/537.36 (KHTML, like Gecko; GeedoShopProductFinder) Chrome/142.0.0.0 Safari/537.36"
83.99.206.200 - - [17/Jun/2026:23:10:01 +0700] "GET /san-pham/in-bat-lay-ngay/ HTTP/1.1" 200 45949 "-" "Mozilla/5.0 (X11; Linux x86_64) AppleWebKit/537.36 (KHTML, like Gecko; GeedoShopProductFinder) Chrome/142.0.0.0 Safari/537.36"
57.141.14.85 - - [17/Jun/2026:23:10:11 +0700] "GET /tu-khoa-san-pham/in-pano-uv-bat/ HTTP/2" 200 206751 "-" "meta-externalagent/1.1 (+https://developers.facebook.com/docs/sharing/webmasters/crawler)"
57.141.14.83 - - [17/Jun/2026:23:10:12 +0700] "GET /san-pham/tem-nhan-decal-la-gi500https-inquangcaothuonghieu-com-wp-content-uploads-2026-04-in-tem-nha-mac-jpgdich-vu-in-tem-nhan-decal-sticker-chat-luong-cao-lay-lien-tai-tphcm-gia-xuong-tem-nhan/ HTTP/2" 200 250312 "-" "meta-externalagent/1.1 (+https://developers.facebook.com/docs/sharing/webmasters/crawler)"
66.249.74.73 - - [17/Jun/2026:23:10:18 +0700] "GET /san-pham/in-uv-bang-noi-quy/ HTTP/1.1" 200 46075 "-" "Mozilla/5.0 (compatible; Googlebot/2.1; +http://www.google.com/bot.html)"
83.99.206.200 - - [17/Jun/2026:23:10:22 +0700] "GET /tu-khoa-san-pham/in-bang-trao-hoc-bong/ HTTP/1.1" 200 39768 "-" "Mozilla/5.0 (X11; Linux x86_64) AppleWebKit/537.36 (KHTML, like Gecko; GeedoShopProductFinder) Chrome/142.0.0.0 Safari/537.36"
66.249.71.137 - - [17/Jun/2026:23:10:30 +0700] "GET /san-pham/cong-ty-in-tem-nhan/ HTTP/1.1" 200 45982 "-" "Mozilla/5.0 (compatible; Googlebot/2.1; +http://www.google.com/bot.html)"
66.249.74.73 - - [17/Jun/2026:23:10:36 +0700] "GET /san-pham/gia-in-pp-can-bong/ HTTP/1.1" 200 45847 "-" "Mozilla/5.0 (Linux; Android 6.0.1; Nexus 5X Build/MMB29P) AppleWebKit/537.36 (KHTML, like Gecko) Chrome/148.0.7778.96 Mobile Safari/537.36 (compatible; Googlebot/2.1; +http://www.google.com/bot.html)"
83.99.206.200 - - [17/Jun/2026:23:10:42 +0700] "GET /tu-khoa-san-pham/in-uv-bat-hiflex-binh-thanh/ HTTP/1.1" 200 39807 "-" "Mozilla/5.0 (X11; Linux x86_64) AppleWebKit/537.36 (KHTML, like Gecko; GeedoShopProductFinder) Chrome/142.0.0.0 Safari/537.36"
57.141.14.45 - - [17/Jun/2026:23:11:00 +0700] "GET /tu-khoa-san-pham/in-banner-quan-10/ HTTP/2" 200 206797 "-" "meta-externalagent/1.1 (+https://developers.facebook.com/docs/sharing/webmasters/crawler)"
57.141.14.72 - - [17/Jun/2026:23:11:01 +0700] "GET /tu-khoa-san-pham/in-tem-gia/ HTTP/2" 200 199459 "-" "meta-externalagent/1.1 (+https://developers.facebook.com/docs/sharing/webmasters/crawler)"
66.249.71.137 - - [17/Jun/2026:23:11:06 +0700] "GET /san-pham/in-co-giao-tan-noi/ HTTP/1.1" 200 46253 "-" "Mozilla/5.0 (Linux; Android 6.0.1; Nexus 5X Build/MMB29P) AppleWebKit/537.36 (KHTML, like Gecko) Chrome/148.0.7778.96 Mobile Safari/537.36 (compatible; Googlebot/2.1; +http://www.google.com/bot.html)"
