118.69.150.27 - - [18/Jun/2026:01:40:04 +0700] "GET /wp-content/plugins/woocommerce/assets/js/frontend/password-strength-meter.min.js?ver=10.3.8 HTTP/3" 200 751 "https://intemnhanhieu.com/in-hinh-sticker/" "Mozilla/5.0 (Linux; Android 10; CPH2179 Build/QP1A.190711.020; wv) AppleWebKit/537.36 (KHTML, like Gecko) Version/4.0 Chrome/148.0.7778.217 Mobile Safari/537.36 open_news open_news_u_s/7874"
118.69.150.27 - - [18/Jun/2026:01:40:04 +0700] "GET /wp-content/themes/flatsome/assets/js/chunk.countup.js?ver=3.16.2 HTTP/3" 200 1709 "https://intemnhanhieu.com/in-hinh-sticker/" "Mozilla/5.0 (Linux; Android 10; CPH2179 Build/QP1A.190711.020; wv) AppleWebKit/537.36 (KHTML, like Gecko) Version/4.0 Chrome/148.0.7778.217 Mobile Safari/537.36 open_news open_news_u_s/7874"
118.69.150.27 - - [18/Jun/2026:01:40:04 +0700] "GET /wp-content/themes/flatsome/assets/js/chunk.sticky-sidebar.js?ver=3.16.2 HTTP/3" 200 3108 "https://intemnhanhieu.com/in-hinh-sticker/" "Mozilla/5.0 (Linux; Android 10; CPH2179 Build/QP1A.190711.020; wv) AppleWebKit/537.36 (KHTML, like Gecko) Version/4.0 Chrome/148.0.7778.217 Mobile Safari/537.36 open_news open_news_u_s/7874"
118.69.150.27 - - [18/Jun/2026:01:40:04 +0700] "GET /wp-content/themes/flatsome/assets/js/chunk.tooltips.js?ver=3.16.2 HTTP/3" 200 4651 "https://intemnhanhieu.com/in-hinh-sticker/" "Mozilla/5.0 (Linux; Android 10; CPH2179 Build/QP1A.190711.020; wv) AppleWebKit/537.36 (KHTML, like Gecko) Version/4.0 Chrome/148.0.7778.217 Mobile Safari/537.36 open_news open_news_u_s/7874"
118.69.150.27 - - [18/Jun/2026:01:40:04 +0700] "GET /wp-content/themes/flatsome/assets/js/chunk.vendors-popups.js?ver=3.16.2 HTTP/3" 200 6872 "https://intemnhanhieu.com/in-hinh-sticker/" "Mozilla/5.0 (Linux; Android 10; CPH2179 Build/QP1A.190711.020; wv) AppleWebKit/537.36 (KHTML, like Gecko) Version/4.0 Chrome/148.0.7778.217 Mobile Safari/537.36 open_news open_news_u_s/7874"
118.69.150.27 - - [18/Jun/2026:01:40:04 +0700] "GET /wp-content/themes/flatsome/assets/js/chunk.vendors-slider.js?ver=3.16.2 HTTP/3" 200 12785 "https://intemnhanhieu.com/in-hinh-sticker/" "Mozilla/5.0 (Linux; Android 10; CPH2179 Build/QP1A.190711.020; wv) AppleWebKit/537.36 (KHTML, like Gecko) Version/4.0 Chrome/148.0.7778.217 Mobile Safari/537.36 open_news open_news_u_s/7874"
118.69.150.27 - - [18/Jun/2026:01:40:04 +0700] "GET /wp-content/themes/flatsome/assets/css/icons/fl-icons.woff2?v=3.16.2 HTTP/3" 200 7068 "https://intemnhanhieu.com/in-hinh-sticker/" "Mozilla/5.0 (Linux; Android 10; CPH2179 Build/QP1A.190711.020; wv) AppleWebKit/537.36 (KHTML, like Gecko) Version/4.0 Chrome/148.0.7778.217 Mobile Safari/537.36 open_news open_news_u_s/7874"
118.69.150.27 - - [18/Jun/2026:01:40:04 +0700] "GET /wp-content/uploads/2025/10/stande-mo-hinh-542x400.jpg HTTP/3" 200 60650 "https://intemnhanhieu.com/in-hinh-sticker/" "Mozilla/5.0 (Linux; Android 10; CPH2179 Build/QP1A.190711.020; wv) AppleWebKit/537.36 (KHTML, like Gecko) Version/4.0 Chrome/148.0.7778.217 Mobile Safari/537.36 open_news open_news_u_s/7874"
118.69.150.27 - - [18/Jun/2026:01:40:04 +0700] "GET /wp-content/fonts/montserrat/JTUHjIg1_i6t8kCHKm4532VJOt5-QNFgpCtr6Hw5aXx-p7K4GLs.woff HTTP/3" 200 20648 "https://intemnhanhieu.com/in-hinh-sticker/" "Mozilla/5.0 (Linux; Android 10; CPH2179 Build/QP1A.190711.020; wv) AppleWebKit/537.36 (KHTML, like Gecko) Version/4.0 Chrome/148.0.7778.217 Mobile Safari/537.36 open_news open_news_u_s/7874"
118.69.150.27 - - [18/Jun/2026:01:40:04 +0700] "GET /wp-content/fonts/montserrat/JTUHjIg1_i6t8kCHKm4532VJOt5-QNFgpCuM73w5aXx-p7K4GLs.woff HTTP/3" 200 20672 "https://intemnhanhieu.com/in-hinh-sticker/" "Mozilla/5.0 (Linux; Android 10; CPH2179 Build/QP1A.190711.020; wv) AppleWebKit/537.36 (KHTML, like Gecko) Version/4.0 Chrome/148.0.7778.217 Mobile Safari/537.36 open_news open_news_u_s/7874"
118.69.150.27 - - [18/Jun/2026:01:40:04 +0700] "GET /wp-content/fonts/montserrat/JTUHjIg1_i6t8kCHKm4532VJOt5-QNFgpCtr6Hw2aXx-p7K4GLvztg.woff HTTP/3" 200 7268 "https://intemnhanhieu.com/in-hinh-sticker/" "Mozilla/5.0 (Linux; Android 10; CPH2179 Build/QP1A.190711.020; wv) AppleWebKit/537.36 (KHTML, like Gecko) Version/4.0 Chrome/148.0.7778.217 Mobile Safari/537.36 open_news open_news_u_s/7874"
118.69.150.27 - - [18/Jun/2026:01:40:04 +0700] "GET /wp-content/fonts/montserrat/JTUHjIg1_i6t8kCHKm4532VJOt5-QNFgpCuM73w3aXx-p7K4GLvztg.woff HTTP/3" 200 41344 "https://intemnhanhieu.com/in-hinh-sticker/" "Mozilla/5.0 (Linux; Android 10; CPH2179 Build/QP1A.190711.020; wv) AppleWebKit/537.36 (KHTML, like Gecko) Version/4.0 Chrome/148.0.7778.217 Mobile Safari/537.36 open_news open_news_u_s/7874"
118.69.150.27 - - [18/Jun/2026:01:40:04 +0700] "GET /wp-content/fonts/montserrat/JTUHjIg1_i6t8kCHKm4532VJOt5-QNFgpCuM73w2aXx-p7K4GLvztg.woff HTTP/3" 200 7304 "https://intemnhanhieu.com/in-hinh-sticker/" "Mozilla/5.0 (Linux; Android 10; CPH2179 Build/QP1A.190711.020; wv) AppleWebKit/537.36 (KHTML, like Gecko) Version/4.0 Chrome/148.0.7778.217 Mobile Safari/537.36 open_news open_news_u_s/7874"
118.69.150.27 - - [18/Jun/2026:01:40:04 +0700] "GET /wp-content/fonts/montserrat/JTUHjIg1_i6t8kCHKm4532VJOt5-QNFgpCtr6Hw3aXx-p7K4GLvztg.woff HTTP/3" 200 40368 "https://intemnhanhieu.com/in-hinh-sticker/" "Mozilla/5.0 (Linux; Android 10; CPH2179 Build/QP1A.190711.020; wv) AppleWebKit/537.36 (KHTML, like Gecko) Version/4.0 Chrome/148.0.7778.217 Mobile Safari/537.36 open_news open_news_u_s/7874"
118.69.150.27 - - [18/Jun/2026:01:40:06 +0700] "GET /wp-content/uploads/2025/09/LOGO-1.png HTTP/3" 200 28405 "https://intemnhanhieu.com/in-hinh-sticker/" "Mozilla/5.0 (Linux; Android 10; CPH2179 Build/QP1A.190711.020; wv) AppleWebKit/537.36 (KHTML, like Gecko) Version/4.0 Chrome/148.0.7778.217 Mobile Safari/537.36 open_news open_news_u_s/7874"
118.69.150.27 - - [18/Jun/2026:01:40:06 +0700] "GET /wp-content/uploads/2025/10/stande-mo-hinh-300x300.jpg HTTP/3" 200 32892 "https://intemnhanhieu.com/in-hinh-sticker/" "Mozilla/5.0 (Linux; Android 10; CPH2179 Build/QP1A.190711.020; wv) AppleWebKit/537.36 (KHTML, like Gecko) Version/4.0 Chrome/148.0.7778.217 Mobile Safari/537.36 open_news open_news_u_s/7874"
118.69.150.27 - - [18/Jun/2026:01:40:06 +0700] "GET /wp-content/uploads/2025/10/lam-sticker-dan-1-300x300.jpg HTTP/3" 200 17474 "https://intemnhanhieu.com/in-hinh-sticker/" "Mozilla/5.0 (Linux; Android 10; CPH2179 Build/QP1A.190711.020; wv) AppleWebKit/537.36 (KHTML, like Gecko) Version/4.0 Chrome/148.0.7778.217 Mobile Safari/537.36 open_news open_news_u_s/7874"
118.69.150.27 - - [18/Jun/2026:01:40:06 +0700] "GET /wp-content/uploads/2020/10/in-pet-chuyen-nhiet-5-300x300.jpg HTTP/3" 200 31047 "https://intemnhanhieu.com/in-hinh-sticker/" "Mozilla/5.0 (Linux; Android 10; CPH2179 Build/QP1A.190711.020; wv) AppleWebKit/537.36 (KHTML, like Gecko) Version/4.0 Chrome/148.0.7778.217 Mobile Safari/537.36 open_news open_news_u_s/7874"
118.69.150.27 - - [18/Jun/2026:01:40:06 +0700] "GET /wp-content/plugins/button-contact-vr/legacy/img/showroom4.png HTTP/3" 200 2664 "https://intemnhanhieu.com/in-hinh-sticker/" "Mozilla/5.0 (Linux; Android 10; CPH2179 Build/QP1A.190711.020; wv) AppleWebKit/537.36 (KHTML, like Gecko) Version/4.0 Chrome/148.0.7778.217 Mobile Safari/537.36 open_news open_news_u_s/7874"
118.69.150.27 - - [18/Jun/2026:01:40:06 +0700] "GET /wp-content/plugins/button-contact-vr/legacy/img/zalo.png HTTP/3" 200 3998 "https://intemnhanhieu.com/in-hinh-sticker/" "Mozilla/5.0 (Linux; Android 10; CPH2179 Build/QP1A.190711.020; wv) AppleWebKit/537.36 (KHTML, like Gecko) Version/4.0 Chrome/148.0.7778.217 Mobile Safari/537.36 open_news open_news_u_s/7874"
118.69.150.27 - - [18/Jun/2026:01:40:06 +0700] "GET /wp-content/plugins/button-contact-vr/legacy/img/phone.png HTTP/3" 200 952 "https://intemnhanhieu.com/in-hinh-sticker/" "Mozilla/5.0 (Linux; Android 10; CPH2179 Build/QP1A.190711.020; wv) AppleWebKit/537.36 (KHTML, like Gecko) Version/4.0 Chrome/148.0.7778.217 Mobile Safari/537.36 open_news open_news_u_s/7874"
118.69.150.27 - - [18/Jun/2026:01:40:07 +0700] "GET /wp-content/themes/web-khoi-nghiep/images/all-icon.png HTTP/3" 200 7325 "https://intemnhanhieu.com/wp-content/cache/autoptimize/autoptimize_single_19e46b45983cbf37201d313f4129e778.php?ver=3.0" "Mozilla/5.0 (Linux; Android 10; CPH2179 Build/QP1A.190711.020; wv) AppleWebKit/537.36 (KHTML, like Gecko) Version/4.0 Chrome/148.0.7778.217 Mobile Safari/537.36 open_news open_news_u_s/7874"
118.69.150.27 - - [18/Jun/2026:01:40:07 +0700] "GET /wp-includes/js/zxcvbn.min.js HTTP/3" 200 389493 "https://intemnhanhieu.com/in-hinh-sticker/" "Mozilla/5.0 (Linux; Android 10; CPH2179 Build/QP1A.190711.020; wv) AppleWebKit/537.36 (KHTML, like Gecko) Version/4.0 Chrome/148.0.7778.217 Mobile Safari/537.36 open_news open_news_u_s/7874"
118.69.150.27 - - [18/Jun/2026:01:40:07 +0700] "GET /wp-content/uploads/2025/09/cropped-LOGO-2-192x192.png HTTP/3" 200 17045 "https://intemnhanhieu.com/in-hinh-sticker/" "Mozilla/5.0 (Linux; Android 10; CPH2179 Build/QP1A.190711.020; wv) AppleWebKit/537.36 (KHTML, like Gecko) Version/4.0 Chrome/148.0.7778.217 Mobile Safari/537.36 open_news open_news_u_s/7874"
118.69.150.27 - - [18/Jun/2026:01:40:07 +0700] "GET /wp-content/uploads/2025/09/cropped-LOGO-2-32x32.png HTTP/3" 200 1603 "https://intemnhanhieu.com/in-hinh-sticker/" "Mozilla/5.0 (Linux; Android 10; CPH2179 Build/QP1A.190711.020; wv) AppleWebKit/537.36 (KHTML, like Gecko) Version/4.0 Chrome/148.0.7778.217 Mobile Safari/537.36 open_news open_news_u_s/7874"
118.69.150.27 - - [18/Jun/2026:01:40:07 +0700] "GET /wp-content/uploads/2025/09/in-uv-dtf4-300x300.jpg HTTP/3" 200 27165 "https://intemnhanhieu.com/in-hinh-sticker/" "Mozilla/5.0 (Linux; Android 10; CPH2179 Build/QP1A.190711.020; wv) AppleWebKit/537.36 (KHTML, like Gecko) Version/4.0 Chrome/148.0.7778.217 Mobile Safari/537.36 open_news open_news_u_s/7874"
118.69.150.27 - - [18/Jun/2026:01:40:07 +0700] "GET /wp-content/uploads/2025/09/Untitled-2-300x300.jpg HTTP/3" 200 34051 "https://intemnhanhieu.com/in-hinh-sticker/" "Mozilla/5.0 (Linux; Android 10; CPH2179 Build/QP1A.190711.020; wv) AppleWebKit/537.36 (KHTML, like Gecko) Version/4.0 Chrome/148.0.7778.217 Mobile Safari/537.36 open_news open_news_u_s/7874"
118.69.150.27 - - [18/Jun/2026:01:40:07 +0700] "GET /wp-content/uploads/2025/09/tem-nhan-mac4-300x300.jpg HTTP/3" 200 41307 "https://intemnhanhieu.com/in-hinh-sticker/" "Mozilla/5.0 (Linux; Android 10; CPH2179 Build/QP1A.190711.020; wv) AppleWebKit/537.36 (KHTML, like Gecko) Version/4.0 Chrome/148.0.7778.217 Mobile Safari/537.36 open_news open_news_u_s/7874"
43.164.196.47 - - [18/Jun/2026:01:41:42 +0700] "GET /wp-content/cache/autoptimize/autoptimize_single_3f153e3f4dd4ad4ba783310abb879c36.php?ver=fcf0c1642621a86609ed4ca283f0db68 HTTP/1.1" 200 16604 "-" "Mozilla/5.0 (iPhone; CPU iPhone OS 13_2_3 like Mac OS X) AppleWebKit/605.1.15 (KHTML, like Gecko) Version/13.0.3 Mobile/15E148 Safari/604.1"
112.213.89.164 - - [18/Jun/2026:01:51:54 +0700] "POST /wp-cron.php?doing_wp_cron=1781722314.7091670036315917968750 HTTP/1.1" 200 0 "-" "WordPress/6.8.5; https://intemnhanhieu.com"
66.249.71.170 - - [18/Jun/2026:01:51:53 +0700] "GET /in-sticker-trong-suot/ HTTP/1.1" 200 49739 "-" "Mozilla/5.0 (Linux; Android 6.0.1; Nexus 5X Build/MMB29P) AppleWebKit/537.36 (KHTML, like Gecko) Chrome/148.0.7778.96 Mobile Safari/537.36 (compatible; Googlebot/2.1; +http://www.google.com/bot.html)"
170.106.37.134 - - [18/Jun/2026:01:52:30 +0700] "GET /wp-content/uploads/woocommerce-place HTTP/1.1" 404 30610 "-" "Mozilla/5.0 (iPhone; CPU iPhone OS 13_2_3 like Mac OS X) AppleWebKit/605.1.15 (KHTML, like Gecko) Version/13.0.3 Mobile/15E148 Safari/604.1"
112.213.89.164 - - [18/Jun/2026:01:54:15 +0700] "POST /wp-cron.php?doing_wp_cron=1781722454.6259369850158691406250 HTTP/1.1" 200 0 "-" "WordPress/6.8.5; https://intemnhanhieu.com"
66.249.73.128 - - [18/Jun/2026:01:54:13 +0700] "GET /images/hinh%20trang%20chu/tem/decal%20bay%20mau%207.jpg HTTP/1.1" 404 27472 "-" "Googlebot-Image/1.0"
112.213.89.164 - - [18/Jun/2026:01:59:41 +0700] "POST /wp-cron.php?doing_wp_cron=1781722781.9077279567718505859375 HTTP/1.1" 200 0 "-" "WordPress/6.8.5; https://intemnhanhieu.com"
94.23.188.222 - - [18/Jun/2026:01:59:40 +0700] "GET /sitemap_index.xml HTTP/2" 200 374 "-" "Mozilla/5.0 (compatible; AhrefsBot/7.0; +http://ahrefs.com/robot/)"
92.222.108.120 - - [18/Jun/2026:01:59:43 +0700] "GET /post-sitemap.xml HTTP/2" 200 610 "-" "Mozilla/5.0 (compatible; AhrefsBot/7.0; +http://ahrefs.com/robot/)"
112.213.89.164 - - [18/Jun/2026:01:59:48 +0700] "POST /wp-cron.php?doing_wp_cron=1781722788.1984310150146484375000 HTTP/1.1" 200 0 "-" "WordPress/6.8.5; https://intemnhanhieu.com"
94.23.188.217 - - [18/Jun/2026:01:59:46 +0700] "GET /page-sitemap.xml HTTP/2" 200 517 "-" "Mozilla/5.0 (compatible; AhrefsBot/7.0; +http://ahrefs.com/robot/)"
51.68.247.205 - - [18/Jun/2026:01:59:55 +0700] "GET /attachment-sitemap.xml HTTP/2" 200 1576 "-" "Mozilla/5.0 (compatible; AhrefsBot/7.0; +http://ahrefs.com/robot/)"
51.68.247.220 - - [18/Jun/2026:02:00:08 +0700] "GET /blocks-sitemap.xml HTTP/2" 200 434 "-" "Mozilla/5.0 (compatible; AhrefsBot/7.0; +http://ahrefs.com/robot/)"
51.68.247.220 - - [18/Jun/2026:02:00:19 +0700] "GET /product-sitemap.xml HTTP/2" 200 2397 "-" "Mozilla/5.0 (compatible; AhrefsBot/7.0; +http://ahrefs.com/robot/)"
51.68.247.215 - - [18/Jun/2026:02:00:22 +0700] "GET /category-sitemap.xml HTTP/2" 200 342 "-" "Mozilla/5.0 (compatible; AhrefsBot/7.0; +http://ahrefs.com/robot/)"
94.23.188.192 - - [18/Jun/2026:02:00:26 +0700] "GET /product_cat-sitemap.xml HTTP/2" 200 472 "-" "Mozilla/5.0 (compatible; AhrefsBot/7.0; +http://ahrefs.com/robot/)"
94.23.188.220 - - [18/Jun/2026:02:00:29 +0700] "GET /author-sitemap.xml HTTP/2" 200 343 "-" "Mozilla/5.0 (compatible; AhrefsBot/7.0; +http://ahrefs.com/robot/)"
112.213.89.164 - - [18/Jun/2026:02:06:41 +0700] "POST /wp-cron.php?doing_wp_cron=1781723201.4340639114379882812500 HTTP/1.1" 200 0 "-" "WordPress/6.8.5; https://intemnhanhieu.com"
37.59.204.147 - - [18/Jun/2026:02:06:40 +0700] "GET /in-nhan-dan-theo-yeu-cau/ HTTP/2" 200 46262 "-" "Mozilla/5.0 (compatible; AhrefsBot/7.0; +http://ahrefs.com/robot/)"
92.222.108.124 - - [18/Jun/2026:02:07:50 +0700] "GET /wp-content/uploads/2025/10/17.jpg HTTP/2" 200 24344 "-" "Mozilla/5.0 (compatible; AhrefsBot/7.0; +http://ahrefs.com/robot/)"
112.213.89.164 - - [18/Jun/2026:02:13:38 +0700] "POST /wp-cron.php?doing_wp_cron=1781723618.9085760116577148437500 HTTP/1.1" 200 0 "-" "WordPress/6.8.5; https://intemnhanhieu.com"
66.249.71.170 - - [18/Jun/2026:02:13:37 +0700] "GET /category-sitemap.xml HTTP/1.1" 200 342 "-" "Mozilla/5.0 (compatible; Googlebot/2.1; +http://www.google.com/bot.html)"
112.213.89.164 - - [18/Jun/2026:02:17:36 +0700] "POST /wp-cron.php?doing_wp_cron=1781723856.7911989688873291015625 HTTP/1.1" 200 0 "-" "WordPress/6.8.5; https://intemnhanhieu.com"
57.141.14.14 - - [18/Jun/2026:02:17:35 +0700] "GET /attachment-sitemap.xml HTTP/2" 200 17526 "-" "meta-externalagent/1.1 (+https://developers.facebook.com/docs/sharing/webmasters/crawler)"
112.213.89.164 - - [18/Jun/2026:02:22:30 +0700] "POST /wp-cron.php?doing_wp_cron=1781724150.1756279468536376953125 HTTP/1.1" 200 0 "-" "WordPress/6.8.5; https://intemnhanhieu.com"
66.249.71.169 - - [18/Jun/2026:02:22:28 +0700] "GET /in-sticker-so-luong-it/ HTTP/1.1" 200 46865 "-" "Mozilla/5.0 (compatible; Googlebot/2.1; +http://www.google.com/bot.html)"
112.213.89.164 - - [18/Jun/2026:02:40:00 +0700] "POST /wp-cron.php?doing_wp_cron=1781725200.3878240585327148437500 HTTP/1.1" 200 0 "-" "WordPress/6.8.5; https://intemnhanhieu.com"
57.141.14.77 - - [18/Jun/2026:02:39:59 +0700] "GET /blocks/block-sidebar-chi-tiet-sp/ HTTP/2" 200 0 "-" "meta-externalagent/1.1 (+https://developers.facebook.com/docs/sharing/webmasters/crawler)"
34.16.142.230 - - [18/Jun/2026:02:41:39 +0700] "GET /wp-content/uploads/2025/10/mau-thiep-moi-dkp-tm-000118-193-1.jpg HTTP/1.1" 200 8048 "-" "Mozilla/5.0 AppleWebKit/537.36 (KHTML, like Gecko; compatible; ReyilBot/0.1"
146.190.115.8 - - [18/Jun/2026:02:46:02 +0700] "GET / HTTP/1.1" 301 0 "-" "Mozilla/5.0 (X11; Linux x86_64) AppleWebKit/537.36 (KHTML, like Gecko) Chrome/142.0.0.0 Safari/537.36"
146.190.115.8 - - [18/Jun/2026:02:46:09 +0700] "GET /favicon.ico HTTP/1.1" 404 1251 "https://mail.intemnhanhieu.com/" "Mozilla/5.0 (X11; Linux x86_64) AppleWebKit/537.36 (KHTML, like Gecko) Chrome/142.0.0.0 Safari/537.36"
112.213.89.164 - - [18/Jun/2026:02:51:29 +0700] "POST /wp-cron.php?doing_wp_cron=1781725889.9418559074401855468750 HTTP/1.1" 200 0 "-" "WordPress/6.8.5; https://intemnhanhieu.com"
209.85.238.5 - - [18/Jun/2026:02:51:28 +0700] "GET /in-tem-nhan-tphcm/ HTTP/1.1" 200 38090 "-" "Mozilla/5.0 (X11; Linux x86_64) AppleWebKit/537.36 (KHTML, like Gecko) Chrome/148.0.7778.96 Safari/537.36"
209.85.238.5 - - [18/Jun/2026:02:51:30 +0700] "GET /wp-includes/css/dashicons.min.css?ver=6.8.5 HTTP/1.1" 200 35110 "https://intemnhanhieu.com/in-tem-nhan-tphcm/" "Mozilla/5.0 (X11; Linux x86_64) AppleWebKit/537.36 (KHTML, like Gecko) Chrome/148.0.7778.96 Safari/537.36"
209.85.238.5 - - [18/Jun/2026:02:51:31 +0700] "GET /wp-content/cache/autoptimize/autoptimize_single_078a52eaa8f676289e3abf99b7d7dcb3.php?ver=1 HTTP/1.1" 200 1781 "https://intemnhanhieu.com/in-tem-nhan-tphcm/" "Mozilla/5.0 (X11; Linux x86_64) AppleWebKit/537.36 (KHTML, like Gecko) Chrome/148.0.7778.96 Safari/537.36"
209.85.238.4 - - [18/Jun/2026:02:51:31 +0700] "GET /wp-content/plugins/woocommerce/assets/css/photoswipe/photoswipe.min.css?ver=10.3.8 HTTP/1.1" 200 857 "https://intemnhanhieu.com/in-tem-nhan-tphcm/" "Mozilla/5.0 (X11; Linux x86_64) AppleWebKit/537.36 (KHTML, like Gecko) Chrome/148.0.7778.96 Safari/537.36"
209.85.238.4 - - [18/Jun/2026:02:51:31 +0700] "GET /wp-content/cache/autoptimize/autoptimize_single_31a94987eea91dbea4c48d187ebf0849.php?ver=1.2.3 HTTP/1.1" 200 968 "https://intemnhanhieu.com/in-tem-nhan-tphcm/" "Mozilla/5.0 (X11; Linux x86_64) AppleWebKit/537.36 (KHTML, like Gecko) Chrome/148.0.7778.96 Safari/537.36"
209.85.238.1 - - [18/Jun/2026:02:51:31 +0700] "GET /wp-content/themes/flatsome/assets/js/chunk.sticky-sidebar.js?ver=3.16.2 HTTP/1.1" 200 3108 "https://intemnhanhieu.com/in-tem-nhan-tphcm/" "Mozilla/5.0 (X11; Linux x86_64) AppleWebKit/537.36 (KHTML, like Gecko) Chrome/148.0.7778.96 Safari/537.36"
209.85.238.4 - - [18/Jun/2026:02:51:31 +0700] "GET /wp-includes/js/dist/hooks.min.js?ver=4d63a3d491d11ffd8ac6 HTTP/1.1" 200 1571 "https://intemnhanhieu.com/in-tem-nhan-tphcm/" "Mozilla/5.0 (X11; Linux x86_64) AppleWebKit/537.36 (KHTML, like Gecko) Chrome/148.0.7778.96 Safari/537.36"
209.85.238.5 - - [18/Jun/2026:02:51:31 +0700] "GET /wp-content/plugins/ot-flatsome-vertical-menu/libs/menu-icons/css/extra.min.css?ver=0.12.2 HTTP/1.1" 200 271 "https://intemnhanhieu.com/in-tem-nhan-tphcm/" "Mozilla/5.0 (X11; Linux x86_64) AppleWebKit/537.36 (KHTML, like Gecko) Chrome/148.0.7778.96 Safari/537.36"
209.85.238.5 - - [18/Jun/2026:02:51:31 +0700] "GET /wp-content/cache/autoptimize/autoptimize_single_e2d671c403c7e2bd09b3b298c748d0db.php?ver=wc-10.3.8 HTTP/1.1" 200 2597 "https://intemnhanhieu.com/in-tem-nhan-tphcm/" "Mozilla/5.0 (X11; Linux x86_64) AppleWebKit/537.36 (KHTML, like Gecko) Chrome/148.0.7778.96 Safari/537.36"
209.85.238.1 - - [18/Jun/2026:02:51:31 +0700] "GET /wp-content/themes/flatsome/assets/js/chunk.countup.js?ver=3.16.2 HTTP/1.1" 200 1709 "https://intemnhanhieu.com/in-tem-nhan-tphcm/" "Mozilla/5.0 (X11; Linux x86_64) AppleWebKit/537.36 (KHTML, like Gecko) Chrome/148.0.7778.96 Safari/537.36"
209.85.238.5 - - [18/Jun/2026:02:51:31 +0700] "GET /wp-content/cache/autoptimize/autoptimize_single_11b34dbc6b45682ba8b2fbf39fd71133.php?ver=3.16.2 HTTP/1.1" 200 5701 "https://intemnhanhieu.com/in-tem-nhan-tphcm/" "Mozilla/5.0 (X11; Linux x86_64) AppleWebKit/537.36 (KHTML, like Gecko) Chrome/148.0.7778.96 Safari/537.36"
209.85.238.1 - - [18/Jun/2026:02:51:31 +0700] "GET /wp-content/cache/autoptimize/autoptimize_single_48d56016b20f151be4f24ba6d0eb1be4.php?ver=10.3.8 HTTP/1.1" 200 682 "https://intemnhanhieu.com/in-tem-nhan-tphcm/" "Mozilla/5.0 (X11; Linux x86_64) AppleWebKit/537.36 (KHTML, like Gecko) Chrome/148.0.7778.96 Safari/537.36"
209.85.238.1 - - [18/Jun/2026:02:51:31 +0700] "GET /wp-content/cache/autoptimize/autoptimize_single_6b61ca5fab8b3148a6b79dfbfde0aba8.php?ver=3.16.2 HTTP/1.1" 200 29103 "https://intemnhanhieu.com/in-tem-nhan-tphcm/" "Mozilla/5.0 (X11; Linux x86_64) AppleWebKit/537.36 (KHTML, like Gecko) Chrome/148.0.7778.96 Safari/537.36"
209.85.238.4 - - [18/Jun/2026:02:51:31 +0700] "GET /wp-content/plugins/woocommerce/assets/css/photoswipe/default-skin/default-skin.min.css?ver=10.3.8 HTTP/1.1" 200 1759 "https://intemnhanhieu.com/in-tem-nhan-tphcm/" "Mozilla/5.0 (X11; Linux x86_64) AppleWebKit/537.36 (KHTML, like Gecko) Chrome/148.0.7778.96 Safari/537.36"
209.85.238.5 - - [18/Jun/2026:02:51:31 +0700] "GET /wp-includes/js/jquery/jquery.min.js?ver=3.7.1 HTTP/1.1" 200 29744 "https://intemnhanhieu.com/in-tem-nhan-tphcm/" "Mozilla/5.0 (X11; Linux x86_64) AppleWebKit/537.36 (KHTML, like Gecko) Chrome/148.0.7778.96 Safari/537.36"
209.85.238.5 - - [18/Jun/2026:02:51:31 +0700] "GET /wp-content/cache/autoptimize/autoptimize_single_6f1418503426e633c1ba7a8e7819a9b3.php HTTP/1.1" 200 2462 "https://intemnhanhieu.com/in-tem-nhan-tphcm/" "Mozilla/5.0 (X11; Linux x86_64) AppleWebKit/537.36 (KHTML, like Gecko) Chrome/148.0.7778.96 Safari/537.36"
209.85.238.5 - - [18/Jun/2026:02:51:31 +0700] "GET /wp-includes/js/dist/i18n.min.js?ver=5e580eb46a90c2b997e6 HTTP/1.1" 200 3542 "https://intemnhanhieu.com/in-tem-nhan-tphcm/" "Mozilla/5.0 (X11; Linux x86_64) AppleWebKit/537.36 (KHTML, like Gecko) Chrome/148.0.7778.96 Safari/537.36"
209.85.238.5 - - [18/Jun/2026:02:51:32 +0700] "GET /wp-content/cache/autoptimize/autoptimize_single_64ac31699f5326cb3c76122498b76f66.php?ver=6.1.4 HTTP/1.1" 200 901 "https://intemnhanhieu.com/in-tem-nhan-tphcm/" "Mozilla/5.0 (X11; Linux x86_64) AppleWebKit/537.36 (KHTML, like Gecko) Chrome/148.0.7778.96 Safari/537.36"
209.85.238.4 - - [18/Jun/2026:02:51:32 +0700] "GET /wp-includes/js/dist/vendor/wp-polyfill.min.js?ver=3.15.0 HTTP/1.1" 200 14134 "https://intemnhanhieu.com/in-tem-nhan-tphcm/" "Mozilla/5.0 (X11; Linux x86_64) AppleWebKit/537.36 (KHTML, like Gecko) Chrome/148.0.7778.96 Safari/537.36"
209.85.238.5 - - [18/Jun/2026:02:51:32 +0700] "GET /wp-content/cache/autoptimize/autoptimize_single_19e46b45983cbf37201d313f4129e778.php?ver=3.0 HTTP/1.1" 200 2473 "https://intemnhanhieu.com/in-tem-nhan-tphcm/" "Mozilla/5.0 (X11; Linux x86_64) AppleWebKit/537.36 (KHTML, like Gecko) Chrome/148.0.7778.96 Safari/537.36"
209.85.238.5 - - [18/Jun/2026:02:51:32 +0700] "GET /wp-includes/js/jquery/jquery-migrate.min.js?ver=3.4.1 HTTP/1.1" 200 4678 "https://intemnhanhieu.com/in-tem-nhan-tphcm/" "Mozilla/5.0 (X11; Linux x86_64) AppleWebKit/537.36 (KHTML, like Gecko) Chrome/148.0.7778.96 Safari/537.36"
209.85.238.5 - - [18/Jun/2026:02:51:32 +0700] "GET /wp-content/plugins/woocommerce/assets/js/frontend/add-to-cart.min.js?ver=10.3.8 HTTP/1.1" 200 1225 "https://intemnhanhieu.com/in-tem-nhan-tphcm/" "Mozilla/5.0 (X11; Linux x86_64) AppleWebKit/537.36 (KHTML, like Gecko) Chrome/148.0.7778.96 Safari/537.36"
209.85.238.4 - - [18/Jun/2026:02:51:32 +0700] "GET /wp-content/plugins/woocommerce/assets/js/photoswipe/photoswipe.min.js?ver=4.1.1-wc.10.3.8 HTTP/1.1" 200 11652 "https://intemnhanhieu.com/in-tem-nhan-tphcm/" "Mozilla/5.0 (X11; Linux x86_64) AppleWebKit/537.36 (KHTML, like Gecko) Chrome/148.0.7778.96 Safari/537.36"
209.85.238.5 - - [18/Jun/2026:02:51:32 +0700] "GET /wp-content/plugins/woocommerce/assets/js/frontend/single-product.min.js?ver=10.3.8 HTTP/1.1" 200 2677 "https://intemnhanhieu.com/in-tem-nhan-tphcm/" "Mozilla/5.0 (X11; Linux x86_64) AppleWebKit/537.36 (KHTML, like Gecko) Chrome/148.0.7778.96 Safari/537.36"
209.85.238.5 - - [18/Jun/2026:02:51:32 +0700] "GET /wp-content/plugins/woocommerce/assets/js/js-cookie/js.cookie.min.js?ver=2.1.4-wc.10.3.8 HTTP/1.1" 200 760 "https://intemnhanhieu.com/in-tem-nhan-tphcm/" "Mozilla/5.0 (X11; Linux x86_64) AppleWebKit/537.36 (KHTML, like Gecko) Chrome/148.0.7778.96 Safari/537.36"
209.85.238.4 - - [18/Jun/2026:02:51:32 +0700] "GET /wp-content/plugins/woocommerce/assets/js/photoswipe/photoswipe-ui-default.min.js?ver=4.1.1-wc.10.3.8 HTTP/1.1" 200 3478 "https://intemnhanhieu.com/in-tem-nhan-tphcm/" "Mozilla/5.0 (X11; Linux x86_64) AppleWebKit/537.36 (KHTML, like Gecko) Chrome/148.0.7778.96 Safari/537.36"
209.85.238.5 - - [18/Jun/2026:02:51:32 +0700] "GET /wp-content/cache/autoptimize/autoptimize_single_2912c657d0592cc532dff73d0d2ce7bb.php?ver=6.1.4 HTTP/1.1" 200 4257 "https://intemnhanhieu.com/in-tem-nhan-tphcm/" "Mozilla/5.0 (X11; Linux x86_64) AppleWebKit/537.36 (KHTML, like Gecko) Chrome/148.0.7778.96 Safari/537.36"
209.85.238.4 - - [18/Jun/2026:02:51:32 +0700] "GET /wp-content/cache/autoptimize/autoptimize_single_96e7dc3f0e8559e4a3f3ca40b17ab9c3.php?ver=6.1.4 HTTP/1.1" 200 3477 "https://intemnhanhieu.com/in-tem-nhan-tphcm/" "Mozilla/5.0 (X11; Linux x86_64) AppleWebKit/537.36 (KHTML, like Gecko) Chrome/148.0.7778.96 Safari/537.36"
209.85.238.5 - - [18/Jun/2026:02:51:32 +0700] "GET /wp-content/cache/autoptimize/autoptimize_single_2f19147530b5ec2019e251e177d77d57.php?ver=1.2.3 HTTP/1.1" 200 527 "https://intemnhanhieu.com/in-tem-nhan-tphcm/" "Mozilla/5.0 (X11; Linux x86_64) AppleWebKit/537.36 (KHTML, like Gecko) Chrome/148.0.7778.96 Safari/537.36"
209.85.238.4 - - [18/Jun/2026:02:51:33 +0700] "GET /wp-content/plugins/ot-flatsome-vertical-menu/assets/js/ot-vertical-menu.min.js?ver=1.2.3 HTTP/1.1" 200 790 "https://intemnhanhieu.com/in-tem-nhan-tphcm/" "Mozilla/5.0 (X11; Linux x86_64) AppleWebKit/537.36 (KHTML, like Gecko) Chrome/148.0.7778.96 Safari/537.36"
209.85.238.5 - - [18/Jun/2026:02:51:33 +0700] "GET /wp-content/plugins/woocommerce/assets/js/frontend/woocommerce.min.js?ver=10.3.8 HTTP/1.1" 200 1275 "https://intemnhanhieu.com/in-tem-nhan-tphcm/" "Mozilla/5.0 (X11; Linux x86_64) AppleWebKit/537.36 (KHTML, like Gecko) Chrome/148.0.7778.96 Safari/537.36"
209.85.238.5 - - [18/Jun/2026:02:51:33 +0700] "GET /wp-content/cache/autoptimize/autoptimize_single_fe28432f39d383868c62b57694cca31d.php?ver=3.16.2 HTTP/1.1" 200 4655 "https://intemnhanhieu.com/in-tem-nhan-tphcm/" "Mozilla/5.0 (X11; Linux x86_64) AppleWebKit/537.36 (KHTML, like Gecko) Chrome/148.0.7778.96 Safari/537.36"
209.85.238.4 - - [18/Jun/2026:02:51:33 +0700] "GET /wp-content/cache/autoptimize/autoptimize_single_7050e04a1a32e04ecd30693b17e3f010.php?ver=a0349779516f2e7c5703074420d5e855 HTTP/1.1" 200 6539 "https://intemnhanhieu.com/in-tem-nhan-tphcm/" "Mozilla/5.0 (X11; Linux x86_64) AppleWebKit/537.36 (KHTML, like Gecko) Chrome/148.0.7778.96 Safari/537.36"
209.85.238.5 - - [18/Jun/2026:02:51:33 +0700] "GET /wp-includes/js/hoverIntent.min.js?ver=1.10.2 HTTP/1.1" 200 668 "https://intemnhanhieu.com/in-tem-nhan-tphcm/" "Mozilla/5.0 (X11; Linux x86_64) AppleWebKit/537.36 (KHTML, like Gecko) Chrome/148.0.7778.96 Safari/537.36"
209.85.238.4 - - [18/Jun/2026:02:51:33 +0700] "GET /wp-content/cache/autoptimize/autoptimize_single_3f153e3f4dd4ad4ba783310abb879c36.php?ver=fcf0c1642621a86609ed4ca283f0db68 HTTP/1.1" 200 16604 "https://intemnhanhieu.com/in-tem-nhan-tphcm/" "Mozilla/5.0 (X11; Linux x86_64) AppleWebKit/537.36 (KHTML, like Gecko) Chrome/148.0.7778.96 Safari/537.36"
209.85.238.5 - - [18/Jun/2026:02:51:33 +0700] "GET /wp-includes/js/zxcvbn-async.min.js?ver=1.0 HTTP/1.1" 200 187 "https://intemnhanhieu.com/in-tem-nhan-tphcm/" "Mozilla/5.0 (X11; Linux x86_64) AppleWebKit/537.36 (KHTML, like Gecko) Chrome/148.0.7778.96 Safari/537.36"
209.85.238.5 - - [18/Jun/2026:02:51:33 +0700] "GET /wp-content/cache/autoptimize/autoptimize_single_6f625e5a5fbb35a99d5fa3bc897962d4.php?ver=6972d3af2e3be67de9f1 HTTP/1.1" 200 900 "https://intemnhanhieu.com/in-tem-nhan-tphcm/" "Mozilla/5.0 (X11; Linux x86_64) AppleWebKit/537.36 (KHTML, like Gecko) Chrome/148.0.7778.96 Safari/537.36"
209.85.238.4 - - [18/Jun/2026:02:51:33 +0700] "GET /wp-content/plugins/woocommerce/assets/js/frontend/password-strength-meter.min.js?ver=10.3.8 HTTP/1.1" 200 751 "https://intemnhanhieu.com/in-tem-nhan-tphcm/" "Mozilla/5.0 (X11; Linux x86_64) AppleWebKit/537.36 (KHTML, like Gecko) Chrome/148.0.7778.96 Safari/537.36"
209.85.238.4 - - [18/Jun/2026:02:51:33 +0700] "GET /wp-admin/js/password-strength-meter.min.js?ver=6.8.5 HTTP/1.1" 200 558 "https://intemnhanhieu.com/in-tem-nhan-tphcm/" "Mozilla/5.0 (X11; Linux x86_64) AppleWebKit/537.36 (KHTML, like Gecko) Chrome/148.0.7778.96 Safari/537.36"
209.85.238.4 - - [18/Jun/2026:02:51:33 +0700] "GET /wp-content/cache/autoptimize/autoptimize_single_af5f2224f9be166297b8754f98622c4d.php HTTP/1.1" 200 1790 "https://intemnhanhieu.com/in-tem-nhan-tphcm/" "Mozilla/5.0 (X11; Linux x86_64) AppleWebKit/537.36 (KHTML, like Gecko) Chrome/148.0.7778.96 Safari/537.36"
209.85.238.5 - - [18/Jun/2026:02:51:34 +0700] "GET /wp-content/cache/autoptimize/autoptimize_single_944b3637dbad6657ff7090937263ae87.php HTTP/1.1" 200 1131 "https://intemnhanhieu.com/in-tem-nhan-tphcm/" "Mozilla/5.0 (X11; Linux x86_64) AppleWebKit/537.36 (KHTML, like Gecko) Chrome/148.0.7778.96 Safari/537.36"
209.85.238.4 - - [18/Jun/2026:02:51:34 +0700] "GET /wp-content/themes/flatsome/assets/js/chunk.tooltips.js?ver=3.16.2 HTTP/1.1" 200 4651 "https://intemnhanhieu.com/in-tem-nhan-tphcm/" "Mozilla/5.0 (X11; Linux x86_64) AppleWebKit/537.36 (KHTML, like Gecko) Chrome/148.0.7778.96 Safari/537.36"
209.85.238.5 - - [18/Jun/2026:02:51:34 +0700] "GET /wp-content/plugins/woocommerce/assets/js/frontend/order-attribution.min.js?ver=10.3.8 HTTP/1.1" 200 998 "https://intemnhanhieu.com/in-tem-nhan-tphcm/" "Mozilla/5.0 (X11; Linux x86_64) AppleWebKit/537.36 (KHTML, like Gecko) Chrome/148.0.7778.96 Safari/537.36"
209.85.238.5 - - [18/Jun/2026:02:51:34 +0700] "GET /wp-content/plugins/ot-flatsome-vertical-menu/assets/vendor/superfish/superfish.min.js?ver=1.2.3 HTTP/1.1" 200 1989 "https://intemnhanhieu.com/in-tem-nhan-tphcm/" "Mozilla/5.0 (X11; Linux x86_64) AppleWebKit/537.36 (KHTML, like Gecko) Chrome/148.0.7778.96 Safari/537.36"
209.85.238.5 - - [18/Jun/2026:02:51:34 +0700] "GET /wp-content/plugins/woocommerce/assets/js/jquery-blockui/jquery.blockUI.min.js?ver=2.7.0-wc.10.3.8 HTTP/1.1" 200 3277 "https://intemnhanhieu.com/in-tem-nhan-tphcm/" "Mozilla/5.0 (X11; Linux x86_64) AppleWebKit/537.36 (KHTML, like Gecko) Chrome/148.0.7778.96 Safari/537.36"
209.85.238.5 - - [18/Jun/2026:02:51:34 +0700] "GET /wp-content/plugins/ewww-image-optimizer/includes/lazysizes.min.js?ver=830 HTTP/1.1" 200 6149 "https://intemnhanhieu.com/in-tem-nhan-tphcm/" "Mozilla/5.0 (X11; Linux x86_64) AppleWebKit/537.36 (KHTML, like Gecko) Chrome/148.0.7778.96 Safari/537.36"
209.85.238.5 - - [18/Jun/2026:02:51:34 +0700] "GET /wp-includes/js/comment-reply.min.js?ver=6.8.5 HTTP/1.1" 200 1247 "https://intemnhanhieu.com/in-tem-nhan-tphcm/" "Mozilla/5.0 (X11; Linux x86_64) AppleWebKit/537.36 (KHTML, like Gecko) Chrome/148.0.7778.96 Safari/537.36"
209.85.238.5 - - [18/Jun/2026:02:51:34 +0700] "GET /wp-content/themes/flatsome/assets/js/chunk.vendors-popups.js?ver=3.16.2 HTTP/1.1" 200 6872 "https://intemnhanhieu.com/in-tem-nhan-tphcm/" "Mozilla/5.0 (X11; Linux x86_64) AppleWebKit/537.36 (KHTML, like Gecko) Chrome/148.0.7778.96 Safari/537.36"
209.85.238.5 - - [18/Jun/2026:02:51:34 +0700] "GET /wp-content/plugins/woocommerce/assets/js/sourcebuster/sourcebuster.min.js?ver=10.3.8 HTTP/1.1" 200 4609 "https://intemnhanhieu.com/in-tem-nhan-tphcm/" "Mozilla/5.0 (X11; Linux x86_64) AppleWebKit/537.36 (KHTML, like Gecko) Chrome/148.0.7778.96 Safari/537.36"
209.85.238.5 - - [18/Jun/2026:02:51:34 +0700] "GET /wp-content/themes/flatsome/assets/js/chunk.vendors-slider.js?ver=3.16.2 HTTP/1.1" 200 12785 "https://intemnhanhieu.com/in-tem-nhan-tphcm/" "Mozilla/5.0 (X11; Linux x86_64) AppleWebKit/537.36 (KHTML, like Gecko) Chrome/148.0.7778.96 Safari/537.36"
209.85.238.4 - - [18/Jun/2026:02:51:35 +0700] "GET /wp-content/fonts/montserrat/JTUHjIg1_i6t8kCHKm4532VJOt5-QNFgpCuM73w5aXx-p7K4GLs.woff HTTP/1.1" 200 20672 "https://intemnhanhieu.com/in-tem-nhan-tphcm/" "Mozilla/5.0 (X11; Linux x86_64) AppleWebKit/537.36 (KHTML, like Gecko) Chrome/148.0.7778.96 Safari/537.36"
209.85.238.5 - - [18/Jun/2026:02:51:35 +0700] "GET /wp-content/fonts/montserrat/JTUHjIg1_i6t8kCHKm4532VJOt5-QNFgpCtr6Hw5aXx-p7K4GLs.woff HTTP/1.1" 200 20648 "https://intemnhanhieu.com/in-tem-nhan-tphcm/" "Mozilla/5.0 (X11; Linux x86_64) AppleWebKit/537.36 (KHTML, like Gecko) Chrome/148.0.7778.96 Safari/537.36"
209.85.238.5 - - [18/Jun/2026:02:51:35 +0700] "GET /wp-content/fonts/montserrat/JTUHjIg1_i6t8kCHKm4532VJOt5-QNFgpCuM73w3aXx-p7K4GLvztg.woff HTTP/1.1" 200 41344 "https://intemnhanhieu.com/in-tem-nhan-tphcm/" "Mozilla/5.0 (X11; Linux x86_64) AppleWebKit/537.36 (KHTML, like Gecko) Chrome/148.0.7778.96 Safari/537.36"
209.85.238.4 - - [18/Jun/2026:02:51:35 +0700] "GET /wp-content/fonts/montserrat/JTUHjIg1_i6t8kCHKm4532VJOt5-QNFgpCtr6Hw2aXx-p7K4GLvztg.woff HTTP/1.1" 200 7268 "https://intemnhanhieu.com/in-tem-nhan-tphcm/" "Mozilla/5.0 (X11; Linux x86_64) AppleWebKit/537.36 (KHTML, like Gecko) Chrome/148.0.7778.96 Safari/537.36"
209.85.238.5 - - [18/Jun/2026:02:51:35 +0700] "GET /wp-content/fonts/montserrat/JTUHjIg1_i6t8kCHKm4532VJOt5-QNFgpCuM73w2aXx-p7K4GLvztg.woff HTTP/1.1" 200 7304 "https://intemnhanhieu.com/in-tem-nhan-tphcm/" "Mozilla/5.0 (X11; Linux x86_64) AppleWebKit/537.36 (KHTML, like Gecko) Chrome/148.0.7778.96 Safari/537.36"
209.85.238.5 - - [18/Jun/2026:02:51:35 +0700] "GET /wp-content/themes/flatsome/assets/css/icons/fl-icons.woff2?v=3.16.2 HTTP/1.1" 200 7068 "https://intemnhanhieu.com/in-tem-nhan-tphcm/" "Mozilla/5.0 (X11; Linux x86_64) AppleWebKit/537.36 (KHTML, like Gecko) Chrome/148.0.7778.96 Safari/537.36"
209.85.238.5 - - [18/Jun/2026:02:51:35 +0700] "GET /wp-content/fonts/montserrat/JTUHjIg1_i6t8kCHKm4532VJOt5-QNFgpCtr6Hw3aXx-p7K4GLvztg.woff HTTP/1.1" 200 40368 "https://intemnhanhieu.com/in-tem-nhan-tphcm/" "Mozilla/5.0 (X11; Linux x86_64) AppleWebKit/537.36 (KHTML, like Gecko) Chrome/148.0.7778.96 Safari/537.36"
209.85.238.4 - - [18/Jun/2026:02:51:36 +0700] "GET /wp-includes/js/wp-emoji-release.min.js?ver=6.8.5 HTTP/1.1" 200 4769 "https://intemnhanhieu.com/in-tem-nhan-tphcm/" "Mozilla/5.0 (X11; Linux x86_64) AppleWebKit/537.36 (KHTML, like Gecko) Chrome/148.0.7778.96 Safari/537.36"
209.85.238.4 - - [18/Jun/2026:02:51:36 +0700] "GET /wp-content/uploads/woocommerce-placeholder.png.webp HTTP/1.1" 200 10360 "https://intemnhanhieu.com/in-tem-nhan-tphcm/" "Mozilla/5.0 (X11; Linux x86_64) AppleWebKit/537.36 (KHTML, like Gecko) Chrome/148.0.7778.96 Safari/537.36"
209.85.238.4 - - [18/Jun/2026:02:51:36 +0700] "GET /wp-content/plugins/button-contact-vr/legacy/img/showroom4.png HTTP/1.1" 200 2664 "https://intemnhanhieu.com/in-tem-nhan-tphcm/" "Mozilla/5.0 (X11; Linux x86_64) AppleWebKit/537.36 (KHTML, like Gecko) Chrome/148.0.7778.96 Safari/537.36"
209.85.238.4 - - [18/Jun/2026:02:51:36 +0700] "GET /wp-content/plugins/button-contact-vr/legacy/img/zalo.png HTTP/1.1" 200 3998 "https://intemnhanhieu.com/in-tem-nhan-tphcm/" "Mozilla/5.0 (X11; Linux x86_64) AppleWebKit/537.36 (KHTML, like Gecko) Chrome/148.0.7778.96 Safari/537.36"
209.85.238.4 - - [18/Jun/2026:02:51:36 +0700] "GET /wp-includes/js/zxcvbn.min.js HTTP/1.1" 200 389493 "https://intemnhanhieu.com/in-tem-nhan-tphcm/" "Mozilla/5.0 (X11; Linux x86_64) AppleWebKit/537.36 (KHTML, like Gecko) Chrome/148.0.7778.96 Safari/537.36"
209.85.238.4 - - [18/Jun/2026:02:51:36 +0700] "GET /wp-content/plugins/button-contact-vr/legacy/img/phone.png HTTP/1.1" 200 952 "https://intemnhanhieu.com/in-tem-nhan-tphcm/" "Mozilla/5.0 (X11; Linux x86_64) AppleWebKit/537.36 (KHTML, like Gecko) Chrome/148.0.7778.96 Safari/537.36"
209.85.238.4 - - [18/Jun/2026:02:51:37 +0700] "GET /wp-content/uploads/2020/10/nhan-hang-tai-nha.png HTTP/1.1" 200 994 "https://intemnhanhieu.com/in-tem-nhan-tphcm/" "Mozilla/5.0 (X11; Linux x86_64) AppleWebKit/537.36 (KHTML, like Gecko) Chrome/148.0.7778.96 Safari/537.36"
209.85.238.4 - - [18/Jun/2026:02:51:37 +0700] "GET /wp-content/uploads/2025/09/LOGO-1.png HTTP/1.1" 200 28405 "https://intemnhanhieu.com/in-tem-nhan-tphcm/" "Mozilla/5.0 (X11; Linux x86_64) AppleWebKit/537.36 (KHTML, like Gecko) Chrome/148.0.7778.96 Safari/537.36"
209.85.238.4 - - [18/Jun/2026:02:51:37 +0700] "GET /wp-content/uploads/2020/10/thanh-toan.png HTTP/1.1" 200 1085 "https://intemnhanhieu.com/in-tem-nhan-tphcm/" "Mozilla/5.0 (X11; Linux x86_64) AppleWebKit/537.36 (KHTML, like Gecko) Chrome/148.0.7778.96 Safari/537.36"
209.85.238.4 - - [18/Jun/2026:02:51:37 +0700] "GET /wp-content/uploads/2020/10/chon-mau-thiet-ke.png HTTP/1.1" 200 995 "https://intemnhanhieu.com/in-tem-nhan-tphcm/" "Mozilla/5.0 (X11; Linux x86_64) AppleWebKit/537.36 (KHTML, like Gecko) Chrome/148.0.7778.96 Safari/537.36"
209.85.238.4 - - [18/Jun/2026:02:51:37 +0700] "GET /wp-content/uploads/2020/10/dua-ra-yeu-cau.png HTTP/1.1" 200 1032 "https://intemnhanhieu.com/in-tem-nhan-tphcm/" "Mozilla/5.0 (X11; Linux x86_64) AppleWebKit/537.36 (KHTML, like Gecko) Chrome/148.0.7778.96 Safari/537.36"
209.85.238.4 - - [18/Jun/2026:02:51:37 +0700] "GET /wp-content/themes/web-khoi-nghiep/images/all-icon.png HTTP/1.1" 200 7325 "https://intemnhanhieu.com/wp-content/cache/autoptimize/autoptimize_single_19e46b45983cbf37201d313f4129e778.php?ver=3.0" "Mozilla/5.0 (X11; Linux x86_64) AppleWebKit/537.36 (KHTML, like Gecko) Chrome/148.0.7778.96 Safari/537.36"
209.85.238.4 - - [18/Jun/2026:02:51:38 +0700] "GET /wp-content/uploads/2025/10/18.jpg HTTP/1.1" 200 22759 "https://intemnhanhieu.com/in-tem-nhan-tphcm/" "Mozilla/5.0 (X11; Linux x86_64) AppleWebKit/537.36 (KHTML, like Gecko) Chrome/148.0.7778.96 Safari/537.36"
209.85.238.4 - - [18/Jun/2026:02:51:38 +0700] "GET /wp-content/uploads/2025/10/4-3.jpg HTTP/1.1" 200 85778 "https://intemnhanhieu.com/in-tem-nhan-tphcm/" "Mozilla/5.0 (X11; Linux x86_64) AppleWebKit/537.36 (KHTML, like Gecko) Chrome/148.0.7778.96 Safari/537.36"
209.85.238.4 - - [18/Jun/2026:02:51:38 +0700] "GET /wp-content/uploads/2025/11/tem-nhan-mac1-280x280.jpg HTTP/1.1" 200 30529 "https://intemnhanhieu.com/in-tem-nhan-tphcm/" "Mozilla/5.0 (X11; Linux x86_64) AppleWebKit/537.36 (KHTML, like Gecko) Chrome/148.0.7778.96 Safari/537.36"
209.85.238.4 - - [18/Jun/2026:02:51:38 +0700] "GET /wp-content/uploads/2025/10/nhan-hieu-280x280.jpg HTTP/1.1" 200 16772 "https://intemnhanhieu.com/in-tem-nhan-tphcm/" "Mozilla/5.0 (X11; Linux x86_64) AppleWebKit/537.36 (KHTML, like Gecko) Chrome/148.0.7778.96 Safari/537.36"
209.85.238.4 - - [18/Jun/2026:02:51:38 +0700] "GET /wp-content/uploads/2025/11/117640610_186400202856752_3339843927197515047_n-280x280.jpg HTTP/1.1" 200 23340 "https://intemnhanhieu.com/in-tem-nhan-tphcm/" "Mozilla/5.0 (X11; Linux x86_64) AppleWebKit/537.36 (KHTML, like Gecko) Chrome/148.0.7778.96 Safari/537.36"
209.85.238.4 - - [18/Jun/2026:02:51:38 +0700] "GET /wp-content/uploads/2025/10/4-2.jpg HTTP/1.1" 200 24914 "https://intemnhanhieu.com/in-tem-nhan-tphcm/" "Mozilla/5.0 (X11; Linux x86_64) AppleWebKit/537.36 (KHTML, like Gecko) Chrome/148.0.7778.96 Safari/537.36"
209.85.238.4 - - [18/Jun/2026:02:51:38 +0700] "GET /wp-content/uploads/2025/10/8.jpg HTTP/1.1" 200 30601 "https://intemnhanhieu.com/in-tem-nhan-tphcm/" "Mozilla/5.0 (X11; Linux x86_64) AppleWebKit/537.36 (KHTML, like Gecko) Chrome/148.0.7778.96 Safari/537.36"
209.85.238.4 - - [18/Jun/2026:02:51:38 +0700] "GET /wp-content/uploads/2020/10/icon-before-footer-2.png HTTP/1.1" 200 1228 "https://intemnhanhieu.com/in-tem-nhan-tphcm/" "Mozilla/5.0 (X11; Linux x86_64) AppleWebKit/537.36 (KHTML, like Gecko) Chrome/148.0.7778.96 Safari/537.36"
209.85.238.4 - - [18/Jun/2026:02:51:38 +0700] "GET /wp-content/uploads/2020/10/icon-before-footer-1.png HTTP/1.1" 200 1069 "https://intemnhanhieu.com/in-tem-nhan-tphcm/" "Mozilla/5.0 (X11; Linux x86_64) AppleWebKit/537.36 (KHTML, like Gecko) Chrome/148.0.7778.96 Safari/537.36"
209.85.238.4 - - [18/Jun/2026:02:51:39 +0700] "GET /wp-content/uploads/2020/10/icon-before-footer-4.png HTTP/1.1" 200 1281 "https://intemnhanhieu.com/in-tem-nhan-tphcm/" "Mozilla/5.0 (X11; Linux x86_64) AppleWebKit/537.36 (KHTML, like Gecko) Chrome/148.0.7778.96 Safari/537.36"
209.85.238.4 - - [18/Jun/2026:02:51:39 +0700] "GET /wp-content/uploads/2025/10/9-280x280.jpg HTTP/1.1" 200 24854 "https://intemnhanhieu.com/in-tem-nhan-tphcm/" "Mozilla/5.0 (X11; Linux x86_64) AppleWebKit/537.36 (KHTML, like Gecko) Chrome/148.0.7778.96 Safari/537.36"
209.85.238.4 - - [18/Jun/2026:02:51:39 +0700] "GET /wp-content/uploads/2025/10/1-2.jpg HTTP/1.1" 200 22927 "https://intemnhanhieu.com/in-tem-nhan-tphcm/" "Mozilla/5.0 (X11; Linux x86_64) AppleWebKit/537.36 (KHTML, like Gecko) Chrome/148.0.7778.96 Safari/537.36"
209.85.238.4 - - [18/Jun/2026:02:51:39 +0700] "GET /wp-content/uploads/2020/10/icon-before-footer-3.png HTTP/1.1" 200 1109 "https://intemnhanhieu.com/in-tem-nhan-tphcm/" "Mozilla/5.0 (X11; Linux x86_64) AppleWebKit/537.36 (KHTML, like Gecko) Chrome/148.0.7778.96 Safari/537.36"
209.85.238.4 - - [18/Jun/2026:02:51:40 +0700] "GET /wp-content/uploads/2020/10/bg-footer.jpg HTTP/1.1" 200 4482 "https://intemnhanhieu.com/in-tem-nhan-tphcm/" "Mozilla/5.0 (X11; Linux x86_64) AppleWebKit/537.36 (KHTML, like Gecko) Chrome/148.0.7778.96 Safari/537.36"
112.213.89.164 - - [18/Jun/2026:02:58:27 +0700] "POST /wp-cron.php?doing_wp_cron=1781726307.3856639862060546875000 HTTP/1.1" 200 0 "-" "WordPress/6.8.5; https://intemnhanhieu.com"
92.222.108.109 - - [18/Jun/2026:02:58:26 +0700] "GET /robots.txt HTTP/2" 200 202 "-" "Mozilla/5.0 (compatible; AhrefsBot/7.0; +http://ahrefs.com/robot/)"
51.68.247.217 - - [18/Jun/2026:02:58:33 +0700] "GET /nen-dung-to-roi-hay-to-gap-trong-truyen-thong-va-marketing/ HTTP/2" 200 34530 "-" "Mozilla/5.0 (compatible; AhrefsBot/7.0; +http://ahrefs.com/robot/)"
34.125.238.56 - - [18/Jun/2026:03:02:14 +0700] "GET /wp-content/uploads/2025/10/8.jpg HTTP/1.1" 200 30601 "-" "Mozilla/5.0 AppleWebKit/537.36 (KHTML, like Gecko; compatible; ReyilBot/0.1"
66.249.73.131 - - [18/Jun/2026:03:02:17 +0700] "GET /wp-content/uploads/2025/10/2-300x300.jpg HTTP/1.1" 200 11124 "-" "Googlebot-Image/1.0"
112.213.89.164 - - [18/Jun/2026:03:06:20 +0700] "POST /wp-cron.php?doing_wp_cron=1781726780.2420399188995361328125 HTTP/1.1" 200 0 "-" "WordPress/6.8.5; https://intemnhanhieu.com"
34.16.128.84 - - [18/Jun/2026:03:06:18 +0700] "GET /images/bang-gia-thang.gif HTTP/1.1" 404 27482 "-" "Mozilla/5.0 AppleWebKit/537.36 (KHTML, like Gecko; compatible; ReyilBot/0.1"
112.213.89.164 - - [18/Jun/2026:03:06:22 +0700] "HEAD /wp-content/uploads/font-awesome/v6.2.0/css/svg-with-js.css HTTP/1.1" 200 0 "-" "WordPress/6.8.5; https://intemnhanhieu.com"
112.213.89.164 - - [18/Jun/2026:03:06:21 +0700] "POST /wp-admin/admin-ajax.php?action=wp_1_wc_privacy_cleanup&nonce=c6e3de532e HTTP/1.1" 200 0 "-" "WordPress/6.8.5; https://intemnhanhieu.com"
34.16.145.103 - - [18/Jun/2026:03:20:42 +0700] "GET /wp-content/uploads/2025/10/18.jpg HTTP/1.1" 200 22759 "-" "Mozilla/5.0 AppleWebKit/537.36 (KHTML, like Gecko; compatible; ReyilBot/0.1"
113.185.79.4 - - [18/Jun/2026:03:30:06 +0700] "GET /in-hinh-sticker/ HTTP/2" 200 0 "-" "Mozilla/5.0 (Linux; Android 12; CPH2477 Build/SP1A.210812.016; wv) AppleWebKit/537.36 (KHTML, like Gecko) Version/4.0 Chrome/149.0.7827.91 Mobile Safari/537.36 open_news open_news_u_s/7872"
112.213.89.164 - - [18/Jun/2026:03:30:08 +0700] "POST /wp-cron.php?doing_wp_cron=1781728208.0215129852294921875000 HTTP/1.1" 200 0 "-" "WordPress/6.8.5; https://intemnhanhieu.com"
112.213.89.164 - - [18/Jun/2026:03:31:53 +0700] "POST /wp-cron.php?doing_wp_cron=1781728313.1129820346832275390625 HTTP/1.1" 200 0 "-" "WordPress/6.8.5; https://intemnhanhieu.com"
113.185.44.102 - - [18/Jun/2026:03:31:51 +0700] "GET /in-hinh-sticker/ HTTP/2" 200 47235 "-" "Mozilla/5.0 (Linux; Android 12; 220733SG Build/SP1A.210812.016; wv) AppleWebKit/537.36 (KHTML, like Gecko) Version/4.0 Chrome/149.0.7827.91 Mobile Safari/537.36 open_news open_news_u_s/6579"
113.185.44.102 - - [18/Jun/2026:03:31:53 +0700] "GET /wp-includes/css/dashicons.min.css?ver=6.8.5 HTTP/2" 200 35110 "https://intemnhanhieu.com/in-hinh-sticker/" "Mozilla/5.0 (Linux; Android 12; 220733SG Build/SP1A.210812.016; wv) AppleWebKit/537.36 (KHTML, like Gecko) Version/4.0 Chrome/149.0.7827.91 Mobile Safari/537.36 open_news open_news_u_s/6579"
113.185.44.102 - - [18/Jun/2026:03:31:53 +0700] "GET /wp-content/plugins/ot-flatsome-vertical-menu/libs/menu-icons/css/extra.min.css?ver=0.12.2 HTTP/2" 200 271 "https://intemnhanhieu.com/in-hinh-sticker/" "Mozilla/5.0 (Linux; Android 12; 220733SG Build/SP1A.210812.016; wv) AppleWebKit/537.36 (KHTML, like Gecko) Version/4.0 Chrome/149.0.7827.91 Mobile Safari/537.36 open_news open_news_u_s/6579"
113.185.44.102 - - [18/Jun/2026:03:31:53 +0700] "GET /wp-content/cache/autoptimize/autoptimize_single_6f1418503426e633c1ba7a8e7819a9b3.php HTTP/2" 200 2462 "https://intemnhanhieu.com/in-hinh-sticker/" "Mozilla/5.0 (Linux; Android 12; 220733SG Build/SP1A.210812.016; wv) AppleWebKit/537.36 (KHTML, like Gecko) Version/4.0 Chrome/149.0.7827.91 Mobile Safari/537.36 open_news open_news_u_s/6579"
113.185.44.102 - - [18/Jun/2026:03:31:53 +0700] "GET /wp-content/cache/autoptimize/autoptimize_single_64ac31699f5326cb3c76122498b76f66.php?ver=6.1.4 HTTP/2" 200 901 "https://intemnhanhieu.com/in-hinh-sticker/" "Mozilla/5.0 (Linux; Android 12; 220733SG Build/SP1A.210812.016; wv) AppleWebKit/537.36 (KHTML, like Gecko) Version/4.0 Chrome/149.0.7827.91 Mobile Safari/537.36 open_news open_news_u_s/6579"
113.185.44.102 - - [18/Jun/2026:03:31:53 +0700] "GET /wp-content/cache/autoptimize/autoptimize_single_31a94987eea91dbea4c48d187ebf0849.php?ver=1.2.3 HTTP/2" 200 968 "https://intemnhanhieu.com/in-hinh-sticker/" "Mozilla/5.0 (Linux; Android 12; 220733SG Build/SP1A.210812.016; wv) AppleWebKit/537.36 (KHTML, like Gecko) Version/4.0 Chrome/149.0.7827.91 Mobile Safari/537.36 open_news open_news_u_s/6579"
113.185.44.102 - - [18/Jun/2026:03:31:53 +0700] "GET /wp-content/plugins/woocommerce/assets/css/photoswipe/photoswipe.min.css?ver=10.3.8 HTTP/2" 200 857 "https://intemnhanhieu.com/in-hinh-sticker/" "Mozilla/5.0 (Linux; Android 12; 220733SG Build/SP1A.210812.016; wv) AppleWebKit/537.36 (KHTML, like Gecko) Version/4.0 Chrome/149.0.7827.91 Mobile Safari/537.36 open_news open_news_u_s/6579"
113.185.44.102 - - [18/Jun/2026:03:31:53 +0700] "GET /wp-content/plugins/woocommerce/assets/css/photoswipe/default-skin/default-skin.min.css?ver=10.3.8 HTTP/2" 200 1759 "https://intemnhanhieu.com/in-hinh-sticker/" "Mozilla/5.0 (Linux; Android 12; 220733SG Build/SP1A.210812.016; wv) AppleWebKit/537.36 (KHTML, like Gecko) Version/4.0 Chrome/149.0.7827.91 Mobile Safari/537.36 open_news open_news_u_s/6579"
113.185.44.102 - - [18/Jun/2026:03:31:53 +0700] "GET /wp-includes/js/jquery/jquery.min.js?ver=3.7.1 HTTP/2" 200 29744 "https://intemnhanhieu.com/in-hinh-sticker/" "Mozilla/5.0 (Linux; Android 12; 220733SG Build/SP1A.210812.016; wv) AppleWebKit/537.36 (KHTML, like Gecko) Version/4.0 Chrome/149.0.7827.91 Mobile Safari/537.36 open_news open_news_u_s/6579"
113.185.44.102 - - [18/Jun/2026:03:31:53 +0700] "GET /wp-content/uploads/2025/10/lam-sticker-dan-1-768x538.jpg HTTP/2" 200 56260 "https://intemnhanhieu.com/in-hinh-sticker/" "Mozilla/5.0 (Linux; Android 12; 220733SG Build/SP1A.210812.016; wv) AppleWebKit/537.36 (KHTML, like Gecko) Version/4.0 Chrome/149.0.7827.91 Mobile Safari/537.36 open_news open_news_u_s/6579"
113.185.44.102 - - [18/Jun/2026:03:31:53 +0700] "GET /wp-content/cache/autoptimize/autoptimize_single_078a52eaa8f676289e3abf99b7d7dcb3.php?ver=1 HTTP/2" 200 1781 "https://intemnhanhieu.com/in-hinh-sticker/" "Mozilla/5.0 (Linux; Android 12; 220733SG Build/SP1A.210812.016; wv) AppleWebKit/537.36 (KHTML, like Gecko) Version/4.0 Chrome/149.0.7827.91 Mobile Safari/537.36 open_news open_news_u_s/6579"
113.185.44.102 - - [18/Jun/2026:03:31:53 +0700] "GET /wp-content/cache/autoptimize/autoptimize_single_48d56016b20f151be4f24ba6d0eb1be4.php?ver=10.3.8 HTTP/2" 200 682 "https://intemnhanhieu.com/in-hinh-sticker/" "Mozilla/5.0 (Linux; Android 12; 220733SG Build/SP1A.210812.016; wv) AppleWebKit/537.36 (KHTML, like Gecko) Version/4.0 Chrome/149.0.7827.91 Mobile Safari/537.36 open_news open_news_u_s/6579"
113.185.44.102 - - [18/Jun/2026:03:31:53 +0700] "GET /wp-content/cache/autoptimize/autoptimize_single_6b61ca5fab8b3148a6b79dfbfde0aba8.php?ver=3.16.2 HTTP/2" 200 29103 "https://intemnhanhieu.com/in-hinh-sticker/" "Mozilla/5.0 (Linux; Android 12; 220733SG Build/SP1A.210812.016; wv) AppleWebKit/537.36 (KHTML, like Gecko) Version/4.0 Chrome/149.0.7827.91 Mobile Safari/537.36 open_news open_news_u_s/6579"
113.185.44.102 - - [18/Jun/2026:03:31:53 +0700] "GET /wp-content/cache/autoptimize/autoptimize_single_11b34dbc6b45682ba8b2fbf39fd71133.php?ver=3.16.2 HTTP/2" 200 5701 "https://intemnhanhieu.com/in-hinh-sticker/" "Mozilla/5.0 (Linux; Android 12; 220733SG Build/SP1A.210812.016; wv) AppleWebKit/537.36 (KHTML, like Gecko) Version/4.0 Chrome/149.0.7827.91 Mobile Safari/537.36 open_news open_news_u_s/6579"
113.185.44.102 - - [18/Jun/2026:03:31:53 +0700] "GET /wp-content/cache/autoptimize/autoptimize_single_19e46b45983cbf37201d313f4129e778.php?ver=3.0 HTTP/2" 200 2473 "https://intemnhanhieu.com/in-hinh-sticker/" "Mozilla/5.0 (Linux; Android 12; 220733SG Build/SP1A.210812.016; wv) AppleWebKit/537.36 (KHTML, like Gecko) Version/4.0 Chrome/149.0.7827.91 Mobile Safari/537.36 open_news open_news_u_s/6579"
113.185.44.102 - - [18/Jun/2026:03:31:53 +0700] "GET /wp-content/uploads/2020/10/in-pet-chuyen-nhiet-5-768x538.jpg HTTP/2" 200 82504 "https://intemnhanhieu.com/in-hinh-sticker/" "Mozilla/5.0 (Linux; Android 12; 220733SG Build/SP1A.210812.016; wv) AppleWebKit/537.36 (KHTML, like Gecko) Version/4.0 Chrome/149.0.7827.91 Mobile Safari/537.36 open_news open_news_u_s/6579"
