1.54.206.239 - - [18/Jun/2026:05:46:36 +0700] "GET /wp-content/uploads/2025/09/in-uv-dtf4-768x457.jpg HTTP/3" 200 65697 "https://intemnhanhieu.com/in-hinh-sticker/" "Mozilla/5.0 (Linux; Android 8.1.0; CPH1805 Build/OPM1.171019.026; wv) AppleWebKit/537.36 (KHTML, like Gecko) Version/4.0 Chrome/138.0.7204.179 Mobile Safari/537.36 open_news open_news_u_s/7874"
1.54.206.239 - - [18/Jun/2026:05:46:36 +0700] "GET /wp-content/uploads/2025/09/Untitled-2-768x766.jpg HTTP/3" 200 137425 "https://intemnhanhieu.com/in-hinh-sticker/" "Mozilla/5.0 (Linux; Android 8.1.0; CPH1805 Build/OPM1.171019.026; wv) AppleWebKit/537.36 (KHTML, like Gecko) Version/4.0 Chrome/138.0.7204.179 Mobile Safari/537.36 open_news open_news_u_s/7874"
1.54.206.239 - - [18/Jun/2026:05:46:36 +0700] "GET /wp-content/uploads/2025/09/tem-nhan-mac4-768x457.jpg HTTP/3" 200 122553 "https://intemnhanhieu.com/in-hinh-sticker/" "Mozilla/5.0 (Linux; Android 8.1.0; CPH1805 Build/OPM1.171019.026; wv) AppleWebKit/537.36 (KHTML, like Gecko) Version/4.0 Chrome/138.0.7204.179 Mobile Safari/537.36 open_news open_news_u_s/7874"
1.54.206.239 - - [18/Jun/2026:05:46:36 +0700] "GET /wp-content/cache/autoptimize/autoptimize_single_e2d671c403c7e2bd09b3b298c748d0db.php?ver=wc-10.3.8 HTTP/3" 200 2597 "https://intemnhanhieu.com/in-hinh-sticker/" "Mozilla/5.0 (Linux; Android 8.1.0; CPH1805 Build/OPM1.171019.026; wv) AppleWebKit/537.36 (KHTML, like Gecko) Version/4.0 Chrome/138.0.7204.179 Mobile Safari/537.36 open_news open_news_u_s/7874"
1.54.206.239 - - [18/Jun/2026:05:46:36 +0700] "GET /wp-includes/js/dist/hooks.min.js?ver=4d63a3d491d11ffd8ac6 HTTP/3" 200 1571 "https://intemnhanhieu.com/in-hinh-sticker/" "Mozilla/5.0 (Linux; Android 8.1.0; CPH1805 Build/OPM1.171019.026; wv) AppleWebKit/537.36 (KHTML, like Gecko) Version/4.0 Chrome/138.0.7204.179 Mobile Safari/537.36 open_news open_news_u_s/7874"
1.54.206.239 - - [18/Jun/2026:05:46:36 +0700] "GET /wp-includes/js/dist/i18n.min.js?ver=5e580eb46a90c2b997e6 HTTP/3" 200 3542 "https://intemnhanhieu.com/in-hinh-sticker/" "Mozilla/5.0 (Linux; Android 8.1.0; CPH1805 Build/OPM1.171019.026; wv) AppleWebKit/537.36 (KHTML, like Gecko) Version/4.0 Chrome/138.0.7204.179 Mobile Safari/537.36 open_news open_news_u_s/7874"
1.54.206.239 - - [18/Jun/2026:05:46:36 +0700] "GET /wp-includes/js/dist/vendor/wp-polyfill.min.js?ver=3.15.0 HTTP/3" 200 14134 "https://intemnhanhieu.com/in-hinh-sticker/" "Mozilla/5.0 (Linux; Android 8.1.0; CPH1805 Build/OPM1.171019.026; wv) AppleWebKit/537.36 (KHTML, like Gecko) Version/4.0 Chrome/138.0.7204.179 Mobile Safari/537.36 open_news open_news_u_s/7874"
1.54.206.239 - - [18/Jun/2026:05:46:36 +0700] "GET /wp-includes/js/jquery/jquery-migrate.min.js?ver=3.4.1 HTTP/3" 200 4678 "https://intemnhanhieu.com/in-hinh-sticker/" "Mozilla/5.0 (Linux; Android 8.1.0; CPH1805 Build/OPM1.171019.026; wv) AppleWebKit/537.36 (KHTML, like Gecko) Version/4.0 Chrome/138.0.7204.179 Mobile Safari/537.36 open_news open_news_u_s/7874"
1.54.206.239 - - [18/Jun/2026:05:46:36 +0700] "GET /wp-content/plugins/woocommerce/assets/js/jquery-blockui/jquery.blockUI.min.js?ver=2.7.0-wc.10.3.8 HTTP/3" 200 3277 "https://intemnhanhieu.com/in-hinh-sticker/" "Mozilla/5.0 (Linux; Android 8.1.0; CPH1805 Build/OPM1.171019.026; wv) AppleWebKit/537.36 (KHTML, like Gecko) Version/4.0 Chrome/138.0.7204.179 Mobile Safari/537.36 open_news open_news_u_s/7874"
1.54.206.239 - - [18/Jun/2026:05:46:36 +0700] "GET /wp-content/plugins/woocommerce/assets/js/frontend/add-to-cart.min.js?ver=10.3.8 HTTP/3" 200 1225 "https://intemnhanhieu.com/in-hinh-sticker/" "Mozilla/5.0 (Linux; Android 8.1.0; CPH1805 Build/OPM1.171019.026; wv) AppleWebKit/537.36 (KHTML, like Gecko) Version/4.0 Chrome/138.0.7204.179 Mobile Safari/537.36 open_news open_news_u_s/7874"
1.54.206.239 - - [18/Jun/2026:05:46:36 +0700] "GET /wp-content/plugins/woocommerce/assets/js/photoswipe/photoswipe.min.js?ver=4.1.1-wc.10.3.8 HTTP/3" 200 11652 "https://intemnhanhieu.com/in-hinh-sticker/" "Mozilla/5.0 (Linux; Android 8.1.0; CPH1805 Build/OPM1.171019.026; wv) AppleWebKit/537.36 (KHTML, like Gecko) Version/4.0 Chrome/138.0.7204.179 Mobile Safari/537.36 open_news open_news_u_s/7874"
1.54.206.239 - - [18/Jun/2026:05:46:36 +0700] "GET /wp-content/plugins/woocommerce/assets/js/photoswipe/photoswipe-ui-default.min.js?ver=4.1.1-wc.10.3.8 HTTP/3" 200 3478 "https://intemnhanhieu.com/in-hinh-sticker/" "Mozilla/5.0 (Linux; Android 8.1.0; CPH1805 Build/OPM1.171019.026; wv) AppleWebKit/537.36 (KHTML, like Gecko) Version/4.0 Chrome/138.0.7204.179 Mobile Safari/537.36 open_news open_news_u_s/7874"
1.54.206.239 - - [18/Jun/2026:05:46:36 +0700] "GET /wp-content/plugins/woocommerce/assets/js/frontend/single-product.min.js?ver=10.3.8 HTTP/3" 200 2677 "https://intemnhanhieu.com/in-hinh-sticker/" "Mozilla/5.0 (Linux; Android 8.1.0; CPH1805 Build/OPM1.171019.026; wv) AppleWebKit/537.36 (KHTML, like Gecko) Version/4.0 Chrome/138.0.7204.179 Mobile Safari/537.36 open_news open_news_u_s/7874"
1.54.206.239 - - [18/Jun/2026:05:46:36 +0700] "GET /wp-content/plugins/woocommerce/assets/js/js-cookie/js.cookie.min.js?ver=2.1.4-wc.10.3.8 HTTP/3" 200 760 "https://intemnhanhieu.com/in-hinh-sticker/" "Mozilla/5.0 (Linux; Android 8.1.0; CPH1805 Build/OPM1.171019.026; wv) AppleWebKit/537.36 (KHTML, like Gecko) Version/4.0 Chrome/138.0.7204.179 Mobile Safari/537.36 open_news open_news_u_s/7874"
1.54.206.239 - - [18/Jun/2026:05:46:36 +0700] "GET /wp-content/plugins/ewww-image-optimizer/includes/lazysizes.min.js?ver=830 HTTP/3" 200 6149 "https://intemnhanhieu.com/in-hinh-sticker/" "Mozilla/5.0 (Linux; Android 8.1.0; CPH1805 Build/OPM1.171019.026; wv) AppleWebKit/537.36 (KHTML, like Gecko) Version/4.0 Chrome/138.0.7204.179 Mobile Safari/537.36 open_news open_news_u_s/7874"
1.54.206.239 - - [18/Jun/2026:05:46:36 +0700] "GET /wp-content/cache/autoptimize/autoptimize_single_96e7dc3f0e8559e4a3f3ca40b17ab9c3.php?ver=6.1.4 HTTP/3" 200 3477 "https://intemnhanhieu.com/in-hinh-sticker/" "Mozilla/5.0 (Linux; Android 8.1.0; CPH1805 Build/OPM1.171019.026; wv) AppleWebKit/537.36 (KHTML, like Gecko) Version/4.0 Chrome/138.0.7204.179 Mobile Safari/537.36 open_news open_news_u_s/7874"
1.54.206.239 - - [18/Jun/2026:05:46:36 +0700] "GET /wp-content/cache/autoptimize/autoptimize_single_2912c657d0592cc532dff73d0d2ce7bb.php?ver=6.1.4 HTTP/3" 200 4257 "https://intemnhanhieu.com/in-hinh-sticker/" "Mozilla/5.0 (Linux; Android 8.1.0; CPH1805 Build/OPM1.171019.026; wv) AppleWebKit/537.36 (KHTML, like Gecko) Version/4.0 Chrome/138.0.7204.179 Mobile Safari/537.36 open_news open_news_u_s/7874"
1.54.206.239 - - [18/Jun/2026:05:46:36 +0700] "GET /wp-content/cache/autoptimize/autoptimize_single_2f19147530b5ec2019e251e177d77d57.php?ver=1.2.3 HTTP/3" 200 527 "https://intemnhanhieu.com/in-hinh-sticker/" "Mozilla/5.0 (Linux; Android 8.1.0; CPH1805 Build/OPM1.171019.026; wv) AppleWebKit/537.36 (KHTML, like Gecko) Version/4.0 Chrome/138.0.7204.179 Mobile Safari/537.36 open_news open_news_u_s/7874"
1.54.206.239 - - [18/Jun/2026:05:46:36 +0700] "GET /wp-content/plugins/ot-flatsome-vertical-menu/assets/js/ot-vertical-menu.min.js?ver=1.2.3 HTTP/3" 200 790 "https://intemnhanhieu.com/in-hinh-sticker/" "Mozilla/5.0 (Linux; Android 8.1.0; CPH1805 Build/OPM1.171019.026; wv) AppleWebKit/537.36 (KHTML, like Gecko) Version/4.0 Chrome/138.0.7204.179 Mobile Safari/537.36 open_news open_news_u_s/7874"
1.54.206.239 - - [18/Jun/2026:05:46:36 +0700] "GET /wp-content/plugins/woocommerce/assets/js/frontend/woocommerce.min.js?ver=10.3.8 HTTP/3" 200 1275 "https://intemnhanhieu.com/in-hinh-sticker/" "Mozilla/5.0 (Linux; Android 8.1.0; CPH1805 Build/OPM1.171019.026; wv) AppleWebKit/537.36 (KHTML, like Gecko) Version/4.0 Chrome/138.0.7204.179 Mobile Safari/537.36 open_news open_news_u_s/7874"
1.54.206.239 - - [18/Jun/2026:05:46:36 +0700] "GET /wp-content/cache/autoptimize/autoptimize_single_fe28432f39d383868c62b57694cca31d.php?ver=3.16.2 HTTP/3" 200 4655 "https://intemnhanhieu.com/in-hinh-sticker/" "Mozilla/5.0 (Linux; Android 8.1.0; CPH1805 Build/OPM1.171019.026; wv) AppleWebKit/537.36 (KHTML, like Gecko) Version/4.0 Chrome/138.0.7204.179 Mobile Safari/537.36 open_news open_news_u_s/7874"
1.54.206.239 - - [18/Jun/2026:05:46:36 +0700] "GET /wp-content/plugins/woocommerce/assets/js/sourcebuster/sourcebuster.min.js?ver=10.3.8 HTTP/3" 200 4609 "https://intemnhanhieu.com/in-hinh-sticker/" "Mozilla/5.0 (Linux; Android 8.1.0; CPH1805 Build/OPM1.171019.026; wv) AppleWebKit/537.36 (KHTML, like Gecko) Version/4.0 Chrome/138.0.7204.179 Mobile Safari/537.36 open_news open_news_u_s/7874"
1.54.206.239 - - [18/Jun/2026:05:46:36 +0700] "GET /wp-content/plugins/woocommerce/assets/js/frontend/order-attribution.min.js?ver=10.3.8 HTTP/3" 200 998 "https://intemnhanhieu.com/in-hinh-sticker/" "Mozilla/5.0 (Linux; Android 8.1.0; CPH1805 Build/OPM1.171019.026; wv) AppleWebKit/537.36 (KHTML, like Gecko) Version/4.0 Chrome/138.0.7204.179 Mobile Safari/537.36 open_news open_news_u_s/7874"
1.54.206.239 - - [18/Jun/2026:05:46:36 +0700] "GET /wp-content/cache/autoptimize/autoptimize_single_af5f2224f9be166297b8754f98622c4d.php HTTP/3" 200 1790 "https://intemnhanhieu.com/in-hinh-sticker/" "Mozilla/5.0 (Linux; Android 8.1.0; CPH1805 Build/OPM1.171019.026; wv) AppleWebKit/537.36 (KHTML, like Gecko) Version/4.0 Chrome/138.0.7204.179 Mobile Safari/537.36 open_news open_news_u_s/7874"
1.54.206.239 - - [18/Jun/2026:05:46:36 +0700] "GET /wp-includes/js/hoverIntent.min.js?ver=1.10.2 HTTP/3" 200 668 "https://intemnhanhieu.com/in-hinh-sticker/" "Mozilla/5.0 (Linux; Android 8.1.0; CPH1805 Build/OPM1.171019.026; wv) AppleWebKit/537.36 (KHTML, like Gecko) Version/4.0 Chrome/138.0.7204.179 Mobile Safari/537.36 open_news open_news_u_s/7874"
1.54.206.239 - - [18/Jun/2026:05:46:36 +0700] "GET /wp-content/cache/autoptimize/autoptimize_single_7050e04a1a32e04ecd30693b17e3f010.php?ver=a0349779516f2e7c5703074420d5e855 HTTP/3" 200 6539 "https://intemnhanhieu.com/in-hinh-sticker/" "Mozilla/5.0 (Linux; Android 8.1.0; CPH1805 Build/OPM1.171019.026; wv) AppleWebKit/537.36 (KHTML, like Gecko) Version/4.0 Chrome/138.0.7204.179 Mobile Safari/537.36 open_news open_news_u_s/7874"
1.54.206.239 - - [18/Jun/2026:05:46:36 +0700] "GET /wp-content/cache/autoptimize/autoptimize_single_3f153e3f4dd4ad4ba783310abb879c36.php?ver=fcf0c1642621a86609ed4ca283f0db68 HTTP/3" 200 16604 "https://intemnhanhieu.com/in-hinh-sticker/" "Mozilla/5.0 (Linux; Android 8.1.0; CPH1805 Build/OPM1.171019.026; wv) AppleWebKit/537.36 (KHTML, like Gecko) Version/4.0 Chrome/138.0.7204.179 Mobile Safari/537.36 open_news open_news_u_s/7874"
1.54.206.239 - - [18/Jun/2026:05:46:36 +0700] "GET /wp-content/plugins/ot-flatsome-vertical-menu/assets/vendor/superfish/superfish.min.js?ver=1.2.3 HTTP/3" 200 1989 "https://intemnhanhieu.com/in-hinh-sticker/" "Mozilla/5.0 (Linux; Android 8.1.0; CPH1805 Build/OPM1.171019.026; wv) AppleWebKit/537.36 (KHTML, like Gecko) Version/4.0 Chrome/138.0.7204.179 Mobile Safari/537.36 open_news open_news_u_s/7874"
1.54.206.239 - - [18/Jun/2026:05:46:36 +0700] "GET /wp-content/cache/autoptimize/autoptimize_single_944b3637dbad6657ff7090937263ae87.php HTTP/3" 200 1131 "https://intemnhanhieu.com/in-hinh-sticker/" "Mozilla/5.0 (Linux; Android 8.1.0; CPH1805 Build/OPM1.171019.026; wv) AppleWebKit/537.36 (KHTML, like Gecko) Version/4.0 Chrome/138.0.7204.179 Mobile Safari/537.36 open_news open_news_u_s/7874"
1.54.206.239 - - [18/Jun/2026:05:46:36 +0700] "GET /wp-includes/js/comment-reply.min.js?ver=6.8.5 HTTP/3" 200 1247 "https://intemnhanhieu.com/in-hinh-sticker/" "Mozilla/5.0 (Linux; Android 8.1.0; CPH1805 Build/OPM1.171019.026; wv) AppleWebKit/537.36 (KHTML, like Gecko) Version/4.0 Chrome/138.0.7204.179 Mobile Safari/537.36 open_news open_news_u_s/7874"
1.54.206.239 - - [18/Jun/2026:05:46:36 +0700] "GET /wp-content/cache/autoptimize/autoptimize_single_6f625e5a5fbb35a99d5fa3bc897962d4.php?ver=6972d3af2e3be67de9f1 HTTP/3" 200 900 "https://intemnhanhieu.com/in-hinh-sticker/" "Mozilla/5.0 (Linux; Android 8.1.0; CPH1805 Build/OPM1.171019.026; wv) AppleWebKit/537.36 (KHTML, like Gecko) Version/4.0 Chrome/138.0.7204.179 Mobile Safari/537.36 open_news open_news_u_s/7874"
1.54.206.239 - - [18/Jun/2026:05:46:36 +0700] "GET /wp-includes/js/zxcvbn-async.min.js?ver=1.0 HTTP/3" 200 187 "https://intemnhanhieu.com/in-hinh-sticker/" "Mozilla/5.0 (Linux; Android 8.1.0; CPH1805 Build/OPM1.171019.026; wv) AppleWebKit/537.36 (KHTML, like Gecko) Version/4.0 Chrome/138.0.7204.179 Mobile Safari/537.36 open_news open_news_u_s/7874"
1.54.206.239 - - [18/Jun/2026:05:46:36 +0700] "GET /wp-admin/js/password-strength-meter.min.js?ver=6.8.5 HTTP/3" 200 558 "https://intemnhanhieu.com/in-hinh-sticker/" "Mozilla/5.0 (Linux; Android 8.1.0; CPH1805 Build/OPM1.171019.026; wv) AppleWebKit/537.36 (KHTML, like Gecko) Version/4.0 Chrome/138.0.7204.179 Mobile Safari/537.36 open_news open_news_u_s/7874"
1.54.206.239 - - [18/Jun/2026:05:46:36 +0700] "GET /wp-content/plugins/woocommerce/assets/js/frontend/password-strength-meter.min.js?ver=10.3.8 HTTP/3" 200 751 "https://intemnhanhieu.com/in-hinh-sticker/" "Mozilla/5.0 (Linux; Android 8.1.0; CPH1805 Build/OPM1.171019.026; wv) AppleWebKit/537.36 (KHTML, like Gecko) Version/4.0 Chrome/138.0.7204.179 Mobile Safari/537.36 open_news open_news_u_s/7874"
1.54.206.239 - - [18/Jun/2026:05:46:36 +0700] "GET /wp-content/themes/flatsome/assets/js/chunk.countup.js?ver=3.16.2 HTTP/3" 200 1709 "https://intemnhanhieu.com/in-hinh-sticker/" "Mozilla/5.0 (Linux; Android 8.1.0; CPH1805 Build/OPM1.171019.026; wv) AppleWebKit/537.36 (KHTML, like Gecko) Version/4.0 Chrome/138.0.7204.179 Mobile Safari/537.36 open_news open_news_u_s/7874"
1.54.206.239 - - [18/Jun/2026:05:46:36 +0700] "GET /wp-content/themes/flatsome/assets/js/chunk.sticky-sidebar.js?ver=3.16.2 HTTP/3" 200 3108 "https://intemnhanhieu.com/in-hinh-sticker/" "Mozilla/5.0 (Linux; Android 8.1.0; CPH1805 Build/OPM1.171019.026; wv) AppleWebKit/537.36 (KHTML, like Gecko) Version/4.0 Chrome/138.0.7204.179 Mobile Safari/537.36 open_news open_news_u_s/7874"
1.54.206.239 - - [18/Jun/2026:05:46:36 +0700] "GET /wp-content/themes/flatsome/assets/js/chunk.tooltips.js?ver=3.16.2 HTTP/3" 200 4651 "https://intemnhanhieu.com/in-hinh-sticker/" "Mozilla/5.0 (Linux; Android 8.1.0; CPH1805 Build/OPM1.171019.026; wv) AppleWebKit/537.36 (KHTML, like Gecko) Version/4.0 Chrome/138.0.7204.179 Mobile Safari/537.36 open_news open_news_u_s/7874"
1.54.206.239 - - [18/Jun/2026:05:46:36 +0700] "GET /wp-content/themes/flatsome/assets/js/chunk.vendors-popups.js?ver=3.16.2 HTTP/3" 200 6872 "https://intemnhanhieu.com/in-hinh-sticker/" "Mozilla/5.0 (Linux; Android 8.1.0; CPH1805 Build/OPM1.171019.026; wv) AppleWebKit/537.36 (KHTML, like Gecko) Version/4.0 Chrome/138.0.7204.179 Mobile Safari/537.36 open_news open_news_u_s/7874"
1.54.206.239 - - [18/Jun/2026:05:46:36 +0700] "GET /wp-content/themes/flatsome/assets/js/chunk.vendors-slider.js?ver=3.16.2 HTTP/3" 200 12785 "https://intemnhanhieu.com/in-hinh-sticker/" "Mozilla/5.0 (Linux; Android 8.1.0; CPH1805 Build/OPM1.171019.026; wv) AppleWebKit/537.36 (KHTML, like Gecko) Version/4.0 Chrome/138.0.7204.179 Mobile Safari/537.36 open_news open_news_u_s/7874"
1.54.206.239 - - [18/Jun/2026:05:46:36 +0700] "GET /wp-content/uploads/2025/10/stande-mo-hinh-542x400.jpg HTTP/3" 200 60650 "https://intemnhanhieu.com/in-hinh-sticker/" "Mozilla/5.0 (Linux; Android 8.1.0; CPH1805 Build/OPM1.171019.026; wv) AppleWebKit/537.36 (KHTML, like Gecko) Version/4.0 Chrome/138.0.7204.179 Mobile Safari/537.36 open_news open_news_u_s/7874"
1.54.206.239 - - [18/Jun/2026:05:46:36 +0700] "GET /wp-content/fonts/montserrat/JTUHjIg1_i6t8kCHKm4532VJOt5-QNFgpCtr6Hw5aXx-p7K4GLs.woff HTTP/3" 200 20648 "https://intemnhanhieu.com/in-hinh-sticker/" "Mozilla/5.0 (Linux; Android 8.1.0; CPH1805 Build/OPM1.171019.026; wv) AppleWebKit/537.36 (KHTML, like Gecko) Version/4.0 Chrome/138.0.7204.179 Mobile Safari/537.36 open_news open_news_u_s/7874"
1.54.206.239 - - [18/Jun/2026:05:46:36 +0700] "GET /wp-content/themes/flatsome/assets/css/icons/fl-icons.woff2?v=3.16.2 HTTP/3" 200 7068 "https://intemnhanhieu.com/in-hinh-sticker/" "Mozilla/5.0 (Linux; Android 8.1.0; CPH1805 Build/OPM1.171019.026; wv) AppleWebKit/537.36 (KHTML, like Gecko) Version/4.0 Chrome/138.0.7204.179 Mobile Safari/537.36 open_news open_news_u_s/7874"
1.54.206.239 - - [18/Jun/2026:05:46:36 +0700] "GET /wp-content/fonts/montserrat/JTUHjIg1_i6t8kCHKm4532VJOt5-QNFgpCuM73w5aXx-p7K4GLs.woff HTTP/3" 200 20672 "https://intemnhanhieu.com/in-hinh-sticker/" "Mozilla/5.0 (Linux; Android 8.1.0; CPH1805 Build/OPM1.171019.026; wv) AppleWebKit/537.36 (KHTML, like Gecko) Version/4.0 Chrome/138.0.7204.179 Mobile Safari/537.36 open_news open_news_u_s/7874"
1.54.206.239 - - [18/Jun/2026:05:46:36 +0700] "GET /wp-content/fonts/montserrat/JTUHjIg1_i6t8kCHKm4532VJOt5-QNFgpCtr6Hw2aXx-p7K4GLvztg.woff HTTP/3" 200 7268 "https://intemnhanhieu.com/in-hinh-sticker/" "Mozilla/5.0 (Linux; Android 8.1.0; CPH1805 Build/OPM1.171019.026; wv) AppleWebKit/537.36 (KHTML, like Gecko) Version/4.0 Chrome/138.0.7204.179 Mobile Safari/537.36 open_news open_news_u_s/7874"
1.54.206.239 - - [18/Jun/2026:05:46:36 +0700] "GET /wp-content/fonts/montserrat/JTUHjIg1_i6t8kCHKm4532VJOt5-QNFgpCuM73w3aXx-p7K4GLvztg.woff HTTP/3" 200 41344 "https://intemnhanhieu.com/in-hinh-sticker/" "Mozilla/5.0 (Linux; Android 8.1.0; CPH1805 Build/OPM1.171019.026; wv) AppleWebKit/537.36 (KHTML, like Gecko) Version/4.0 Chrome/138.0.7204.179 Mobile Safari/537.36 open_news open_news_u_s/7874"
1.54.206.239 - - [18/Jun/2026:05:46:36 +0700] "GET /wp-content/fonts/montserrat/JTUHjIg1_i6t8kCHKm4532VJOt5-QNFgpCuM73w2aXx-p7K4GLvztg.woff HTTP/3" 200 7304 "https://intemnhanhieu.com/in-hinh-sticker/" "Mozilla/5.0 (Linux; Android 8.1.0; CPH1805 Build/OPM1.171019.026; wv) AppleWebKit/537.36 (KHTML, like Gecko) Version/4.0 Chrome/138.0.7204.179 Mobile Safari/537.36 open_news open_news_u_s/7874"
1.54.206.239 - - [18/Jun/2026:05:46:36 +0700] "GET /wp-content/fonts/montserrat/JTUHjIg1_i6t8kCHKm4532VJOt5-QNFgpCtr6Hw3aXx-p7K4GLvztg.woff HTTP/3" 200 40368 "https://intemnhanhieu.com/in-hinh-sticker/" "Mozilla/5.0 (Linux; Android 8.1.0; CPH1805 Build/OPM1.171019.026; wv) AppleWebKit/537.36 (KHTML, like Gecko) Version/4.0 Chrome/138.0.7204.179 Mobile Safari/537.36 open_news open_news_u_s/7874"
1.54.206.239 - - [18/Jun/2026:05:46:40 +0700] "GET /wp-content/uploads/2025/09/LOGO-1.png HTTP/3" 200 28405 "https://intemnhanhieu.com/in-hinh-sticker/" "Mozilla/5.0 (Linux; Android 8.1.0; CPH1805 Build/OPM1.171019.026; wv) AppleWebKit/537.36 (KHTML, like Gecko) Version/4.0 Chrome/138.0.7204.179 Mobile Safari/537.36 open_news open_news_u_s/7874"
34.125.242.97 - - [18/Jun/2026:05:57:45 +0700] "GET /wp-content/uploads/2025/10/3-1.jpg HTTP/1.1" 200 138383 "-" "Mozilla/5.0 AppleWebKit/537.36 (KHTML, like Gecko; compatible; ReyilBot/0.1"
112.213.89.164 - - [18/Jun/2026:05:59:24 +0700] "POST /wp-cron.php?doing_wp_cron=1781737164.8342220783233642578125 HTTP/1.1" 200 0 "-" "WordPress/6.8.5; https://intemnhanhieu.com"
66.249.73.132 - - [18/Jun/2026:05:59:23 +0700] "GET /blocks-sitemap.xml HTTP/1.1" 200 434 "-" "Mozilla/5.0 (compatible; Googlebot/2.1; +http://www.google.com/bot.html)"
112.213.89.164 - - [18/Jun/2026:06:02:49 +0700] "POST /wp-cron.php?doing_wp_cron=1781737369.2858319282531738281250 HTTP/1.1" 200 0 "-" "WordPress/6.8.5; https://intemnhanhieu.com"
92.222.108.119 - - [18/Jun/2026:06:02:48 +0700] "GET /hoan-tien_tra-ve/ HTTP/2" 200 29637 "-" "Mozilla/5.0 (compatible; AhrefsBot/7.0; +http://ahrefs.com/robot/)"
112.213.89.164 - - [18/Jun/2026:06:07:44 +0700] "POST /wp-cron.php?doing_wp_cron=1781737664.1175820827484130859375 HTTP/1.1" 200 0 "-" "WordPress/6.8.5; https://intemnhanhieu.com"
66.249.73.131 - - [18/Jun/2026:06:07:42 +0700] "GET /in-tem-nhan-decal-gan-day/ HTTP/1.1" 200 37991 "-" "Mozilla/5.0 (Linux; Android 6.0.1; Nexus 5X Build/MMB29P) AppleWebKit/537.36 (KHTML, like Gecko) Chrome/148.0.7778.96 Mobile Safari/537.36 (compatible; Googlebot/2.1; +http://www.google.com/bot.html)"
92.222.108.114 - - [18/Jun/2026:06:07:47 +0700] "GET /wp-includes/blocks/list/style.min.css?ver=6.8.5 HTTP/2" 200 95 "-" "Mozilla/5.0 (compatible; AhrefsBot/7.0; +http://ahrefs.com/robot/)"
92.222.108.115 - - [18/Jun/2026:06:08:07 +0700] "GET /wp-includes/blocks/paragraph/style.min.css?ver=6.8.5 HTTP/2" 200 281 "-" "Mozilla/5.0 (compatible; AhrefsBot/7.0; +http://ahrefs.com/robot/)"
5.39.1.240 - - [18/Jun/2026:06:08:08 +0700] "GET /wp-content/uploads/2025/09/LOGO-2.png HTTP/2" 200 19039 "-" "Mozilla/5.0 (compatible; AhrefsBot/7.0; +http://ahrefs.com/robot/)"
112.213.89.164 - - [18/Jun/2026:06:12:13 +0700] "POST /wp-cron.php?doing_wp_cron=1781737933.5382659435272216796875 HTTP/1.1" 200 0 "-" "WordPress/6.8.5; https://intemnhanhieu.com"
66.249.71.168 - - [18/Jun/2026:06:12:12 +0700] "GET /in-sticker-trong-suot/ HTTP/1.1" 200 49724 "-" "Mozilla/5.0 (Linux; Android 6.0.1; Nexus 5X Build/MMB29P) AppleWebKit/537.36 (KHTML, like Gecko) Chrome/148.0.7778.96 Mobile Safari/537.36 (compatible; Googlebot/2.1; +http://www.google.com/bot.html)"
66.249.71.168 - - [18/Jun/2026:06:12:16 +0700] "GET /wp-content/cache/autoptimize/autoptimize_single_31a94987eea91dbea4c48d187ebf0849.php?ver=1.2.3 HTTP/1.1" 200 968 "https://intemnhanhieu.com/in-sticker-trong-suot/" "Mozilla/5.0 (Linux; Android 6.0.1; Nexus 5X Build/MMB29P) AppleWebKit/537.36 (KHTML, like Gecko) Chrome/148.0.7778.96 Mobile Safari/537.36 (compatible; Googlebot/2.1; +http://www.google.com/bot.html)"
112.213.89.164 - - [18/Jun/2026:06:31:24 +0700] "POST /wp-cron.php?doing_wp_cron=1781739084.1986169815063476562500 HTTP/1.1" 200 0 "-" "WordPress/6.8.5; https://intemnhanhieu.com"
51.68.247.213 - - [18/Jun/2026:06:31:22 +0700] "GET /sitemap_index.xml HTTP/2" 200 374 "-" "Mozilla/5.0 (compatible; AhrefsBot/7.0; +http://ahrefs.com/robot/)"
176.31.139.5 - - [18/Jun/2026:06:31:34 +0700] "GET /post-sitemap.xml HTTP/2" 200 610 "-" "Mozilla/5.0 (compatible; AhrefsBot/7.0; +http://ahrefs.com/robot/)"
5.39.1.241 - - [18/Jun/2026:06:31:37 +0700] "GET /page-sitemap.xml HTTP/2" 200 517 "-" "Mozilla/5.0 (compatible; AhrefsBot/7.0; +http://ahrefs.com/robot/)"
176.31.139.18 - - [18/Jun/2026:06:31:40 +0700] "GET /attachment-sitemap.xml HTTP/2" 200 1576 "-" "Mozilla/5.0 (compatible; AhrefsBot/7.0; +http://ahrefs.com/robot/)"
176.31.139.27 - - [18/Jun/2026:06:31:43 +0700] "GET /blocks-sitemap.xml HTTP/2" 200 434 "-" "Mozilla/5.0 (compatible; AhrefsBot/7.0; +http://ahrefs.com/robot/)"
112.213.89.164 - - [18/Jun/2026:06:31:54 +0700] "POST /wp-cron.php?doing_wp_cron=1781739114.8775699138641357421875 HTTP/1.1" 200 0 "-" "WordPress/6.8.5; https://intemnhanhieu.com"
92.222.108.124 - - [18/Jun/2026:06:31:53 +0700] "GET /product-sitemap.xml HTTP/2" 200 2397 "-" "Mozilla/5.0 (compatible; AhrefsBot/7.0; +http://ahrefs.com/robot/)"
54.37.118.70 - - [18/Jun/2026:06:32:12 +0700] "GET /category-sitemap.xml HTTP/2" 200 342 "-" "Mozilla/5.0 (compatible; AhrefsBot/7.0; +http://ahrefs.com/robot/)"
176.31.139.29 - - [18/Jun/2026:06:32:19 +0700] "GET /product_cat-sitemap.xml HTTP/2" 200 472 "-" "Mozilla/5.0 (compatible; AhrefsBot/7.0; +http://ahrefs.com/robot/)"
51.75.236.129 - - [18/Jun/2026:06:32:25 +0700] "GET /author-sitemap.xml HTTP/2" 200 343 "-" "Mozilla/5.0 (compatible; AhrefsBot/7.0; +http://ahrefs.com/robot/)"
112.213.89.164 - - [18/Jun/2026:06:35:15 +0700] "POST /wp-cron.php?doing_wp_cron=1781739315.3127639293670654296875 HTTP/1.1" 200 0 "-" "WordPress/6.8.5; https://intemnhanhieu.com"
122.161.171.77 - - [18/Jun/2026:06:35:13 +0700] "GET /dia-chi-in-tem-nhan-decal/ HTTP/2" 200 49194 "-" "Mozilla/5.0 (Linux; Android 6.0; Nexus 5 Build/MRA58N) AppleWebKit/537.36 (KHTML, like Gecko) Chrome/51.0.9098.1149 Mobile Safari/537.36"
45.138.240.69 - - [18/Jun/2026:06:35:27 +0700] "GET /wp-includes/css/dashicons.min.css?ver=6.8.5 HTTP/2" 200 35110 "https://intemnhanhieu.com/dia-chi-in-tem-nhan-decal/" "Mozilla/5.0 (Linux; Android 6.0; Nexus 5 Build/MRA58N) AppleWebKit/537.36 (KHTML, like Gecko) Chrome/51.0.9098.1149 Mobile Safari/537.36"
45.138.240.69 - - [18/Jun/2026:06:35:27 +0700] "GET /wp-content/plugins/woocommerce/assets/css/photoswipe/default-skin/default-skin.min.css?ver=10.3.8 HTTP/2" 200 1759 "https://intemnhanhieu.com/dia-chi-in-tem-nhan-decal/" "Mozilla/5.0 (Linux; Android 6.0; Nexus 5 Build/MRA58N) AppleWebKit/537.36 (KHTML, like Gecko) Chrome/51.0.9098.1149 Mobile Safari/537.36"
45.138.240.69 - - [18/Jun/2026:06:35:27 +0700] "GET /wp-includes/js/jquery/jquery.min.js?ver=3.7.1 HTTP/2" 200 29744 "https://intemnhanhieu.com/dia-chi-in-tem-nhan-decal/" "Mozilla/5.0 (Linux; Android 6.0; Nexus 5 Build/MRA58N) AppleWebKit/537.36 (KHTML, like Gecko) Chrome/51.0.9098.1149 Mobile Safari/537.36"
45.138.240.69 - - [18/Jun/2026:06:35:27 +0700] "GET /wp-content/uploads/2025/10/6.jpg HTTP/2" 206 500 "https://intemnhanhieu.com/dia-chi-in-tem-nhan-decal/" "Mozilla/5.0 (Linux; Android 6.0; Nexus 5 Build/MRA58N) AppleWebKit/537.36 (KHTML, like Gecko) Chrome/51.0.9098.1149 Mobile Safari/537.36"
45.138.240.69 - - [18/Jun/2026:06:35:27 +0700] "GET /wp-content/cache/autoptimize/autoptimize_single_64ac31699f5326cb3c76122498b76f66.php?ver=6.1.4 HTTP/2" 200 901 "https://intemnhanhieu.com/dia-chi-in-tem-nhan-decal/" "Mozilla/5.0 (Linux; Android 6.0; Nexus 5 Build/MRA58N) AppleWebKit/537.36 (KHTML, like Gecko) Chrome/51.0.9098.1149 Mobile Safari/537.36"
45.138.240.69 - - [18/Jun/2026:06:35:27 +0700] "GET /wp-content/cache/autoptimize/autoptimize_single_6b61ca5fab8b3148a6b79dfbfde0aba8.php?ver=3.16.2 HTTP/2" 200 29103 "https://intemnhanhieu.com/dia-chi-in-tem-nhan-decal/" "Mozilla/5.0 (Linux; Android 6.0; Nexus 5 Build/MRA58N) AppleWebKit/537.36 (KHTML, like Gecko) Chrome/51.0.9098.1149 Mobile Safari/537.36"
45.138.240.69 - - [18/Jun/2026:06:35:28 +0700] "GET /wp-content/uploads/2025/10/17.jpg HTTP/2" 206 500 "https://intemnhanhieu.com/dia-chi-in-tem-nhan-decal/" "Mozilla/5.0 (Linux; Android 6.0; Nexus 5 Build/MRA58N) AppleWebKit/537.36 (KHTML, like Gecko) Chrome/51.0.9098.1149 Mobile Safari/537.36"
45.138.240.69 - - [18/Jun/2026:06:35:28 +0700] "GET /wp-content/uploads/2025/10/7-1.jpg HTTP/2" 206 500 "https://intemnhanhieu.com/dia-chi-in-tem-nhan-decal/" "Mozilla/5.0 (Linux; Android 6.0; Nexus 5 Build/MRA58N) AppleWebKit/537.36 (KHTML, like Gecko) Chrome/51.0.9098.1149 Mobile Safari/537.36"
45.138.240.69 - - [18/Jun/2026:06:35:29 +0700] "GET /wp-content/uploads/2025/10/4-2.jpg HTTP/2" 206 500 "https://intemnhanhieu.com/dia-chi-in-tem-nhan-decal/" "Mozilla/5.0 (Linux; Android 6.0; Nexus 5 Build/MRA58N) AppleWebKit/537.36 (KHTML, like Gecko) Chrome/51.0.9098.1149 Mobile Safari/537.36"
45.138.240.69 - - [18/Jun/2026:06:35:29 +0700] "GET /wp-includes/js/dist/i18n.min.js?ver=5e580eb46a90c2b997e6 HTTP/2" 200 3542 "https://intemnhanhieu.com/dia-chi-in-tem-nhan-decal/" "Mozilla/5.0 (Linux; Android 6.0; Nexus 5 Build/MRA58N) AppleWebKit/537.36 (KHTML, like Gecko) Chrome/51.0.9098.1149 Mobile Safari/537.36"
45.138.240.69 - - [18/Jun/2026:06:35:29 +0700] "GET /wp-includes/js/dist/hooks.min.js?ver=4d63a3d491d11ffd8ac6 HTTP/2" 200 1571 "https://intemnhanhieu.com/dia-chi-in-tem-nhan-decal/" "Mozilla/5.0 (Linux; Android 6.0; Nexus 5 Build/MRA58N) AppleWebKit/537.36 (KHTML, like Gecko) Chrome/51.0.9098.1149 Mobile Safari/537.36"
45.138.240.69 - - [18/Jun/2026:06:35:29 +0700] "GET /wp-content/plugins/woocommerce/assets/js/jquery-blockui/jquery.blockUI.min.js?ver=2.7.0-wc.10.3.8 HTTP/2" 200 3277 "https://intemnhanhieu.com/dia-chi-in-tem-nhan-decal/" "Mozilla/5.0 (Linux; Android 6.0; Nexus 5 Build/MRA58N) AppleWebKit/537.36 (KHTML, like Gecko) Chrome/51.0.9098.1149 Mobile Safari/537.36"
45.138.240.69 - - [18/Jun/2026:06:35:29 +0700] "GET /wp-content/plugins/woocommerce/assets/js/photoswipe/photoswipe-ui-default.min.js?ver=4.1.1-wc.10.3.8 HTTP/2" 200 3478 "https://intemnhanhieu.com/dia-chi-in-tem-nhan-decal/" "Mozilla/5.0 (Linux; Android 6.0; Nexus 5 Build/MRA58N) AppleWebKit/537.36 (KHTML, like Gecko) Chrome/51.0.9098.1149 Mobile Safari/537.36"
45.138.240.69 - - [18/Jun/2026:06:35:29 +0700] "GET /wp-content/uploads/2025/10/17.jpg HTTP/2" 304 0 "https://intemnhanhieu.com/dia-chi-in-tem-nhan-decal/" "Mozilla/5.0 (Linux; Android 6.0; Nexus 5 Build/MRA58N) AppleWebKit/537.36 (KHTML, like Gecko) Chrome/51.0.9098.1149 Mobile Safari/537.36"
45.138.240.69 - - [18/Jun/2026:06:35:30 +0700] "GET /wp-content/plugins/ewww-image-optimizer/includes/lazysizes.min.js?ver=830 HTTP/2" 200 6149 "https://intemnhanhieu.com/dia-chi-in-tem-nhan-decal/" "Mozilla/5.0 (Linux; Android 6.0; Nexus 5 Build/MRA58N) AppleWebKit/537.36 (KHTML, like Gecko) Chrome/51.0.9098.1149 Mobile Safari/537.36"
45.138.240.69 - - [18/Jun/2026:06:35:30 +0700] "GET /wp-content/uploads/2025/10/2-1.jpg HTTP/2" 206 500 "https://intemnhanhieu.com/dia-chi-in-tem-nhan-decal/" "Mozilla/5.0 (Linux; Android 6.0; Nexus 5 Build/MRA58N) AppleWebKit/537.36 (KHTML, like Gecko) Chrome/51.0.9098.1149 Mobile Safari/537.36"
45.138.240.69 - - [18/Jun/2026:06:35:30 +0700] "GET /wp-content/uploads/2025/10/nhan-hieu.jpg HTTP/2" 206 500 "https://intemnhanhieu.com/dia-chi-in-tem-nhan-decal/" "Mozilla/5.0 (Linux; Android 6.0; Nexus 5 Build/MRA58N) AppleWebKit/537.36 (KHTML, like Gecko) Chrome/51.0.9098.1149 Mobile Safari/537.36"
45.138.240.69 - - [18/Jun/2026:06:35:30 +0700] "GET /wp-content/uploads/2025/10/17.jpg HTTP/2" 206 23844 "https://intemnhanhieu.com/dia-chi-in-tem-nhan-decal/" "Mozilla/5.0 (Linux; Android 6.0; Nexus 5 Build/MRA58N) AppleWebKit/537.36 (KHTML, like Gecko) Chrome/51.0.9098.1149 Mobile Safari/537.36"
45.138.240.69 - - [18/Jun/2026:06:35:30 +0700] "GET /wp-content/uploads/2025/10/2.jpg HTTP/2" 206 500 "https://intemnhanhieu.com/dia-chi-in-tem-nhan-decal/" "Mozilla/5.0 (Linux; Android 6.0; Nexus 5 Build/MRA58N) AppleWebKit/537.36 (KHTML, like Gecko) Chrome/51.0.9098.1149 Mobile Safari/537.36"
45.138.240.69 - - [18/Jun/2026:06:35:30 +0700] "GET /wp-content/cache/autoptimize/autoptimize_single_2912c657d0592cc532dff73d0d2ce7bb.php?ver=6.1.4 HTTP/2" 200 4257 "https://intemnhanhieu.com/dia-chi-in-tem-nhan-decal/" "Mozilla/5.0 (Linux; Android 6.0; Nexus 5 Build/MRA58N) AppleWebKit/537.36 (KHTML, like Gecko) Chrome/51.0.9098.1149 Mobile Safari/537.36"
45.138.240.69 - - [18/Jun/2026:06:35:31 +0700] "GET /wp-content/plugins/ot-flatsome-vertical-menu/assets/vendor/superfish/superfish.min.js?ver=1.2.3 HTTP/2" 200 1989 "https://intemnhanhieu.com/dia-chi-in-tem-nhan-decal/" "Mozilla/5.0 (Linux; Android 6.0; Nexus 5 Build/MRA58N) AppleWebKit/537.36 (KHTML, like Gecko) Chrome/51.0.9098.1149 Mobile Safari/537.36"
45.138.240.69 - - [18/Jun/2026:06:35:31 +0700] "GET /wp-content/plugins/woocommerce/assets/js/frontend/woocommerce.min.js?ver=10.3.8 HTTP/2" 200 1275 "https://intemnhanhieu.com/dia-chi-in-tem-nhan-decal/" "Mozilla/5.0 (Linux; Android 6.0; Nexus 5 Build/MRA58N) AppleWebKit/537.36 (KHTML, like Gecko) Chrome/51.0.9098.1149 Mobile Safari/537.36"
45.138.240.69 - - [18/Jun/2026:06:35:31 +0700] "GET /wp-content/cache/autoptimize/autoptimize_single_96e7dc3f0e8559e4a3f3ca40b17ab9c3.php?ver=6.1.4 HTTP/2" 200 3477 "https://intemnhanhieu.com/dia-chi-in-tem-nhan-decal/" "Mozilla/5.0 (Linux; Android 6.0; Nexus 5 Build/MRA58N) AppleWebKit/537.36 (KHTML, like Gecko) Chrome/51.0.9098.1149 Mobile Safari/537.36"
45.138.240.69 - - [18/Jun/2026:06:35:31 +0700] "GET /wp-includes/js/hoverIntent.min.js?ver=1.10.2 HTTP/2" 200 668 "https://intemnhanhieu.com/dia-chi-in-tem-nhan-decal/" "Mozilla/5.0 (Linux; Android 6.0; Nexus 5 Build/MRA58N) AppleWebKit/537.36 (KHTML, like Gecko) Chrome/51.0.9098.1149 Mobile Safari/537.36"
45.138.240.69 - - [18/Jun/2026:06:35:31 +0700] "GET /wp-content/cache/autoptimize/autoptimize_single_944b3637dbad6657ff7090937263ae87.php HTTP/2" 200 1131 "https://intemnhanhieu.com/dia-chi-in-tem-nhan-decal/" "Mozilla/5.0 (Linux; Android 6.0; Nexus 5 Build/MRA58N) AppleWebKit/537.36 (KHTML, like Gecko) Chrome/51.0.9098.1149 Mobile Safari/537.36"
45.138.240.69 - - [18/Jun/2026:06:35:31 +0700] "GET /wp-content/cache/autoptimize/autoptimize_single_6f625e5a5fbb35a99d5fa3bc897962d4.php?ver=6972d3af2e3be67de9f1 HTTP/2" 200 900 "https://intemnhanhieu.com/dia-chi-in-tem-nhan-decal/" "Mozilla/5.0 (Linux; Android 6.0; Nexus 5 Build/MRA58N) AppleWebKit/537.36 (KHTML, like Gecko) Chrome/51.0.9098.1149 Mobile Safari/537.36"
45.138.240.69 - - [18/Jun/2026:06:35:31 +0700] "GET /wp-content/cache/autoptimize/autoptimize_single_7050e04a1a32e04ecd30693b17e3f010.php?ver=a0349779516f2e7c5703074420d5e855 HTTP/2" 200 6539 "https://intemnhanhieu.com/dia-chi-in-tem-nhan-decal/" "Mozilla/5.0 (Linux; Android 6.0; Nexus 5 Build/MRA58N) AppleWebKit/537.36 (KHTML, like Gecko) Chrome/51.0.9098.1149 Mobile Safari/537.36"
45.138.240.69 - - [18/Jun/2026:06:35:32 +0700] "GET /wp-content/plugins/woocommerce/assets/js/frontend/password-strength-meter.min.js?ver=10.3.8 HTTP/2" 200 751 "https://intemnhanhieu.com/dia-chi-in-tem-nhan-decal/" "Mozilla/5.0 (Linux; Android 6.0; Nexus 5 Build/MRA58N) AppleWebKit/537.36 (KHTML, like Gecko) Chrome/51.0.9098.1149 Mobile Safari/537.36"
45.138.240.69 - - [18/Jun/2026:06:35:32 +0700] "GET /wp-content/uploads/2025/09/LOGO-1.png HTTP/2" 206 500 "https://intemnhanhieu.com/dia-chi-in-tem-nhan-decal/" "Mozilla/5.0 (Linux; Android 6.0; Nexus 5 Build/MRA58N) AppleWebKit/537.36 (KHTML, like Gecko) Chrome/51.0.9098.1149 Mobile Safari/537.36"
45.138.240.69 - - [18/Jun/2026:06:35:32 +0700] "GET /wp-content/uploads/2025/10/7-1-300x300.jpg HTTP/2" 206 500 "https://intemnhanhieu.com/dia-chi-in-tem-nhan-decal/" "Mozilla/5.0 (Linux; Android 6.0; Nexus 5 Build/MRA58N) AppleWebKit/537.36 (KHTML, like Gecko) Chrome/51.0.9098.1149 Mobile Safari/537.36"
45.138.240.69 - - [18/Jun/2026:06:35:32 +0700] "GET /wp-content/uploads/2025/10/6-300x300.jpg HTTP/2" 206 500 "https://intemnhanhieu.com/dia-chi-in-tem-nhan-decal/" "Mozilla/5.0 (Linux; Android 6.0; Nexus 5 Build/MRA58N) AppleWebKit/537.36 (KHTML, like Gecko) Chrome/51.0.9098.1149 Mobile Safari/537.36"
45.138.240.69 - - [18/Jun/2026:06:35:32 +0700] "GET /wp-content/plugins/button-contact-vr/legacy/img/zalo.png HTTP/2" 206 500 "https://intemnhanhieu.com/dia-chi-in-tem-nhan-decal/" "Mozilla/5.0 (Linux; Android 6.0; Nexus 5 Build/MRA58N) AppleWebKit/537.36 (KHTML, like Gecko) Chrome/51.0.9098.1149 Mobile Safari/537.36"
45.138.240.69 - - [18/Jun/2026:06:35:32 +0700] "GET /wp-content/plugins/button-contact-vr/legacy/img/showroom4.png HTTP/2" 206 500 "https://intemnhanhieu.com/dia-chi-in-tem-nhan-decal/" "Mozilla/5.0 (Linux; Android 6.0; Nexus 5 Build/MRA58N) AppleWebKit/537.36 (KHTML, like Gecko) Chrome/51.0.9098.1149 Mobile Safari/537.36"
45.138.240.69 - - [18/Jun/2026:06:35:32 +0700] "GET /wp-content/plugins/button-contact-vr/legacy/img/phone.png HTTP/2" 206 500 "https://intemnhanhieu.com/dia-chi-in-tem-nhan-decal/" "Mozilla/5.0 (Linux; Android 6.0; Nexus 5 Build/MRA58N) AppleWebKit/537.36 (KHTML, like Gecko) Chrome/51.0.9098.1149 Mobile Safari/537.36"
45.138.240.69 - - [18/Jun/2026:06:35:32 +0700] "GET /wp-content/uploads/2025/10/2.jpg HTTP/2" 304 0 "https://intemnhanhieu.com/dia-chi-in-tem-nhan-decal/" "Mozilla/5.0 (Linux; Android 6.0; Nexus 5 Build/MRA58N) AppleWebKit/537.36 (KHTML, like Gecko) Chrome/51.0.9098.1149 Mobile Safari/537.36"
45.138.240.69 - - [18/Jun/2026:06:35:32 +0700] "GET /wp-includes/js/wp-emoji-release.min.js?ver=6.8.5 HTTP/2" 200 4769 "https://intemnhanhieu.com/dia-chi-in-tem-nhan-decal/" "Mozilla/5.0 (Linux; Android 6.0; Nexus 5 Build/MRA58N) AppleWebKit/537.36 (KHTML, like Gecko) Chrome/51.0.9098.1149 Mobile Safari/537.36"
45.138.240.69 - - [18/Jun/2026:06:35:33 +0700] "GET /wp-content/uploads/2025/10/2-600x539.jpg HTTP/2" 206 500 "https://intemnhanhieu.com/dia-chi-in-tem-nhan-decal/" "Mozilla/5.0 (Linux; Android 6.0; Nexus 5 Build/MRA58N) AppleWebKit/537.36 (KHTML, like Gecko) Chrome/51.0.9098.1149 Mobile Safari/537.36"
45.138.240.69 - - [18/Jun/2026:06:35:33 +0700] "GET /wp-content/uploads/2025/10/2-1-300x300.jpg HTTP/2" 206 500 "https://intemnhanhieu.com/dia-chi-in-tem-nhan-decal/" "Mozilla/5.0 (Linux; Android 6.0; Nexus 5 Build/MRA58N) AppleWebKit/537.36 (KHTML, like Gecko) Chrome/51.0.9098.1149 Mobile Safari/537.36"
45.138.240.69 - - [18/Jun/2026:06:35:33 +0700] "GET /wp-content/uploads/2025/10/nhan-hieu-300x300.jpg HTTP/2" 206 500 "https://intemnhanhieu.com/dia-chi-in-tem-nhan-decal/" "Mozilla/5.0 (Linux; Android 6.0; Nexus 5 Build/MRA58N) AppleWebKit/537.36 (KHTML, like Gecko) Chrome/51.0.9098.1149 Mobile Safari/537.36"
45.138.240.69 - - [18/Jun/2026:06:35:33 +0700] "GET /wp-content/uploads/2025/10/2.jpg HTTP/2" 206 15819 "https://intemnhanhieu.com/dia-chi-in-tem-nhan-decal/" "Mozilla/5.0 (Linux; Android 6.0; Nexus 5 Build/MRA58N) AppleWebKit/537.36 (KHTML, like Gecko) Chrome/51.0.9098.1149 Mobile Safari/537.36"
45.138.240.69 - - [18/Jun/2026:06:35:33 +0700] "GET /wp-content/uploads/2025/10/2-300x300.jpg HTTP/2" 206 500 "https://intemnhanhieu.com/dia-chi-in-tem-nhan-decal/" "Mozilla/5.0 (Linux; Android 6.0; Nexus 5 Build/MRA58N) AppleWebKit/537.36 (KHTML, like Gecko) Chrome/51.0.9098.1149 Mobile Safari/537.36"
45.138.240.69 - - [18/Jun/2026:06:35:33 +0700] "GET /wp-content/uploads/2025/10/2-600x539.jpg HTTP/2" 304 0 "https://intemnhanhieu.com/dia-chi-in-tem-nhan-decal/" "Mozilla/5.0 (Linux; Android 6.0; Nexus 5 Build/MRA58N) AppleWebKit/537.36 (KHTML, like Gecko) Chrome/51.0.9098.1149 Mobile Safari/537.36"
45.138.240.69 - - [18/Jun/2026:06:35:35 +0700] "GET /wp-content/uploads/2025/10/2-600x539.jpg HTTP/2" 206 23433 "https://intemnhanhieu.com/dia-chi-in-tem-nhan-decal/" "Mozilla/5.0 (Linux; Android 6.0; Nexus 5 Build/MRA58N) AppleWebKit/537.36 (KHTML, like Gecko) Chrome/51.0.9098.1149 Mobile Safari/537.36"
45.138.240.69 - - [18/Jun/2026:06:35:35 +0700] "GET /wp-content/uploads/2025/10/2-300x300.jpg HTTP/2" 304 0 "https://intemnhanhieu.com/dia-chi-in-tem-nhan-decal/" "Mozilla/5.0 (Linux; Android 6.0; Nexus 5 Build/MRA58N) AppleWebKit/537.36 (KHTML, like Gecko) Chrome/51.0.9098.1149 Mobile Safari/537.36"
45.138.240.69 - - [18/Jun/2026:06:35:36 +0700] "GET /wp-content/uploads/2025/10/2-300x300.jpg HTTP/2" 206 10624 "https://intemnhanhieu.com/dia-chi-in-tem-nhan-decal/" "Mozilla/5.0 (Linux; Android 6.0; Nexus 5 Build/MRA58N) AppleWebKit/537.36 (KHTML, like Gecko) Chrome/51.0.9098.1149 Mobile Safari/537.36"
112.213.89.164 - - [18/Jun/2026:06:36:58 +0700] "POST /wp-cron.php?doing_wp_cron=1781739418.0516209602355957031250 HTTP/1.1" 200 0 "-" "WordPress/6.8.5; https://intemnhanhieu.com"
66.249.73.128 - - [18/Jun/2026:06:36:56 +0700] "GET /in-nhan/ HTTP/1.1" 200 46203 "-" "Mozilla/5.0 (Linux; Android 6.0.1; Nexus 5X Build/MMB29P) AppleWebKit/537.36 (KHTML, like Gecko) Chrome/148.0.7778.96 Mobile Safari/537.36 (compatible; Googlebot/2.1; +http://www.google.com/bot.html)"
112.213.89.164 - - [18/Jun/2026:06:39:45 +0700] "POST /wp-cron.php?doing_wp_cron=1781739585.9244799613952636718750 HTTP/1.1" 200 0 "-" "WordPress/6.8.5; https://intemnhanhieu.com"
54.37.118.94 - - [18/Jun/2026:06:39:44 +0700] "GET /bo-tui-ngay-5-kich-thuoc-in-to-roi-tieu-chuan-hop-ly-va-thong-dung-nhat-tren-thi-truong/ HTTP/2" 200 34586 "-" "Mozilla/5.0 (compatible; AhrefsBot/7.0; +http://ahrefs.com/robot/)"
112.213.89.164 - - [18/Jun/2026:06:46:01 +0700] "POST /wp-cron.php?doing_wp_cron=1781739961.0678570270538330078125 HTTP/1.1" 200 0 "-" "WordPress/6.8.5; https://intemnhanhieu.com"
66.249.73.128 - - [18/Jun/2026:06:45:59 +0700] "GET /sitemap.xml HTTP/1.1" 301 0 "-" "Mozilla/5.0 (compatible; Googlebot/2.1; +http://www.google.com/bot.html)"
66.249.73.131 - - [18/Jun/2026:06:46:01 +0700] "GET /sitemap_index.xml HTTP/1.1" 200 374 "-" "Mozilla/5.0 (compatible; Googlebot/2.1; +http://www.google.com/bot.html)"
112.213.89.164 - - [18/Jun/2026:06:56:13 +0700] "POST /wp-cron.php?doing_wp_cron=1781740573.0269289016723632812500 HTTP/1.1" 200 0 "-" "WordPress/6.8.5; https://intemnhanhieu.com"
111.246.13.154 - - [18/Jun/2026:06:56:11 +0700] "GET /dat-in-sticker/ HTTP/2" 200 49499 "-" "Mozilla/5.0 (Linux; Android 5.0; SM-G900P Build/LRX21T) AppleWebKit/537.36 (KHTML, like Gecko) Chrome/40.0.6396.1976 Mobile Safari/537.36"
112.213.89.164 - - [18/Jun/2026:07:03:45 +0700] "POST /wp-cron.php?doing_wp_cron=1781741025.6939759254455566406250 HTTP/1.1" 200 0 "-" "WordPress/6.8.5; https://intemnhanhieu.com"
66.249.73.131 - - [18/Jun/2026:07:03:44 +0700] "GET /in-tem-nhan-decal-giay/ HTTP/1.1" 200 48846 "-" "Mozilla/5.0 (Linux; Android 6.0.1; Nexus 5X Build/MMB29P) AppleWebKit/537.36 (KHTML, like Gecko) Chrome/148.0.7778.96 Mobile Safari/537.36 (compatible; Googlebot/2.1; +http://www.google.com/bot.html)"
112.213.89.164 - - [18/Jun/2026:07:17:21 +0700] "POST /wp-cron.php?doing_wp_cron=1781741841.2345240116119384765625 HTTP/1.1" 200 0 "-" "WordPress/6.8.5; https://intemnhanhieu.com"
66.249.73.128 - - [18/Jun/2026:07:17:19 +0700] "GET /in-tem-nhan-decal-gan-day/ HTTP/1.1" 200 38026 "-" "Mozilla/5.0 (Linux; Android 6.0.1; Nexus 5X Build/MMB29P) AppleWebKit/537.36 (KHTML, like Gecko) Chrome/148.0.7778.96 Mobile Safari/537.36 (compatible; Googlebot/2.1; +http://www.google.com/bot.html)"
66.249.71.168 - - [18/Jun/2026:07:17:25 +0700] "GET /wp-content/cache/autoptimize/autoptimize_single_2f19147530b5ec2019e251e177d77d57.php?ver=1.2.3 HTTP/1.1" 200 527 "https://intemnhanhieu.com/in-tem-nhan-decal-gan-day/" "Mozilla/5.0 (Linux; Android 6.0.1; Nexus 5X Build/MMB29P) AppleWebKit/537.36 (KHTML, like Gecko) Chrome/148.0.7778.96 Mobile Safari/537.36 (compatible; Googlebot/2.1; +http://www.google.com/bot.html)"
66.249.73.131 - - [18/Jun/2026:07:17:25 +0700] "GET /wp-includes/js/jquery/jquery-migrate.min.js?ver=3.4.1 HTTP/1.1" 200 4678 "https://intemnhanhieu.com/in-tem-nhan-decal-gan-day/" "Mozilla/5.0 (Linux; Android 6.0.1; Nexus 5X Build/MMB29P) AppleWebKit/537.36 (KHTML, like Gecko) Chrome/148.0.7778.96 Mobile Safari/537.36 (compatible; Googlebot/2.1; +http://www.google.com/bot.html)"
66.249.73.131 - - [18/Jun/2026:07:17:27 +0700] "GET /wp-content/themes/flatsome/assets/js/chunk.sticky-sidebar.js?ver=3.16.2 HTTP/1.1" 200 3108 "https://intemnhanhieu.com/in-tem-nhan-decal-gan-day/" "Mozilla/5.0 (Linux; Android 6.0.1; Nexus 5X Build/MMB29P) AppleWebKit/537.36 (KHTML, like Gecko) Chrome/148.0.7778.96 Mobile Safari/537.36 (compatible; Googlebot/2.1; +http://www.google.com/bot.html)"
66.249.73.132 - - [18/Jun/2026:07:17:27 +0700] "GET /wp-content/themes/flatsome/assets/js/chunk.vendors-slider.js?ver=3.16.2 HTTP/1.1" 200 12785 "https://intemnhanhieu.com/in-tem-nhan-decal-gan-day/" "Mozilla/5.0 (Linux; Android 6.0.1; Nexus 5X Build/MMB29P) AppleWebKit/537.36 (KHTML, like Gecko) Chrome/148.0.7778.96 Mobile Safari/537.36 (compatible; Googlebot/2.1; +http://www.google.com/bot.html)"
66.249.73.131 - - [18/Jun/2026:07:17:31 +0700] "GET /wp-includes/js/wp-emoji-release.min.js?ver=6.8.5 HTTP/1.1" 200 4769 "https://intemnhanhieu.com/in-tem-nhan-decal-gan-day/" "Mozilla/5.0 (Linux; Android 6.0.1; Nexus 5X Build/MMB29P) AppleWebKit/537.36 (KHTML, like Gecko) Chrome/148.0.7778.96 Mobile Safari/537.36 (compatible; Googlebot/2.1; +http://www.google.com/bot.html)"
66.249.71.168 - - [18/Jun/2026:07:17:35 +0700] "GET /wp-content/themes/flatsome/assets/js/chunk.vendors-slider.js?ver=3.16.2 HTTP/1.1" 200 12785 "https://intemnhanhieu.com/in-tem-nhan-decal-gan-day/" "Mozilla/5.0 (Linux; Android 6.0.1; Nexus 5X Build/MMB29P) AppleWebKit/537.36 (KHTML, like Gecko) Chrome/148.0.7778.96 Mobile Safari/537.36 (compatible; Googlebot/2.1; +http://www.google.com/bot.html)"
112.213.89.164 - - [18/Jun/2026:07:17:48 +0700] "POST /wp-cron.php?doing_wp_cron=1781741868.6785340309143066406250 HTTP/1.1" 200 0 "-" "WordPress/6.8.5; https://intemnhanhieu.com"
66.249.73.131 - - [18/Jun/2026:07:17:47 +0700] "GET /in-tem-nhan-phu/ HTTP/1.1" 200 37862 "-" "Mozilla/5.0 (compatible; Googlebot/2.1; +http://www.google.com/bot.html)"
14.191.203.247 - - [18/Jun/2026:07:27:25 +0700] "GET /in-hinh-sticker/ HTTP/2" 200 0 "-" "Mozilla/5.0 (Linux; Android 8.1.0; CPH1912 Build/O11019; wv) AppleWebKit/537.36 (KHTML, like Gecko) Version/4.0 Chrome/138.0.7204.180 Mobile Safari/537.36 open_news open_news_u_s/7874"
112.213.89.164 - - [18/Jun/2026:07:27:26 +0700] "POST /wp-cron.php?doing_wp_cron=1781742446.7797520160675048828125 HTTP/1.1" 200 0 "-" "WordPress/6.8.5; https://intemnhanhieu.com"
14.191.203.247 - - [18/Jun/2026:07:27:27 +0700] "GET /wp-includes/css/dashicons.min.css?ver=6.8.5 HTTP/2" 200 35110 "https://intemnhanhieu.com/in-hinh-sticker/" "Mozilla/5.0 (Linux; Android 8.1.0; CPH1912 Build/O11019; wv) AppleWebKit/537.36 (KHTML, like Gecko) Version/4.0 Chrome/138.0.7204.180 Mobile Safari/537.36 open_news open_news_u_s/7874"
14.191.203.247 - - [18/Jun/2026:07:27:27 +0700] "GET /wp-content/plugins/ot-flatsome-vertical-menu/libs/menu-icons/css/extra.min.css?ver=0.12.2 HTTP/2" 200 271 "https://intemnhanhieu.com/in-hinh-sticker/" "Mozilla/5.0 (Linux; Android 8.1.0; CPH1912 Build/O11019; wv) AppleWebKit/537.36 (KHTML, like Gecko) Version/4.0 Chrome/138.0.7204.180 Mobile Safari/537.36 open_news open_news_u_s/7874"
14.191.203.247 - - [18/Jun/2026:07:27:27 +0700] "GET /wp-content/cache/autoptimize/autoptimize_single_6f1418503426e633c1ba7a8e7819a9b3.php HTTP/2" 200 2462 "https://intemnhanhieu.com/in-hinh-sticker/" "Mozilla/5.0 (Linux; Android 8.1.0; CPH1912 Build/O11019; wv) AppleWebKit/537.36 (KHTML, like Gecko) Version/4.0 Chrome/138.0.7204.180 Mobile Safari/537.36 open_news open_news_u_s/7874"
14.191.203.247 - - [18/Jun/2026:07:27:27 +0700] "GET /wp-content/cache/autoptimize/autoptimize_single_64ac31699f5326cb3c76122498b76f66.php?ver=6.1.4 HTTP/2" 200 901 "https://intemnhanhieu.com/in-hinh-sticker/" "Mozilla/5.0 (Linux; Android 8.1.0; CPH1912 Build/O11019; wv) AppleWebKit/537.36 (KHTML, like Gecko) Version/4.0 Chrome/138.0.7204.180 Mobile Safari/537.36 open_news open_news_u_s/7874"
14.191.203.247 - - [18/Jun/2026:07:27:27 +0700] "GET /wp-content/plugins/woocommerce/assets/css/photoswipe/photoswipe.min.css?ver=10.3.8 HTTP/2" 200 857 "https://intemnhanhieu.com/in-hinh-sticker/" "Mozilla/5.0 (Linux; Android 8.1.0; CPH1912 Build/O11019; wv) AppleWebKit/537.36 (KHTML, like Gecko) Version/4.0 Chrome/138.0.7204.180 Mobile Safari/537.36 open_news open_news_u_s/7874"
14.191.203.247 - - [18/Jun/2026:07:27:27 +0700] "GET /wp-content/cache/autoptimize/autoptimize_single_31a94987eea91dbea4c48d187ebf0849.php?ver=1.2.3 HTTP/2" 200 968 "https://intemnhanhieu.com/in-hinh-sticker/" "Mozilla/5.0 (Linux; Android 8.1.0; CPH1912 Build/O11019; wv) AppleWebKit/537.36 (KHTML, like Gecko) Version/4.0 Chrome/138.0.7204.180 Mobile Safari/537.36 open_news open_news_u_s/7874"
14.191.203.247 - - [18/Jun/2026:07:27:27 +0700] "GET /wp-content/plugins/woocommerce/assets/css/photoswipe/default-skin/default-skin.min.css?ver=10.3.8 HTTP/2" 200 1759 "https://intemnhanhieu.com/in-hinh-sticker/" "Mozilla/5.0 (Linux; Android 8.1.0; CPH1912 Build/O11019; wv) AppleWebKit/537.36 (KHTML, like Gecko) Version/4.0 Chrome/138.0.7204.180 Mobile Safari/537.36 open_news open_news_u_s/7874"
14.191.203.247 - - [18/Jun/2026:07:27:27 +0700] "GET /wp-content/cache/autoptimize/autoptimize_single_078a52eaa8f676289e3abf99b7d7dcb3.php?ver=1 HTTP/2" 200 1781 "https://intemnhanhieu.com/in-hinh-sticker/" "Mozilla/5.0 (Linux; Android 8.1.0; CPH1912 Build/O11019; wv) AppleWebKit/537.36 (KHTML, like Gecko) Version/4.0 Chrome/138.0.7204.180 Mobile Safari/537.36 open_news open_news_u_s/7874"
14.191.203.247 - - [18/Jun/2026:07:27:27 +0700] "GET /wp-content/cache/autoptimize/autoptimize_single_48d56016b20f151be4f24ba6d0eb1be4.php?ver=10.3.8 HTTP/2" 200 682 "https://intemnhanhieu.com/in-hinh-sticker/" "Mozilla/5.0 (Linux; Android 8.1.0; CPH1912 Build/O11019; wv) AppleWebKit/537.36 (KHTML, like Gecko) Version/4.0 Chrome/138.0.7204.180 Mobile Safari/537.36 open_news open_news_u_s/7874"
14.191.203.247 - - [18/Jun/2026:07:27:25 +0700] "GET /in-hinh-sticker/ HTTP/2" 200 47394 "-" "Mozilla/5.0 (Linux; Android 8.1.0; CPH1912 Build/O11019; wv) AppleWebKit/537.36 (KHTML, like Gecko) Version/4.0 Chrome/138.0.7204.180 Mobile Safari/537.36 open_news open_news_u_s/7874"
14.191.203.247 - - [18/Jun/2026:07:27:28 +0700] "GET /wp-content/cache/autoptimize/autoptimize_single_6b61ca5fab8b3148a6b79dfbfde0aba8.php?ver=3.16.2 HTTP/2" 200 29103 "https://intemnhanhieu.com/in-hinh-sticker/" "Mozilla/5.0 (Linux; Android 8.1.0; CPH1912 Build/O11019; wv) AppleWebKit/537.36 (KHTML, like Gecko) Version/4.0 Chrome/138.0.7204.180 Mobile Safari/537.36 open_news open_news_u_s/7874"
14.191.203.247 - - [18/Jun/2026:07:27:28 +0700] "GET /wp-content/cache/autoptimize/autoptimize_single_11b34dbc6b45682ba8b2fbf39fd71133.php?ver=3.16.2 HTTP/2" 200 5701 "https://intemnhanhieu.com/in-hinh-sticker/" "Mozilla/5.0 (Linux; Android 8.1.0; CPH1912 Build/O11019; wv) AppleWebKit/537.36 (KHTML, like Gecko) Version/4.0 Chrome/138.0.7204.180 Mobile Safari/537.36 open_news open_news_u_s/7874"
14.191.203.247 - - [18/Jun/2026:07:27:28 +0700] "GET /wp-content/cache/autoptimize/autoptimize_single_19e46b45983cbf37201d313f4129e778.php?ver=3.0 HTTP/2" 200 2473 "https://intemnhanhieu.com/in-hinh-sticker/" "Mozilla/5.0 (Linux; Android 8.1.0; CPH1912 Build/O11019; wv) AppleWebKit/537.36 (KHTML, like Gecko) Version/4.0 Chrome/138.0.7204.180 Mobile Safari/537.36 open_news open_news_u_s/7874"
14.191.203.247 - - [18/Jun/2026:07:27:28 +0700] "GET /wp-includes/js/jquery/jquery.min.js?ver=3.7.1 HTTP/2" 200 29744 "https://intemnhanhieu.com/in-hinh-sticker/" "Mozilla/5.0 (Linux; Android 8.1.0; CPH1912 Build/O11019; wv) AppleWebKit/537.36 (KHTML, like Gecko) Version/4.0 Chrome/138.0.7204.180 Mobile Safari/537.36 open_news open_news_u_s/7874"
14.191.203.247 - - [18/Jun/2026:07:27:28 +0700] "GET /wp-content/uploads/2025/10/lam-sticker-dan-1-768x538.jpg HTTP/2" 200 56260 "https://intemnhanhieu.com/in-hinh-sticker/" "Mozilla/5.0 (Linux; Android 8.1.0; CPH1912 Build/O11019; wv) AppleWebKit/537.36 (KHTML, like Gecko) Version/4.0 Chrome/138.0.7204.180 Mobile Safari/537.36 open_news open_news_u_s/7874"
